CRAN Package Check Results for Package schwartz97

Last updated on 2015-09-05 11:47:31.

Flavor Version Tinstall Tcheck Ttotal Status Flags
r-devel-linux-x86_64-debian-clang 0.0.6 1.18 53.90 55.08 NOTE
r-devel-linux-x86_64-debian-gcc 0.0.6 1.13 54.25 55.38 NOTE
r-devel-linux-x86_64-fedora-clang 0.0.6 115.12 NOTE
r-devel-linux-x86_64-fedora-gcc 0.0.6 111.77 NOTE
r-devel-osx-x86_64-clang 0.0.6 87.24 OK
r-devel-windows-ix86+x86_64 0.0.6 24.00 120.00 144.00 NOTE
r-patched-linux-x86_64 0.0.6 1.37 56.00 57.37 OK
r-patched-solaris-sparc 0.0.6 927.30 OK
r-patched-solaris-x86 0.0.6 184.20 OK
r-release-linux-x86_64 0.0.6 1.23 56.47 57.70 OK
r-release-osx-x86_64-mavericks 0.0.6 OK
r-release-windows-ix86+x86_64 0.0.6 31.00 110.00 141.00 OK
r-oldrel-windows-ix86+x86_64 0.0.6 33.00 131.00 164.00 OK

Check Details

Version: 0.0.6
Check: R code for possible problems
Result: NOTE
    futuresplot: no visible global function definition for ‘rainbow’
    plot.schwartz2f.fit: no visible global function definition for
     ‘colorRampPalette’
    plot.schwartz2f.fit: no visible global function definition for
     ‘rainbow’
    plot,schwartz2f.fit-missing: no visible global function definition for
     ‘colorRampPalette’
    plot,schwartz2f.fit-missing: no visible global function definition for
     ‘rainbow’
    Undefined global functions or variables:
     colorRampPalette rainbow
    Consider adding
     importFrom("grDevices", "colorRampPalette", "rainbow")
    to your NAMESPACE.
Flavors: r-devel-linux-x86_64-debian-clang, r-devel-linux-x86_64-debian-gcc, r-devel-linux-x86_64-fedora-clang, r-devel-linux-x86_64-fedora-gcc, r-devel-windows-ix86+x86_64