CRAN Package Check Results for Package schwartz97

Last updated on 2016-05-27 23:47:29.

Flavor Version Tinstall Tcheck Ttotal Status Flags
r-devel-linux-x86_64-debian-gcc 0.0.6 1.18 45.57 46.75 NOTE
r-devel-linux-x86_64-fedora-clang 0.0.6 91.96 NOTE
r-devel-linux-x86_64-fedora-gcc 0.0.6 87.88 NOTE
r-devel-osx-x86_64-clang 0.0.6 94.12 NOTE
r-devel-windows-ix86+x86_64 0.0.6 23.00 106.00 129.00 ERROR
r-patched-linux-x86_64 0.0.6 1.27 46.08 47.35 NOTE
r-patched-solaris-sparc 0.0.6 640.10 NOTE
r-patched-solaris-x86 0.0.6 131.00 NOTE
r-release-linux-x86_64 0.0.6 1.21 45.26 46.47 NOTE
r-release-osx-x86_64-mavericks 0.0.6 NOTE
r-release-windows-ix86+x86_64 0.0.6 25.00 134.00 159.00 NOTE

Check Details

Version: 0.0.6
Check: R code for possible problems
Result: NOTE
    futuresplot: no visible global function definition for ‘rainbow’
    plot.schwartz2f.fit: no visible global function definition for
     ‘colorRampPalette’
    plot.schwartz2f.fit: no visible global function definition for
     ‘rainbow’
    plot,schwartz2f.fit-missing: no visible global function definition for
     ‘colorRampPalette’
    plot,schwartz2f.fit-missing: no visible global function definition for
     ‘rainbow’
    Undefined global functions or variables:
     colorRampPalette rainbow
    Consider adding
     importFrom("grDevices", "colorRampPalette", "rainbow")
    to your NAMESPACE file.
Flavors: r-devel-linux-x86_64-debian-gcc, r-devel-linux-x86_64-fedora-clang, r-devel-linux-x86_64-fedora-gcc, r-devel-osx-x86_64-clang, r-devel-windows-ix86+x86_64, r-patched-linux-x86_64, r-patched-solaris-sparc, r-patched-solaris-x86, r-release-linux-x86_64, r-release-osx-x86_64-mavericks, r-release-windows-ix86+x86_64

Version: 0.0.6
Check: tests
Result: ERROR
    Running the tests in 'tests/doRUnit.R' failed.
    Last 13 lines of output:
     Number of test functions: 9
     Number of errors: 0
     Number of failures: 1
    
    
     1 Test Suite :
     schwartz97 unit testing - 9 test functions, 0 errors, 1 failure
     FAILURE in test.convergence: Error in checkTrue(abs(mean(r.state) - mean(r.fut)) < 0.05, "Futures must converge to spot") :
     Test not TRUE
     Futures must converge to spot
     Error:
    
     unit testing failed (#test failures: 1, #R errors: 0)
    
     Execution halted
Flavor: r-devel-windows-ix86+x86_64