CRAN Package Check Results for Package schwartz97

Last updated on 2016-07-26 15:47:16.

Flavor Version Tinstall Tcheck Ttotal Status Flags
r-devel-linux-x86_64-debian-clang 0.0.6 1.53 57.07 58.60 NOTE
r-devel-linux-x86_64-debian-gcc 0.0.6 1.38 57.73 59.11 NOTE
r-devel-linux-x86_64-fedora-clang 0.0.6 95.36 NOTE
r-devel-linux-x86_64-fedora-gcc 0.0.6 86.52 NOTE
r-devel-osx-x86_64-clang 0.0.6 69.77 NOTE
r-devel-windows-ix86+x86_64 0.0.6 23.00 103.00 126.00 NOTE
r-patched-linux-x86_64 0.0.6 1.43 57.58 59.01 NOTE
r-patched-solaris-sparc 0.0.6 641.00 NOTE
r-patched-solaris-x86 0.0.6 127.80 NOTE
r-release-linux-x86_64 0.0.6 1.58 56.95 58.53 NOTE
r-release-osx-x86_64-mavericks 0.0.6 NOTE
r-release-windows-ix86+x86_64 0.0.6 25.00 134.00 159.00 NOTE
r-oldrel-windows-ix86+x86_64 0.0.6 25.00 136.00 161.00 OK

Check Details

Version: 0.0.6
Check: R code for possible problems
Result: NOTE
    futuresplot: no visible global function definition for ‘rainbow’
    plot.schwartz2f.fit: no visible global function definition for
     ‘colorRampPalette’
    plot.schwartz2f.fit: no visible global function definition for
     ‘rainbow’
    plot,schwartz2f.fit-missing: no visible global function definition for
     ‘colorRampPalette’
    plot,schwartz2f.fit-missing: no visible global function definition for
     ‘rainbow’
    Undefined global functions or variables:
     colorRampPalette rainbow
    Consider adding
     importFrom("grDevices", "colorRampPalette", "rainbow")
    to your NAMESPACE file.
Flavors: r-devel-linux-x86_64-debian-clang, r-devel-linux-x86_64-debian-gcc, r-devel-linux-x86_64-fedora-clang, r-devel-linux-x86_64-fedora-gcc, r-devel-osx-x86_64-clang, r-devel-windows-ix86+x86_64, r-patched-linux-x86_64, r-patched-solaris-sparc, r-patched-solaris-x86, r-release-linux-x86_64, r-release-osx-x86_64-mavericks, r-release-windows-ix86+x86_64