CRAN Package Check Results for Package schwartz97

Last updated on 2016-12-03 08:49:09.

Flavor Version Tinstall Tcheck Ttotal Status Flags
r-devel-linux-x86_64-debian-clang 0.0.6 1.50 57.10 58.60 NOTE
r-devel-linux-x86_64-debian-gcc 0.0.6 1.52 52.92 54.44 NOTE
r-devel-linux-x86_64-fedora-clang 0.0.6 104.63 NOTE
r-devel-linux-x86_64-fedora-gcc 0.0.6 102.39 NOTE
r-devel-macos-x86_64-clang 0.0.6 77.61 NOTE
r-devel-windows-ix86+x86_64 0.0.6 30.00 104.00 134.00 NOTE
r-patched-linux-x86_64 0.0.6 1.31 49.52 50.82 NOTE
r-patched-solaris-sparc 0.0.6 641.00 NOTE
r-patched-solaris-x86 0.0.6 130.00 NOTE
r-release-linux-x86_64 0.0.6 1.38 50.58 51.96 NOTE
r-release-osx-x86_64-mavericks 0.0.6 NOTE
r-release-windows-ix86+x86_64 0.0.6 34.00 107.00 141.00 NOTE
r-oldrel-windows-ix86+x86_64 0.0.6 33.00 230.00 263.00 OK

Check Details

Version: 0.0.6
Check: R code for possible problems
Result: NOTE
    futuresplot: no visible global function definition for ‘rainbow’
    plot.schwartz2f.fit: no visible global function definition for
     ‘colorRampPalette’
    plot.schwartz2f.fit: no visible global function definition for
     ‘rainbow’
    plot,schwartz2f.fit-missing: no visible global function definition for
     ‘colorRampPalette’
    plot,schwartz2f.fit-missing: no visible global function definition for
     ‘rainbow’
    Undefined global functions or variables:
     colorRampPalette rainbow
    Consider adding
     importFrom("grDevices", "colorRampPalette", "rainbow")
    to your NAMESPACE file.
Flavors: r-devel-linux-x86_64-debian-clang, r-devel-linux-x86_64-debian-gcc, r-devel-linux-x86_64-fedora-clang, r-devel-linux-x86_64-fedora-gcc, r-devel-macos-x86_64-clang, r-devel-windows-ix86+x86_64, r-patched-linux-x86_64, r-patched-solaris-sparc, r-patched-solaris-x86, r-release-linux-x86_64, r-release-osx-x86_64-mavericks, r-release-windows-ix86+x86_64