CRAN Package Check Results for Package schwartz97

Last updated on 2017-03-29 03:50:56.

Flavor Version Tinstall Tcheck Ttotal Status Flags
r-devel-linux-x86_64-debian-clang 0.0.6 1.49 53.04 54.53 NOTE
r-devel-linux-x86_64-debian-gcc 0.0.6 1.41 48.69 50.10 NOTE
r-devel-linux-x86_64-fedora-clang 0.0.6 106.53 NOTE --no-stop-on-test-error
r-devel-linux-x86_64-fedora-gcc 0.0.6 99.97 NOTE --no-stop-on-test-error
r-devel-macos-x86_64-clang 0.0.6 76.06 NOTE --no-stop-on-test-error
r-devel-windows-ix86+x86_64 0.0.6 25.00 104.00 129.00 NOTE
r-patched-linux-x86_64 0.0.6 1.51 49.26 50.78 NOTE
r-patched-solaris-sparc 0.0.6 686.10 NOTE
r-patched-solaris-x86 0.0.6 138.40 NOTE
r-release-linux-x86_64 0.0.6 1.37 45.63 47.00 NOTE
r-release-osx-x86_64-mavericks 0.0.6 NOTE
r-release-windows-ix86+x86_64 0.0.6 29.00 134.00 163.00 NOTE
r-oldrel-windows-ix86+x86_64 0.0.6 31.00 122.00 153.00 OK

Check Details

Version: 0.0.6
Check: R code for possible problems
Result: NOTE
    futuresplot: no visible global function definition for ‘rainbow’
    plot.schwartz2f.fit: no visible global function definition for
     ‘colorRampPalette’
    plot.schwartz2f.fit: no visible global function definition for
     ‘rainbow’
    plot,schwartz2f.fit-missing: no visible global function definition for
     ‘colorRampPalette’
    plot,schwartz2f.fit-missing: no visible global function definition for
     ‘rainbow’
    Undefined global functions or variables:
     colorRampPalette rainbow
    Consider adding
     importFrom("grDevices", "colorRampPalette", "rainbow")
    to your NAMESPACE file.
Flavors: r-devel-linux-x86_64-debian-clang, r-devel-linux-x86_64-debian-gcc, r-devel-windows-ix86+x86_64, r-patched-linux-x86_64, r-patched-solaris-sparc, r-patched-solaris-x86, r-release-linux-x86_64, r-release-osx-x86_64-mavericks, r-release-windows-ix86+x86_64

Version: 0.0.6
Flags: --no-stop-on-test-error
Check: R code for possible problems
Result: NOTE
    futuresplot: no visible global function definition for ‘rainbow’
    plot.schwartz2f.fit: no visible global function definition for
     ‘colorRampPalette’
    plot.schwartz2f.fit: no visible global function definition for
     ‘rainbow’
    plot,schwartz2f.fit-missing: no visible global function definition for
     ‘colorRampPalette’
    plot,schwartz2f.fit-missing: no visible global function definition for
     ‘rainbow’
    Undefined global functions or variables:
     colorRampPalette rainbow
    Consider adding
     importFrom("grDevices", "colorRampPalette", "rainbow")
    to your NAMESPACE file.
Flavors: r-devel-linux-x86_64-fedora-clang, r-devel-linux-x86_64-fedora-gcc, r-devel-macos-x86_64-clang