CRAN Package Check Results for Package schwartz97

Last updated on 2016-02-14 21:47:16.

Flavor Version Tinstall Tcheck Ttotal Status Flags
r-devel-linux-x86_64-debian-gcc 0.0.6 1.34 43.95 45.29 NOTE
r-devel-linux-x86_64-fedora-clang 0.0.6 90.93 NOTE
r-devel-linux-x86_64-fedora-gcc 0.0.6 87.79 NOTE
r-devel-osx-x86_64-clang 0.0.6 93.61 NOTE
r-devel-windows-ix86+x86_64 0.0.6 30.00 108.00 138.00 NOTE
r-patched-linux-x86_64 0.0.6 1.32 56.74 58.05 OK
r-patched-solaris-sparc 0.0.6 828.20 OK
r-patched-solaris-x86 0.0.6 177.00 OK
r-release-linux-x86_64 0.0.6 1.28 56.60 57.88 OK
r-release-osx-x86_64-mavericks 0.0.6 OK
r-release-windows-ix86+x86_64 0.0.6 29.00 123.00 152.00 OK
r-oldrel-windows-ix86+x86_64 0.0.6 32.00 128.00 160.00 OK

Check Details

Version: 0.0.6
Check: R code for possible problems
Result: NOTE
    futuresplot: no visible global function definition for ‘rainbow’
    plot.schwartz2f.fit: no visible global function definition for
     ‘colorRampPalette’
    plot.schwartz2f.fit: no visible global function definition for
     ‘rainbow’
    plot,schwartz2f.fit-missing: no visible global function definition for
     ‘colorRampPalette’
    plot,schwartz2f.fit-missing: no visible global function definition for
     ‘rainbow’
    Undefined global functions or variables:
     colorRampPalette rainbow
    Consider adding
     importFrom("grDevices", "colorRampPalette", "rainbow")
    to your NAMESPACE file.
Flavors: r-devel-linux-x86_64-debian-gcc, r-devel-linux-x86_64-fedora-clang, r-devel-linux-x86_64-fedora-gcc, r-devel-osx-x86_64-clang, r-devel-windows-ix86+x86_64