CRAN Package Check Results for Package schwartz97

Last updated on 2016-08-28 23:48:25.

Flavor Version Tinstall Tcheck Ttotal Status Flags
r-devel-linux-x86_64-debian-clang 0.0.6 1.35 49.29 50.64 NOTE
r-devel-linux-x86_64-debian-gcc 0.0.6 1.18 49.31 50.49 NOTE
r-devel-linux-x86_64-fedora-clang 0.0.6 96.12 NOTE
r-devel-linux-x86_64-fedora-gcc 0.0.6 92.40 NOTE
r-devel-osx-x86_64-clang 0.0.6 70.04 NOTE
r-devel-windows-ix86+x86_64 0.0.6 30.00 195.00 225.00 NOTE
r-patched-linux-x86_64 0.0.6 1.26 49.65 50.90 NOTE
r-patched-solaris-sparc 0.0.6 641.00 NOTE
r-patched-solaris-x86 0.0.6 131.20 NOTE
r-release-linux-x86_64 0.0.6 1.21 50.32 51.54 NOTE
r-release-osx-x86_64-mavericks 0.0.6 NOTE
r-release-windows-ix86+x86_64 0.0.6 25.00 134.00 159.00 NOTE
r-oldrel-windows-ix86+x86_64 0.0.6 25.00 136.00 161.00 OK

Check Details

Version: 0.0.6
Check: R code for possible problems
Result: NOTE
    futuresplot: no visible global function definition for ‘rainbow’
    plot.schwartz2f.fit: no visible global function definition for
     ‘colorRampPalette’
    plot.schwartz2f.fit: no visible global function definition for
     ‘rainbow’
    plot,schwartz2f.fit-missing: no visible global function definition for
     ‘colorRampPalette’
    plot,schwartz2f.fit-missing: no visible global function definition for
     ‘rainbow’
    Undefined global functions or variables:
     colorRampPalette rainbow
    Consider adding
     importFrom("grDevices", "colorRampPalette", "rainbow")
    to your NAMESPACE file.
Flavors: r-devel-linux-x86_64-debian-clang, r-devel-linux-x86_64-debian-gcc, r-devel-linux-x86_64-fedora-clang, r-devel-linux-x86_64-fedora-gcc, r-devel-osx-x86_64-clang, r-devel-windows-ix86+x86_64, r-patched-linux-x86_64, r-patched-solaris-sparc, r-patched-solaris-x86, r-release-linux-x86_64, r-release-osx-x86_64-mavericks, r-release-windows-ix86+x86_64