CRAN Package Check Results for Package schwartz97

Last updated on 2014-07-25 01:48:52.

Flavor Version Tinstall Tcheck Ttotal Status Flags
r-devel-linux-x86_64-debian-clang 0.0.6 1.49 54.32 55.81 OK
r-devel-linux-x86_64-debian-gcc 0.0.6 1.36 55.41 56.76 OK
r-devel-linux-x86_64-fedora-clang 0.0.6 131.19 OK
r-devel-linux-x86_64-fedora-gcc 0.0.6 127.56 OK
r-devel-osx-x86_64-clang 0.0.6 109.91 OK
r-devel-windows-ix86+x86_64 0.0.6 23.00 102.00 125.00 OK
r-patched-linux-x86_64 0.0.6 1.39 55.19 56.58 OK
r-patched-solaris-sparc 0.0.6 900.30 OK
r-patched-solaris-x86 0.0.6 197.40 OK
r-release-linux-ix86 0.0.6 1.91 79.69 81.60 OK
r-release-linux-x86_64 0.0.6 1.44 55.32 56.76 OK
r-release-osx-x86_64-mavericks 0.0.6 NOTE
r-release-osx-x86_64-snowleopard 0.0.6 OK
r-release-windows-ix86+x86_64 0.0.6 30.00 138.00 168.00 OK
r-oldrel-windows-ix86+x86_64 0.0.6 27.00 99.00 126.00 OK

Check Details

Version: 0.0.6
Check: re-building of vignette outputs
Result: NOTE
    Error in re-building vignettes:
     ...
    Error in texi2dvi(file = file, pdf = TRUE, clean = clean, quiet = quiet, :
     Running 'texi2dvi' on 'TechnicalDocument.tex' failed.
    LaTeX errors:
    ! LaTeX Error: File `a4wide.sty' not found.
    
    Type X to quit or <RETURN> to proceed,
    or enter new name. (Default extension: sty)
    
    ign_test/schwartz97/vignettes/TechnicalDocument.tex:8: ==> Fatal error occurre
    d, no output PDF file produced!
    Calls: buildVignettes -> texi2pdf -> texi2dvi
    Execution halted
Flavor: r-release-osx-x86_64-mavericks