CRAN Package Check Results for Package schwartz97

Last updated on 2014-10-24 08:49:19.

Flavor Version Tinstall Tcheck Ttotal Status Flags
r-devel-linux-x86_64-debian-clang 0.0.6 1.55 57.08 58.63 OK
r-devel-linux-x86_64-debian-gcc 0.0.6 1.32 58.30 59.62 OK
r-devel-linux-x86_64-fedora-clang 0.0.6 129.42 OK
r-devel-linux-x86_64-fedora-gcc 0.0.6 124.60 OK
r-devel-osx-x86_64-clang 0.0.6 110.68 OK
r-devel-windows-ix86+x86_64 0.0.6 24.00 110.00 134.00 OK
r-patched-linux-x86_64 0.0.6 1.38 61.67 63.05 OK
r-patched-solaris-sparc 0.0.6 904.30 OK
r-patched-solaris-x86 0.0.6 189.10 OK
r-release-linux-ix86 0.0.6 1.95 79.49 81.44 OK
r-release-linux-x86_64 0.0.6 1.41 58.26 59.67 OK
r-release-osx-x86_64-mavericks 0.0.6 NOTE
r-release-osx-x86_64-snowleopard 0.0.6 OK
r-release-windows-ix86+x86_64 0.0.6 23.00 110.00 133.00 OK
r-oldrel-windows-ix86+x86_64 0.0.6 28.00 102.00 130.00 OK

Check Details

Version: 0.0.6
Check: re-building of vignette outputs
Result: NOTE
    Error in re-building vignettes:
     ...
    Error in texi2dvi(file = file, pdf = TRUE, clean = clean, quiet = quiet, :
     Running 'texi2dvi' on 'TechnicalDocument.tex' failed.
    LaTeX errors:
    ! LaTeX Error: File `a4wide.sty' not found.
    
    Type X to quit or <RETURN> to proceed,
    or enter new name. (Default extension: sty)
    
    ign_test/schwartz97/vignettes/TechnicalDocument.tex:8: ==> Fatal error occurre
    d, no output PDF file produced!
    Calls: buildVignettes -> texi2pdf -> texi2dvi
    Execution halted
Flavor: r-release-osx-x86_64-mavericks