CRAN Package Check Results for Package schwartz97

Last updated on 2017-01-17 12:51:16.

Flavor Version Tinstall Tcheck Ttotal Status Flags
r-devel-linux-x86_64-debian-clang 0.0.6 1.36 56.41 57.77 NOTE
r-devel-linux-x86_64-debian-gcc 0.0.6 1.37 52.30 53.67 NOTE
r-devel-linux-x86_64-fedora-clang 0.0.6 103.47 NOTE --no-stop-on-test-error
r-devel-linux-x86_64-fedora-gcc 0.0.6 100.38 NOTE --no-stop-on-test-error
r-devel-macos-x86_64-clang 0.0.6 76.02 NOTE --no-stop-on-test-error
r-devel-windows-ix86+x86_64 0.0.6 30.00 172.00 202.00 NOTE
r-patched-linux-x86_64 0.0.6 1.32 49.83 51.15 NOTE
r-patched-solaris-sparc 0.0.6 634.60 NOTE
r-patched-solaris-x86 0.0.6 130.30 NOTE
r-release-linux-x86_64 0.0.6 1.38 50.12 51.49 NOTE
r-release-osx-x86_64-mavericks 0.0.6 NOTE
r-release-windows-ix86+x86_64 0.0.6 34.00 107.00 141.00 NOTE
r-oldrel-windows-ix86+x86_64 0.0.6 33.00 230.00 263.00 OK

Check Details

Version: 0.0.6
Check: R code for possible problems
Result: NOTE
    futuresplot: no visible global function definition for ‘rainbow’
    plot.schwartz2f.fit: no visible global function definition for
     ‘colorRampPalette’
    plot.schwartz2f.fit: no visible global function definition for
     ‘rainbow’
    plot,schwartz2f.fit-missing: no visible global function definition for
     ‘colorRampPalette’
    plot,schwartz2f.fit-missing: no visible global function definition for
     ‘rainbow’
    Undefined global functions or variables:
     colorRampPalette rainbow
    Consider adding
     importFrom("grDevices", "colorRampPalette", "rainbow")
    to your NAMESPACE file.
Flavors: r-devel-linux-x86_64-debian-clang, r-devel-linux-x86_64-debian-gcc, r-devel-windows-ix86+x86_64, r-patched-linux-x86_64, r-patched-solaris-sparc, r-patched-solaris-x86, r-release-linux-x86_64, r-release-osx-x86_64-mavericks, r-release-windows-ix86+x86_64

Version: 0.0.6
Flags: --no-stop-on-test-error
Check: R code for possible problems
Result: NOTE
    futuresplot: no visible global function definition for ‘rainbow’
    plot.schwartz2f.fit: no visible global function definition for
     ‘colorRampPalette’
    plot.schwartz2f.fit: no visible global function definition for
     ‘rainbow’
    plot,schwartz2f.fit-missing: no visible global function definition for
     ‘colorRampPalette’
    plot,schwartz2f.fit-missing: no visible global function definition for
     ‘rainbow’
    Undefined global functions or variables:
     colorRampPalette rainbow
    Consider adding
     importFrom("grDevices", "colorRampPalette", "rainbow")
    to your NAMESPACE file.
Flavors: r-devel-linux-x86_64-fedora-clang, r-devel-linux-x86_64-fedora-gcc, r-devel-macos-x86_64-clang