CRAN Package Check Results for Package schwartz97

Last updated on 2014-09-21 19:48:03.

Flavor Version Tinstall Tcheck Ttotal Status Flags
r-devel-linux-x86_64-debian-clang 0.0.6 1.42 55.74 57.15 OK
r-devel-linux-x86_64-debian-gcc 0.0.6 1.32 56.54 57.86 OK
r-devel-linux-x86_64-fedora-clang 0.0.6 128.44 OK
r-devel-linux-x86_64-fedora-gcc 0.0.6 124.37 OK
r-devel-osx-x86_64-clang 0.0.6 111.13 OK
r-devel-windows-ix86+x86_64 0.0.6 22.00 110.00 132.00 OK
r-patched-linux-x86_64 0.0.6 1.40 57.27 58.67 OK
r-patched-solaris-sparc 0.0.6 904.30 OK
r-patched-solaris-x86 0.0.6 188.50 OK
r-release-linux-ix86 0.0.6 1.93 79.69 81.62 OK
r-release-linux-x86_64 0.0.6 1.42 58.60 60.02 OK
r-release-osx-x86_64-mavericks 0.0.6 NOTE
r-release-osx-x86_64-snowleopard 0.0.6 OK
r-release-windows-ix86+x86_64 0.0.6 23.00 110.00 133.00 OK
r-oldrel-windows-ix86+x86_64 0.0.6 28.00 102.00 130.00 OK

Check Details

Version: 0.0.6
Check: re-building of vignette outputs
Result: NOTE
    Error in re-building vignettes:
     ...
    Error in texi2dvi(file = file, pdf = TRUE, clean = clean, quiet = quiet, :
     Running 'texi2dvi' on 'TechnicalDocument.tex' failed.
    LaTeX errors:
    ! LaTeX Error: File `a4wide.sty' not found.
    
    Type X to quit or <RETURN> to proceed,
    or enter new name. (Default extension: sty)
    
    ign_test/schwartz97/vignettes/TechnicalDocument.tex:8: ==> Fatal error occurre
    d, no output PDF file produced!
    Calls: buildVignettes -> texi2pdf -> texi2dvi
    Execution halted
Flavor: r-release-osx-x86_64-mavericks