CRAN Package Check Results for Package scidb

Last updated on 2014-04-23 07:55:08.

Flavor Version Tinstall Tcheck Ttotal Status Flags
r-devel-linux-x86_64-debian-clang 1.1-2 6.04 67.87 73.92 OK
r-devel-linux-x86_64-debian-gcc 1.1-2 5.84 63.76 69.60 OK
r-devel-linux-x86_64-fedora-clang 1.1-2 168.98 OK
r-devel-linux-x86_64-fedora-gcc 1.1-2 163.23 OK
r-devel-osx-x86_64-clang 1.1-2 128.61 OK
r-devel-osx-x86_64-gcc 1.1-2 ERROR
r-devel-windows-ix86+x86_64 1.1-2 16.00 121.00 137.00 OK
r-patched-linux-x86_64 1.1-2 5.87 65.21 71.08 OK
r-patched-solaris-sparc 1.1-2 826.50 OK
r-patched-solaris-x86 1.1-2 203.70 OK
r-release-linux-ix86 1.1-2 9.00 102.00 111.00 OK
r-release-linux-x86_64 1.1-2 5.98 66.07 72.05 OK
r-release-osx-x86_64-mavericks 1.1-2 OK
r-release-osx-x86_64-snowleopard 1.1-2 OK
r-release-windows-ix86+x86_64 1.1-2 15.00 119.00 134.00 OK
r-oldrel-windows-ix86+x86_64 1.1-2 16.00 124.00 140.00 OK

Check Details

Version: 1.1-2
Check: package dependencies
Result: ERROR
    Package required but not available: ‘zoo’
    
    See the information on DESCRIPTION files in the chapter ‘Creating R
    packages’ of the ‘Writing R Extensions’ manual.
Flavor: r-devel-osx-x86_64-gcc