CRAN Package Check Results for Package scidb

Last updated on 2016-02-11 23:47:41.

Flavor Version Tinstall Tcheck Ttotal Status Flags
r-devel-linux-x86_64-debian-gcc 1.2-0 4.84 57.57 62.40 NOTE
r-devel-linux-x86_64-fedora-clang 1.2-0 126.30 NOTE
r-devel-linux-x86_64-fedora-gcc 1.2-0 121.20 NOTE
r-devel-osx-x86_64-clang 1.2-0 133.45 NOTE
r-devel-windows-ix86+x86_64 1.2-0 28.00 155.00 183.00 NOTE
r-patched-linux-x86_64 1.2-0 5.12 62.10 67.21 NOTE
r-patched-solaris-sparc 1.2-0 767.70 NOTE
r-patched-solaris-x86 1.2-0 166.60 NOTE
r-release-linux-x86_64 1.2-0 5.23 62.60 67.83 NOTE
r-release-osx-x86_64-mavericks 1.2-0 OK
r-release-windows-ix86+x86_64 1.2-0 31.00 169.00 200.00 NOTE
r-oldrel-windows-ix86+x86_64 1.2-0 33.00 190.00 223.00 NOTE

Check Details

Version: 1.2-0
Check: R code for possible problems
Result: NOTE
    c,scidbdf: warning in build_dim_schema(x, newname = j): partial
     argument match of ‘newname’ to ‘newnames’
    .format: no visible global function definition for ‘capture.output’
    .scidbstr: no visible global function definition for ‘capture.output’
    glm.fit_scidb: no visible global function definition for ‘gaussian’
    glm.fit_scidb: no visible global function definition for ‘pnorm’
    glm_scidb: no visible global function definition for ‘gaussian’
    glm_scidb: no visible global function definition for ‘as.formula’
    iqiter : nextEl: no visible global function definition for ‘read.table’
    iquery: no visible global function definition for ‘read.table’
    model_scidb: no visible global function definition for ‘as.formula’
    model_scidb: no visible global function definition for ‘terms’
    model_scidb: no visible global function definition for ‘drop.terms’
    predict.glm_scidb: no visible global function definition for ‘coef’
    print.glm_scidb: no visible global function definition for ‘coef’
    summary.glm_scidb: no visible global function definition for ‘coef’
    glm.fit,scidb-ANY-MNSN: no visible global function definition for
     ‘gaussian’
    glm.fit,scidb-ANY-MNSN: no visible global function definition for
     ‘pnorm’
    glm,ANY-ANY-scidbdf: no visible global function definition for
     ‘gaussian’
    glm,ANY-ANY-scidbdf: no visible global function definition for
     ‘as.formula’
    image,scidb: no visible global function definition for ‘axis’
    Undefined global functions or variables:
     as.formula axis capture.output coef drop.terms gaussian pnorm
     read.table terms
    Consider adding
     importFrom("graphics", "axis")
     importFrom("stats", "as.formula", "coef", "drop.terms", "gaussian",
     "pnorm", "terms")
     importFrom("utils", "capture.output", "read.table")
    to your NAMESPACE file.
Flavors: r-devel-linux-x86_64-debian-gcc, r-devel-linux-x86_64-fedora-clang, r-devel-linux-x86_64-fedora-gcc, r-devel-osx-x86_64-clang, r-devel-windows-ix86+x86_64

Version: 1.2-0
Check: R code for possible problems
Result: NOTE
    c,scidbdf : .local: warning in build_dim_schema(x, newname = j):
     partial argument match of ‘newname’ to ‘newnames’
Flavors: r-patched-linux-x86_64, r-patched-solaris-sparc, r-patched-solaris-x86, r-release-linux-x86_64, r-release-windows-ix86+x86_64, r-oldrel-windows-ix86+x86_64