CRAN Package Check Results for Package scidb

Last updated on 2015-07-07 23:48:04.

Flavor Version Tinstall Tcheck Ttotal Status Flags
r-devel-linux-x86_64-debian-clang 1.2-0 4.73 60.63 65.36 NOTE
r-devel-linux-x86_64-debian-gcc 1.2-0 5.32 59.42 64.74 NOTE
r-devel-linux-x86_64-fedora-clang 1.2-0 128.77 NOTE
r-devel-linux-x86_64-fedora-gcc 1.2-0 123.77 NOTE
r-devel-osx-x86_64-clang 1.2-0 97.47 NOTE
r-devel-windows-ix86+x86_64 1.2-0 32.00 118.00 150.00 NOTE
r-patched-linux-x86_64 1.2-0 5.12 59.12 64.24 OK
r-patched-solaris-sparc 1.2-0 777.20 OK
r-patched-solaris-x86 1.2-0 168.40 OK
r-release-linux-x86_64 1.2-0 5.12 57.27 62.39 OK
r-release-osx-x86_64-mavericks 1.2-0 OK
r-release-windows-ix86+x86_64 1.2-0 22.00 119.00 141.00 OK
r-oldrel-windows-ix86+x86_64 1.2-0 20.00 130.00 150.00 OK

Check Details

Version: 1.2-0
Check: R code for possible problems
Result: NOTE
    c,scidbdf: warning in build_dim_schema(x, newname = j): partial
     argument match of ‘newname’ to ‘newnames’
    .format: no visible global function definition for ‘capture.output’
    .scidbstr: no visible global function definition for ‘capture.output’
    glm.fit_scidb: Error while checking: invalid ‘envir’ argument
    glm_scidb: Error while checking: invalid ‘envir’ argument
    iqiter : nextEl: no visible global function definition for ‘read.table’
    iquery: no visible global function definition for ‘read.table’
    model_scidb: no visible global function definition for ‘as.formula’
    model_scidb: no visible global function definition for ‘terms’
    model_scidb: no visible global function definition for ‘drop.terms’
    predict.glm_scidb: no visible global function definition for ‘coef’
    print.glm_scidb: no visible global function definition for ‘coef’
    summary.glm_scidb: no visible global function definition for ‘coef’
    glm.fit,scidb-ANY-MNSN: Error while checking: invalid ‘envir’ argument
    glm,ANY-ANY-scidbdf: Error while checking: invalid ‘envir’ argument
    image,scidb: no visible global function definition for ‘axis’
    Undefined global functions or variables:
     as.formula axis capture.output coef drop.terms read.table terms
Flavors: r-devel-linux-x86_64-debian-clang, r-devel-linux-x86_64-debian-gcc, r-devel-linux-x86_64-fedora-clang, r-devel-linux-x86_64-fedora-gcc

Version: 1.2-0
Check: R code for possible problems
Result: NOTE
    c,scidbdf: warning in build_dim_schema(x, newname = j): partial
     argument match of 'newname' to 'newnames'
Flavor: r-devel-osx-x86_64-clang

Version: 1.2-0
Check: R code for possible problems
Result: NOTE
    c,scidbdf: warning in build_dim_schema(x, newname = j): partial
     argument match of 'newname' to 'newnames'
    .format: no visible global function definition for 'capture.output'
    .scidbstr: no visible global function definition for 'capture.output'
    glm.fit_scidb: no visible global function definition for 'gaussian'
    glm.fit_scidb: no visible global function definition for 'pnorm'
    glm_scidb: no visible global function definition for 'gaussian'
    glm_scidb: no visible global function definition for 'as.formula'
    iqiter : nextEl: no visible global function definition for 'read.table'
    iquery: no visible global function definition for 'read.table'
    model_scidb: no visible global function definition for 'as.formula'
    model_scidb: no visible global function definition for 'terms'
    model_scidb: no visible global function definition for 'drop.terms'
    predict.glm_scidb: no visible global function definition for 'coef'
    print.glm_scidb: no visible global function definition for 'coef'
    summary.glm_scidb: no visible global function definition for 'coef'
    glm.fit,scidb-ANY-MNSN: no visible global function definition for
     'gaussian'
    glm.fit,scidb-ANY-MNSN: no visible global function definition for
     'pnorm'
    glm,ANY-ANY-scidbdf: no visible global function definition for
     'gaussian'
    glm,ANY-ANY-scidbdf: no visible global function definition for
     'as.formula'
    image,scidb: no visible global function definition for 'axis'
    Undefined global functions or variables:
     as.formula axis capture.output coef drop.terms gaussian pnorm
     read.table terms
Flavor: r-devel-windows-ix86+x86_64