CRAN Package Check Results for Package scidb

Last updated on 2017-01-16 22:55:28.

Flavor Version Tinstall Tcheck Ttotal Status Flags
r-devel-linux-x86_64-debian-clang 1.2-0 4.81 60.75 65.56 NOTE
r-devel-linux-x86_64-debian-gcc 1.2-0 4.61 57.77 62.38 NOTE
r-devel-linux-x86_64-fedora-clang 1.2-0 134.73 NOTE --no-stop-on-test-error
r-devel-linux-x86_64-fedora-gcc 1.2-0 138.43 NOTE --no-stop-on-test-error
r-devel-macos-x86_64-clang 1.2-0 102.97 NOTE --no-stop-on-test-error
r-devel-windows-ix86+x86_64 1.2-0 33.00 197.00 230.00 NOTE
r-patched-linux-x86_64 1.2-0 4.24 55.36 59.59 NOTE
r-patched-solaris-sparc 1.2-0 737.50 NOTE
r-patched-solaris-x86 1.2-0 157.90 NOTE
r-release-linux-x86_64 1.2-0 4.16 56.94 61.10 NOTE
r-release-osx-x86_64-mavericks 1.2-0 NOTE
r-release-windows-ix86+x86_64 1.2-0 29.00 176.00 205.00 NOTE
r-oldrel-windows-ix86+x86_64 1.2-0 22.00 171.00 193.00 NOTE

Check Details

Version: 1.2-0
Check: R code for possible problems
Result: NOTE
    c,scidbdf: warning in build_dim_schema(x, newname = j): partial
     argument match of ‘newname’ to ‘newnames’
    .format: no visible global function definition for ‘capture.output’
    .scidbstr: no visible global function definition for ‘capture.output’
    glm.fit_scidb: no visible global function definition for ‘gaussian’
    glm.fit_scidb: no visible global function definition for ‘pnorm’
    glm_scidb: no visible global function definition for ‘gaussian’
    glm_scidb: no visible global function definition for ‘as.formula’
    iqiter : nextEl: no visible global function definition for ‘read.table’
    iquery: no visible global function definition for ‘read.table’
    model_scidb: no visible global function definition for ‘as.formula’
    model_scidb: no visible global function definition for ‘terms’
    model_scidb: no visible global function definition for ‘drop.terms’
    predict.glm_scidb: no visible global function definition for ‘coef’
    print.glm_scidb: no visible global function definition for ‘coef’
    summary.glm_scidb: no visible global function definition for ‘coef’
    glm.fit,scidb-ANY-MNSN: no visible global function definition for
     ‘gaussian’
    glm.fit,scidb-ANY-MNSN: no visible global function definition for
     ‘pnorm’
    glm,ANY-ANY-scidbdf: no visible global function definition for
     ‘gaussian’
    glm,ANY-ANY-scidbdf: no visible global function definition for
     ‘as.formula’
    image,scidb: no visible global function definition for ‘axis’
    Undefined global functions or variables:
     as.formula axis capture.output coef drop.terms gaussian pnorm
     read.table terms
    Consider adding
     importFrom("graphics", "axis")
     importFrom("stats", "as.formula", "coef", "drop.terms", "gaussian",
     "pnorm", "terms")
     importFrom("utils", "capture.output", "read.table")
    to your NAMESPACE file.
Flavors: r-devel-linux-x86_64-debian-clang, r-devel-linux-x86_64-debian-gcc, r-devel-windows-ix86+x86_64, r-patched-linux-x86_64, r-patched-solaris-sparc, r-patched-solaris-x86, r-release-linux-x86_64, r-release-osx-x86_64-mavericks, r-release-windows-ix86+x86_64

Version: 1.2-0
Flags: --no-stop-on-test-error
Check: R code for possible problems
Result: NOTE
    c,scidbdf: warning in build_dim_schema(x, newname = j): partial
     argument match of 'newname' to 'newnames'
    .format: no visible global function definition for ‘capture.output’
    .scidbstr: no visible global function definition for ‘capture.output’
    glm.fit_scidb: no visible global function definition for ‘gaussian’
    glm.fit_scidb: no visible global function definition for ‘pnorm’
    glm_scidb: no visible global function definition for ‘gaussian’
    glm_scidb: no visible global function definition for ‘as.formula’
    iqiter : nextEl: no visible global function definition for ‘read.table’
    iquery: no visible global function definition for ‘read.table’
    model_scidb: no visible global function definition for ‘as.formula’
    model_scidb: no visible global function definition for ‘terms’
    model_scidb: no visible global function definition for ‘drop.terms’
    predict.glm_scidb: no visible global function definition for ‘coef’
    print.glm_scidb: no visible global function definition for ‘coef’
    summary.glm_scidb: no visible global function definition for ‘coef’
    glm.fit,scidb-ANY-MNSN: no visible global function definition for
     ‘gaussian’
    glm.fit,scidb-ANY-MNSN: no visible global function definition for
     ‘pnorm’
    glm,ANY-ANY-scidbdf: no visible global function definition for
     ‘gaussian’
    glm,ANY-ANY-scidbdf: no visible global function definition for
     ‘as.formula’
    image,scidb: no visible global function definition for ‘axis’
    Undefined global functions or variables:
     as.formula axis capture.output coef drop.terms gaussian pnorm
     read.table terms
    Consider adding
     importFrom("graphics", "axis")
     importFrom("stats", "as.formula", "coef", "drop.terms", "gaussian",
     "pnorm", "terms")
     importFrom("utils", "capture.output", "read.table")
    to your NAMESPACE file.
Flavors: r-devel-linux-x86_64-fedora-clang, r-devel-linux-x86_64-fedora-gcc, r-devel-macos-x86_64-clang

Version: 1.2-0
Flags: --no-stop-on-test-error
Check: compiled code
Result: NOTE
    File ‘scidb/libs/scidb.so’:
     Found no calls to: ‘R_registerRoutines’, ‘R_useDynamicSymbols’
    
    It is good practice to use registered native symbols and disable symbol
    search.
    
    See ‘Writing portable packages’ in the ‘Writing R Extensions’ manual.
Flavor: r-devel-linux-x86_64-fedora-gcc

Version: 1.2-0
Check: R code for possible problems
Result: NOTE
    c,scidbdf : .local: warning in build_dim_schema(x, newname = j):
     partial argument match of 'newname' to 'newnames'
Flavor: r-oldrel-windows-ix86+x86_64