CRAN Package Check Results for Package scidb

Last updated on 2017-12-15 02:48:47 CET.

Flavor Version Tinstall Tcheck Ttotal Status Flags
r-devel-linux-x86_64-debian-clang 2.0.0 2.58 25.02 27.60 FAIL
r-devel-linux-x86_64-debian-gcc 2.0.0 2.38 30.83 33.21 OK
r-devel-linux-x86_64-fedora-clang 2.0.0 48.14 OK
r-devel-linux-x86_64-fedora-gcc 2.0.0 46.33 OK
r-devel-windows-ix86+x86_64 2.0.0 28.00 68.00 96.00 OK
r-patched-linux-x86_64 2.0.0 2.71 37.68 40.39 OK
r-patched-solaris-x86 2.0.0 66.30 OK
r-release-linux-x86_64 2.0.0 2.67 37.88 40.55 OK
r-release-windows-ix86+x86_64 2.0.0 13.00 55.00 68.00 OK
r-release-osx-x86_64 2.0.0 OK
r-oldrel-windows-ix86+x86_64 2.0.0 17.00 70.00 87.00 OK
r-oldrel-osx-x86_64 2.0.0 OK

Check Details

Version: 2.0.0
Check: pragmas in C/C++ headers and code
Result: FAIL
    
Flavor: r-devel-linux-x86_64-debian-clang