CRAN Package Check Results for Package scidb

Last updated on 2015-08-04 23:48:31.

Flavor Version Tinstall Tcheck Ttotal Status Flags
r-devel-linux-x86_64-debian-clang 1.2-0 4.92 60.68 65.60 NOTE
r-devel-linux-x86_64-debian-gcc 1.2-0 4.71 58.90 63.62 NOTE
r-devel-linux-x86_64-fedora-clang 1.2-0 134.16 NOTE
r-devel-linux-x86_64-fedora-gcc 1.2-0 126.94 NOTE
r-devel-osx-x86_64-clang 1.2-0 111.90 NOTE
r-devel-windows-ix86+x86_64 1.2-0 26.00 114.00 140.00 NOTE
r-patched-linux-x86_64 1.2-0 4.76 59.06 63.82 NOTE
r-patched-solaris-sparc 1.2-0 811.40 NOTE
r-patched-solaris-x86 1.2-0 172.00 NOTE
r-release-linux-x86_64 1.2-0 4.90 61.99 66.89 NOTE
r-release-osx-x86_64-mavericks 1.2-0 OK
r-release-windows-ix86+x86_64 1.2-0 31.00 124.00 155.00 NOTE
r-oldrel-windows-ix86+x86_64 1.2-0 32.00 154.00 186.00 NOTE

Check Details

Version: 1.2-0
Check: R code for possible problems
Result: NOTE
    c,scidbdf: warning in build_dim_schema(x, newname = j): partial
     argument match of ‘newname’ to ‘newnames’
    .format: no visible global function definition for ‘capture.output’
    .scidbstr: no visible global function definition for ‘capture.output’
    glm.fit_scidb: no visible global function definition for ‘gaussian’
    glm.fit_scidb: no visible global function definition for ‘pnorm’
    glm_scidb: no visible global function definition for ‘gaussian’
    glm_scidb: no visible global function definition for ‘as.formula’
    iqiter : nextEl: no visible global function definition for ‘read.table’
    iquery: no visible global function definition for ‘read.table’
    model_scidb: no visible global function definition for ‘as.formula’
    model_scidb: no visible global function definition for ‘terms’
    model_scidb: no visible global function definition for ‘drop.terms’
    predict.glm_scidb: no visible global function definition for ‘coef’
    print.glm_scidb: no visible global function definition for ‘coef’
    summary.glm_scidb: no visible global function definition for ‘coef’
    glm.fit,scidb-ANY-MNSN: no visible global function definition for
     ‘gaussian’
    glm.fit,scidb-ANY-MNSN: no visible global function definition for
     ‘pnorm’
    glm,ANY-ANY-scidbdf: no visible global function definition for
     ‘gaussian’
    glm,ANY-ANY-scidbdf: no visible global function definition for
     ‘as.formula’
    image,scidb: no visible global function definition for ‘axis’
    Undefined global functions or variables:
     as.formula axis capture.output coef drop.terms gaussian pnorm
     read.table terms
    Consider adding
     importFrom("graphics", "axis")
     importFrom("stats", "as.formula", "coef", "drop.terms", "gaussian",
     "pnorm", "terms")
     importFrom("utils", "capture.output", "read.table")
    to your NAMESPACE.
Flavors: r-devel-linux-x86_64-debian-clang, r-devel-linux-x86_64-debian-gcc, r-devel-linux-x86_64-fedora-clang, r-devel-linux-x86_64-fedora-gcc, r-devel-windows-ix86+x86_64

Version: 1.2-0
Check: R code for possible problems
Result: NOTE
    c,scidbdf: warning in build_dim_schema(x, newname = j): partial
     argument match of 'newname' to 'newnames'
Flavor: r-devel-osx-x86_64-clang

Version: 1.2-0
Check: R code for possible problems
Result: NOTE
    c,scidbdf : .local: warning in build_dim_schema(x, newname = j):
     partial argument match of ‘newname’ to ‘newnames’
Flavors: r-patched-linux-x86_64, r-patched-solaris-sparc, r-patched-solaris-x86, r-release-linux-x86_64, r-release-windows-ix86+x86_64, r-oldrel-windows-ix86+x86_64