CRAN Package Check Results for Package scidb

Last updated on 2015-05-23 02:47:00.

Flavor Version Tinstall Tcheck Ttotal Status Flags
r-devel-linux-x86_64-debian-clang 1.2-0 4.84 59.07 63.91 OK
r-devel-linux-x86_64-debian-gcc 1.2-0 5.72 57.93 63.65 OK
r-devel-linux-x86_64-fedora-clang 1.2-0 130.47 OK
r-devel-linux-x86_64-fedora-gcc 1.2-0 126.83 OK
r-devel-osx-x86_64-clang 1.2-0 109.71 OK
r-devel-windows-ix86+x86_64 1.2-0 18.00 102.00 120.00 OK
r-patched-linux-x86_64 1.2-0 4.81 57.66 62.48 OK
r-patched-solaris-sparc 1.2-0 777.20 OK
r-patched-solaris-x86 1.2-0 168.80 OK
r-release-linux-x86_64 1.2-0 5.21 58.85 64.06 OK
r-release-osx-x86_64-mavericks 1.2-0 OK
r-release-osx-x86_64-snowleopard 1.2-0 ERROR
r-release-windows-ix86+x86_64 1.2-0 18.00 113.00 131.00 OK
r-oldrel-windows-ix86+x86_64 1.2-0 22.00 121.00 143.00 OK

Check Details

Version: 1.2-0
Check: package dependencies
Result: ERROR
    Package required but not available: ‘zoo’
    
    See section ‘The DESCRIPTION file’ in the ‘Writing R Extensions’
    manual.
Flavor: r-release-osx-x86_64-snowleopard