CRAN Package Check Results for Package scidb

Last updated on 2016-07-27 06:48:19.

Flavor Version Tinstall Tcheck Ttotal Status Flags
r-devel-linux-x86_64-debian-clang 1.2-0 6.64 70.89 77.52 NOTE
r-devel-linux-x86_64-debian-gcc 1.2-0 6.03 67.50 73.53 NOTE
r-devel-linux-x86_64-fedora-clang 1.2-0 138.59 NOTE
r-devel-linux-x86_64-fedora-gcc 1.2-0 119.51 NOTE
r-devel-osx-x86_64-clang 1.2-0 100.87 NOTE
r-devel-windows-ix86+x86_64 1.2-0 27.00 170.00 197.00 NOTE
r-patched-linux-x86_64 1.2-0 5.49 66.52 72.01 NOTE
r-patched-solaris-sparc 1.2-0 740.70 NOTE
r-patched-solaris-x86 1.2-0 157.40 NOTE
r-release-linux-x86_64 1.2-0 5.64 66.63 72.26 NOTE
r-release-osx-x86_64-mavericks 1.2-0 NOTE
r-release-windows-ix86+x86_64 1.2-0 27.00 153.00 180.00 NOTE
r-oldrel-windows-ix86+x86_64 1.2-0 25.00 133.00 158.00 NOTE

Check Details

Version: 1.2-0
Check: R code for possible problems
Result: NOTE
    c,scidbdf: warning in build_dim_schema(x, newname = j): partial
     argument match of ‘newname’ to ‘newnames’
    .format: no visible global function definition for ‘capture.output’
    .scidbstr: no visible global function definition for ‘capture.output’
    glm.fit_scidb: no visible global function definition for ‘gaussian’
    glm.fit_scidb: no visible global function definition for ‘pnorm’
    glm_scidb: no visible global function definition for ‘gaussian’
    glm_scidb: no visible global function definition for ‘as.formula’
    iqiter : nextEl: no visible global function definition for ‘read.table’
    iquery: no visible global function definition for ‘read.table’
    model_scidb: no visible global function definition for ‘as.formula’
    model_scidb: no visible global function definition for ‘terms’
    model_scidb: no visible global function definition for ‘drop.terms’
    predict.glm_scidb: no visible global function definition for ‘coef’
    print.glm_scidb: no visible global function definition for ‘coef’
    summary.glm_scidb: no visible global function definition for ‘coef’
    glm.fit,scidb-ANY-MNSN: no visible global function definition for
     ‘gaussian’
    glm.fit,scidb-ANY-MNSN: no visible global function definition for
     ‘pnorm’
    glm,ANY-ANY-scidbdf: no visible global function definition for
     ‘gaussian’
    glm,ANY-ANY-scidbdf: no visible global function definition for
     ‘as.formula’
    image,scidb: no visible global function definition for ‘axis’
    Undefined global functions or variables:
     as.formula axis capture.output coef drop.terms gaussian pnorm
     read.table terms
    Consider adding
     importFrom("graphics", "axis")
     importFrom("stats", "as.formula", "coef", "drop.terms", "gaussian",
     "pnorm", "terms")
     importFrom("utils", "capture.output", "read.table")
    to your NAMESPACE file.
Flavors: r-devel-linux-x86_64-debian-clang, r-devel-linux-x86_64-debian-gcc, r-devel-linux-x86_64-fedora-clang, r-devel-linux-x86_64-fedora-gcc, r-devel-osx-x86_64-clang, r-devel-windows-ix86+x86_64, r-patched-linux-x86_64, r-patched-solaris-sparc, r-patched-solaris-x86, r-release-linux-x86_64, r-release-osx-x86_64-mavericks, r-release-windows-ix86+x86_64

Version: 1.2-0
Check: R code for possible problems
Result: NOTE
    c,scidbdf : .local: warning in build_dim_schema(x, newname = j):
     partial argument match of 'newname' to 'newnames'
Flavor: r-oldrel-windows-ix86+x86_64