CRAN Package Check Results for Package sciplot

Last updated on 2016-06-25 18:46:56.

Flavor Version Tinstall Tcheck Ttotal Status Flags
r-devel-linux-x86_64-debian-gcc 1.1-0 0.48 10.26 10.74 NOTE
r-devel-linux-x86_64-fedora-clang 1.1-0 16.89 NOTE
r-devel-linux-x86_64-fedora-gcc 1.1-0 14.80 NOTE
r-devel-osx-x86_64-clang 1.1-0 15.07 NOTE
r-devel-windows-ix86+x86_64 1.1-0 3.00 26.00 29.00 NOTE
r-patched-linux-x86_64 1.1-0 0.62 9.78 10.41 NOTE
r-patched-solaris-sparc 1.1-0 107.10 NOTE
r-patched-solaris-x86 1.1-0 25.30 NOTE
r-release-linux-x86_64 1.1-0 0.57 10.25 10.82 NOTE
r-release-osx-x86_64-mavericks 1.1-0 NOTE
r-release-windows-ix86+x86_64 1.1-0 3.00 33.00 36.00 NOTE
r-oldrel-windows-ix86+x86_64 1.1-0 2.00 27.00 29.00 OK

Check Details

Version: 1.1-0
Check: R code for possible problems
Result: NOTE
    bargraph.CI: no visible global function definition for ‘barplot’
    bargraph.CI: no visible global function definition for ‘arrows’
    bargraph.CI: no visible global function definition for ‘gray.colors’
    lineplot.CI : int.plot: no visible global function definition for ‘par’
    lineplot.CI : int.plot: no visible global function definition for
     ‘matplot’
    lineplot.CI : int.plot : axisInt: no visible global function definition
     for ‘axis’
    lineplot.CI : int.plot: no visible global function definition for
     ‘text’
    lineplot.CI: no visible global function definition for ‘plot’
    lineplot.CI: no visible global function definition for ‘axis’
    lineplot.CI: no visible global function definition for ‘arrows’
    lineplot.CI: no visible global function definition for ‘points’
    Undefined global functions or variables:
     arrows axis barplot gray.colors matplot par plot points text
    Consider adding
     importFrom("grDevices", "gray.colors")
     importFrom("graphics", "arrows", "axis", "barplot", "matplot", "par",
     "plot", "points", "text")
    to your NAMESPACE file.
Flavors: r-devel-linux-x86_64-debian-gcc, r-devel-linux-x86_64-fedora-clang, r-devel-linux-x86_64-fedora-gcc, r-devel-osx-x86_64-clang, r-devel-windows-ix86+x86_64, r-patched-linux-x86_64, r-patched-solaris-sparc, r-patched-solaris-x86, r-release-linux-x86_64, r-release-osx-x86_64-mavericks, r-release-windows-ix86+x86_64