CRAN Package Check Results for Package sciplot

Last updated on 2017-03-28 23:50:49.

Flavor Version Tinstall Tcheck Ttotal Status Flags
r-devel-linux-x86_64-debian-clang 1.1-0 0.54 12.82 13.36 NOTE
r-devel-linux-x86_64-debian-gcc 1.1-0 0.54 11.74 12.28 NOTE
r-devel-linux-x86_64-fedora-clang 1.1-0 20.82 NOTE --no-stop-on-test-error
r-devel-linux-x86_64-fedora-gcc 1.1-0 18.78 NOTE --no-stop-on-test-error
r-devel-macos-x86_64-clang 1.1-0 17.75 NOTE --no-stop-on-test-error
r-devel-windows-ix86+x86_64 1.1-0 2.00 25.00 27.00 NOTE
r-patched-linux-x86_64 1.1-0 0.54 11.51 12.05 NOTE
r-patched-solaris-sparc 1.1-0 118.90 NOTE
r-patched-solaris-x86 1.1-0 28.90 NOTE
r-release-linux-x86_64 1.1-0 0.50 9.55 10.05 NOTE
r-release-osx-x86_64-mavericks 1.1-0 NOTE
r-release-windows-ix86+x86_64 1.1-0 2.00 24.00 26.00 NOTE
r-oldrel-windows-ix86+x86_64 1.1-0 3.00 22.00 25.00 OK

Check Details

Version: 1.1-0
Check: R code for possible problems
Result: NOTE
    bargraph.CI: no visible global function definition for ‘barplot’
    bargraph.CI: no visible global function definition for ‘arrows’
    bargraph.CI: no visible global function definition for ‘gray.colors’
    lineplot.CI : int.plot: no visible global function definition for ‘par’
    lineplot.CI : int.plot: no visible global function definition for
     ‘matplot’
    lineplot.CI : int.plot : axisInt: no visible global function definition
     for ‘axis’
    lineplot.CI : int.plot: no visible global function definition for
     ‘text’
    lineplot.CI: no visible global function definition for ‘plot’
    lineplot.CI: no visible global function definition for ‘axis’
    lineplot.CI: no visible global function definition for ‘arrows’
    lineplot.CI: no visible global function definition for ‘points’
    Undefined global functions or variables:
     arrows axis barplot gray.colors matplot par plot points text
    Consider adding
     importFrom("grDevices", "gray.colors")
     importFrom("graphics", "arrows", "axis", "barplot", "matplot", "par",
     "plot", "points", "text")
    to your NAMESPACE file.
Flavors: r-devel-linux-x86_64-debian-clang, r-devel-linux-x86_64-debian-gcc, r-devel-windows-ix86+x86_64, r-patched-linux-x86_64, r-patched-solaris-sparc, r-patched-solaris-x86, r-release-linux-x86_64, r-release-osx-x86_64-mavericks, r-release-windows-ix86+x86_64

Version: 1.1-0
Flags: --no-stop-on-test-error
Check: R code for possible problems
Result: NOTE
    bargraph.CI: no visible global function definition for ‘barplot’
    bargraph.CI: no visible global function definition for ‘arrows’
    bargraph.CI: no visible global function definition for ‘gray.colors’
    lineplot.CI : int.plot: no visible global function definition for ‘par’
    lineplot.CI : int.plot: no visible global function definition for
     ‘matplot’
    lineplot.CI : int.plot : axisInt: no visible global function definition
     for ‘axis’
    lineplot.CI : int.plot: no visible global function definition for
     ‘text’
    lineplot.CI: no visible global function definition for ‘plot’
    lineplot.CI: no visible global function definition for ‘axis’
    lineplot.CI: no visible global function definition for ‘arrows’
    lineplot.CI: no visible global function definition for ‘points’
    Undefined global functions or variables:
     arrows axis barplot gray.colors matplot par plot points text
    Consider adding
     importFrom("grDevices", "gray.colors")
     importFrom("graphics", "arrows", "axis", "barplot", "matplot", "par",
     "plot", "points", "text")
    to your NAMESPACE file.
Flavors: r-devel-linux-x86_64-fedora-clang, r-devel-linux-x86_64-fedora-gcc, r-devel-macos-x86_64-clang