CRAN Package Check Results for Package sciplot

Last updated on 2015-07-29 03:48:40.

Flavor Version Tinstall Tcheck Ttotal Status Flags
r-devel-linux-x86_64-debian-clang 1.1-0 0.55 8.99 9.54 NOTE
r-devel-linux-x86_64-debian-gcc 1.1-0 0.48 9.06 9.54 NOTE
r-devel-linux-x86_64-fedora-clang 1.1-0 17.80 NOTE
r-devel-linux-x86_64-fedora-gcc 1.1-0 17.00 NOTE
r-devel-osx-x86_64-clang 1.1-0 16.88 OK
r-devel-windows-ix86+x86_64 1.1-0 2.00 17.00 19.00 NOTE
r-patched-linux-x86_64 1.1-0 0.50 9.26 9.76 OK
r-patched-solaris-sparc 1.1-0 124.50 OK
r-patched-solaris-x86 1.1-0 27.30 OK
r-release-linux-x86_64 1.1-0 0.50 10.04 10.54 OK
r-release-osx-x86_64-mavericks 1.1-0 OK
r-release-windows-ix86+x86_64 1.1-0 2.00 18.00 20.00 OK
r-oldrel-windows-ix86+x86_64 1.1-0 3.00 18.00 21.00 OK

Check Details

Version: 1.1-0
Check: R code for possible problems
Result: NOTE
    bargraph.CI: no visible global function definition for ‘barplot’
    bargraph.CI: no visible global function definition for ‘arrows’
    bargraph.CI: no visible global function definition for ‘gray.colors’
    lineplot.CI : int.plot: no visible global function definition for ‘par’
    lineplot.CI : int.plot: no visible global function definition for
     ‘matplot’
    lineplot.CI : int.plot : axisInt: no visible global function definition
     for ‘axis’
    lineplot.CI : int.plot: no visible global function definition for
     ‘text’
    lineplot.CI: no visible global function definition for ‘plot’
    lineplot.CI: no visible global function definition for ‘axis’
    lineplot.CI: no visible global function definition for ‘arrows’
    lineplot.CI: no visible global function definition for ‘points’
    Undefined global functions or variables:
     arrows axis barplot gray.colors matplot par plot points text
    Consider adding
     importFrom("grDevices", "gray.colors")
     importFrom("graphics", "arrows", "axis", "barplot", "matplot", "par",
     "plot", "points", "text")
    to your NAMESPACE.
Flavors: r-devel-linux-x86_64-debian-clang, r-devel-linux-x86_64-debian-gcc, r-devel-linux-x86_64-fedora-clang, r-devel-linux-x86_64-fedora-gcc, r-devel-windows-ix86+x86_64