CRAN Package Check Results for Package sciplot

Last updated on 2015-06-29 23:47:10.

Flavor Version Tinstall Tcheck Ttotal Status Flags
r-devel-linux-x86_64-debian-clang 1.1-0 0.48 8.92 9.41 NOTE
r-devel-linux-x86_64-debian-gcc 1.1-0 0.48 8.76 9.24 NOTE
r-devel-linux-x86_64-fedora-clang 1.1-0 18.39 OK
r-devel-linux-x86_64-fedora-gcc 1.1-0 16.27 OK
r-devel-osx-x86_64-clang 1.1-0 16.97 OK
r-devel-windows-ix86+x86_64 1.1-0 3.00 17.00 20.00 OK
r-patched-linux-x86_64 1.1-0 0.51 9.41 9.92 OK
r-patched-solaris-sparc 1.1-0 124.80 OK
r-patched-solaris-x86 1.1-0 28.00 OK
r-release-linux-x86_64 1.1-0 0.51 9.23 9.74 OK
r-release-osx-x86_64-mavericks 1.1-0 OK
r-release-windows-ix86+x86_64 1.1-0 1.00 18.00 19.00 OK
r-oldrel-windows-ix86+x86_64 1.1-0 3.00 18.00 21.00 OK

Check Details

Version: 1.1-0
Check: R code for possible problems
Result: NOTE
    bargraph.CI: no visible global function definition for ‘barplot’
    bargraph.CI: no visible global function definition for ‘arrows’
    bargraph.CI: no visible global function definition for ‘gray.colors’
    lineplot.CI : int.plot: no visible global function definition for ‘par’
    lineplot.CI : int.plot: no visible global function definition for
     ‘matplot’
    lineplot.CI : int.plot : axisInt: no visible global function definition
     for ‘axis’
    lineplot.CI : int.plot: no visible global function definition for
     ‘text’
    lineplot.CI: no visible global function definition for ‘plot’
    lineplot.CI: no visible global function definition for ‘axis’
    lineplot.CI: no visible global function definition for ‘arrows’
    lineplot.CI: no visible global function definition for ‘points’
Flavors: r-devel-linux-x86_64-debian-clang, r-devel-linux-x86_64-debian-gcc