CRAN Package Check Results for Package sciplot

Last updated on 2017-06-22 15:48:54.

Flavor Version Tinstall Tcheck Ttotal Status Flags
r-devel-linux-x86_64-debian-clang 1.1-1 0.60 13.36 13.96 OK
r-devel-linux-x86_64-debian-gcc 1.1-1 0.74 13.27 14.01 OK
r-devel-linux-x86_64-fedora-clang 1.1-1 25.22 OK
r-devel-linux-x86_64-fedora-gcc 1.1-1 15.10 OK
r-devel-windows-ix86+x86_64 1.1-1 2.00 24.00 26.00 OK
r-patched-linux-x86_64 1.1-1 0.58 11.89 12.47 OK
r-patched-solaris-sparc 1.1-0 118.90 NOTE
r-patched-solaris-x86 1.1-1 27.70 OK
r-release-linux-x86_64 1.1-1 0.62 12.03 12.65 OK
r-release-windows-ix86+x86_64 1.1-1 2.00 26.00 28.00 OK
r-release-osx-x86_64 1.1-0 NOTE
r-oldrel-windows-ix86+x86_64 1.1-1 4.00 33.00 37.00 OK
r-oldrel-osx-x86_64 1.1-1 OK

Check Details

Version: 1.1-0
Check: R code for possible problems
Result: NOTE
    bargraph.CI: no visible global function definition for ‘barplot’
    bargraph.CI: no visible global function definition for ‘arrows’
    bargraph.CI: no visible global function definition for ‘gray.colors’
    lineplot.CI : int.plot: no visible global function definition for ‘par’
    lineplot.CI : int.plot: no visible global function definition for
     ‘matplot’
    lineplot.CI : int.plot : axisInt: no visible global function definition
     for ‘axis’
    lineplot.CI : int.plot: no visible global function definition for
     ‘text’
    lineplot.CI: no visible global function definition for ‘plot’
    lineplot.CI: no visible global function definition for ‘axis’
    lineplot.CI: no visible global function definition for ‘arrows’
    lineplot.CI: no visible global function definition for ‘points’
    Undefined global functions or variables:
     arrows axis barplot gray.colors matplot par plot points text
    Consider adding
     importFrom("grDevices", "gray.colors")
     importFrom("graphics", "arrows", "axis", "barplot", "matplot", "par",
     "plot", "points", "text")
    to your NAMESPACE file.
Flavors: r-patched-solaris-sparc, r-release-osx-x86_64