Last updated on 2021-03-01 11:47:44 CET.
Flavor | Version | Tinstall | Tcheck | Ttotal | Status | Flags |
---|---|---|---|---|---|---|
r-devel-linux-x86_64-debian-clang | 0.2.55 | WARN | ||||
r-devel-linux-x86_64-debian-gcc | 0.2.55 | 8.29 | 78.06 | 86.35 | WARN | |
r-devel-linux-x86_64-fedora-clang | 0.2.55 | 145.24 | OK | |||
r-devel-linux-x86_64-fedora-gcc | 0.2.55 | 140.10 | OK | |||
r-devel-windows-ix86+x86_64 | 0.2.55 | 18.00 | 98.00 | 116.00 | OK | |
r-patched-linux-x86_64 | 0.2.55 | 8.88 | 100.43 | 109.31 | OK | |
r-patched-solaris-x86 | 0.2.55 | 181.20 | OK | |||
r-release-linux-x86_64 | 0.2.55 | 11.12 | 98.70 | 109.82 | OK | |
r-release-macos-x86_64 | 0.2.55 | OK | ||||
r-release-windows-ix86+x86_64 | 0.2.55 | 27.00 | 126.00 | 153.00 | OK | |
r-oldrel-macos-x86_64 | 0.2.55 | OK | ||||
r-oldrel-windows-ix86+x86_64 | 0.2.55 | 17.00 | 133.00 | 150.00 | OK |
Version: 0.2.55
Check: re-building of vignette outputs
Result: WARN
Error(s) in re-building vignettes:
...
--- re-building 'Data_loading_and_manipulation.Rmd' using rmarkdown
--- finished re-building 'Data_loading_and_manipulation.Rmd'
--- re-building 'Statistical_assessment_of_the_differences.Rmd' using rmarkdown
Warning: Removed 5 rows containing missing values (geom_text).
Quitting from lines 324-344 (Statistical_assessment_of_the_differences.Rmd)
Error: processing vignette 'Statistical_assessment_of_the_differences.Rmd' failed with diagnostics:
cannot xtfrm data frames
--- failed re-building 'Statistical_assessment_of_the_differences.Rmd'
SUMMARY: processing the following file failed:
'Statistical_assessment_of_the_differences.Rmd'
Error: Vignette re-building failed.
Execution halted
Flavors: r-devel-linux-x86_64-debian-clang, r-devel-linux-x86_64-debian-gcc