CRAN Package Check Results for Package scorecardModelUtils

Last updated on 2021-12-07 11:52:12 CET.

Flavor Version Tinstall Tcheck Ttotal Status Flags
r-devel-linux-x86_64-debian-clang 0.0.1.0 11.97 111.67 123.64 NOTE
r-devel-linux-x86_64-debian-gcc 0.0.1.0 9.63 85.95 95.58 NOTE
r-devel-linux-x86_64-fedora-clang 0.0.1.0 153.66 NOTE
r-devel-linux-x86_64-fedora-gcc 0.0.1.0 139.44 NOTE
r-devel-windows-x86_64-new-UL 0.0.1.0 24.00 149.00 173.00 NOTE
r-devel-windows-x86_64-new-TK 0.0.1.0 NOTE
r-devel-windows-x86_64-old 0.0.1.0 20.00 100.00 120.00 NOTE
r-patched-linux-x86_64 0.0.1.0 10.01 105.51 115.52 NOTE
r-release-linux-x86_64 0.0.1.0 11.99 106.52 118.51 NOTE
r-release-macos-arm64 0.0.1.0 NOTE
r-release-macos-x86_64 0.0.1.0 NOTE
r-release-windows-ix86+x86_64 0.0.1.0 23.00 129.00 152.00 NOTE
r-oldrel-macos-x86_64 0.0.1.0 OK
r-oldrel-windows-ix86+x86_64 0.0.1.0 32.00 129.00 161.00 OK

Check Details

Version: 0.0.1.0
Check: LazyData
Result: NOTE
     'LazyData' is specified without a 'data' directory
Flavors: r-devel-linux-x86_64-debian-clang, r-devel-linux-x86_64-debian-gcc, r-devel-linux-x86_64-fedora-clang, r-devel-linux-x86_64-fedora-gcc, r-devel-windows-x86_64-new-UL, r-devel-windows-x86_64-new-TK, r-devel-windows-x86_64-old, r-patched-linux-x86_64, r-release-linux-x86_64, r-release-macos-arm64, r-release-macos-x86_64, r-release-windows-ix86+x86_64