CRAN Package Check Results for Package scout

Last updated on 2018-09-21 23:48:21 CEST.

Flavor Version Tinstall Tcheck Ttotal Status Flags
r-devel-linux-x86_64-debian-clang 1.0.4 2.00 22.43 24.43 OK
r-devel-linux-x86_64-debian-gcc 1.0.4 2.06 17.93 19.99 OK
r-devel-linux-x86_64-fedora-clang 1.0.4 30.28 NOTE
r-devel-linux-x86_64-fedora-gcc 1.0.4 28.19 NOTE
r-devel-windows-ix86+x86_64 1.0.4 8.00 42.00 50.00 OK
r-patched-linux-x86_64 1.0.4 2.51 20.85 23.36 NOTE
r-patched-solaris-x86 1.0.4 42.60 OK
r-release-linux-x86_64 1.0.4 2.28 21.08 23.36 OK
r-release-windows-ix86+x86_64 1.0.4 11.00 43.00 54.00 OK
r-release-osx-x86_64 1.0.4 OK
r-oldrel-windows-ix86+x86_64 1.0.4 6.00 37.00 43.00 OK
r-oldrel-osx-x86_64 1.0.4 OK

Check Details

Version: 1.0.4
Check: compiled code
Result: NOTE
    File ‘scout/libs/scout.so’:
     Found no calls to: ‘R_registerRoutines’, ‘R_useDynamicSymbols’
    
    It is good practice to register native routines and to disable symbol
    search.
    
    See ‘Writing portable packages’ in the ‘Writing R Extensions’ manual.
Flavors: r-devel-linux-x86_64-fedora-clang, r-devel-linux-x86_64-fedora-gcc, r-patched-linux-x86_64