CRAN Package Check Results for Package scout

Last updated on 2018-06-23 11:50:29 CEST.

Flavor Version Tinstall Tcheck Ttotal Status Flags
r-devel-linux-x86_64-debian-clang 1.0.4 2.37 23.73 26.10 NOTE
r-devel-linux-x86_64-debian-gcc 1.0.4 2.06 18.95 21.01 NOTE
r-devel-linux-x86_64-fedora-clang 1.0.4 31.00 NOTE
r-devel-linux-x86_64-fedora-gcc 1.0.4 29.40 NOTE
r-devel-windows-ix86+x86_64 1.0.4 11.00 46.00 57.00 OK
r-patched-linux-x86_64 1.0.4 2.15 22.48 24.63 NOTE
r-patched-solaris-x86 1.0.4 44.80 OK
r-release-linux-x86_64 1.0.4 2.53 22.45 24.98 NOTE
r-release-windows-ix86+x86_64 1.0.4 12.00 46.00 58.00 OK
r-release-osx-x86_64 1.0.4 OK
r-oldrel-windows-ix86+x86_64 1.0.4 7.00 44.00 51.00 OK
r-oldrel-osx-x86_64 1.0.4 OK

Check Details

Version: 1.0.4
Check: compiled code
Result: NOTE
    File ‘scout/libs/scout.so’:
     Found no calls to: ‘R_registerRoutines’, ‘R_useDynamicSymbols’
    
    It is good practice to register native routines and to disable symbol
    search.
    
    See ‘Writing portable packages’ in the ‘Writing R Extensions’ manual.
Flavors: r-devel-linux-x86_64-debian-clang, r-devel-linux-x86_64-debian-gcc, r-devel-linux-x86_64-fedora-clang, r-devel-linux-x86_64-fedora-gcc, r-patched-linux-x86_64, r-release-linux-x86_64