CRAN Package Check Results for Package scout

Last updated on 2018-02-25 10:47:29 CET.

Flavor Version Tinstall Tcheck Ttotal Status Flags
r-devel-linux-x86_64-debian-clang 1.0.4 1.90 22.50 24.40 NOTE
r-devel-linux-x86_64-debian-gcc 1.0.4 1.82 17.63 19.45 NOTE
r-devel-linux-x86_64-fedora-clang 1.0.4 30.14 NOTE
r-devel-linux-x86_64-fedora-gcc 1.0.4 28.89 NOTE
r-devel-windows-ix86+x86_64 1.0.4 12.00 41.00 53.00 OK
r-patched-linux-x86_64 1.0.4 1.63 22.07 23.70 NOTE
r-patched-solaris-x86 1.0.4 39.40 OK
r-release-linux-x86_64 1.0.4 1.59 22.10 23.69 NOTE
r-release-windows-ix86+x86_64 1.0.4 7.00 44.00 51.00 OK
r-release-osx-x86_64 1.0.4 OK
r-oldrel-windows-ix86+x86_64 1.0.4 5.00 36.00 41.00 OK
r-oldrel-osx-x86_64 1.0.4 OK

Check Details

Version: 1.0.4
Check: compiled code
Result: NOTE
    File ‘scout/libs/scout.so’:
     Found no calls to: ‘R_registerRoutines’, ‘R_useDynamicSymbols’
    
    It is good practice to register native routines and to disable symbol
    search.
    
    See ‘Writing portable packages’ in the ‘Writing R Extensions’ manual.
Flavors: r-devel-linux-x86_64-debian-clang, r-devel-linux-x86_64-debian-gcc, r-devel-linux-x86_64-fedora-clang, r-devel-linux-x86_64-fedora-gcc, r-patched-linux-x86_64, r-release-linux-x86_64