CRAN Package Check Results for Package scout

Last updated on 2022-01-24 10:52:11 CET.

Flavor Version Tinstall Tcheck Ttotal Status Flags
r-devel-linux-x86_64-debian-clang 1.0.4 3.24 35.11 38.35 OK
r-devel-linux-x86_64-debian-gcc 1.0.4 2.85 27.45 30.30 OK
r-devel-linux-x86_64-fedora-clang 1.0.4 48.56 NOTE
r-devel-linux-x86_64-fedora-gcc 1.0.4 36.91 NOTE
r-devel-windows-x86_64-new-UL 1.0.4 19.00 54.00 73.00 OK
r-devel-windows-x86_64-new-TK 1.0.4 OK
r-patched-linux-x86_64 1.0.4 3.54 34.77 38.31 OK
r-release-linux-x86_64 1.0.4 3.31 34.79 38.10 OK
r-release-macos-arm64 1.0.4 OK
r-release-macos-x86_64 1.0.4 OK
r-release-windows-ix86+x86_64 1.0.4 9.00 42.00 51.00 OK
r-oldrel-macos-x86_64 1.0.4 OK
r-oldrel-windows-ix86+x86_64 1.0.4 7.00 40.00 47.00 OK

Check Details

Version: 1.0.4
Check: compiled code
Result: NOTE
    File ‘scout/libs/scout.so’:
     Found no calls to: ‘R_registerRoutines’, ‘R_useDynamicSymbols’
    
    It is good practice to register native routines and to disable symbol
    search.
    
    See ‘Writing portable packages’ in the ‘Writing R Extensions’ manual.
Flavors: r-devel-linux-x86_64-fedora-clang, r-devel-linux-x86_64-fedora-gcc