CRAN Package Check Results for Package scrapeR

Last updated on 2014-10-23 13:48:00.

Flavor Version Tinstall Tcheck Ttotal Status Flags
r-devel-linux-x86_64-debian-clang 0.1.6 1.42 17.73 19.15 NOTE
r-devel-linux-x86_64-debian-gcc 0.1.6 1.30 17.29 18.59 NOTE
r-devel-linux-x86_64-fedora-clang 0.1.6 38.83 NOTE
r-devel-linux-x86_64-fedora-gcc 0.1.6 36.66 NOTE
r-devel-osx-x86_64-clang 0.1.6 38.64 NOTE
r-devel-windows-ix86+x86_64 0.1.6 5.00 30.00 35.00 NOTE
r-patched-linux-x86_64 0.1.6 1.35 17.14 18.49 NOTE
r-patched-solaris-sparc 0.1.6 221.30 NOTE
r-patched-solaris-x86 0.1.6 52.90 NOTE
r-release-linux-ix86 0.1.6 1.81 24.91 26.72 NOTE
r-release-linux-x86_64 0.1.6 1.46 18.93 20.39 NOTE
r-release-osx-x86_64-mavericks 0.1.6 NOTE
r-release-osx-x86_64-snowleopard 0.1.6 NOTE
r-release-windows-ix86+x86_64 0.1.6 5.00 40.00 45.00 NOTE
r-oldrel-windows-ix86+x86_64 0.1.6 8.00 40.00 48.00 NOTE

Check Details

Version: 0.1.6
Check: dependencies in R code
Result: NOTE
    'library' or 'require' calls to packages already attached by Depends:
     ‘RCurl’ ‘XML’
     Please remove these calls from your code.
    Packages in Depends field not imported from:
     ‘RCurl’ ‘XML’
     These packages need to be imported from (in the NAMESPACE file)
     for when this namespace is loaded but not attached.
    See the information on DESCRIPTION files in the chapter ‘Creating R
    packages’ of the ‘Writing R Extensions’ manual.
Flavors: r-devel-linux-x86_64-debian-clang, r-devel-linux-x86_64-debian-gcc, r-devel-linux-x86_64-fedora-clang, r-devel-linux-x86_64-fedora-gcc, r-devel-osx-x86_64-clang, r-devel-windows-ix86+x86_64, r-patched-linux-x86_64, r-patched-solaris-sparc, r-patched-solaris-x86, r-release-linux-ix86, r-release-linux-x86_64, r-release-osx-x86_64-mavericks, r-release-windows-ix86+x86_64, r-oldrel-windows-ix86+x86_64

Version: 0.1.6
Check: R code for possible problems
Result: NOTE
    scrape: no visible global function definition for ‘getURLAsynchronous’
    scrape: no visible binding for global variable ‘xmlParse’
    scrape: no visible binding for global variable ‘htmlParse’
Flavors: r-devel-linux-x86_64-debian-clang, r-devel-linux-x86_64-debian-gcc, r-devel-linux-x86_64-fedora-clang, r-devel-linux-x86_64-fedora-gcc, r-devel-osx-x86_64-clang, r-devel-windows-ix86+x86_64, r-patched-linux-x86_64, r-patched-solaris-sparc, r-patched-solaris-x86

Version: 0.1.6
Check: dependencies in R code
Result: NOTE
    'library' or 'require' calls to packages already attached by Depends:
     'RCurl' 'XML'
     Please remove these calls from your code.
    See the information on DESCRIPTION files in the chapter 'Creating R
    packages' of the 'Writing R Extensions' manual.
Flavor: r-release-osx-x86_64-snowleopard