CRAN Package Check Results for Package scrapeR

Last updated on 2017-02-25 03:48:40.

Flavor Version Tinstall Tcheck Ttotal Status Flags
r-devel-linux-x86_64-debian-clang 0.1.6 1.16 17.13 18.29 NOTE
r-devel-linux-x86_64-debian-gcc 0.1.6 1.10 16.55 17.64 NOTE
r-devel-linux-x86_64-fedora-clang 0.1.6 29.74 NOTE --no-stop-on-test-error
r-devel-linux-x86_64-fedora-gcc 0.1.6 33.34 NOTE --no-stop-on-test-error
r-devel-macos-x86_64-clang 0.1.6 25.93 NOTE --no-stop-on-test-error
r-devel-windows-ix86+x86_64 0.1.6 7.00 35.00 42.00 NOTE
r-patched-linux-x86_64 0.1.6 1.03 13.82 14.85 NOTE
r-patched-solaris-sparc 0.1.6 161.10 NOTE
r-patched-solaris-x86 0.1.6 38.40 NOTE
r-release-linux-x86_64 0.1.6 1.08 13.91 14.98 NOTE
r-release-osx-x86_64-mavericks 0.1.6 NOTE
r-release-windows-ix86+x86_64 0.1.6 8.00 76.00 84.00 NOTE
r-oldrel-windows-ix86+x86_64 0.1.6 10.00 43.00 53.00 NOTE

Check Details

Version: 0.1.6
Check: DESCRIPTION meta-information
Result: NOTE
    Malformed Description field: should contain one or more complete sentences.
Flavors: r-devel-linux-x86_64-debian-clang, r-devel-linux-x86_64-debian-gcc, r-devel-windows-ix86+x86_64, r-patched-linux-x86_64, r-patched-solaris-sparc, r-patched-solaris-x86, r-release-linux-x86_64, r-release-osx-x86_64-mavericks, r-release-windows-ix86+x86_64, r-oldrel-windows-ix86+x86_64

Version: 0.1.6
Check: dependencies in R code
Result: NOTE
    'library' or 'require' calls to packages already attached by Depends:
     ‘RCurl’ ‘XML’
     Please remove these calls from your code.
    Packages in Depends field not imported from:
     ‘RCurl’ ‘XML’
     These packages need to be imported from (in the NAMESPACE file)
     for when this namespace is loaded but not attached.
Flavors: r-devel-linux-x86_64-debian-clang, r-devel-linux-x86_64-debian-gcc, r-devel-windows-ix86+x86_64, r-patched-linux-x86_64, r-patched-solaris-sparc, r-patched-solaris-x86, r-release-linux-x86_64, r-release-osx-x86_64-mavericks, r-release-windows-ix86+x86_64, r-oldrel-windows-ix86+x86_64

Version: 0.1.6
Check: R code for possible problems
Result: NOTE
    scrape: no visible global function definition for ‘getURLAsynchronous’
    scrape: no visible global function definition for ‘runif’
    scrape: no visible global function definition for ‘capture.output’
    scrape: no visible binding for global variable ‘xmlParse’
    scrape: no visible binding for global variable ‘htmlParse’
    Undefined global functions or variables:
     capture.output getURLAsynchronous htmlParse runif xmlParse
    Consider adding
     importFrom("stats", "runif")
     importFrom("utils", "capture.output")
    to your NAMESPACE file.
Flavors: r-devel-linux-x86_64-debian-clang, r-devel-linux-x86_64-debian-gcc, r-devel-windows-ix86+x86_64, r-patched-linux-x86_64, r-patched-solaris-sparc, r-patched-solaris-x86, r-release-linux-x86_64, r-release-osx-x86_64-mavericks, r-release-windows-ix86+x86_64

Version: 0.1.6
Flags: --no-stop-on-test-error
Check: DESCRIPTION meta-information
Result: NOTE
    Malformed Description field: should contain one or more complete sentences.
Flavors: r-devel-linux-x86_64-fedora-clang, r-devel-linux-x86_64-fedora-gcc, r-devel-macos-x86_64-clang

Version: 0.1.6
Flags: --no-stop-on-test-error
Check: dependencies in R code
Result: NOTE
    'library' or 'require' calls to packages already attached by Depends:
     ‘RCurl’ ‘XML’
     Please remove these calls from your code.
    Packages in Depends field not imported from:
     ‘RCurl’ ‘XML’
     These packages need to be imported from (in the NAMESPACE file)
     for when this namespace is loaded but not attached.
Flavors: r-devel-linux-x86_64-fedora-clang, r-devel-linux-x86_64-fedora-gcc, r-devel-macos-x86_64-clang

Version: 0.1.6
Flags: --no-stop-on-test-error
Check: R code for possible problems
Result: NOTE
    scrape: no visible global function definition for ‘getURLAsynchronous’
    scrape: no visible global function definition for ‘runif’
    scrape: no visible global function definition for ‘capture.output’
    scrape: no visible binding for global variable ‘xmlParse’
    scrape: no visible binding for global variable ‘htmlParse’
    Undefined global functions or variables:
     capture.output getURLAsynchronous htmlParse runif xmlParse
    Consider adding
     importFrom("stats", "runif")
     importFrom("utils", "capture.output")
    to your NAMESPACE file.
Flavors: r-devel-linux-x86_64-fedora-clang, r-devel-linux-x86_64-fedora-gcc, r-devel-macos-x86_64-clang

Version: 0.1.6
Check: R code for possible problems
Result: NOTE
    scrape: no visible global function definition for 'getURLAsynchronous'
    scrape: no visible binding for global variable 'xmlParse'
    scrape: no visible binding for global variable 'htmlParse'
Flavor: r-oldrel-windows-ix86+x86_64