Last updated on 2023-06-03 13:55:38 CEST.
Flavor | Version | Tinstall | Tcheck | Ttotal | Status | Flags |
---|---|---|---|---|---|---|
r-devel-linux-x86_64-debian-clang | 1.3.5 | 6.59 | 61.72 | 68.31 | NOTE | |
r-devel-linux-x86_64-debian-gcc | 1.3.5 | 5.25 | 47.21 | 52.46 | NOTE | |
r-devel-linux-x86_64-fedora-clang | 1.3.5 | 87.21 | NOTE | |||
r-devel-linux-x86_64-fedora-gcc | 1.3.5 | 90.98 | NOTE | |||
r-devel-windows-x86_64 | 1.3.5 | 6.00 | 69.00 | 75.00 | NOTE | |
r-patched-linux-x86_64 | 1.3.5 | NOTE | ||||
r-release-linux-x86_64 | 1.3.5 | 5.62 | 59.31 | 64.93 | NOTE | |
r-release-macos-arm64 | 1.3.5 | 24.00 | NOTE | |||
r-release-macos-x86_64 | 1.3.5 | 35.00 | NOTE | |||
r-release-windows-x86_64 | 1.3.5 | 10.00 | 82.00 | 92.00 | NOTE | |
r-oldrel-macos-arm64 | 1.3.5 | 27.00 | NOTE | |||
r-oldrel-macos-x86_64 | 1.3.5 | 35.00 | OK | |||
r-oldrel-windows-x86_64 | 1.3.5 | 9.00 | 80.00 | 89.00 | OK |
Version: 1.3.5
Check: Rd files
Result: NOTE
checkRd: (-1) simulateSNPs.Rd:46: Escaped LaTeX specials: \& \& \&
checkRd: (-1) simulateSNPs.Rd:80: Escaped LaTeX specials: \& \& \&
Flavors: r-devel-linux-x86_64-debian-clang, r-devel-linux-x86_64-debian-gcc, r-devel-linux-x86_64-fedora-clang, r-devel-linux-x86_64-fedora-gcc, r-devel-windows-x86_64, r-patched-linux-x86_64, r-release-linux-x86_64, r-release-macos-arm64, r-release-macos-x86_64, r-release-windows-x86_64
Version: 1.3.5
Check: package dependencies
Result: NOTE
Package suggested but not available for checking: ‘oligoClasses’
Flavors: r-release-macos-arm64, r-release-macos-x86_64, r-oldrel-macos-arm64