CRAN Package Check Results for Package scrime

Last updated on 2020-08-05 06:47:35 CEST.

Flavor Version Tinstall Tcheck Ttotal Status Flags
r-devel-linux-x86_64-debian-clang 1.3.5 6.95 42.33 49.28 NOTE
r-devel-linux-x86_64-debian-gcc 1.3.5 5.33 32.44 37.77 NOTE
r-devel-linux-x86_64-fedora-clang 1.3.5 76.12 OK
r-devel-linux-x86_64-fedora-gcc 1.3.5 66.99 OK
r-devel-windows-ix86+x86_64 1.3.5 14.00 60.00 74.00 OK
r-patched-linux-x86_64 1.3.5 6.37 41.76 48.13 NOTE
r-patched-solaris-x86 1.3.5 89.80 OK
r-release-linux-x86_64 1.3.5 6.57 41.80 48.37 NOTE
r-release-macos-x86_64 1.3.5 OK
r-release-windows-ix86+x86_64 1.3.5 14.00 83.00 97.00 OK
r-oldrel-macos-x86_64 1.3.5 NOTE
r-oldrel-windows-ix86+x86_64 1.3.5 8.00 67.00 75.00 OK

Check Details

Version: 1.3.5
Check: package dependencies
Result: NOTE
    Package suggested but not available for checking: 'oligoClasses'
Flavors: r-devel-linux-x86_64-debian-clang, r-devel-linux-x86_64-debian-gcc, r-patched-linux-x86_64, r-release-linux-x86_64, r-oldrel-macos-x86_64