CRAN Package Check Results for Package sda

Last updated on 2015-01-30 14:49:00.

Flavor Version Tinstall Tcheck Ttotal Status Flags
r-devel-linux-x86_64-debian-clang 1.3.5 0.89 14.20 15.09 NOTE
r-devel-linux-x86_64-debian-gcc 1.3.5 0.80 13.80 14.61 NOTE
r-devel-linux-x86_64-fedora-clang 1.3.5 31.33 NOTE
r-devel-linux-x86_64-fedora-gcc 1.3.5 29.65 NOTE
r-devel-osx-x86_64-clang 1.3.5 33.96 NOTE
r-devel-windows-ix86+x86_64 1.3.5 4.00 23.00 27.00 OK
r-patched-linux-x86_64 1.3.5 0.88 15.63 16.51 OK
r-patched-solaris-sparc 1.3.5 196.70 OK
r-patched-solaris-x86 1.3.5 49.90 OK
r-release-linux-ix86 1.3.5 1.24 23.50 24.74 OK
r-release-linux-x86_64 1.3.5 0.86 15.75 16.62 OK
r-release-osx-x86_64-mavericks 1.3.5 OK
r-release-osx-x86_64-snowleopard 1.3.5 OK
r-release-windows-ix86+x86_64 1.3.5 4.00 28.00 32.00 OK
r-oldrel-windows-ix86+x86_64 1.3.5 4.00 28.00 32.00 OK

Check Details

Version: 1.3.5
Check: S3 generic/method consistency
Result: NOTE
    Found the following apparent S3 methods exported but not registered:
     plot.sda.ranking predict.sda
    See section ‘Registering S3 methods’ in the ‘Writing R Extensions’
    manual.
Flavors: r-devel-linux-x86_64-debian-clang, r-devel-linux-x86_64-debian-gcc, r-devel-linux-x86_64-fedora-clang, r-devel-linux-x86_64-fedora-gcc, r-devel-osx-x86_64-clang