CRAN Package Check Results for Package sda

Last updated on 2015-02-27 15:47:51.

Flavor Version Tinstall Tcheck Ttotal Status Flags
r-devel-linux-x86_64-debian-clang 1.3.5 0.85 14.08 14.93 NOTE
r-devel-linux-x86_64-debian-gcc 1.3.5 0.77 13.70 14.46 NOTE
r-devel-linux-x86_64-fedora-clang 1.3.5 28.22 NOTE
r-devel-linux-x86_64-fedora-gcc 1.3.5 26.30 NOTE
r-devel-osx-x86_64-clang 1.3.5 29.64 NOTE
r-devel-windows-ix86+x86_64 1.3.5 6.00 24.00 30.00 OK
r-patched-linux-x86_64 1.3.5 0.85 15.97 16.82 OK
r-patched-solaris-sparc 1.3.5 196.70 OK
r-release-linux-ix86 1.3.5 1.33 23.97 25.30 OK
r-release-linux-x86_64 1.3.5 0.86 15.74 16.60 OK
r-release-osx-x86_64-mavericks 1.3.5 OK
r-release-osx-x86_64-snowleopard 1.3.5 OK
r-release-windows-ix86+x86_64 1.3.5 5.00 31.00 36.00 OK
r-oldrel-windows-ix86+x86_64 1.3.5 5.00 47.00 52.00 OK

Check Details

Version: 1.3.5
Check: S3 generic/method consistency
Result: NOTE
    Found the following apparent S3 methods exported but not registered:
     plot.sda.ranking predict.sda
    See section ‘Registering S3 methods’ in the ‘Writing R Extensions’
    manual.
Flavors: r-devel-linux-x86_64-debian-clang, r-devel-linux-x86_64-debian-gcc, r-devel-linux-x86_64-fedora-clang, r-devel-linux-x86_64-fedora-gcc, r-devel-osx-x86_64-clang