CRAN Package Check Results for Package sda

Last updated on 2015-07-04 23:47:32.

Flavor Version Tinstall Tcheck Ttotal Status Flags
r-devel-linux-x86_64-debian-clang 1.3.6 0.87 13.46 14.33 NOTE
r-devel-linux-x86_64-debian-gcc 1.3.6 0.90 13.98 14.88 NOTE
r-devel-linux-x86_64-fedora-clang 1.3.6 26.56 NOTE
r-devel-linux-x86_64-fedora-gcc 1.3.6 25.26 NOTE
r-devel-osx-x86_64-clang 1.3.6 23.86 OK
r-devel-windows-ix86+x86_64 1.3.6 6.00 26.00 32.00 NOTE
r-patched-linux-x86_64 1.3.6 0.84 14.62 15.46 OK
r-patched-solaris-sparc 1.3.6 194.30 OK
r-patched-solaris-x86 1.3.6 43.50 OK
r-release-linux-x86_64 1.3.6 0.85 14.12 14.97 OK
r-release-osx-x86_64-mavericks 1.3.6 OK
r-release-windows-ix86+x86_64 1.3.6 4.00 26.00 30.00 OK
r-oldrel-windows-ix86+x86_64 1.3.6 6.00 45.00 51.00 OK

Check Details

Version: 1.3.6
Check: R code for possible problems
Result: NOTE
    plot.sda.ranking: no visible global function definition for ‘par’
    plot.sda.ranking: no visible global function definition for ‘strwidth’
    plot.sda.ranking: no visible global function definition for ‘plot’
    plot.sda.ranking: no visible global function definition for ‘title’
    plot.sda.ranking: no visible global function definition for ‘abline’
    plot.sda.ranking: no visible global function definition for ‘strheight’
    plot.sda.ranking: no visible global function definition for ‘axis’
    plot.sda.ranking: no visible global function definition for ‘head’
    plot.sda.ranking: no visible global function definition for ‘mtext’
    plot.sda.ranking: no visible global function definition for ‘arrows’
    plot.sda.ranking: no visible global function definition for ‘points’
    sda.ranking: no visible global function definition for ‘density’
    Undefined global functions or variables:
     abline arrows axis density head mtext par plot points strheight
     strwidth title
Flavors: r-devel-linux-x86_64-debian-clang, r-devel-linux-x86_64-debian-gcc, r-devel-linux-x86_64-fedora-clang, r-devel-linux-x86_64-fedora-gcc, r-devel-windows-ix86+x86_64