CRAN Package Check Results for Package sda

Last updated on 2014-04-24 11:48:55.

Flavor Version Tinstall Tcheck Ttotal Status Flags
r-devel-linux-x86_64-debian-clang 1.3.3 0.97 15.71 16.68 OK
r-devel-linux-x86_64-debian-gcc 1.3.3 0.92 15.50 16.42 OK
r-devel-linux-x86_64-fedora-clang 1.3.3 31.61 OK
r-devel-linux-x86_64-fedora-gcc 1.3.3 31.16 OK
r-devel-osx-x86_64-clang 1.3.3 34.00 OK
r-devel-osx-x86_64-gcc 1.3.2 NOTE
r-devel-windows-ix86+x86_64 1.3.3 3.00 29.00 32.00 OK
r-patched-linux-x86_64 1.3.3 0.93 15.87 16.80 OK
r-patched-solaris-sparc 1.3.3 193.00 OK
r-patched-solaris-x86 1.3.3 48.50 OK
r-release-linux-ix86 1.3.3 2.00 34.00 36.00 OK
r-release-linux-x86_64 1.3.3 0.93 15.45 16.38 OK
r-release-osx-x86_64-mavericks 1.3.3 OK
r-release-osx-x86_64-snowleopard 1.3.3 OK
r-release-windows-ix86+x86_64 1.3.3 4.00 27.00 31.00 OK
r-oldrel-windows-ix86+x86_64 1.3.3 4.00 28.00 32.00 OK

Check Details

Version: 1.3.2
Check: dependencies in R code
Result: NOTE
    Packages in Depends field not imported from:
     ‘corpcor’ ‘entropy’ ‘fdrtool’
     These packages need to be imported from (in the NAMESPACE file)
     for when this namespace is loaded but not attached.
    See the information on DESCRIPTION files in the chapter ‘Creating R
    packages’ of the ‘Writing R Extensions’ manual.
Flavor: r-devel-osx-x86_64-gcc

Version: 1.3.2
Check: Rd cross-references
Result: NOTE
    Package unavailable to check Rd xrefs: ‘care’
Flavor: r-devel-osx-x86_64-gcc