CRAN Package Check Results for Package sdamr

Last updated on 2022-07-03 12:52:51 CEST.

Flavor Version Tinstall Tcheck Ttotal Status Flags
r-devel-linux-x86_64-debian-clang 0.1.0 4.32 48.61 52.93 OK
r-devel-linux-x86_64-debian-gcc 0.1.0 4.70 36.09 40.79 OK
r-devel-linux-x86_64-fedora-clang 0.1.0 75.16 NOTE
r-devel-linux-x86_64-fedora-gcc 0.1.0 72.15 NOTE
r-devel-windows-x86_64 0.1.0 15.00 72.00 87.00 OK
r-patched-linux-x86_64 0.1.0 5.30 45.10 50.40 OK
r-release-linux-x86_64 0.1.0 5.65 44.73 50.38 OK
r-release-macos-arm64 0.1.0 23.00 NOTE
r-release-macos-x86_64 0.1.0 39.00 NOTE
r-release-windows-x86_64 0.1.0 14.00 70.00 84.00 OK
r-oldrel-macos-arm64 0.1.0 26.00 NOTE
r-oldrel-macos-x86_64 0.1.0 31.00 NOTE
r-oldrel-windows-ix86+x86_64 0.1.0 13.00 65.00 78.00 OK

Check Details

Version: 0.1.0
Check: data for non-ASCII characters
Result: NOTE
     Note: found 1 marked UTF-8 string
Flavors: r-devel-linux-x86_64-fedora-clang, r-devel-linux-x86_64-fedora-gcc, r-release-macos-arm64, r-release-macos-x86_64, r-oldrel-macos-arm64, r-oldrel-macos-x86_64