CRAN Package Check Results for Package sdcMicro

Last updated on 2017-04-28 05:48:52.

Flavor Version Tinstall Tcheck Ttotal Status Flags
r-devel-linux-x86_64-debian-clang 5.0.1 30.39 120.57 150.96 OK
r-devel-linux-x86_64-debian-gcc 5.0.1 29.34 118.58 147.91 OK
r-devel-linux-x86_64-fedora-clang 5.0.1 362.12 OK --no-stop-on-test-error
r-devel-linux-x86_64-fedora-gcc 5.0.1 307.11 OK --no-stop-on-test-error
r-devel-windows-ix86+x86_64 5.0.1 78.00 279.00 357.00 OK
r-patched-linux-x86_64 5.0.1 26.76 120.25 147.01 OK
r-patched-solaris-sparc 5.0.1 1660.70 OK
r-patched-solaris-x86 5.0.1 355.60 OK
r-release-linux-x86_64 5.0.1 26.19 115.65 141.84 OK
r-release-windows-ix86+x86_64 5.0.1 85.00 315.00 400.00 OK
r-release-osx-x86_64 5.0.1 NOTE
r-oldrel-windows-ix86+x86_64 5.0.1 112.00 359.00 471.00 OK
r-oldrel-osx-x86_64 5.0.1 OK

Check Details

Version: 5.0.1
Check: re-building of vignette outputs
Result: NOTE
    Error in re-building vignettes:
     ...
     Pandoc (>= 1.12.3) and/or pandoc-citeproc not available. Falling back to R Markdown v1.
    Loading required package: sdcMicro
    --------
    This is sdcMicro v5.0.1.
    For references, please have a look at citation('sdcMicro')
    Note: since version 5.0.0, the graphical user-interface is a shiny-app that can be started with sdcApp().
    Please submit suggestions and bugs at: https://github.com/sdcTools/sdcMicro/issues
    --------
    Loading required package: xtable
    Error in texi2dvi(file = file, pdf = TRUE, clean = clean, quiet = quiet, :
     Running 'texi2dvi' on 'sdc_guidelines.tex' failed.
    LaTeX errors:
    ! LaTeX Error: File `lastpage.sty' not found.
    
    Type X to quit or <RETURN> to proceed,
    or enter new name. (Default extension: sty)
    
    ! Emergency stop.
    <read *>
    
    l.11 \usepackage
     {color,xcolor}^^M
    ! ==> Fatal error occurred, no output PDF file produced!
    Calls: buildVignettes -> texi2pdf -> texi2dvi
    Execution halted
Flavor: r-release-osx-x86_64