CRAN Package Check Results for Package sdcMicro

Last updated on 2014-04-24 03:47:54.

Flavor Version Tinstall Tcheck Ttotal Status Flags
r-devel-linux-x86_64-debian-clang 4.3.0 17.09 65.31 82.40 OK
r-devel-linux-x86_64-debian-gcc 4.3.0 18.92 67.30 86.21 OK
r-devel-linux-x86_64-fedora-clang 4.3.0 175.59 OK
r-devel-linux-x86_64-fedora-gcc 4.3.0 174.39 OK
r-devel-osx-x86_64-clang 4.3.0 153.51 OK
r-devel-osx-x86_64-gcc 4.3.0 ERROR
r-devel-windows-ix86+x86_64 4.3.0 48.00 129.00 177.00 OK
r-patched-linux-x86_64 4.3.0 19.94 65.72 85.67 OK
r-patched-solaris-sparc 4.3.0 940.90 OK
r-patched-solaris-x86 4.3.0 202.90 OK
r-release-linux-ix86 4.3.0 30.00 109.00 139.00 OK
r-release-linux-x86_64 4.3.0 19.47 68.30 87.76 OK
r-release-osx-x86_64-mavericks 4.3.0 WARN
r-release-osx-x86_64-snowleopard 4.3.0 OK
r-release-windows-ix86+x86_64 4.3.0 44.00 131.00 175.00 OK
r-oldrel-windows-ix86+x86_64 4.3.0 50.00 140.00 190.00 OK

Memtest notes: valgrind valgrind

Check Details

Version: 4.3.0
Check: package dependencies
Result: ERROR
    Packages required but not available: ‘knitr’ ‘car’ ‘robustbase’
    
    See the information on DESCRIPTION files in the chapter ‘Creating R
    packages’ of the ‘Writing R Extensions’ manual.
Flavor: r-devel-osx-x86_64-gcc

Version: 4.3.0
Check: re-building of vignette outputs
Result: NOTE
    Error in re-building vignettes:
     ...
    
    
    for references have a look at
    
    citation('sdcMicro')
    
    
     Note that since version 2.6.6. the graphical user-interface is provided
     by package sdcMicroGUI.
    
    --------
    
    
    Suggestions and bug-reports can be submitted at: https://github.com/alexkowa/sdcMicro/issues
    Error in texi2dvi(file = file, pdf = TRUE, clean = clean, quiet = quiet, :
     Running 'texi2dvi' on 'sdc_guidelines.tex' failed.
    LaTeX errors:
    ! LaTeX Error: File `lastpage.sty' not found.
    
    Type X to quit or <RETURN> to proceed,
    or enter new name. (Default extension: sty)
    
    ./da1.sty:11: ==> Fatal error occurred, no output PDF file produced!
    Calls: buildVignettes -> texi2pdf -> texi2dvi
    Execution halted
Flavor: r-release-osx-x86_64-mavericks

Version: 4.3.0
Check: PDF version of manual
Result: WARNING
    LaTeX errors when creating PDF version.
    This typically indicates Rd problems.
    LaTeX errors found:
    ! LaTeX Error: File `upquote.sty' not found.
    
    Type X to quit or <RETURN> to proceed,
    or enter new name. (Default extension: sty)
    
    1ecb7462/Rd2.tex:8: ==> Fatal error occurred, no output PDF file produced!
Flavor: r-release-osx-x86_64-mavericks