CRAN Package Check Results for Package sdcMicro

Last updated on 2018-02-25 00:49:00 CET.

Flavor Version Tinstall Tcheck Ttotal Status Flags
r-devel-linux-x86_64-debian-clang 5.1.0 52.23 245.02 297.25 OK
r-devel-linux-x86_64-debian-gcc 5.1.0 43.47 161.24 204.71 OK
r-devel-linux-x86_64-fedora-clang 5.1.0 334.79 OK
r-devel-linux-x86_64-fedora-gcc 5.1.0 299.97 NOTE
r-devel-windows-ix86+x86_64 5.1.0 139.00 426.00 565.00 OK
r-patched-linux-x86_64 5.1.0 52.53 213.96 266.49 OK
r-patched-solaris-x86 5.1.0 412.10 OK
r-release-linux-x86_64 5.1.0 57.62 210.80 268.42 OK
r-release-windows-ix86+x86_64 5.1.0 150.00 377.00 527.00 OK
r-release-osx-x86_64 5.1.0 OK
r-oldrel-windows-ix86+x86_64 5.1.0 105.00 284.00 389.00 OK
r-oldrel-osx-x86_64 5.0.4 OK

Additional issues

clang-UBSAN gcc-UBSAN

Check Details

Version: 5.1.0
Check: installed package size
Result: NOTE
     installed size is 5.1Mb
     sub-directories of 1Mb or more:
     libs 2.1Mb
Flavor: r-devel-linux-x86_64-fedora-gcc