CRAN Package Check Results for Package sdcMicro

Last updated on 2017-10-19 12:49:47.

Flavor Version Tinstall Tcheck Ttotal Status Flags
r-devel-linux-x86_64-debian-clang 5.0.3 28.66 117.45 146.11 OK
r-devel-linux-x86_64-debian-gcc 5.0.3 30.12 120.13 150.25 OK
r-devel-linux-x86_64-fedora-clang 5.0.3 328.67 NOTE
r-devel-linux-x86_64-fedora-gcc 5.0.3 314.67 NOTE
r-devel-windows-ix86+x86_64 5.0.3 74.00 257.00 331.00 NOTE
r-patched-linux-x86_64 5.0.3 28.64 118.96 147.60 OK
r-patched-solaris-x86 5.0.3 391.90 OK
r-release-linux-x86_64 5.0.3 28.66 119.67 148.33 OK
r-release-windows-ix86+x86_64 5.0.3 108.00 359.00 467.00 NOTE
r-release-osx-x86_64 5.0.3 NOTE
r-oldrel-windows-ix86+x86_64 5.0.3 112.00 279.00 391.00 NOTE
r-oldrel-osx-x86_64 5.0.3 OK

Check Details

Version: 5.0.3
Check: installed package size
Result: NOTE
     installed size is 5.1Mb
     sub-directories of 1Mb or more:
     doc 1.4Mb
     libs 1.3Mb
Flavors: r-devel-linux-x86_64-fedora-clang, r-devel-linux-x86_64-fedora-gcc, r-devel-windows-ix86+x86_64, r-release-windows-ix86+x86_64, r-oldrel-windows-ix86+x86_64

Version: 5.0.3
Check: re-building of vignette outputs
Result: NOTE
    Error in re-building vignettes:
     ...
     Pandoc (>= 1.12.3) and/or pandoc-citeproc not available. Falling back to R Markdown v1.
    Loading required package: sdcMicro
    --------
    This is sdcMicro v5.0.3.
    For references, please have a look at citation('sdcMicro')
    Note: since version 5.0.0, the graphical user-interface is a shiny-app that can be started with sdcApp().
    Please submit suggestions and bugs at: https://github.com/sdcTools/sdcMicro/issues
    --------
    Loading required package: xtable
    Error in texi2dvi(file = file, pdf = TRUE, clean = clean, quiet = quiet, :
     Running 'texi2dvi' on 'sdc_guidelines.tex' failed.
    LaTeX errors:
    ! LaTeX Error: File `lastpage.sty' not found.
    
    Type X to quit or <RETURN> to proceed,
    or enter new name. (Default extension: sty)
    
    ! Emergency stop.
    <read *>
    
    l.11 \usepackage
     {color,xcolor}^^M
    ! ==> Fatal error occurred, no output PDF file produced!
    Calls: buildVignettes -> texi2pdf -> texi2dvi
    Execution halted
Flavor: r-release-osx-x86_64