CRAN Package Check Results for Package sdcMicro

Last updated on 2016-04-29 06:47:38.

Flavor Version Tinstall Tcheck Ttotal Status Flags
r-devel-linux-x86_64-debian-gcc 4.6.0 25.54 101.93 127.47 OK
r-devel-linux-x86_64-fedora-clang 4.6.0 264.42 OK
r-devel-linux-x86_64-fedora-gcc 4.6.0 249.64 OK
r-devel-osx-x86_64-clang 4.6.0 252.84 OK
r-devel-windows-ix86+x86_64 4.6.0 82.00 245.00 327.00 OK
r-patched-linux-x86_64 4.6.0 25.18 98.59 123.77 OK
r-patched-solaris-sparc 4.6.0 1371.90 ERROR
r-patched-solaris-x86 4.6.0 289.80 ERROR
r-release-linux-x86_64 4.6.0 26.17 110.30 136.46 OK
r-release-osx-x86_64-mavericks 4.6.0 ERROR
r-release-windows-ix86+x86_64 4.6.0 80.00 244.00 324.00 OK
r-oldrel-windows-ix86+x86_64 4.6.0 122.00 481.00 603.00 OK

Check Details

Version: 4.6.0
Check: tests
Result: ERROR
    Running the tests in ‘tests/reporting_test.R’ failed.
    Last 13 lines of output:
     > sdcObject <- globalRecode(sdcObject, column = c("age"), breaks = c(6), labels = NULL)
     > sdcObject <- groupVars(sdcObject, var = c("age"),
     + before = c("(63.333333,79.166667]", "(79.166667,95.095]"),
     + after = c("(63.333,95.095]", "(63.333,95.095]"))
     > sdcObject <- localSuppression(sdcObject, k = c(2), importance = c(1, 3, 1, 3))
     > sdcObject <- localSuppression(sdcObject, k = c(3), importance = c(1, 3, 1, 3))
     > sdcObject <- microaggregation(sdcObject, aggr = c(3), method = c("mdav"),
     + variables = c("expend"), strata_variables = c("sex"))
     >
     > td <- tempdir()
     > report(sdcObject, outdir = td)
     Error: pandoc version 1.12.3 or higher is required and was not found.
     Execution halted
Flavors: r-patched-solaris-sparc, r-patched-solaris-x86, r-release-osx-x86_64-mavericks