CRAN Package Check Results for Package sdcMicro

Last updated on 2016-02-13 23:47:18.

Flavor Version Tinstall Tcheck Ttotal Status Flags
r-devel-linux-x86_64-debian-gcc 4.6.0 24.96 99.86 124.82 OK
r-devel-linux-x86_64-fedora-clang 4.6.0 261.34 OK
r-devel-linux-x86_64-fedora-gcc 4.6.0 247.95 OK
r-devel-osx-x86_64-clang 4.6.0 262.64 OK
r-devel-windows-ix86+x86_64 4.6.0 106.00 223.00 329.00 OK
r-patched-linux-x86_64 4.6.0 26.71 107.13 133.84 OK
r-patched-solaris-sparc 4.6.0 1476.60 ERROR
r-patched-solaris-x86 4.6.0 315.80 ERROR
r-release-linux-x86_64 4.6.0 26.08 109.36 135.44 OK
r-release-osx-x86_64-mavericks 4.6.0 ERROR
r-release-windows-ix86+x86_64 4.6.0 96.00 251.00 347.00 OK
r-oldrel-windows-ix86+x86_64 4.6.0 121.00 411.00 532.00 OK

Check Details

Version: 4.6.0
Check: tests
Result: ERROR
    Running the tests in ‘tests/reporting_test.R’ failed.
    Last 13 lines of output:
     > sdcObject <- globalRecode(sdcObject, column = c("age"), breaks = c(6), labels = NULL)
     > sdcObject <- groupVars(sdcObject, var = c("age"),
     + before = c("(63.333333,79.166667]", "(79.166667,95.095]"),
     + after = c("(63.333,95.095]", "(63.333,95.095]"))
     > sdcObject <- localSuppression(sdcObject, k = c(2), importance = c(1, 3, 1, 3))
     > sdcObject <- localSuppression(sdcObject, k = c(3), importance = c(1, 3, 1, 3))
     > sdcObject <- microaggregation(sdcObject, aggr = c(3), method = c("mdav"),
     + variables = c("expend"), strata_variables = c("sex"))
     >
     > td <- tempdir()
     > report(sdcObject, outdir = td)
     Error: pandoc version 1.12.3 or higher is required and was not found.
     Execution halted
Flavors: r-patched-solaris-sparc, r-patched-solaris-x86, r-release-osx-x86_64-mavericks