CRAN Package Check Results for Package sdcMicro

Last updated on 2014-10-21 10:49:40.

Flavor Version Tinstall Tcheck Ttotal Status Flags
r-devel-linux-x86_64-debian-clang 4.4.0 16.84 65.53 82.37 OK
r-devel-linux-x86_64-debian-gcc 4.4.0 19.59 67.59 87.18 OK
r-devel-linux-x86_64-fedora-clang 4.4.0 173.70 OK
r-devel-linux-x86_64-fedora-gcc 4.4.0 162.39 OK
r-devel-osx-x86_64-clang 4.4.0 145.75 OK
r-devel-windows-ix86+x86_64 4.4.0 50.00 122.00 172.00 OK
r-patched-linux-x86_64 4.4.0 19.26 66.68 85.94 OK
r-patched-solaris-sparc 4.4.0 971.10 OK
r-patched-solaris-x86 4.4.0 203.20 OK
r-release-linux-ix86 4.4.0 23.87 81.78 105.64 OK
r-release-linux-x86_64 4.4.0 19.98 68.66 88.64 OK
r-release-osx-x86_64-mavericks 4.4.0 NOTE
r-release-osx-x86_64-snowleopard 4.4.0 OK
r-release-windows-ix86+x86_64 4.4.0 54.00 134.00 188.00 OK
r-oldrel-windows-ix86+x86_64 4.4.0 53.00 148.00 201.00 OK

Check Details

Version: 4.4.0
Check: re-building of vignette outputs
Result: NOTE
    Error in re-building vignettes:
     ...
    
    
    for references have a look at
    
    citation('sdcMicro')
    
    
     Note that since version 2.6.6. the graphical user-interface is provided
     by package sdcMicroGUI.
    
    --------
    
    
    Suggestions and bug-reports can be submitted at: https://github.com/alexkowa/sdcMicro/issues
    Error in texi2dvi(file = file, pdf = TRUE, clean = clean, quiet = quiet, :
     Running 'texi2dvi' on 'sdc_guidelines.tex' failed.
    LaTeX errors:
    ! LaTeX Error: File `lastpage.sty' not found.
    
    Type X to quit or <RETURN> to proceed,
    or enter new name. (Default extension: sty)
    
    ./da1.sty:11: ==> Fatal error occurred, no output PDF file produced!
    Calls: buildVignettes -> texi2pdf -> texi2dvi
    Execution halted
Flavor: r-release-osx-x86_64-mavericks