CRAN Package Check Results for Package sdcMicro

Last updated on 2017-06-29 06:53:21.

Flavor Version Tinstall Tcheck Ttotal Status Flags
r-devel-linux-x86_64-debian-clang 5.0.2 32.44 116.93 149.37 OK
r-devel-linux-x86_64-debian-gcc 5.0.2 30.84 116.30 147.15 OK
r-devel-linux-x86_64-fedora-clang 5.0.2 341.22 OK
r-devel-linux-x86_64-fedora-gcc 5.0.2 299.02 NOTE
r-devel-windows-ix86+x86_64 5.0.2 110.00 264.00 374.00 OK
r-patched-linux-x86_64 5.0.2 30.94 112.42 143.36 OK
r-patched-solaris-sparc 5.0.2 1583.70 OK
r-patched-solaris-x86 5.0.2 355.70 OK
r-release-linux-x86_64 5.0.2 30.56 112.18 142.74 OK
r-release-windows-ix86+x86_64 5.0.2 93.00 248.00 341.00 OK
r-release-osx-x86_64 5.0.2 NOTE
r-oldrel-windows-ix86+x86_64 5.0.2 120.00 330.00 450.00 OK
r-oldrel-osx-x86_64 5.0.2 OK

Check Details

Version: 5.0.2
Check: installed package size
Result: NOTE
     installed size is 5.0Mb
     sub-directories of 1Mb or more:
     libs 1.9Mb
Flavor: r-devel-linux-x86_64-fedora-gcc

Version: 5.0.2
Check: re-building of vignette outputs
Result: NOTE
    Error in re-building vignettes:
     ...
     Pandoc (>= 1.12.3) and/or pandoc-citeproc not available. Falling back to R Markdown v1.
    Loading required package: sdcMicro
    --------
    This is sdcMicro v5.0.2.
    For references, please have a look at citation('sdcMicro')
    Note: since version 5.0.0, the graphical user-interface is a shiny-app that can be started with sdcApp().
    Please submit suggestions and bugs at: https://github.com/sdcTools/sdcMicro/issues
    --------
    Loading required package: xtable
    Error in texi2dvi(file = file, pdf = TRUE, clean = clean, quiet = quiet, :
     Running 'texi2dvi' on 'sdc_guidelines.tex' failed.
    LaTeX errors:
    ! LaTeX Error: File `lastpage.sty' not found.
    
    Type X to quit or <RETURN> to proceed,
    or enter new name. (Default extension: sty)
    
    ! Emergency stop.
    <read *>
    
    l.11 \usepackage
     {color,xcolor}^^M
    ! ==> Fatal error occurred, no output PDF file produced!
    Calls: buildVignettes -> texi2pdf -> texi2dvi
    Execution halted
Flavor: r-release-osx-x86_64