CRAN Package Check Results for Package sdcMicro

Last updated on 2016-07-23 10:53:20.

Flavor Version Tinstall Tcheck Ttotal Status Flags
r-devel-linux-x86_64-debian-clang 4.6.0 35.36 110.15 145.51 WARN
r-devel-linux-x86_64-debian-gcc 4.6.0 34.98 111.96 146.94 WARN
r-devel-linux-x86_64-fedora-clang 4.6.0 260.51 WARN
r-devel-linux-x86_64-fedora-gcc 4.6.0 244.64 WARN
r-devel-osx-x86_64-clang 4.6.0 197.95 WARN
r-devel-windows-ix86+x86_64 4.6.0 114.00 250.00 364.00 OK
r-patched-linux-x86_64 4.6.0 28.00 106.68 134.67 WARN
r-patched-solaris-sparc 4.6.0 1334.60 ERROR
r-patched-solaris-x86 4.6.0 287.30 ERROR
r-release-linux-x86_64 4.6.0 29.11 113.12 142.23 WARN
r-release-osx-x86_64-mavericks 4.6.0 ERROR
r-release-windows-ix86+x86_64 4.6.0 82.00 249.00 331.00 OK
r-oldrel-windows-ix86+x86_64 4.6.0 106.00 265.00 371.00 OK

Check Details

Version: 4.6.0
Check: re-building of vignette outputs
Result: WARN
    Error in re-building vignettes:
     ...
    ! Class scrartcl Error: undefined old font command `\it'.
    
    See the scrartcl class documentation for explanation.
    Type H <return> for immediate help.
     ...
    ! Class scrartcl Error: undefined old font command `\it'.
    
    See the scrartcl class documentation for explanation.
    Type H <return> for immediate help.
     ...
    ! Class scrartcl Error: undefined old font command `\it'.
    
    See the scrartcl class documentation for explanation.
    Type H <return> for immediate help.
     ...
    ! Class scrartcl Error: undefined old font command `\it'.
    
    See the scrartcl class documentation for explanation.
    Type H <return> for immediate help.
     ...
    ! Class scrartcl Error: undefined old font command `\it'.
    
    See the scrartcl class documentation for explanati
    Calls: buildVignettes -> texi2pdf -> texi2dvi
    Execution halted
Flavors: r-devel-linux-x86_64-debian-clang, r-devel-linux-x86_64-debian-gcc, r-patched-linux-x86_64, r-release-linux-x86_64

Version: 4.6.0
Check: re-building of vignette outputs
Result: WARN
    Error in re-building vignettes:
     ...
    Loading required package: sdcMicro
    Loading required package: rmarkdown
    Loading required package: knitr
    Loading required package: data.table
    Loading required package: xtable
    --------
    This is sdcMicro v4.6.0.
    For references, please have a look at citation('sdcMicro')
    Note: since version 2.6.6, the graphical user-interface is provided by package sdcMicroGUI.
    Please submit suggestions and bugs at: https://github.com/alexkowa/sdcMicro/issues
    --------
    Error in texi2dvi(file = file, pdf = TRUE, clean = clean, quiet = quiet, :
     Running 'texi2dvi' on 'sdc_guidelines.tex' failed.
    LaTeX errors:
    ! Class scrartcl Error: undefined old font command `\it'.
    
    See the scrartcl class documentation for explanation.
    Type H <return> for immediate help.
     ...
    ! Class scrartcl Error: undefined old font command `\it'.
    
    See the scrartcl class documentation for explanation.
    Type H <return> for immediate help.
     ...
    ! Class scrartcl Error: undefined old font command `\it'.
    
    See the scrartcl class documentation for explanation.
    Type H <return> for immediate help.
     ...
    ! Class scrartcl Error: undefined old font command `\it'.
    
    See the scrartcl class documentation for explanation.
    Type H <return> for immediate help.
     ...
    ! Class scrartcl Error: undefined old font command `\it'.
    
    See the scrartcl class documentation for explanation.
    Type
    Calls: buildVignettes -> texi2pdf -> texi2dvi
    Execution halted
Flavors: r-devel-linux-x86_64-fedora-clang, r-devel-linux-x86_64-fedora-gcc, r-patched-solaris-sparc, r-patched-solaris-x86

Version: 4.6.0
Check: re-building of vignette outputs
Result: WARN
    Error in re-building vignettes:
     ...
    
    See the scrartcl class documentation for explanation.
    Type H <return> for immediate help.
     ...
    ! Class scrartcl Error: undefined old font command `\it'.
    
    See the scrartcl class documentation for explanation.
    Type H <return> for immediate help.
     ...
    ! Class scrartcl Error: undefined old font command `\it'.
    
    See the scrartcl class documentation for explanation.
    Type H <return> for immediate help.
     ...
    ! Class scrartcl Error: undefined old font command `\it'.
    
    See the scrartcl class documentation for explanation.
    Type H <return> for immediate help.
     ...
    ! Class scrartcl Error: undefined old font command `\it'.
    
    See the scrartcl class documentation for explanation.
    Type
    Calls: buildVignettes -> texi2pdf -> texi2dvi
    Execution halted
Flavor: r-devel-osx-x86_64-clang

Version: 4.6.0
Check: installed package size
Result: NOTE
     installed size is 7.1Mb
     sub-directories of 1Mb or more:
     libs 5.0Mb
Flavor: r-patched-solaris-sparc

Version: 4.6.0
Check: tests
Result: ERROR
    Running the tests in ‘tests/reporting_test.R’ failed.
    Last 13 lines of output:
     > sdcObject <- globalRecode(sdcObject, column = c("age"), breaks = c(6), labels = NULL)
     > sdcObject <- groupVars(sdcObject, var = c("age"),
     + before = c("(63.333333,79.166667]", "(79.166667,95.095]"),
     + after = c("(63.333,95.095]", "(63.333,95.095]"))
     > sdcObject <- localSuppression(sdcObject, k = c(2), importance = c(1, 3, 1, 3))
     > sdcObject <- localSuppression(sdcObject, k = c(3), importance = c(1, 3, 1, 3))
     > sdcObject <- microaggregation(sdcObject, aggr = c(3), method = c("mdav"),
     + variables = c("expend"), strata_variables = c("sex"))
     >
     > td <- tempdir()
     > report(sdcObject, outdir = td)
     Error: pandoc version 1.12.3 or higher is required and was not found.
     Execution halted
Flavors: r-patched-solaris-sparc, r-release-osx-x86_64-mavericks

Version: 4.6.0
Check: tests
Result: ERROR
    Running the tests in ‘tests/reporting_test.R’ failed.
    Last 13 lines of output:
     > sdcObject <- globalRecode(sdcObject, column = c("age"), breaks = c(6), labels = NULL)
     > sdcObject <- groupVars(sdcObject, var = c("age"),
     + before = c("(63.333333,79.166667]", "(79.166667,95.095]"),
     + after = c("(63.333,95.095]", "(63.333,95.095]"))
     > sdcObject <- localSuppression(sdcObject, k = c(2), importance = c(1, 3, 1, 3))
     > sdcObject <- localSuppression(sdcObject, k = c(3), importance = c(1, 3, 1, 3))
     > sdcObject <- microaggregation(sdcObject, aggr = c(3), method = c("mdav"),
     + variables = c("expend"), strata_variables = c("sex"))
     >
     > td <- tempdir()
     > report(sdcObject, outdir = td)
     Error: pandoc version 1.12.3 or higher is required and was not found (see the help page ?rmarkdown::pandoc_available).
     Execution halted
Flavor: r-patched-solaris-x86