CRAN Package Check Results for Package sdcMicro

Last updated on 2016-06-30 06:47:17.

Flavor Version Tinstall Tcheck Ttotal Status Flags
r-devel-linux-x86_64-debian-gcc 4.6.0 31.06 100.81 131.87 WARN
r-devel-linux-x86_64-fedora-clang 4.6.0 257.87 OK
r-devel-linux-x86_64-fedora-gcc 4.6.0 240.96 OK
r-devel-osx-x86_64-clang 4.6.0 192.29 OK
r-devel-windows-ix86+x86_64 4.6.0 80.00 244.00 324.00 OK
r-patched-linux-x86_64 4.6.0 25.37 101.63 126.99 WARN
r-patched-solaris-sparc 4.6.0 1388.20 ERROR
r-patched-solaris-x86 4.6.0 289.90 ERROR
r-release-linux-x86_64 4.6.0 25.56 98.77 124.33 WARN
r-release-osx-x86_64-mavericks 4.6.0 ERROR
r-release-windows-ix86+x86_64 4.6.0 106.00 220.00 326.00 OK
r-oldrel-windows-ix86+x86_64 4.6.0 105.00 235.00 340.00 OK

Check Details

Version: 4.6.0
Check: re-building of vignette outputs
Result: WARN
    Error in re-building vignettes:
     ...
    ! Class scrartcl Error: undefined old font command `\it'.
    
    See the scrartcl class documentation for explanation.
    Type H <return> for immediate help.
     ...
    ! Class scrartcl Error: undefined old font command `\it'.
    
    See the scrartcl class documentation for explanation.
    Type H <return> for immediate help.
     ...
    ! Class scrartcl Error: undefined old font command `\it'.
    
    See the scrartcl class documentation for explanation.
    Type H <return> for immediate help.
     ...
    ! Class scrartcl Error: undefined old font command `\it'.
    
    See the scrartcl class documentation for explanation.
    Type H <return> for immediate help.
     ...
    ! Class scrartcl Error: undefined old font command `\it'.
    
    See the scrartcl class documentation for explanati
    Calls: buildVignettes -> texi2pdf -> texi2dvi
    Execution halted
Flavors: r-devel-linux-x86_64-debian-gcc, r-patched-linux-x86_64, r-release-linux-x86_64

Version: 4.6.0
Check: installed package size
Result: NOTE
     installed size is 7.1Mb
     sub-directories of 1Mb or more:
     libs 5.0Mb
Flavors: r-patched-solaris-sparc, r-patched-solaris-x86

Version: 4.6.0
Check: tests
Result: ERROR
    Running the tests in ‘tests/reporting_test.R’ failed.
    Last 13 lines of output:
     > sdcObject <- globalRecode(sdcObject, column = c("age"), breaks = c(6), labels = NULL)
     > sdcObject <- groupVars(sdcObject, var = c("age"),
     + before = c("(63.333333,79.166667]", "(79.166667,95.095]"),
     + after = c("(63.333,95.095]", "(63.333,95.095]"))
     > sdcObject <- localSuppression(sdcObject, k = c(2), importance = c(1, 3, 1, 3))
     > sdcObject <- localSuppression(sdcObject, k = c(3), importance = c(1, 3, 1, 3))
     > sdcObject <- microaggregation(sdcObject, aggr = c(3), method = c("mdav"),
     + variables = c("expend"), strata_variables = c("sex"))
     >
     > td <- tempdir()
     > report(sdcObject, outdir = td)
     Error: pandoc version 1.12.3 or higher is required and was not found.
     Execution halted
Flavors: r-patched-solaris-sparc, r-patched-solaris-x86, r-release-osx-x86_64-mavericks