CRAN Package Check Results for Package sdcMicro

Last updated on 2017-02-21 03:49:49.

Flavor Version Tinstall Tcheck Ttotal Status Flags
r-devel-linux-x86_64-debian-clang 5.0.0 29.55 118.39 147.94 NOTE
r-devel-linux-x86_64-debian-gcc 5.0.0 29.53 115.30 144.84 NOTE
r-devel-linux-x86_64-fedora-clang 5.0.0 328.85 NOTE --no-stop-on-test-error
r-devel-linux-x86_64-fedora-gcc 5.0.0 311.93 NOTE --no-stop-on-test-error
r-devel-macos-x86_64-clang 5.0.0 230.20 NOTE --no-stop-on-test-error
r-devel-windows-ix86+x86_64 5.0.0 130.00 280.00 410.00 OK
r-patched-linux-x86_64 5.0.0 26.16 111.30 137.46 OK
r-patched-solaris-sparc 5.0.0 1437.30 OK
r-patched-solaris-x86 5.0.0 331.10 OK
r-release-linux-x86_64 5.0.0 25.27 111.24 136.51 OK
r-release-osx-x86_64-mavericks 5.0.0 OK
r-release-windows-ix86+x86_64 5.0.0 103.00 335.00 438.00 OK
r-oldrel-windows-ix86+x86_64 5.0.0 81.00 310.00 391.00 OK

Check Details

Version: 5.0.0
Check: compiled code
Result: NOTE
    File ‘sdcMicro/libs/sdcMicro.so’:
     Found no calls to: ‘R_registerRoutines’, ‘R_useDynamicSymbols’
    
    It is good practice to register native routines and to disable symbol
    search.
    
    See ‘Writing portable packages’ in the ‘Writing R Extensions’ manual.
Flavors: r-devel-linux-x86_64-debian-clang, r-devel-linux-x86_64-debian-gcc

Version: 5.0.0
Flags: --no-stop-on-test-error
Check: compiled code
Result: NOTE
    File ‘sdcMicro/libs/sdcMicro.so’:
     Found no calls to: ‘R_registerRoutines’, ‘R_useDynamicSymbols’
    
    It is good practice to register native routines and to disable symbol
    search.
    
    See ‘Writing portable packages’ in the ‘Writing R Extensions’ manual.
Flavors: r-devel-linux-x86_64-fedora-clang, r-devel-linux-x86_64-fedora-gcc, r-devel-macos-x86_64-clang