CRAN Package Check Results for Package sdcMicro

Last updated on 2014-12-19 23:47:06.

Flavor Version Tinstall Tcheck Ttotal Status Flags
r-devel-linux-x86_64-debian-clang 4.4.0 16.37 64.42 80.79 OK
r-devel-linux-x86_64-debian-gcc 4.4.0 17.86 61.43 79.29 OK
r-devel-linux-x86_64-fedora-clang 4.4.0 171.73 OK
r-devel-linux-x86_64-fedora-gcc 4.4.0 153.73 OK
r-devel-osx-x86_64-clang 4.4.0 148.51 OK
r-devel-windows-ix86+x86_64 4.4.0 57.00 131.00 188.00 OK
r-patched-linux-x86_64 4.4.0 19.68 65.02 84.70 OK
r-patched-solaris-sparc 4.4.0 971.10 OK
r-patched-solaris-x86 4.4.0 205.30 OK
r-release-linux-ix86 4.4.0 22.78 76.47 99.25 OK
r-release-linux-x86_64 4.4.0 19.19 66.13 85.32 OK
r-release-osx-x86_64-mavericks 4.4.0 NOTE
r-release-osx-x86_64-snowleopard 4.4.0 OK
r-release-windows-ix86+x86_64 4.4.0 56.00 140.00 196.00 OK
r-oldrel-windows-ix86+x86_64 4.4.0 57.00 154.00 211.00 OK

Check Details

Version: 4.4.0
Check: re-building of vignette outputs
Result: NOTE
    Error in re-building vignettes:
     ...
    
    
    for references have a look at
    
    citation('sdcMicro')
    
    
     Note that since version 2.6.6. the graphical user-interface is provided
     by package sdcMicroGUI.
    
    --------
    
    
    Suggestions and bug-reports can be submitted at: https://github.com/alexkowa/sdcMicro/issues
    Error in texi2dvi(file = file, pdf = TRUE, clean = clean, quiet = quiet, :
     Running 'texi2dvi' on 'sdc_guidelines.tex' failed.
    LaTeX errors:
    ! LaTeX Error: File `lastpage.sty' not found.
    
    Type X to quit or <RETURN> to proceed,
    or enter new name. (Default extension: sty)
    
    ./da1.sty:11: ==> Fatal error occurred, no output PDF file produced!
    Calls: buildVignettes -> texi2pdf -> texi2dvi
    Execution halted
Flavor: r-release-osx-x86_64-mavericks