CRAN Package Check Results for Package sdcMicro

Last updated on 2014-11-24 12:47:55.

Flavor Version Tinstall Tcheck Ttotal Status Flags
r-devel-linux-x86_64-debian-clang 4.4.0 16.96 65.52 82.48 OK
r-devel-linux-x86_64-debian-gcc 4.4.0 18.25 65.32 83.56 OK
r-devel-linux-x86_64-fedora-clang 4.4.0 169.31 OK
r-devel-linux-x86_64-fedora-gcc 4.4.0 162.93 OK
r-devel-osx-x86_64-clang 4.4.0 145.46 OK
r-devel-windows-ix86+x86_64 4.4.0 53.00 128.00 181.00 OK
r-patched-linux-x86_64 4.4.0 19.49 67.88 87.36 OK
r-patched-solaris-sparc 4.4.0 971.10 OK
r-patched-solaris-x86 4.4.0 205.20 OK
r-release-linux-ix86 4.4.0 23.60 76.68 100.28 OK
r-release-linux-x86_64 4.4.0 19.55 67.95 87.50 OK
r-release-osx-x86_64-mavericks 4.4.0 NOTE
r-release-osx-x86_64-snowleopard 4.4.0 OK
r-release-windows-ix86+x86_64 4.4.0 55.00 142.00 197.00 OK
r-oldrel-windows-ix86+x86_64 4.4.0 51.00 144.00 195.00 OK

Check Details

Version: 4.4.0
Check: re-building of vignette outputs
Result: NOTE
    Error in re-building vignettes:
     ...
    
    
    for references have a look at
    
    citation('sdcMicro')
    
    
     Note that since version 2.6.6. the graphical user-interface is provided
     by package sdcMicroGUI.
    
    --------
    
    
    Suggestions and bug-reports can be submitted at: https://github.com/alexkowa/sdcMicro/issues
    Error in texi2dvi(file = file, pdf = TRUE, clean = clean, quiet = quiet, :
     Running 'texi2dvi' on 'sdc_guidelines.tex' failed.
    LaTeX errors:
    ! LaTeX Error: File `lastpage.sty' not found.
    
    Type X to quit or <RETURN> to proceed,
    or enter new name. (Default extension: sty)
    
    ./da1.sty:11: ==> Fatal error occurred, no output PDF file produced!
    Calls: buildVignettes -> texi2pdf -> texi2dvi
    Execution halted
Flavor: r-release-osx-x86_64-mavericks