CRAN Package Check Results for Package sdcMicro

Last updated on 2016-05-28 06:47:24.

Flavor Version Tinstall Tcheck Ttotal Status Flags
r-devel-linux-x86_64-debian-gcc 4.6.0 30.41 103.48 133.88 OK
r-devel-linux-x86_64-fedora-clang 4.6.0 261.66 OK
r-devel-linux-x86_64-fedora-gcc 4.6.0 247.05 OK
r-devel-osx-x86_64-clang 4.6.0 259.02 OK
r-devel-windows-ix86+x86_64 4.6.0 77.00 263.00 340.00 OK
r-patched-linux-x86_64 4.6.0 26.23 101.55 127.78 OK
r-patched-solaris-sparc 4.6.0 1373.30 ERROR
r-patched-solaris-x86 4.6.0 285.90 ERROR
r-release-linux-x86_64 4.6.0 26.16 99.47 125.64 OK
r-release-osx-x86_64-mavericks 4.6.0 ERROR
r-release-windows-ix86+x86_64 4.6.0 108.00 316.00 424.00 OK

Check Details

Version: 4.6.0
Check: tests
Result: ERROR
    Running the tests in ‘tests/reporting_test.R’ failed.
    Last 13 lines of output:
     > sdcObject <- globalRecode(sdcObject, column = c("age"), breaks = c(6), labels = NULL)
     > sdcObject <- groupVars(sdcObject, var = c("age"),
     + before = c("(63.333333,79.166667]", "(79.166667,95.095]"),
     + after = c("(63.333,95.095]", "(63.333,95.095]"))
     > sdcObject <- localSuppression(sdcObject, k = c(2), importance = c(1, 3, 1, 3))
     > sdcObject <- localSuppression(sdcObject, k = c(3), importance = c(1, 3, 1, 3))
     > sdcObject <- microaggregation(sdcObject, aggr = c(3), method = c("mdav"),
     + variables = c("expend"), strata_variables = c("sex"))
     >
     > td <- tempdir()
     > report(sdcObject, outdir = td)
     Error: pandoc version 1.12.3 or higher is required and was not found.
     Execution halted
Flavors: r-patched-solaris-sparc, r-patched-solaris-x86, r-release-osx-x86_64-mavericks