CRAN Package Check Results for Package sdcMicro

Last updated on 2017-03-25 15:48:11.

Flavor Version Tinstall Tcheck Ttotal Status Flags
r-devel-linux-x86_64-debian-clang 5.0.1 30.80 119.52 150.31 OK
r-devel-linux-x86_64-debian-gcc 5.0.1 28.94 116.32 145.26 OK
r-devel-linux-x86_64-fedora-clang 5.0.1 343.07 OK --no-stop-on-test-error
r-devel-linux-x86_64-fedora-gcc 5.0.1 306.29 OK --no-stop-on-test-error
r-devel-macos-x86_64-clang 5.0.1 228.79 OK --no-stop-on-test-error
r-patched-linux-x86_64 5.0.1 26.33 116.89 143.22 OK
r-patched-solaris-sparc 5.0.1 1660.70 OK
r-patched-solaris-x86 5.0.1 370.00 OK
r-release-linux-x86_64 5.0.1 26.16 112.23 138.39 OK
r-release-osx-x86_64-mavericks 5.0.1 OK
r-release-windows-ix86+x86_64 5.0.1 117.00 254.00 371.00 OK
r-oldrel-windows-ix86+x86_64 5.0.1 81.00 294.00 375.00 NOTE

Check Details

Version: 5.0.1
Check: R code for possible problems
Result: NOTE
    extractLabels: no visible global function definition for 'validUTF8'
Flavor: r-oldrel-windows-ix86+x86_64