CRAN Package Check Results for Package sdcMicro

Last updated on 2018-04-25 01:47:14 CEST.

Flavor Version Tinstall Tcheck Ttotal Status Flags
r-devel-linux-x86_64-debian-clang 5.2.0 54.40 205.12 259.52 OK
r-devel-linux-x86_64-debian-gcc 5.2.0 45.44 128.70 174.14 OK
r-devel-linux-x86_64-fedora-clang 5.2.0 272.85 OK
r-devel-linux-x86_64-fedora-gcc 5.2.0 244.22 NOTE
r-devel-windows-ix86+x86_64 5.2.0 139.00 241.00 380.00 OK
r-patched-linux-x86_64 5.2.0 57.28 161.98 219.26 OK
r-patched-solaris-x86 5.2.0 300.90 OK
r-release-linux-x86_64 5.2.0 59.40 161.16 220.56 OK
r-release-windows-ix86+x86_64 5.2.0 139.00 241.00 380.00 OK
r-release-osx-x86_64 5.2.0 OK
r-oldrel-windows-ix86+x86_64 5.2.0 102.00 305.00 407.00 OK
r-oldrel-osx-x86_64 5.2.0 OK

Additional issues

clang-UBSAN gcc-UBSAN

Check Details

Version: 5.2.0
Check: installed package size
Result: NOTE
     installed size is 5.3Mb
     sub-directories of 1Mb or more:
     libs 2.1Mb
Flavor: r-devel-linux-x86_64-fedora-gcc