CRAN Package Check Results for Package sdcMicroGUI

Last updated on 2015-05-30 19:47:32.

Flavor Version Tinstall Tcheck Ttotal Status Flags
r-devel-linux-x86_64-debian-clang 1.2.0 7.21 97.66 104.87 OK
r-devel-linux-x86_64-debian-gcc 1.2.0 7.83 94.22 102.05 OK
r-devel-linux-x86_64-fedora-clang 1.2.0 217.90 OK
r-devel-linux-x86_64-fedora-gcc 1.2.0 203.74 OK
r-devel-osx-x86_64-clang 1.2.0 195.50 OK
r-devel-windows-ix86+x86_64 1.2.0 22.00 143.00 165.00 OK
r-patched-linux-x86_64 1.2.0 7.18 95.29 102.47 OK
r-patched-solaris-sparc 1.2.0 1274.80 ERROR
r-patched-solaris-x86 1.2.0 319.20 OK
r-release-linux-x86_64 1.2.0 7.04 95.99 103.04 OK
r-release-osx-x86_64-mavericks 1.2.0 OK
r-release-osx-x86_64-snowleopard 1.2.0 OK
r-release-windows-ix86+x86_64 1.2.0 22.00 147.00 169.00 OK
r-oldrel-windows-ix86+x86_64 1.2.0 48.00 227.00 275.00 OK

Check Details

Version: 1.2.0
Check: examples
Result: ERROR
    Running examples in ‘sdcMicroGUI-Ex.R’ failed
    The error most likely occurred in:
    
    > ### Name: plot.indivRisk
    > ### Title: plot method for indivRisk objects
    > ### Aliases: plot.indivRisk
    > ### Keywords: aplot
    >
    > ### ** Examples
    >
    > ## example from Capobianchi, Polettini and Lucarelli:
    > data(francdat)
    > ff <- freqCalc(francdat, keyVars=c(2,4,5,6),w=8)
    Warning in setkeyv(dt, by) :
     Already keyed by this key but had invalid row order, key rebuilt. If you didn't go under the hood please let datatable-help know so the root cause can be fixed.
    > irisk <- indivRisk( ff )
    > ## and now apply:
    > ## plot(irisk)
    > data(free1)
    > ff <- freqCalc(free1, keyVars=1:3, w=30)
    Warning in setkeyv(dt, by) :
     Already keyed by this key but had invalid row order, key rebuilt. If you didn't go under the hood please let datatable-help know so the root cause can be fixed.
    > irisk2 <- indivRisk(ff)
    Error in if (fk[k] > 2) { : missing value where TRUE/FALSE needed
    Calls: indivRisk
    Execution halted
Flavor: r-patched-solaris-sparc