CRAN Package Check Results for Package sdcMicroGUI

Last updated on 2014-07-22 11:51:25.

Flavor Version Tinstall Tcheck Ttotal Status Flags
r-devel-linux-x86_64-debian-clang 1.1.1 5.55 83.69 89.24 OK
r-devel-linux-x86_64-debian-gcc 1.1.1 6.23 82.45 88.68 OK
r-devel-linux-x86_64-fedora-clang 1.1.1 209.59 OK
r-devel-linux-x86_64-fedora-gcc 1.1.1 203.54 OK
r-devel-osx-x86_64-clang 1.1.1 191.60 OK
r-devel-windows-ix86+x86_64 1.1.1 22.00 135.00 157.00 OK
r-patched-linux-x86_64 1.1.1 5.57 84.68 90.24 OK
r-patched-solaris-sparc 1.1.1 1115.20 OK
r-patched-solaris-x86 1.1.1 280.50 OK
r-release-linux-ix86 1.1.1 7.42 110.12 117.53 OK
r-release-linux-x86_64 1.1.1 6.11 88.36 94.47 OK
r-release-osx-x86_64-mavericks 1.1.1 ERROR
r-release-osx-x86_64-snowleopard 1.1.1 OK
r-release-windows-ix86+x86_64 1.1.1 23.00 143.00 166.00 OK
r-oldrel-windows-ix86+x86_64 1.1.1 24.00 144.00 168.00 OK

Check Details

Version: 1.1.1
Check: package dependencies
Result: ERROR
    Packages required but not available: ‘gWidgetsRGtk2’ ‘cairoDevice’
    
    See the information on DESCRIPTION files in the chapter ‘Creating R
    packages’ of the ‘Writing R Extensions’ manual.
Flavor: r-release-osx-x86_64-mavericks