CRAN Package Check Results for Package sdcMicroGUI

Last updated on 2014-04-24 15:50:48.

Flavor Version Tinstall Tcheck Ttotal Status Flags
r-devel-linux-x86_64-debian-clang 1.1.1 6.26 90.82 97.08 OK
r-devel-linux-x86_64-debian-gcc 1.1.1 6.26 90.78 97.03 OK
r-devel-linux-x86_64-fedora-clang 1.1.1 209.70 OK
r-devel-linux-x86_64-fedora-gcc 1.1.1 203.43 OK
r-devel-osx-x86_64-clang 1.1.1 198.50 OK
r-devel-osx-x86_64-gcc 1.1.1 ERROR
r-devel-windows-ix86+x86_64 1.1.1 23.00 125.00 148.00 OK
r-patched-linux-x86_64 1.1.1 6.11 90.68 96.80 OK
r-patched-solaris-sparc 1.1.1 1115.20 OK
r-patched-solaris-x86 1.1.1 304.30 OK
r-release-linux-ix86 1.1.1 10.00 149.00 159.00 OK
r-release-linux-x86_64 1.1.1 6.45 90.66 97.11 OK
r-release-osx-x86_64-mavericks 1.1.1 ERROR
r-release-osx-x86_64-snowleopard 1.1.1 OK
r-release-windows-ix86+x86_64 1.1.1 20.00 132.00 152.00 OK
r-oldrel-windows-ix86+x86_64 1.1.1 22.00 137.00 159.00 OK

Check Details

Version: 1.1.1
Check: package dependencies
Result: ERROR
    Packages required but not available: ‘sdcMicro’ ‘Hmisc’
    
    See the information on DESCRIPTION files in the chapter ‘Creating R
    packages’ of the ‘Writing R Extensions’ manual.
Flavor: r-devel-osx-x86_64-gcc

Version: 1.1.1
Check: package dependencies
Result: ERROR
    Packages required but not available: ‘gWidgetsRGtk2’ ‘cairoDevice’
    
    See the information on DESCRIPTION files in the chapter ‘Creating R
    packages’ of the ‘Writing R Extensions’ manual.
Flavor: r-release-osx-x86_64-mavericks