CRAN Package Check Results for Package sdcMicroGUI

Last updated on 2015-07-30 05:46:53.

Flavor Version Tinstall Tcheck Ttotal Status Flags
r-devel-linux-x86_64-debian-clang 1.2.0 7.69 101.42 109.11 NOTE
r-devel-linux-x86_64-debian-gcc 1.2.0 7.12 98.25 105.36 NOTE
r-devel-linux-x86_64-fedora-clang 1.2.0 218.01 NOTE
r-devel-linux-x86_64-fedora-gcc 1.2.0 210.42 NOTE
r-devel-osx-x86_64-clang 1.2.0 173.86 OK
r-devel-windows-ix86+x86_64 1.2.0 24.00 167.00 191.00 NOTE
r-patched-linux-x86_64 1.2.0 7.58 98.84 106.42 OK
r-patched-solaris-sparc 1.2.0 1308.70 ERROR
r-patched-solaris-x86 1.2.0 328.20 OK
r-release-linux-x86_64 1.2.0 7.94 97.48 105.41 OK
r-release-osx-x86_64-mavericks 1.2.0 OK
r-release-windows-ix86+x86_64 1.2.0 27.00 155.00 182.00 OK
r-oldrel-windows-ix86+x86_64 1.2.0 44.00 318.00 362.00 OK

Check Details

Version: 1.2.0
Check: R code for possible problems
Result: NOTE
    plot.indivRisk : p1: no visible global function definition for ‘hist’
    plot.indivRisk : p1: no visible global function definition for ‘abline’
    plot.indivRisk : p1: no visible global function definition for ‘plot’
    plot.indivRisk : p1: no visible global function definition for ‘ecdf’
    plot.indivRisk : norm.refresh : p1: no visible global function
     definition for ‘hist’
    plot.indivRisk : norm.refresh : p1: no visible global function
     definition for ‘abline’
    plot.indivRisk : norm.refresh : p1: no visible global function
     definition for ‘plot’
    plot.indivRisk : norm.refresh : p1: no visible global function
     definition for ‘ecdf’
    plot.indivRisk : <anonymous>: no visible global function definition for
     ‘abline’
    printMeasure_risk: no visible global function definition for ‘median’
    printMeasure_risk: no visible global function definition for ‘mad’
    printMeasure_riskComp: no visible global function definition for
     ‘median’
    printMeasure_riskComp: no visible global function definition for ‘mad’
    sdcGUI : mosaic_check: no visible global function definition for
     ‘ftable’
    sdcGUI : mosaic_check: no visible global function definition for ‘plot’
    sdcGUI : mosaic_check: no visible global function definition for
     ‘as.formula’
    sdcGUI : helpR: no visible global function definition for ‘help’
    sdcGUI : Script.new: no visible global function definition for ‘runif’
    sdcGUI : Script.new: no visible global function definition for
     ‘packageVersion’
    sdcGUI : plotIndivRisk: no visible global function definition for
     ‘quantile’
    sdcGUI : plotIndivRisk : norm.refresh: no visible global function
     definition for ‘hist’
    sdcGUI : plotIndivRisk : norm.refresh: no visible global function
     definition for ‘abline’
    sdcGUI : plotIndivRisk : norm.refresh: no visible global function
     definition for ‘plot’
    sdcGUI : plotIndivRisk : norm.refresh: no visible global function
     definition for ‘ecdf’
    sdcGUI : plotIndivRisk : plot1: no visible global function definition
     for ‘hist’
    sdcGUI : plotIndivRisk : plot1: no visible global function definition
     for ‘abline’
    sdcGUI : plotIndivRisk : plot1: no visible global function definition
     for ‘plot’
    sdcGUI : plotIndivRisk : plot1: no visible global function definition
     for ‘ecdf’
    sdcGUI : plotIndivRisk: no visible global function definition for
     ‘hist’
    sdcGUI : plotIndivRisk: no visible global function definition for
     ‘abline’
    sdcGUI : freqCalcIndivRisk: no visible global function definition for
     ‘capture.output’
    sdcGUI : shuffle_tmp: no visible global function definition for
     ‘as.formula’
    sdcGUI : ldiv1 : <anonymous>: no visible global function definition for
     ‘capture.output’
    sdcGUI : vc : updateSummary: no visible global function definition for
     ‘dev.set’
    sdcGUI : vc : updateSummary: no visible global function definition for
     ‘plot’
    sdcGUI : vc : updateSummary: no visible global function definition for
     ‘hist’
    sdcGUI : vc: no visible global function definition for ‘dev.cur’
    sdcGUI : vc: no visible global function definition for ‘plot’
    sdcGUI : vc: no visible global function definition for ‘dev.set’
    sdcGUI : vc: no visible global function definition for ‘hist’
    sdcGUI : scriptWindow : sendCommand: no visible global function
     definition for ‘capture.output’
    sdcGUI : writeVars: no visible global function definition for ‘median’
    sdcGUI : vign: no visible global function definition for ‘vignette’
    sdcGUI : vign2: no visible global function definition for ‘vignette’
    sdcGUI : paind: no visible global function definition for ‘help’
    sdcGUI : importCSV : previewCSV: no visible global function definition
     for ‘read.table’
    sdcGUI : importCSV : <anonymous>: no visible global function definition
     for ‘read.table’
    sdcGUI : exportCSV : <anonymous>: no visible global function definition
     for ‘write.table’
    updates2: no visible global function definition for ‘download.file’
    updates2: no visible global function definition for ‘old.packages’
    updates2: no visible global function definition for ‘update.packages’
    Undefined global functions or variables:
     abline as.formula capture.output dev.cur dev.set download.file ecdf
     ftable help hist mad median old.packages packageVersion plot quantile
     read.table runif update.packages vignette write.table
    Consider adding
     importFrom("grDevices", "dev.cur", "dev.set")
     importFrom("graphics", "abline", "hist", "plot")
     importFrom("stats", "as.formula", "ecdf", "ftable", "mad", "median",
     "quantile", "runif")
     importFrom("utils", "capture.output", "download.file", "help",
     "old.packages", "packageVersion", "read.table",
     "update.packages", "vignette", "write.table")
    to your NAMESPACE.
Flavors: r-devel-linux-x86_64-debian-clang, r-devel-linux-x86_64-debian-gcc, r-devel-linux-x86_64-fedora-clang, r-devel-linux-x86_64-fedora-gcc, r-devel-windows-ix86+x86_64

Version: 1.2.0
Check: examples
Result: ERROR
    Running examples in ‘sdcMicroGUI-Ex.R’ failed
    The error most likely occurred in:
    
    > ### Name: plot.indivRisk
    > ### Title: plot method for indivRisk objects
    > ### Aliases: plot.indivRisk
    > ### Keywords: aplot
    >
    > ### ** Examples
    >
    > ## example from Capobianchi, Polettini and Lucarelli:
    > data(francdat)
    > ff <- freqCalc(francdat, keyVars=c(2,4,5,6),w=8)
    Warning in setkeyv(dt, by) :
     Already keyed by this key but had invalid row order, key rebuilt. If you didn't go under the hood please let datatable-help know so the root cause can be fixed.
    > irisk <- indivRisk( ff )
    > ## and now apply:
    > ## plot(irisk)
    > data(free1)
    > ff <- freqCalc(free1, keyVars=1:3, w=30)
    Warning in setkeyv(dt, by) :
     Already keyed by this key but had invalid row order, key rebuilt. If you didn't go under the hood please let datatable-help know so the root cause can be fixed.
    > irisk2 <- indivRisk(ff)
    Error in if (fk[k] > 2) { : missing value where TRUE/FALSE needed
    Calls: indivRisk
    Execution halted
Flavor: r-patched-solaris-sparc