CRAN Package Check Results for Package sdcMicroGUI

Last updated on 2016-05-03 23:47:05.

Flavor Version Tinstall Tcheck Ttotal Status Flags
r-devel-linux-x86_64-debian-gcc 1.2.0 6.91 96.20 103.11 NOTE
r-devel-linux-x86_64-fedora-clang 1.2.0 197.66 NOTE
r-devel-linux-x86_64-fedora-gcc 1.2.0 187.62 NOTE
r-devel-osx-x86_64-clang 1.2.0 215.69 NOTE
r-devel-windows-ix86+x86_64 1.2.0 27.00 156.00 183.00 NOTE
r-patched-linux-x86_64 1.2.0 6.78 94.22 100.99 NOTE
r-patched-solaris-sparc 1.2.0 1085.80 NOTE
r-patched-solaris-x86 1.2.0 263.70 NOTE
r-release-linux-x86_64 1.2.0 7.87 106.98 114.86 OK
r-release-osx-x86_64-mavericks 1.2.0 OK
r-release-windows-ix86+x86_64 1.2.0 24.00 172.00 196.00 OK
r-oldrel-windows-ix86+x86_64 1.2.0 68.00 382.00 450.00 OK

Check Details

Version: 1.2.0
Check: R code for possible problems
Result: NOTE
    plot.indivRisk : p1: no visible global function definition for ‘hist’
    plot.indivRisk : p1: no visible global function definition for ‘abline’
    plot.indivRisk : p1: no visible global function definition for ‘ecdf’
    plot.indivRisk : norm.refresh : p1: no visible global function
     definition for ‘hist’
    plot.indivRisk : norm.refresh : p1: no visible global function
     definition for ‘abline’
    plot.indivRisk : norm.refresh : p1: no visible global function
     definition for ‘ecdf’
    plot.indivRisk : <anonymous>: no visible global function definition for
     ‘abline’
    printMeasure_risk: no visible global function definition for ‘median’
    printMeasure_risk: no visible global function definition for ‘mad’
    printMeasure_riskComp: no visible global function definition for
     ‘median’
    printMeasure_riskComp: no visible global function definition for ‘mad’
    sdcGUI : mosaic_check: no visible global function definition for
     ‘ftable’
    sdcGUI : mosaic_check: no visible global function definition for
     ‘as.formula’
    sdcGUI : helpR: no visible global function definition for ‘help’
    sdcGUI : Script.new: no visible global function definition for ‘runif’
    sdcGUI : Script.new: no visible global function definition for
     ‘packageVersion’
    sdcGUI : plotIndivRisk: no visible global function definition for
     ‘quantile’
    sdcGUI : plotIndivRisk : norm.refresh: no visible global function
     definition for ‘hist’
    sdcGUI : plotIndivRisk : norm.refresh: no visible global function
     definition for ‘abline’
    sdcGUI : plotIndivRisk : norm.refresh: no visible global function
     definition for ‘ecdf’
    sdcGUI : plotIndivRisk : plot1: no visible global function definition
     for ‘hist’
    sdcGUI : plotIndivRisk : plot1: no visible global function definition
     for ‘abline’
    sdcGUI : plotIndivRisk : plot1: no visible global function definition
     for ‘ecdf’
    sdcGUI : plotIndivRisk: no visible global function definition for
     ‘hist’
    sdcGUI : plotIndivRisk: no visible global function definition for
     ‘abline’
    sdcGUI : freqCalcIndivRisk: no visible global function definition for
     ‘capture.output’
    sdcGUI : shuffle_tmp: no visible global function definition for
     ‘as.formula’
    sdcGUI : ldiv1 : <anonymous>: no visible global function definition for
     ‘capture.output’
    sdcGUI : vc : updateSummary: no visible global function definition for
     ‘dev.set’
    sdcGUI : vc : updateSummary: no visible global function definition for
     ‘hist’
    sdcGUI : vc: no visible global function definition for ‘dev.cur’
    sdcGUI : vc: no visible global function definition for ‘dev.set’
    sdcGUI : vc: no visible global function definition for ‘hist’
    sdcGUI : scriptWindow : sendCommand: no visible global function
     definition for ‘capture.output’
    sdcGUI : writeVars: no visible global function definition for ‘median’
    sdcGUI : vign: no visible global function definition for ‘vignette’
    sdcGUI : vign2: no visible global function definition for ‘vignette’
    sdcGUI : paind: no visible global function definition for ‘help’
    sdcGUI : importCSV : previewCSV: no visible global function definition
     for ‘read.table’
    sdcGUI : importCSV : <anonymous>: no visible global function definition
     for ‘read.table’
    sdcGUI : exportCSV : <anonymous>: no visible global function definition
     for ‘write.table’
    updates2: no visible global function definition for ‘download.file’
    updates2: no visible global function definition for ‘old.packages’
    updates2: no visible global function definition for ‘update.packages’
    Undefined global functions or variables:
     abline as.formula capture.output dev.cur dev.set download.file ecdf
     ftable help hist mad median old.packages packageVersion quantile
     read.table runif update.packages vignette write.table
    Consider adding
     importFrom("grDevices", "dev.cur", "dev.set")
     importFrom("graphics", "abline", "hist")
     importFrom("stats", "as.formula", "ecdf", "ftable", "mad", "median",
     "quantile", "runif")
     importFrom("utils", "capture.output", "download.file", "help",
     "old.packages", "packageVersion", "read.table",
     "update.packages", "vignette", "write.table")
    to your NAMESPACE file.
Flavors: r-devel-linux-x86_64-debian-gcc, r-devel-linux-x86_64-fedora-clang, r-devel-linux-x86_64-fedora-gcc, r-devel-osx-x86_64-clang, r-devel-windows-ix86+x86_64, r-patched-linux-x86_64, r-patched-solaris-sparc, r-patched-solaris-x86