CRAN Package Check Results for Package sdcMicroGUI

Last updated on 2014-08-20 08:47:53.

Flavor Version Tinstall Tcheck Ttotal Status Flags
r-devel-linux-x86_64-debian-clang 1.1.1 5.31 82.58 87.89 NOTE
r-devel-linux-x86_64-debian-gcc 1.1.1 5.45 81.79 87.24 NOTE
r-devel-linux-x86_64-fedora-clang 1.1.1 201.45 NOTE
r-devel-linux-x86_64-fedora-gcc 1.1.1 203.70 NOTE
r-devel-osx-x86_64-clang 1.1.1 174.70 NOTE
r-devel-windows-ix86+x86_64 1.1.1 23.00 127.00 150.00 NOTE
r-patched-linux-x86_64 1.1.1 5.66 84.94 90.60 NOTE
r-patched-solaris-sparc 1.1.1 1146.90 NOTE
r-patched-solaris-x86 1.1.1 276.80 NOTE
r-release-linux-ix86 1.1.1 7.48 110.07 117.56 OK
r-release-linux-x86_64 1.1.1 5.83 87.48 93.30 OK
r-release-osx-x86_64-mavericks 1.1.1 ERROR
r-release-osx-x86_64-snowleopard 1.1.1 OK
r-release-windows-ix86+x86_64 1.1.1 26.00 136.00 162.00 OK
r-oldrel-windows-ix86+x86_64 1.1.1 25.00 146.00 171.00 OK

Check Details

Version: 1.1.1
Check: dependencies in R code
Result: NOTE
    Package in Depends field not imported from: ‘tcltk’
     These packages need to be imported from (in the NAMESPACE file)
     for when this namespace is loaded but not attached.
    See the information on DESCRIPTION files in the chapter ‘Creating R
    packages’ of the ‘Writing R Extensions’ manual.
Flavors: r-devel-linux-x86_64-debian-clang, r-devel-linux-x86_64-debian-gcc, r-devel-linux-x86_64-fedora-clang, r-devel-linux-x86_64-fedora-gcc, r-devel-osx-x86_64-clang, r-devel-windows-ix86+x86_64, r-patched-linux-x86_64, r-patched-solaris-sparc, r-patched-solaris-x86

Version: 1.1.1
Check: R code for possible problems
Result: NOTE
    plot.indivRisk: no visible global function definition for ‘tclVar’
    plot.indivRisk : p1: no visible global function definition for
     ‘tclvalue’
    plot.indivRisk : norm.refresh: no visible global function definition
     for ‘tclvalue’
    plot.indivRisk: no visible global function definition for ‘tktoplevel’
    plot.indivRisk: no visible global function definition for ‘tkwm.title’
    plot.indivRisk: no visible global function definition for
     ‘tkfont.create’
    plot.indivRisk: no visible global function definition for ‘tkpack’
    plot.indivRisk: no visible global function definition for ‘tklabel’
    plot.indivRisk: no visible global function definition for
     ‘tkwm.geometry’
    plot.indivRisk: no visible global function definition for ‘tkframe’
    plot.indivRisk: no visible global function definition for ‘tkscale’
    plot.indivRisk: no visible global function definition for ‘tkconfigure’
    plot.indivRisk: no visible global function definition for ‘tkbutton’
    plot.indivRisk : <anonymous>: no visible global function definition for
     ‘tclvalue’
    plot.indivRisk : <anonymous>: no visible global function definition for
     ‘tkdestroy’
    sdcGUI : Script.run: no visible global function definition for
     ‘gwindow’
    sdcGUI : Script.run: no visible global function definition for ‘glabel’
    sdcGUI : viewkanon: no visible global function definition for ‘gwindow’
    sdcGUI : viewkanon: no visible global function definition for ‘ggroup’
    sdcGUI : viewkanon: no visible global function definition for ‘gtable’
    sdcGUI : viewkanon: no visible global function definition for
     ‘gmessage’
    sdcGUI : viewldiv: no visible global function definition for ‘gwindow’
    sdcGUI : viewldiv: no visible global function definition for ‘ggroup’
    sdcGUI : viewldiv: no visible global function definition for ‘gtable’
    sdcGUI : viewldiv: no visible global function definition for ‘gmessage’
    sdcGUI : viewhigh: no visible global function definition for ‘gwindow’
    sdcGUI : viewhigh: no visible global function definition for ‘ggroup’
    sdcGUI : viewhigh: no visible global function definition for ‘gtable’
    sdcGUI : plotIndivRisk : norm.refresh: no visible global function
     definition for ‘tclvalue’
    sdcGUI : plotIndivRisk: no visible global function definition for
     ‘gwindow’
    sdcGUI : plotIndivRisk: no visible global function definition for
     ‘ggroup’
    sdcGUI : plotIndivRisk: no visible global function definition for
     ‘gframe’
    sdcGUI : plotIndivRisk: no visible global function definition for
     ‘gslider’
    sdcGUI : plotIndivRisk: no visible global function definition for
     ‘gbutton’
    sdcGUI : plotIndivRisk: no visible global function definition for
     ‘ggraphics’
    sdcGUI : freqCalcIndivRisk: no visible global function definition for
     ‘gwindow’
    sdcGUI : freqCalcIndivRisk: no visible global function definition for
     ‘glabel’
    sdcGUI : varToNumeric_tmp: no visible global function definition for
     ‘gmessage’
    sdcGUI : pram_tmp: no visible global function definition for ‘gwindow’
    sdcGUI : pram_tmp: no visible global function definition for ‘glabel’
    sdcGUI : localSuppression_tmp: no visible global function definition
     for ‘gwindow’
    sdcGUI : localSuppression_tmp: no visible global function definition
     for ‘glabel’
    sdcGUI : microaggregation_tmp: no visible global function definition
     for ‘gwindow’
    sdcGUI : microaggregation_tmp: no visible global function definition
     for ‘glabel’
    sdcGUI : localSupp_tmp: no visible global function definition for
     ‘gwindow’
    sdcGUI : localSupp_tmp: no visible global function definition for
     ‘gnotebook’
    sdcGUI : localSupp_tmp: no visible global function definition for
     ‘ggroup’
    sdcGUI : localSupp_tmp: no visible global function definition for
     ‘gtext’
    sdcGUI : localSupp_tmp: no visible global function definition for
     ‘gframe’
    sdcGUI : localSupp_tmp: no visible global function definition for
     ‘gdroplist’
    sdcGUI : localSupp_tmp: no visible global function definition for
     ‘gseparator’
    sdcGUI : localSupp_tmp: no visible global function definition for
     ‘gbutton’
    sdcGUI : localSupp_tmp : <anonymous>: no visible global function
     definition for ‘gwindow’
    sdcGUI : localSupp_tmp : <anonymous>: no visible global function
     definition for ‘glabel’
    sdcGUI : shuffle_tmp: no visible global function definition for
     ‘gwindow’
    sdcGUI : shuffle_tmp: no visible global function definition for
     ‘glabel’
    sdcGUI : ls4: no visible global function definition for ‘gwindow’
    sdcGUI : ls4: no visible global function definition for ‘gnotebook’
    sdcGUI : ls4: no visible global function definition for ‘ggroup’
    sdcGUI : ls4: no visible global function definition for ‘gtext’
    sdcGUI : ls4: no visible global function definition for ‘gframe’
    sdcGUI : ls4: no visible global function definition for ‘gslider’
    sdcGUI : ls4: no visible global function definition for ‘glabel’
    sdcGUI : ls4: no visible global function definition for ‘gseparator’
    sdcGUI : ls4: no visible global function definition for ‘gbutton’
    sdcGUI : nm2: no visible global function definition for ‘gwindow’
    sdcGUI : nm2: no visible global function definition for ‘gnotebook’
    sdcGUI : nm2: no visible global function definition for ‘ggroup’
    sdcGUI : nm2: no visible global function definition for ‘gtext’
    sdcGUI : nm2: no visible global function definition for ‘gframe’
    sdcGUI : nm2: no visible global function definition for ‘gslider’
    sdcGUI : nm2: no visible global function definition for ‘gdroplist’
    sdcGUI : nm2: no visible global function definition for ‘gtable’
    sdcGUI : nm2: no visible global function definition for ‘gbutton’
    sdcGUI : nm2: no visible global function definition for ‘gseparator’
    sdcGUI : nm2 : <anonymous>: no visible global function definition for
     ‘gmessage’
    sdcGUI : ldiv1: no visible global function definition for ‘gwindow’
    sdcGUI : ldiv1: no visible global function definition for ‘gnotebook’
    sdcGUI : ldiv1: no visible global function definition for ‘ggroup’
    sdcGUI : ldiv1: no visible global function definition for ‘gtext’
    sdcGUI : ldiv1: no visible global function definition for ‘gframe’
    sdcGUI : ldiv1: no visible global function definition for ‘gslider’
    sdcGUI : ldiv1: no visible global function definition for ‘gtable’
    sdcGUI : ldiv1: no visible global function definition for ‘gbutton’
    sdcGUI : ldiv1: no visible global function definition for ‘gseparator’
    sdcGUI : ldiv1 : <anonymous>: no visible global function definition for
     ‘gmessage’
    sdcGUI : ldiv1 : <anonymous>: no visible global function definition for
     ‘gwindow’
    sdcGUI : ldiv1 : <anonymous>: no visible global function definition for
     ‘gnotebook’
    sdcGUI : ldiv1 : <anonymous>: no visible global function definition for
     ‘ggroup’
    sdcGUI : ldiv1 : <anonymous>: no visible global function definition for
     ‘gtext’
    sdcGUI : ldiv1 : <anonymous>: no visible global function definition for
     ‘gframe’
    sdcGUI : ldiv1 : <anonymous>: no visible global function definition for
     ‘gbutton’
    sdcGUI : ldiv1 : <anonymous>: no visible global function definition for
     ‘gseparator’
    sdcGUI : addNoise_tmp: no visible global function definition for
     ‘gwindow’
    sdcGUI : addNoise_tmp: no visible global function definition for
     ‘glabel’
    sdcGUI : nm1: no visible global function definition for ‘gwindow’
    sdcGUI : nm1: no visible global function definition for ‘gnotebook’
    sdcGUI : nm1: no visible global function definition for ‘ggroup’
    sdcGUI : nm1: no visible global function definition for ‘gframe’
    sdcGUI : nm1: no visible global function definition for ‘gtext’
    sdcGUI : nm1: no visible global function definition for ‘glabel’
    sdcGUI : nm1: no visible global function definition for ‘gedit’
    sdcGUI : nm1: no visible global function definition for ‘gdroplist’
    sdcGUI : nm1: no visible global function definition for ‘gtable’
    sdcGUI : nm1: no visible global function definition for ‘gbutton’
    sdcGUI : nm1: no visible global function definition for ‘gseparator’
    sdcGUI : nm1 : <anonymous>: no visible global function definition for
     ‘gmessage’
    sdcGUI : shuffle1: no visible global function definition for ‘gwindow’
    sdcGUI : shuffle1: no visible global function definition for
     ‘gnotebook’
    sdcGUI : shuffle1: no visible global function definition for ‘ggroup’
    sdcGUI : shuffle1: no visible global function definition for ‘gtext’
    sdcGUI : shuffle1: no visible global function definition for ‘gframe’
    sdcGUI : shuffle1: no visible global function definition for
     ‘gdroplist’
    sdcGUI : shuffle1: no visible global function definition for ‘gtable’
    sdcGUI : shuffle1: no visible global function definition for ‘gbutton’
    sdcGUI : shuffle1: no visible global function definition for
     ‘gseparator’
    sdcGUI : shuffle1 : <anonymous>: no visible global function definition
     for ‘gmessage’
    sdcGUI : vc : renameFacVar: no visible global function definition for
     ‘gmessage’
    sdcGUI : vc : renameFacVar: no visible global function definition for
     ‘ginput’
    sdcGUI : vc : groupFacVar: no visible global function definition for
     ‘gmessage’
    sdcGUI : vc : groupFacVar: no visible global function definition for
     ‘ginput’
    sdcGUI : vc: no visible global function definition for ‘gwindow’
    sdcGUI : vc: no visible global function definition for ‘gframe’
    sdcGUI : vc: no visible global function definition for ‘ggroup’
    sdcGUI : vc: no visible global function definition for ‘gbutton’
    sdcGUI : vc: no visible global function definition for ‘gnotebook’
    sdcGUI : vc: no visible global function definition for ‘gradio’
    sdcGUI : vc: no visible global function definition for
     ‘addHandlerClicked’
    sdcGUI : vc: no visible global function definition for ‘gtable’
    sdcGUI : vc: no visible global function definition for ‘glabel’
    sdcGUI : vc: no visible global function definition for ‘gedit’
    sdcGUI : vc: no visible global function definition for ‘gseparator’
    sdcGUI : vc: no visible global function definition for ‘ggraphics’
    sdcGUI : vc: no visible global function definition for ‘gtext’
    sdcGUI : removeDirectID_menu: no visible global function definition for
     ‘gwindow’
    sdcGUI : removeDirectID_menu: no visible global function definition for
     ‘gnotebook’
    sdcGUI : removeDirectID_menu: no visible global function definition for
     ‘ggroup’
    sdcGUI : removeDirectID_menu: no visible global function definition for
     ‘gtext’
    sdcGUI : removeDirectID_menu: no visible global function definition for
     ‘gframe’
    sdcGUI : removeDirectID_menu: no visible global function definition for
     ‘gtable’
    sdcGUI : removeDirectID_menu: no visible global function definition for
     ‘gbutton’
    sdcGUI : removeDirectID_menu: no visible global function definition for
     ‘gseparator’
    sdcGUI : removeDirectID_menu : <anonymous>: no visible global function
     definition for ‘gmessage’
    sdcGUI : removeDirectID_menu : <anonymous>: no visible global function
     definition for ‘gconfirm’
    sdcGUI : pram1: no visible global function definition for ‘gwindow’
    sdcGUI : pram1: no visible global function definition for ‘gnotebook’
    sdcGUI : pram1: no visible global function definition for ‘ggroup’
    sdcGUI : pram1: no visible global function definition for ‘gtext’
    sdcGUI : pram1: no visible global function definition for ‘gframe’
    sdcGUI : pram1: no visible global function definition for ‘gtable’
    sdcGUI : pram1: no visible global function definition for ‘gbutton’
    sdcGUI : pram1: no visible global function definition for ‘gseparator’
    sdcGUI : pram1 : <anonymous>: no visible global function definition for
     ‘gmessage’
    sdcGUI : pram1 : <anonymous>: no visible global function definition for
     ‘gconfirm’
    sdcGUI : viewpram1: no visible global function definition for ‘gwindow’
    sdcGUI : viewpram1: no visible global function definition for
     ‘gnotebook’
    sdcGUI : viewpram1: no visible global function definition for ‘ggroup’
    sdcGUI : viewpram1: no visible global function definition for ‘gtext’
    sdcGUI : viewpram1: no visible global function definition for ‘gframe’
    sdcGUI : viewpram1: no visible global function definition for ‘gtable’
    sdcGUI : viewpram1: no visible global function definition for ‘gbutton’
    sdcGUI : scriptWindow : sureQuit: no visible global function definition
     for ‘gconfirm’
    sdcGUI : scriptWindow: no visible global function definition for
     ‘gwindow’
    sdcGUI : scriptWindow: no visible global function definition for
     ‘ggroup’
    sdcGUI : scriptWindow: no visible global function definition for
     ‘glabel’
    sdcGUI : scriptWindow: no visible global function definition for
     ‘gbutton’
    sdcGUI : scriptWindow: no visible global function definition for
     ‘gtext’
    sdcGUI : scriptWindow: no visible global function definition for
     ‘gedit’
    sdcGUI : scriptWindow: no visible global function definition for
     ‘gseparator’
    sdcGUI : nm_risk_print_function: no visible global function definition
     for ‘gwindow’
    sdcGUI : nm_risk_print_function: no visible global function definition
     for ‘glabel’
    sdcGUI : selVar: no visible global function definition for ‘gwindow’
    sdcGUI : selVar: no visible global function definition for ‘ggroup’
    sdcGUI : selVar: no visible global function definition for ‘gtable’
    sdcGUI : selVar: no visible global function definition for ‘gframe’
    sdcGUI : selVar: no visible global function definition for ‘gbutton’
    sdcGUI : selVar: no visible global function definition for ‘gseparator’
    sdcGUI : selVar : <anonymous>: no visible global function definition
     for ‘gwindow’
    sdcGUI : selVar : <anonymous>: no visible global function definition
     for ‘ggroup’
    sdcGUI : selVar : <anonymous>: no visible global function definition
     for ‘gtable’
    sdcGUI : selVar : <anonymous>: no visible global function definition
     for ‘gframe’
    sdcGUI : selVar : <anonymous>: no visible global function definition
     for ‘gbutton’
    sdcGUI : selVar : <anonymous>: no visible global function definition
     for ‘gseparator’
    sdcGUI : selVar : <anonymous> : <anonymous>: no visible global function
     definition for ‘gmessage’
    sdcGUI : selVar : <anonymous>: no visible global function definition
     for ‘gconfirm’
    sdcGUI : selVar : <anonymous>: no visible global function definition
     for ‘gmessage’
    sdcGUI : confirmSelection_tmp: no visible global function definition
     for ‘gwindow’
    sdcGUI : confirmSelection_tmp: no visible global function definition
     for ‘glabel’
    sdcGUI : loadDataSet: no visible global function definition for ‘gfile’
    sdcGUI : setDataSet: no visible global function definition for
     ‘gmessage’
    sdcGUI : setDataSet: no visible global function definition for
     ‘gbasicdialog’
    sdcGUI : setDataSet: no visible global function definition for
     ‘gdroplist’
    sdcGUI : saveToFile: no visible global function definition for ‘gfile’
    sdcGUI : saveToFile: no visible global function definition for
     ‘gmessage’
    sdcGUI : saveToVariable: no visible global function definition for
     ‘gmessage’
    sdcGUI : typDialog: no visible global function definition for ‘gwindow’
    sdcGUI : typDialog: no visible global function definition for ‘ggroup’
    sdcGUI : typDialog: no visible global function definition for ‘gframe’
    sdcGUI : typDialog: no visible global function definition for ‘glayout’
    sdcGUI : typDialog: no visible global function definition for ‘glabel’
    sdcGUI : typDialog: no visible global function definition for
     ‘gcombobox’
    sdcGUI : typDialog: no visible global function definition for ‘gbutton’
    sdcGUI : importCSV: no visible global function definition for ‘gwindow’
    sdcGUI : importCSV: no visible global function definition for ‘ggroup’
    sdcGUI : importCSV: no visible global function definition for ‘gedit’
    sdcGUI : importCSV : buttonHandler: no visible global function
     definition for ‘gfile’
    sdcGUI : importCSV : buttonHandler : <anonymous> : <anonymous>: no
     visible global function definition for ‘gmessage’
    sdcGUI : importCSV : previewCSV: no visible global function definition
     for ‘gframe’
    sdcGUI : importCSV : previewCSV: no visible global function definition
     for ‘ggroup’
    sdcGUI : importCSV : previewCSV: no visible global function definition
     for ‘gtable’
    sdcGUI : importCSV: no visible global function definition for
     ‘gstatusbar’
    sdcGUI : importCSV: no visible global function definition for ‘gbutton’
    sdcGUI : importCSV: no visible global function definition for
     ‘gcheckbox’
    sdcGUI : importCSV: no visible global function definition for
     ‘addHandlerKeystroke’
    sdcGUI : importCSV : <anonymous> : <anonymous>: no visible global
     function definition for ‘gmessage’
    sdcGUI : importCSV: no visible global function definition for ‘gframe’
    sdcGUI : importCSV: no visible global function definition for ‘glabel’
    sdcGUI : exportCSV: no visible global function definition for
     ‘gmessage’
    sdcGUI : exportCSV: no visible global function definition for ‘gwindow’
    sdcGUI : exportCSV: no visible global function definition for ‘ggroup’
    sdcGUI : exportCSV: no visible global function definition for ‘gedit’
    sdcGUI : exportCSV : buttonHandler: no visible global function
     definition for ‘gfile’
    sdcGUI : exportCSV: no visible global function definition for
     ‘gstatusbar’
    sdcGUI : exportCSV: no visible global function definition for ‘gbutton’
    sdcGUI : exportCSV: no visible global function definition for
     ‘gcheckbox’
    sdcGUI : exportCSV : <anonymous> : <anonymous>: no visible global
     function definition for ‘gmessage’
    sdcGUI : exportCSV: no visible global function definition for ‘gframe’
    sdcGUI : exportCSV: no visible global function definition for ‘gradio’
    sdcGUI : exportCSV: no visible global function definition for ‘glabel’
    sdcGUI : importSPSS: no visible global function definition for
     ‘gwindow’
    sdcGUI : importSPSS: no visible global function definition for ‘ggroup’
    sdcGUI : importSPSS: no visible global function definition for ‘gedit’
    sdcGUI : importSPSS : buttonHandler: no visible global function
     definition for ‘gfile’
    sdcGUI : importSPSS: no visible global function definition for
     ‘gstatusbar’
    sdcGUI : importSPSS: no visible global function definition for
     ‘gbutton’
    sdcGUI : importSPSS: no visible global function definition for
     ‘gcheckbox’
    sdcGUI : importSPSS : <anonymous> : <anonymous>: no visible global
     function definition for ‘gmessage’
    sdcGUI : importSPSS: no visible global function definition for ‘gframe’
    sdcGUI : exportSPSS: no visible global function definition for
     ‘gmessage’
    sdcGUI : exportSPSS: no visible global function definition for
     ‘gwindow’
    sdcGUI : exportSPSS: no visible global function definition for ‘ggroup’
    sdcGUI : exportSPSS: no visible global function definition for
     ‘glayout’
    sdcGUI : exportSPSS: no visible global function definition for ‘gedit’
    sdcGUI : exportSPSS : databuttonHandler: no visible global function
     definition for ‘gfile’
    sdcGUI : exportSPSS : codebuttonHandler: no visible global function
     definition for ‘gfile’
    sdcGUI : exportSPSS: no visible global function definition for
     ‘gbutton’
    sdcGUI : exportSPSS : <anonymous> : <anonymous>: no visible global
     function definition for ‘gmessage’
    sdcGUI : exportSPSS: no visible global function definition for ‘gframe’
    sdcGUI : exportSPSS: no visible global function definition for ‘gradio’
    sdcGUI : loadSTATA: no visible global function definition for ‘gwindow’
    sdcGUI : loadSTATA: no visible global function definition for ‘ggroup’
    sdcGUI : loadSTATA: no visible global function definition for ‘gedit’
    sdcGUI : loadSTATA : buttonHandler: no visible global function
     definition for ‘gfile’
    sdcGUI : loadSTATA: no visible global function definition for
     ‘gstatusbar’
    sdcGUI : loadSTATA: no visible global function definition for ‘gbutton’
    sdcGUI : loadSTATA: no visible global function definition for
     ‘gcheckbox’
    sdcGUI : loadSTATA : <anonymous> : <anonymous>: no visible global
     function definition for ‘gmessage’
    sdcGUI : loadSTATA: no visible global function definition for ‘gframe’
    sdcGUI : exportSTATA: no visible global function definition for
     ‘gmessage’
    sdcGUI : exportSTATA: no visible global function definition for
     ‘gwindow’
    sdcGUI : exportSTATA: no visible global function definition for
     ‘ggroup’
    sdcGUI : exportSTATA: no visible global function definition for ‘gedit’
    sdcGUI : exportSTATA: no visible global function definition for
     ‘gcheckbox’
    sdcGUI : exportSTATA: no visible global function definition for
     ‘gcombobox’
    sdcGUI : exportSTATA : buttonHandler: no visible global function
     definition for ‘gfile’
    sdcGUI : exportSTATA: no visible global function definition for
     ‘gbutton’
    sdcGUI : exportSTATA : <anonymous> : <anonymous>: no visible global
     function definition for ‘gmessage’
    sdcGUI : exportSTATA: no visible global function definition for
     ‘gframe’
    sdcGUI : exportSTATA: no visible global function definition for
     ‘gradio’
    sdcGUI : exportSTATA: no visible global function definition for
     ‘glabel’
    sdcGUI : importSAS: no visible global function definition for ‘gwindow’
    sdcGUI : importSAS: no visible global function definition for ‘ggroup’
    sdcGUI : importSAS: no visible global function definition for ‘glayout’
    sdcGUI : importSAS: no visible global function definition for ‘gedit’
    sdcGUI : importSAS : buttonHandler: no visible global function
     definition for ‘gfile’
    sdcGUI : importSAS: no visible global function definition for
     ‘gstatusbar’
    sdcGUI : importSAS: no visible global function definition for ‘gbutton’
    sdcGUI : importSAS : <anonymous> : <anonymous>: no visible global
     function definition for ‘gmessage’
    sdcGUI : importSAS: no visible global function definition for ‘gframe’
    sdcGUI : exportSAS: no visible global function definition for
     ‘gmessage’
    sdcGUI : exportSAS: no visible global function definition for ‘gwindow’
    sdcGUI : exportSAS: no visible global function definition for ‘ggroup’
    sdcGUI : exportSAS: no visible global function definition for ‘gedit’
    sdcGUI : exportSAS: no visible global function definition for
     ‘gcombobox’
    sdcGUI : exportSAS : databuttonHandler: no visible global function
     definition for ‘gfile’
    sdcGUI : exportSAS : codebuttonHandler: no visible global function
     definition for ‘gfile’
    sdcGUI : exportSAS: no visible global function definition for ‘gbutton’
    sdcGUI : exportSAS : <anonymous> : <anonymous>: no visible global
     function definition for ‘gmessage’
    sdcGUI : exportSAS: no visible global function definition for ‘gframe’
    sdcGUI : exportSAS: no visible global function definition for ‘gradio’
    sdcGUI : exportSAS: no visible global function definition for ‘glabel’
    sdcGUI : exportReport: no visible global function definition for
     ‘gwindow’
    sdcGUI : exportReport: no visible global function definition for
     ‘ggroup’
    sdcGUI : exportReport: no visible global function definition for
     ‘gedit’
    sdcGUI : exportReport: no visible global function definition for
     ‘gradio’
    sdcGUI : exportReport: no visible global function definition for
     ‘gframe’
    sdcGUI : exportReport: no visible global function definition for
     ‘gbutton’
    sdcGUI : exportReport : <anonymous>: no visible global function
     definition for ‘gfile’
    sdcGUI : exportReport: no visible global function definition for
     ‘gmessage’
    sdcGUI : WaitingDialog: no visible global function definition for
     ‘gwindow’
    sdcGUI : WaitingDialog: no visible global function definition for
     ‘glabel’
    sdcGUI : newScript: no visible global function definition for
     ‘gconfirm’
    sdcGUI : saveScript: no visible global function definition for ‘gfile’
    sdcGUI : saveScript: no visible global function definition for
     ‘gmessage’
    sdcGUI : loadScript: no visible global function definition for ‘gfile’
    sdcGUI : viewScript: no visible global function definition for
     ‘gmessage’
    sdcGUI : viewScript : sureQuit: no visible global function definition
     for ‘gconfirm’
    sdcGUI : viewScript : runCMDhist: no visible global function definition
     for ‘gmessage’
    sdcGUI : viewScript : delCMDhist: no visible global function definition
     for ‘gmessage’
    sdcGUI : viewScript: no visible global function definition for
     ‘gwindow’
    sdcGUI : viewScript: no visible global function definition for ‘ggroup’
    sdcGUI : viewScript: no visible global function definition for ‘gdf’
    sdcGUI : viewScript: no visible global function definition for
     ‘gseparator’
    sdcGUI : viewScript: no visible global function definition for ‘glabel’
    sdcGUI : viewScript: no visible global function definition for ‘gedit’
    sdcGUI : viewScript: no visible global function definition for
     ‘gbutton’
    sdcGUI : quitGUI: no visible global function definition for ‘gconfirm’
    sdcGUI : OneStepBack: no visible global function definition for
     ‘gconfirm’
    sdcGUI : OneStepBack: no visible global function definition for
     ‘gmessage’
    sdcGUI : restartGUI: no visible global function definition for
     ‘gconfirm’
    sdcGUI: no visible global function definition for ‘gwindow’
    sdcGUI: no visible global function definition for ‘addHandlerUnrealize’
    sdcGUI : <anonymous>: no visible global function definition for
     ‘gconfirm’
    sdcGUI: no visible global function definition for ‘ggroup’
    sdcGUI: no visible global function definition for ‘gmenu’
    sdcGUI: no visible global function definition for ‘gnotebook’
    sdcGUI: no visible global function definition for ‘glabel’
    sdcGUI: no visible global function definition for ‘gbutton’
    sdcGUI: no visible global function definition for ‘gframe’
    sdcGUI: no visible global function definition for ‘gtext’
    sdcGUI: no visible global function definition for ‘gtable’
    updates2: no visible global function definition for ‘gconfirm’
    updates2: no visible global function definition for ‘gmessage’
Flavors: r-devel-linux-x86_64-fedora-clang, r-devel-linux-x86_64-fedora-gcc, r-devel-osx-x86_64-clang

Version: 1.1.1
Check: package dependencies
Result: ERROR
    Packages required but not available: ‘gWidgetsRGtk2’ ‘cairoDevice’
    
    See the information on DESCRIPTION files in the chapter ‘Creating R
    packages’ of the ‘Writing R Extensions’ manual.
Flavor: r-release-osx-x86_64-mavericks