CRAN Package Check Results for Package sdcSpatial

Last updated on 2020-09-22 06:47:42 CEST.

Flavor Version Tinstall Tcheck Ttotal Status Flags
r-devel-linux-x86_64-debian-clang 0.1.1 2.98 62.92 65.90 OK
r-devel-linux-x86_64-debian-gcc 0.1.1 0.37 2.22 2.59 ERROR
r-devel-linux-x86_64-fedora-clang 0.1.1 88.44 OK
r-devel-linux-x86_64-fedora-gcc 0.1.1 77.49 OK
r-devel-windows-ix86+x86_64 0.1.1 6.00 69.00 75.00 OK
r-patched-linux-x86_64 0.1.1 2.83 60.46 63.29 OK
r-patched-solaris-x86 0.1.1 105.50 OK
r-release-linux-x86_64 0.1.1 3.08 60.96 64.04 OK
r-release-macos-x86_64 0.1.1 OK
r-release-windows-ix86+x86_64 0.1.1 7.00 93.00 100.00 OK
r-oldrel-macos-x86_64 0.1.1 OK
r-oldrel-windows-ix86+x86_64 0.1.1 4.00 72.00 76.00 OK

Check Details

Version: 0.1.1
Check: whether package can be installed
Result: ERROR
    Installation failed.
Flavor: r-devel-linux-x86_64-debian-gcc