CRAN Package Check Results for Package sdcTable

Last updated on 2014-11-25 23:46:56.

Flavor Version Tinstall Tcheck Ttotal Status Flags
r-devel-linux-x86_64-debian-clang 0.17.1 14.77 47.42 62.19 NOTE
r-devel-linux-x86_64-debian-gcc 0.17.1 15.99 46.48 62.47 NOTE
r-devel-linux-x86_64-fedora-clang 0.17.1 138.09 NOTE
r-devel-linux-x86_64-fedora-gcc 0.17.1 126.07 NOTE
r-devel-osx-x86_64-clang 0.17.1 113.47 NOTE
r-devel-windows-ix86+x86_64 0.17.1 47.00 92.00 139.00 NOTE
r-patched-linux-x86_64 0.17.1 16.52 48.60 65.12 NOTE
r-patched-solaris-sparc 0.17.1 726.40 NOTE
r-patched-solaris-x86 0.17.1 154.10 NOTE
r-release-linux-ix86 0.17.1 19.76 57.90 77.66 NOTE
r-release-linux-x86_64 0.17.1 16.59 49.06 65.66 NOTE
r-release-osx-x86_64-mavericks 0.17.1 ERROR
r-release-osx-x86_64-snowleopard 0.17.1 ERROR
r-release-windows-ix86+x86_64 0.17.1 48.00 97.00 145.00 NOTE
r-oldrel-windows-ix86+x86_64 0.17.1 51.00 106.00 157.00 OK

Check Details

Version: 0.17.1
Check: R code for possible problems
Result: NOTE
    my.Rglpk_solve_LP: no visible global function definition for
     ‘get.simpleTriplet’
Flavors: r-devel-linux-x86_64-debian-clang, r-devel-linux-x86_64-debian-gcc, r-devel-linux-x86_64-fedora-clang, r-devel-linux-x86_64-fedora-gcc, r-devel-osx-x86_64-clang, r-devel-windows-ix86+x86_64, r-patched-linux-x86_64, r-patched-solaris-sparc, r-patched-solaris-x86, r-release-linux-ix86, r-release-linux-x86_64, r-release-windows-ix86+x86_64

Version: 0.17.1
Check: whether package can be installed
Result: ERROR
    Installation failed.
Flavors: r-release-osx-x86_64-mavericks, r-release-osx-x86_64-snowleopard