CRAN Package Check Results for Package sdcTable

Last updated on 2016-06-28 14:48:40.

Flavor Version Tinstall Tcheck Ttotal Status Flags
r-devel-linux-x86_64-debian-gcc 0.21.5 23.93 38.64 62.58 ERROR
r-devel-linux-x86_64-fedora-clang 0.21.5 117.32 ERROR
r-devel-linux-x86_64-fedora-gcc 0.21.5 105.73 ERROR
r-devel-osx-x86_64-clang 0.21.5 87.20 ERROR
r-devel-windows-ix86+x86_64 0.21.5 88.00 114.00 202.00 ERROR
r-patched-linux-x86_64 0.21.5 20.00 39.85 59.84 ERROR
r-patched-solaris-sparc 0.21.5 638.30 ERROR
r-patched-solaris-x86 0.21.5 129.50 ERROR
r-release-linux-x86_64 0.21.5 18.50 37.84 56.34 ERROR
r-release-osx-x86_64-mavericks 0.21.5 OK
r-release-windows-ix86+x86_64 0.21.5 86.00 113.00 199.00 ERROR
r-oldrel-windows-ix86+x86_64 0.21.5 86.00 92.00 178.00 ERROR

Check Details

Version: 0.21.5
Check: tests
Result: ERROR
    Running the tests in ‘tests/testthat.R’ failed.
    Last 13 lines of output:
     Loading required package: sdcTable
     Loading required package: stringr
     Loading required package: Rcpp
     Loading required package: Rglpk
     Loading required package: slam
     Using the GLPK callable library version 4.60
     Loading required package: lpSolveAPI
     Package sdcTable 0.21.5 has been loaded!
    
     Error in glp_call_interface(obj, n_of_objective_vars, get.simpleTriplet(mat, :
     argument "presolve" is missing, with no default
     Calls: test_check ... c_solve_problem -> my.Rglpk_solve_LP -> glp_call_interface
     testthat results ================================================================
     OK: 0 SKIPPED: 0 FAILED: 0
     Execution halted
Flavors: r-devel-linux-x86_64-debian-gcc, r-devel-osx-x86_64-clang

Version: 0.21.5
Check: tests
Result: ERROR
    Running the tests in ‘tests/testthat.R’ failed.
    Last 13 lines of output:
     Loading required package: sdcTable
     Loading required package: stringr
     Loading required package: Rcpp
     Loading required package: Rglpk
     Loading required package: slam
     Using the GLPK callable library version 4.55
     Loading required package: lpSolveAPI
     Package sdcTable 0.21.5 has been loaded!
    
     Error in glp_call_interface(obj, n_of_objective_vars, get.simpleTriplet(mat, :
     argument "presolve" is missing, with no default
     Calls: test_check ... c_solve_problem -> my.Rglpk_solve_LP -> glp_call_interface
     testthat results ================================================================
     OK: 0 SKIPPED: 0 FAILED: 0
     Execution halted
Flavors: r-devel-linux-x86_64-fedora-clang, r-devel-linux-x86_64-fedora-gcc

Version: 0.21.5
Check: running tests for arch ‘i386’
Result: ERROR
    Running the tests in 'tests/testthat.R' failed.
    Last 13 lines of output:
     Loading required package: sdcTable
     Loading required package: stringr
     Loading required package: Rcpp
     Loading required package: Rglpk
     Loading required package: slam
     Using the GLPK callable library version 4.47
     Loading required package: lpSolveAPI
     Package sdcTable 0.21.5 has been loaded!
    
     Error in glp_call_interface(obj, n_of_objective_vars, get.simpleTriplet(mat, :
     argument "presolve" is missing, with no default
     Calls: test_check ... c_solve_problem -> my.Rglpk_solve_LP -> glp_call_interface
     testthat results ================================================================
     OK: 0 SKIPPED: 0 FAILED: 0
     Execution halted
Flavor: r-devel-windows-ix86+x86_64

Version: 0.21.5
Check: running tests for arch ‘x64’
Result: ERROR
    Running the tests in 'tests/testthat.R' failed.
    Last 13 lines of output:
     Loading required package: sdcTable
     Loading required package: stringr
     Loading required package: Rcpp
     Loading required package: Rglpk
     Loading required package: slam
     Using the GLPK callable library version 4.47
     Loading required package: lpSolveAPI
     Package sdcTable 0.21.5 has been loaded!
    
     Error in glp_call_interface(obj, n_of_objective_vars, get.simpleTriplet(mat, :
     argument "presolve" is missing, with no default
     Calls: test_check ... c_solve_problem -> my.Rglpk_solve_LP -> glp_call_interface
     testthat results ================================================================
     OK: 0 SKIPPED: 0 FAILED: 0
     Execution halted
Flavor: r-devel-windows-ix86+x86_64

Version: 0.21.5
Check: tests
Result: ERROR
    Running the tests in ‘tests/testthat.R’ failed.
    Last 13 lines of output:
     Loading required package: Rcpp
     Loading required package: Rglpk
     Loading required package: slam
     Using the GLPK callable library version 4.60
     Loading required package: lpSolveAPI
     Package sdcTable 0.21.5 has been loaded!
    
     Error in glp_call_interface(obj, n_of_objective_vars, get.simpleTriplet(mat, :
     argument "presolve" is missing, with no default
     Calls: test_check ... c_solve_problem -> my.Rglpk_solve_LP -> glp_call_interface
     testthat results ================================================================
     OK: 0 SKIPPED: 0 FAILED: 0
     Execution halted
Flavors: r-patched-linux-x86_64, r-release-linux-x86_64

Version: 0.21.5
Check: installed package size
Result: NOTE
     installed size is 6.4Mb
     sub-directories of 1Mb or more:
     libs 5.0Mb
Flavors: r-patched-solaris-sparc, r-patched-solaris-x86

Version: 0.21.5
Check: tests
Result: ERROR
    Running the tests in ‘tests/testthat.R’ failed.
    Last 13 lines of output:
     Loading required package: Rcpp
     Loading required package: Rglpk
     Loading required package: slam
     Using the GLPK callable library version 4.57
     Loading required package: lpSolveAPI
     Package sdcTable 0.21.5 has been loaded!
    
     Error in glp_call_interface(obj, n_of_objective_vars, get.simpleTriplet(mat, :
     argument "presolve" is missing, with no default
     Calls: test_check ... c_solve_problem -> my.Rglpk_solve_LP -> glp_call_interface
     testthat results ================================================================
     OK: 0 SKIPPED: 0 FAILED: 0
     Execution halted
Flavors: r-patched-solaris-sparc, r-patched-solaris-x86

Version: 0.21.5
Check: running tests for arch ‘i386’
Result: ERROR
    Running the tests in 'tests/testthat.R' failed.
    Last 13 lines of output:
     Loading required package: Rcpp
     Loading required package: Rglpk
     Loading required package: slam
     Using the GLPK callable library version 4.47
     Loading required package: lpSolveAPI
     Package sdcTable 0.21.5 has been loaded!
    
     Error in glp_call_interface(obj, n_of_objective_vars, get.simpleTriplet(mat, :
     argument "presolve" is missing, with no default
     Calls: test_check ... c_solve_problem -> my.Rglpk_solve_LP -> glp_call_interface
     testthat results ================================================================
     OK: 0 SKIPPED: 0 FAILED: 0
     Execution halted
Flavors: r-release-windows-ix86+x86_64, r-oldrel-windows-ix86+x86_64

Version: 0.21.5
Check: running tests for arch ‘x64’
Result: ERROR
    Running the tests in 'tests/testthat.R' failed.
    Last 13 lines of output:
     Loading required package: Rcpp
     Loading required package: Rglpk
     Loading required package: slam
     Using the GLPK callable library version 4.47
     Loading required package: lpSolveAPI
     Package sdcTable 0.21.5 has been loaded!
    
     Error in glp_call_interface(obj, n_of_objective_vars, get.simpleTriplet(mat, :
     argument "presolve" is missing, with no default
     Calls: test_check ... c_solve_problem -> my.Rglpk_solve_LP -> glp_call_interface
     testthat results ================================================================
     OK: 0 SKIPPED: 0 FAILED: 0
     Execution halted
Flavors: r-release-windows-ix86+x86_64, r-oldrel-windows-ix86+x86_64