CRAN Package Check Results for Package sdcTable

Last updated on 2014-08-21 19:48:57.

Flavor Version Tinstall Tcheck Ttotal Status Flags
r-devel-linux-x86_64-debian-clang 0.17.1 14.34 44.76 59.10 OK
r-devel-linux-x86_64-debian-gcc 0.17.1 16.23 44.82 61.06 OK
r-devel-linux-x86_64-fedora-clang 0.17.1 129.21 NOTE
r-devel-linux-x86_64-fedora-gcc 0.17.1 120.93 NOTE
r-devel-osx-x86_64-clang 0.17.1 105.02 NOTE
r-devel-windows-ix86+x86_64 0.17.1 52.00 89.00 141.00 OK
r-patched-linux-x86_64 0.17.1 17.77 45.79 63.56 OK
r-patched-solaris-sparc 0.17.1 727.60 OK
r-patched-solaris-x86 0.17.1 151.20 OK
r-release-linux-ix86 0.17.1 20.36 58.87 79.23 OK
r-release-linux-x86_64 0.17.1 16.73 46.40 63.13 OK
r-release-osx-x86_64-mavericks 0.17.1 ERROR
r-release-osx-x86_64-snowleopard 0.17.1 ERROR
r-release-windows-ix86+x86_64 0.17.1 52.00 101.00 153.00 OK
r-oldrel-windows-ix86+x86_64 0.17.1 54.00 102.00 156.00 OK

Check Details

Version: 0.17.1
Check: R code for possible problems
Result: NOTE
    my.Rglpk_solve_LP: no visible global function definition for
     ‘get.simpleTriplet’
Flavors: r-devel-linux-x86_64-fedora-clang, r-devel-linux-x86_64-fedora-gcc, r-devel-osx-x86_64-clang

Version: 0.17.1
Check: whether package can be installed
Result: ERROR
    Installation failed.
Flavors: r-release-osx-x86_64-mavericks, r-release-osx-x86_64-snowleopard