CRAN Package Check Results for Package sdcTable

Last updated on 2014-04-25 05:47:25.

Flavor Version Tinstall Tcheck Ttotal Status Flags
r-devel-linux-x86_64-debian-clang 0.15.0 13.82 50.20 64.02 OK
r-devel-linux-x86_64-debian-gcc 0.15.0 15.59 50.04 65.63 OK
r-devel-linux-x86_64-fedora-clang 0.15.0 130.98 OK
r-devel-linux-x86_64-fedora-gcc 0.15.0 126.42 OK
r-devel-osx-x86_64-clang 0.15.0 104.85 OK
r-devel-osx-x86_64-gcc 0.15.0 OK
r-devel-windows-ix86+x86_64 0.15.0 148.00 86.00 234.00 OK
r-patched-linux-x86_64 0.15.0 15.71 49.60 65.31 OK
r-patched-solaris-sparc 0.15.0 639.60 OK
r-patched-solaris-x86 0.15.0 143.60 OK
r-release-linux-ix86 0.15.0 25.00 82.00 107.00 OK
r-release-linux-x86_64 0.15.0 15.73 51.02 66.75 OK
r-release-osx-x86_64-mavericks 0.15.0 ERROR
r-release-osx-x86_64-snowleopard 0.15.0 OK
r-release-windows-ix86+x86_64 0.15.0 174.00 89.00 263.00 OK
r-oldrel-windows-ix86+x86_64 0.15.0 175.00 90.00 265.00 OK

Check Details

Version: 0.15.0
Check: whether package can be installed
Result: ERROR
    Installation failed.
    See ‘/Builds/CRAN-QA-Simon/packages/mavericks-x86_64/results/3.1/sdcTable.Rcheck/00install.out’ for details.
Flavor: r-release-osx-x86_64-mavericks