CRAN Package Check Results for Package sdcTable

Last updated on 2015-08-01 21:47:33.

Flavor Version Tinstall Tcheck Ttotal Status Flags
r-devel-linux-x86_64-debian-clang 0.19.1 17.16 40.62 57.79 OK
r-devel-linux-x86_64-debian-gcc 0.19.1 19.27 39.37 58.64 OK
r-devel-linux-x86_64-fedora-clang 0.19.1 120.68 OK
r-devel-linux-x86_64-fedora-gcc 0.19.1 112.01 OK
r-devel-osx-x86_64-clang 0.19.1 96.28 OK
r-devel-windows-ix86+x86_64 0.19.1 69.00 1.00 70.00 ERROR
r-patched-linux-x86_64 0.19.1 19.00 40.00 59.00 OK
r-patched-solaris-sparc 0.19.1 701.60 OK
r-patched-solaris-x86 0.19.1 139.90 OK
r-release-linux-x86_64 0.19.1 19.16 39.74 58.89 OK
r-release-osx-x86_64-mavericks 0.19.1 OK
r-release-windows-ix86+x86_64 0.19.1 66.00 1.00 67.00 ERROR
r-oldrel-windows-ix86+x86_64 0.19.1 65.00 1.00 66.00 ERROR

Check Details

Version: 0.19.1
Check: whether package can be installed
Result: ERROR
    Installation failed.
Flavors: r-devel-windows-ix86+x86_64, r-release-windows-ix86+x86_64, r-oldrel-windows-ix86+x86_64