CRAN Package Check Results for Package sdcTable

Last updated on 2014-12-19 20:48:26.

Flavor Version Tinstall Tcheck Ttotal Status Flags
r-devel-linux-x86_64-debian-clang 0.17.1 14.59 47.89 62.48 NOTE
r-devel-linux-x86_64-debian-gcc 0.17.1 16.38 46.28 62.65 NOTE
r-devel-linux-x86_64-fedora-clang 0.17.1 138.57 NOTE
r-devel-linux-x86_64-fedora-gcc 0.17.1 118.50 NOTE
r-devel-osx-x86_64-clang 0.17.1 110.23 NOTE
r-devel-windows-ix86+x86_64 0.17.1 2.00 1.00 3.00 ERROR
r-patched-linux-x86_64 0.17.1 16.28 48.22 64.50 NOTE
r-patched-solaris-sparc 0.17.1 675.90 NOTE
r-patched-solaris-x86 0.17.1 152.20 NOTE
r-release-linux-ix86 0.17.1 19.74 57.58 77.32 NOTE
r-release-linux-x86_64 0.17.1 16.59 48.60 65.19 NOTE
r-release-osx-x86_64-mavericks 0.17.1 ERROR
r-release-osx-x86_64-snowleopard 0.17.1 ERROR
r-release-windows-ix86+x86_64 0.17.1 56.00 97.00 153.00 NOTE
r-oldrel-windows-ix86+x86_64 0.17.1 53.00 114.00 167.00 OK

Check Details

Version: 0.17.1
Check: R code for possible problems
Result: NOTE
    my.Rglpk_solve_LP: no visible global function definition for
     ‘get.simpleTriplet’
Flavors: r-devel-linux-x86_64-debian-clang, r-devel-linux-x86_64-debian-gcc, r-devel-linux-x86_64-fedora-clang, r-devel-linux-x86_64-fedora-gcc, r-devel-osx-x86_64-clang, r-patched-linux-x86_64, r-patched-solaris-sparc, r-patched-solaris-x86, r-release-linux-ix86, r-release-linux-x86_64, r-release-windows-ix86+x86_64

Version: 0.17.1
Check: whether package can be installed
Result: ERROR
    Installation failed.
Flavors: r-devel-windows-ix86+x86_64, r-release-osx-x86_64-mavericks, r-release-osx-x86_64-snowleopard