CRAN Package Check Results for Package sdcTable

Last updated on 2015-02-01 23:49:05.

Flavor Version Tinstall Tcheck Ttotal Status Flags
r-devel-linux-x86_64-debian-clang 0.17.1 14.70 40.09 54.79 NOTE
r-devel-linux-x86_64-debian-gcc 0.17.1 15.68 38.62 54.30 NOTE
r-devel-linux-x86_64-fedora-clang 0.17.1 118.36 NOTE
r-devel-linux-x86_64-fedora-gcc 0.17.1 107.43 NOTE
r-devel-osx-x86_64-clang 0.17.1 109.50 NOTE
r-devel-windows-ix86+x86_64 0.17.1 54.00 83.00 137.00 NOTE
r-patched-linux-x86_64 0.17.1 16.74 48.87 65.61 NOTE
r-patched-solaris-sparc 0.17.1 722.70 NOTE
r-patched-solaris-x86 0.17.1 155.90 NOTE
r-release-linux-ix86 0.17.1 20.02 60.05 80.06 NOTE
r-release-linux-x86_64 0.17.1 16.54 49.31 65.84 NOTE
r-release-osx-x86_64-mavericks 0.17.1 ERROR
r-release-osx-x86_64-snowleopard 0.17.1 ERROR
r-release-windows-ix86+x86_64 0.17.1 50.00 105.00 155.00 NOTE
r-oldrel-windows-ix86+x86_64 0.17.1 54.00 105.00 159.00 OK

Check Details

Version: 0.17.1
Check: R code for possible problems
Result: NOTE
    my.Rglpk_solve_LP: no visible global function definition for
     ‘get.simpleTriplet’
Flavors: r-devel-linux-x86_64-debian-clang, r-devel-linux-x86_64-debian-gcc, r-devel-linux-x86_64-fedora-clang, r-devel-linux-x86_64-fedora-gcc, r-devel-osx-x86_64-clang, r-devel-windows-ix86+x86_64, r-patched-linux-x86_64, r-patched-solaris-sparc, r-patched-solaris-x86, r-release-linux-ix86, r-release-linux-x86_64, r-release-windows-ix86+x86_64

Version: 0.17.1
Check: whether package can be installed
Result: ERROR
    Installation failed.
Flavors: r-release-osx-x86_64-mavericks, r-release-osx-x86_64-snowleopard