CRAN Package Check Results for Package sdcTable

Last updated on 2015-03-06 03:46:47.

Flavor Version Tinstall Tcheck Ttotal Status Flags
r-devel-linux-x86_64-debian-clang 0.17.1 14.52 40.26 54.78 NOTE
r-devel-linux-x86_64-debian-gcc 0.17.1 15.72 39.51 55.22 NOTE
r-devel-linux-x86_64-fedora-clang 0.17.1 116.18 NOTE
r-devel-linux-x86_64-fedora-gcc 0.17.1 105.76 NOTE
r-devel-osx-x86_64-clang 0.17.1 107.92 NOTE
r-devel-windows-ix86+x86_64 0.17.1 54.00 81.00 135.00 NOTE
r-patched-linux-x86_64 0.17.1 16.89 50.25 67.14 NOTE
r-patched-solaris-sparc 0.17.1 787.10 NOTE
r-patched-solaris-x86 0.17.1 156.00 NOTE
r-release-linux-ix86 0.17.1 20.70 59.67 80.37 NOTE
r-release-linux-x86_64 0.17.1 16.73 48.74 65.48 NOTE
r-release-osx-x86_64-mavericks 0.17.1 ERROR
r-release-osx-x86_64-snowleopard 0.17.1 ERROR
r-release-windows-ix86+x86_64 0.17.1 60.00 97.00 157.00 NOTE
r-oldrel-windows-ix86+x86_64 0.17.1 59.00 108.00 167.00 OK

Check Details

Version: 0.17.1
Check: DESCRIPTION meta-information
Result: NOTE
    Malformed Description field: should contain one or more complete sentences.
Flavors: r-devel-linux-x86_64-debian-clang, r-devel-linux-x86_64-debian-gcc, r-devel-linux-x86_64-fedora-clang, r-devel-linux-x86_64-fedora-gcc, r-devel-osx-x86_64-clang, r-devel-windows-ix86+x86_64

Version: 0.17.1
Check: R code for possible problems
Result: NOTE
    my.Rglpk_solve_LP: no visible global function definition for
     ‘get.simpleTriplet’
Flavors: r-devel-linux-x86_64-debian-clang, r-devel-linux-x86_64-debian-gcc, r-devel-linux-x86_64-fedora-clang, r-devel-linux-x86_64-fedora-gcc, r-devel-osx-x86_64-clang, r-devel-windows-ix86+x86_64, r-patched-linux-x86_64, r-patched-solaris-sparc, r-patched-solaris-x86, r-release-linux-ix86, r-release-linux-x86_64, r-release-windows-ix86+x86_64

Version: 0.17.1
Check: whether package can be installed
Result: ERROR
    Installation failed.
Flavors: r-release-osx-x86_64-mavericks, r-release-osx-x86_64-snowleopard