CRAN Package Check Results for Package sdcTable

Last updated on 2017-06-23 01:47:35.

Flavor Version Tinstall Tcheck Ttotal Status Flags
r-devel-linux-x86_64-debian-clang 0.22.6 23.19 49.54 72.73 OK
r-devel-linux-x86_64-debian-gcc 0.22.6 24.66 47.88 72.53 OK
r-devel-linux-x86_64-fedora-clang 0.22.6 144.81 OK
r-devel-linux-x86_64-fedora-gcc 0.22.6 136.36 OK
r-devel-windows-ix86+x86_64 0.22.6 89.00 149.00 238.00 OK
r-patched-linux-x86_64 0.22.6 22.16 47.15 69.31 OK
r-patched-solaris-sparc 0.22.6 694.60 OK
r-patched-solaris-x86 0.22.6 147.40 OK
r-release-linux-x86_64 0.22.6 21.81 47.77 69.58 OK
r-release-windows-ix86+x86_64 0.22.6 97.00 128.00 225.00 OK
r-release-osx-x86_64 0.22.6 ERROR
r-oldrel-windows-ix86+x86_64 0.22.6 98.00 112.00 210.00 OK
r-oldrel-osx-x86_64 0.22.6 OK

Check Details

Version: 0.22.6
Check: package dependencies
Result: ERROR
    Package required but not available: ‘Rglpk’
    
    See section ‘The DESCRIPTION file’ in the ‘Writing R Extensions’
    manual.
Flavor: r-release-osx-x86_64