CRAN Package Check Results for Package sdcTable

Last updated on 2017-05-25 06:48:14.

Flavor Version Tinstall Tcheck Ttotal Status Flags
r-devel-linux-x86_64-debian-clang 0.22.6 22.98 48.69 71.67 OK
r-devel-linux-x86_64-debian-gcc 0.22.6 24.24 46.99 71.23 OK
r-devel-linux-x86_64-fedora-clang 0.22.6 144.87 OK --no-stop-on-test-error
r-devel-linux-x86_64-fedora-gcc 0.22.6 143.08 OK --no-stop-on-test-error
r-devel-windows-ix86+x86_64 0.22.6 72.00 119.00 191.00 OK
r-patched-linux-x86_64 0.22.6 21.64 47.73 69.38 OK
r-patched-solaris-sparc 0.22.6 694.60 OK --no-stop-on-test-error
r-patched-solaris-x86 0.22.6 148.70 OK --no-stop-on-test-error
r-release-linux-x86_64 0.22.6 21.17 47.74 68.91 OK
r-release-windows-ix86+x86_64 0.22.6 95.00 114.00 209.00 OK
r-release-osx-x86_64 0.22.6 ERROR
r-oldrel-windows-ix86+x86_64 0.22.6 85.00 130.00 215.00 OK
r-oldrel-osx-x86_64 0.22.6 OK

Check Details

Version: 0.22.6
Check: package dependencies
Result: ERROR
    Package required but not available: ‘Rglpk’
    
    See section ‘The DESCRIPTION file’ in the ‘Writing R Extensions’
    manual.
Flavor: r-release-osx-x86_64