CRAN Package Check Results for Package sdcTable

Last updated on 2017-10-18 23:48:06.

Flavor Version Tinstall Tcheck Ttotal Status Flags
r-devel-linux-x86_64-debian-clang 0.22.8 23.28 51.44 74.72 OK
r-devel-linux-x86_64-debian-gcc 0.22.8 25.58 52.00 77.58 OK
r-devel-linux-x86_64-fedora-clang 0.22.8 146.09 OK
r-devel-linux-x86_64-fedora-gcc 0.22.8 141.86 OK
r-devel-windows-ix86+x86_64 0.22.8 77.00 180.00 257.00 OK
r-patched-linux-x86_64 0.22.8 24.18 48.43 72.61 OK
r-patched-solaris-x86 0.22.8 157.10 OK
r-release-linux-x86_64 0.22.8 24.50 49.03 73.53 OK
r-release-windows-ix86+x86_64 0.22.8 91.00 116.00 207.00 OK
r-release-osx-x86_64 0.22.8 ERROR
r-oldrel-windows-ix86+x86_64 0.22.8 91.00 139.00 230.00 OK
r-oldrel-osx-x86_64 0.22.8 OK

Check Details

Version: 0.22.8
Check: package dependencies
Result: ERROR
    Package required but not available: ‘Rglpk’
    
    See section ‘The DESCRIPTION file’ in the ‘Writing R Extensions’
    manual.
Flavor: r-release-osx-x86_64