CRAN Package Check Results for Package sdcTable

Last updated on 2014-10-24 11:47:26.

Flavor Version Tinstall Tcheck Ttotal Status Flags
r-devel-linux-x86_64-debian-clang 0.17.1 14.90 46.85 61.74 NOTE
r-devel-linux-x86_64-debian-gcc 0.17.1 16.08 47.31 63.39 NOTE
r-devel-linux-x86_64-fedora-clang 0.17.1 135.11 NOTE
r-devel-linux-x86_64-fedora-gcc 0.17.1 122.43 NOTE
r-devel-osx-x86_64-clang 0.17.1 106.33 NOTE
r-devel-windows-ix86+x86_64 0.17.1 46.00 85.00 131.00 NOTE
r-patched-linux-x86_64 0.17.1 16.54 49.28 65.82 NOTE
r-patched-solaris-sparc 0.17.1 726.40 NOTE
r-patched-solaris-x86 0.17.1 153.80 NOTE
r-release-linux-ix86 0.17.1 20.67 60.45 81.12 OK
r-release-linux-x86_64 0.17.1 16.44 48.22 64.66 OK
r-release-osx-x86_64-mavericks 0.17.1 ERROR
r-release-osx-x86_64-snowleopard 0.17.1 ERROR
r-release-windows-ix86+x86_64 0.17.1 52.00 104.00 156.00 OK
r-oldrel-windows-ix86+x86_64 0.17.1 46.00 106.00 152.00 OK

Check Details

Version: 0.17.1
Check: R code for possible problems
Result: NOTE
    my.Rglpk_solve_LP: no visible global function definition for
     ‘get.simpleTriplet’
Flavors: r-devel-linux-x86_64-debian-clang, r-devel-linux-x86_64-debian-gcc, r-devel-linux-x86_64-fedora-clang, r-devel-linux-x86_64-fedora-gcc, r-devel-osx-x86_64-clang, r-devel-windows-ix86+x86_64, r-patched-linux-x86_64, r-patched-solaris-sparc, r-patched-solaris-x86

Version: 0.17.1
Check: whether package can be installed
Result: ERROR
    Installation failed.
Flavors: r-release-osx-x86_64-mavericks, r-release-osx-x86_64-snowleopard