CRAN Package Check Results for Package sdcTable

Last updated on 2015-05-04 11:48:09.

Flavor Version Tinstall Tcheck Ttotal Status Flags
r-devel-linux-x86_64-debian-clang 0.18.0 16.11 39.48 55.59 OK
r-devel-linux-x86_64-debian-gcc 0.18.0 16.07 39.16 55.23 OK
r-devel-linux-x86_64-fedora-clang 0.18.0 114.46 OK
r-devel-linux-x86_64-fedora-gcc 0.18.0 103.16 OK
r-devel-osx-x86_64-clang 0.18.0 95.96 OK
r-devel-windows-ix86+x86_64 0.18.0 53.00 81.00 134.00 OK
r-patched-linux-x86_64 0.18.0 15.99 39.88 55.86 OK
r-patched-solaris-sparc 0.18.0 580.80 OK
r-patched-solaris-x86 0.18.0 130.70 OK
r-release-linux-x86_64 0.18.0 15.98 43.11 59.09 OK
r-release-osx-x86_64-mavericks 0.18.0 OK
r-release-osx-x86_64-snowleopard 0.18.0 ERROR
r-release-windows-ix86+x86_64 0.18.0 52.00 77.00 129.00 OK
r-oldrel-windows-ix86+x86_64 0.18.0 48.00 105.00 153.00 OK

Check Details

Version: 0.18.0
Check: whether package can be installed
Result: ERROR
    Installation failed.
Flavor: r-release-osx-x86_64-snowleopard