CRAN Package Check Results for Package sdcTable

Last updated on 2018-04-21 09:50:20 CEST.

Flavor Version Tinstall Tcheck Ttotal Status Flags
r-devel-linux-x86_64-debian-clang 0.22.8 52.31 74.56 126.87 OK
r-devel-linux-x86_64-debian-gcc 0.22.8 44.22 55.39 99.61 OK
r-devel-linux-x86_64-fedora-clang 0.22.8 159.01 OK
r-devel-linux-x86_64-fedora-gcc 0.22.8 152.29 OK
r-devel-windows-ix86+x86_64 0.22.8 112.00 124.00 236.00 NOTE
r-devel-osx-x86_64 0.22.8 ERROR
r-patched-linux-x86_64 0.22.8 53.74 70.37 124.11 OK
r-patched-solaris-x86 0.22.8 180.10 OK
r-release-linux-x86_64 0.22.8 35.35 78.56 113.91 OK
r-release-windows-ix86+x86_64 0.22.8 101.00 157.00 258.00 OK
r-release-osx-x86_64 0.22.8 ERROR
r-oldrel-windows-ix86+x86_64 0.22.8 103.00 95.00 198.00 OK

Check Details

Version: 0.22.8
Check: installed package size
Result: NOTE
     installed size is 5.2Mb
     sub-directories of 1Mb or more:
     R 1.2Mb
     libs 3.5Mb
Flavor: r-devel-windows-ix86+x86_64

Version: 0.22.8
Check: package dependencies
Result: ERROR
    Package required but not available: ‘Rglpk’
    
    See section ‘The DESCRIPTION file’ in the ‘Writing R Extensions’
    manual.
Flavors: r-devel-osx-x86_64, r-release-osx-x86_64