CRAN Package Check Results for Package sdcTable

Last updated on 2017-02-20 22:59:22.

Flavor Version Tinstall Tcheck Ttotal Status Flags
r-devel-linux-x86_64-debian-clang 0.21.6 20.54 45.05 65.59 NOTE
r-devel-linux-x86_64-debian-gcc 0.21.6 22.11 43.23 65.33 NOTE
r-devel-linux-x86_64-fedora-clang 0.21.6 128.76 NOTE --no-stop-on-test-error
r-devel-linux-x86_64-fedora-gcc 0.21.6 121.50 NOTE --no-stop-on-test-error
r-devel-macos-x86_64-clang 0.21.6 96.19 NOTE --no-stop-on-test-error
r-devel-windows-ix86+x86_64 0.21.6 111.00 113.00 224.00 OK
r-patched-linux-x86_64 0.21.6 19.33 39.27 58.60 OK
r-patched-solaris-sparc 0.21.6 608.30 OK
r-patched-solaris-x86 0.21.6 113.40 OK
r-release-linux-x86_64 0.21.6 19.03 38.88 57.91 OK
r-release-osx-x86_64-mavericks 0.21.6 OK
r-release-windows-ix86+x86_64 0.21.6 91.00 109.00 200.00 OK
r-oldrel-windows-ix86+x86_64 0.21.6 68.00 106.00 174.00 OK

Check Details

Version: 0.21.6
Check: compiled code
Result: NOTE
    File ‘sdcTable/libs/sdcTable.so’:
     Found no calls to: ‘R_registerRoutines’, ‘R_useDynamicSymbols’
    
    It is good practice to register native routines and to disable symbol
    search.
    
    See ‘Writing portable packages’ in the ‘Writing R Extensions’ manual.
Flavors: r-devel-linux-x86_64-debian-clang, r-devel-linux-x86_64-debian-gcc

Version: 0.21.6
Flags: --no-stop-on-test-error
Check: compiled code
Result: NOTE
    File ‘sdcTable/libs/sdcTable.so’:
     Found no calls to: ‘R_registerRoutines’, ‘R_useDynamicSymbols’
    
    It is good practice to register native routines and to disable symbol
    search.
    
    See ‘Writing portable packages’ in the ‘Writing R Extensions’ manual.
Flavors: r-devel-linux-x86_64-fedora-clang, r-devel-linux-x86_64-fedora-gcc, r-devel-macos-x86_64-clang