CRAN Package Check Results for Package sdcTable

Last updated on 2017-08-18 04:47:09.

Flavor Version Tinstall Tcheck Ttotal Status Flags
r-devel-linux-x86_64-debian-clang 0.22.8 22.88 50.36 73.25 OK
r-devel-linux-x86_64-debian-gcc 0.22.8 24.54 48.80 73.34 OK
r-devel-linux-x86_64-fedora-clang 0.22.8 143.31 OK
r-devel-linux-x86_64-fedora-gcc 0.22.8 137.55 OK
r-devel-windows-ix86+x86_64 0.22.8 71.00 113.00 184.00 OK
r-patched-linux-x86_64 0.22.8 24.69 50.98 75.67 OK
r-patched-solaris-x86 0.22.8 156.80 OK
r-release-linux-x86_64 0.22.8 24.21 48.45 72.65 OK
r-release-windows-ix86+x86_64 0.22.8 74.00 129.00 203.00 OK
r-release-osx-x86_64 0.22.8 ERROR
r-oldrel-windows-ix86+x86_64 0.22.8 65.00 131.00 196.00 OK
r-oldrel-osx-x86_64 0.22.8 OK

Check Details

Version: 0.22.8
Check: package dependencies
Result: ERROR
    Package required but not available: ‘Rglpk’
    
    See section ‘The DESCRIPTION file’ in the ‘Writing R Extensions’
    manual.
Flavor: r-release-osx-x86_64