CRAN Package Check Results for Package sdcTable

Last updated on 2016-02-09 21:47:17.

Flavor Version Tinstall Tcheck Ttotal Status Flags
r-devel-linux-x86_64-debian-gcc 0.20.1 18.51 37.95 56.46 OK
r-devel-linux-x86_64-fedora-clang 0.20.1 119.95 OK
r-devel-linux-x86_64-fedora-gcc 0.20.1 107.41 OK
r-devel-osx-x86_64-clang 0.20.1 113.37 OK
r-devel-windows-ix86+x86_64 0.20.1 81.00 115.00 196.00 OK
r-patched-linux-x86_64 0.20.1 18.72 40.33 59.06 OK
r-patched-solaris-sparc 0.20.1 668.80 OK
r-patched-solaris-x86 0.20.1 133.60 OK
r-release-linux-x86_64 0.20.1 20.73 40.59 61.32 OK
r-release-osx-x86_64-mavericks 0.20.1 ERROR
r-release-windows-ix86+x86_64 0.20.1 80.00 125.00 205.00 OK
r-oldrel-windows-ix86+x86_64 0.20.1 93.00 124.00 217.00 OK

Check Details

Version: 0.20.1
Check: whether package can be installed
Result: ERROR
    Installation failed.
Flavor: r-release-osx-x86_64-mavericks