CRAN Package Check Results for Package sdcTable

Last updated on 2016-07-25 23:48:18.

Flavor Version Tinstall Tcheck Ttotal Status Flags
r-devel-linux-x86_64-debian-clang 0.21.5 25.90 44.13 70.03 ERROR
r-devel-linux-x86_64-debian-gcc 0.21.5 27.68 44.12 71.80 ERROR
r-devel-linux-x86_64-fedora-clang 0.21.5 125.62 ERROR
r-devel-linux-x86_64-fedora-gcc 0.21.5 106.86 ERROR
r-devel-osx-x86_64-clang 0.21.5 86.47 ERROR
r-devel-windows-ix86+x86_64 0.21.5 84.00 114.00 198.00 ERROR
r-patched-linux-x86_64 0.21.5 21.90 44.05 65.95 ERROR
r-patched-solaris-sparc 0.21.5 645.10 ERROR
r-patched-solaris-x86 0.21.5 128.30 ERROR
r-release-linux-x86_64 0.21.5 22.45 45.45 67.90 ERROR
r-release-osx-x86_64-mavericks 0.21.5 OK
r-release-windows-ix86+x86_64 0.21.5 98.00 129.00 227.00 ERROR
r-oldrel-windows-ix86+x86_64 0.21.5 87.00 152.00 239.00 ERROR

Check Details

Version: 0.21.5
Check: tests
Result: ERROR
    Running the tests in ‘tests/testthat.R’ failed.
    Last 13 lines of output:
     Loading required package: sdcTable
     Loading required package: stringr
     Loading required package: Rcpp
     Loading required package: Rglpk
     Loading required package: slam
     Using the GLPK callable library version 4.60
     Loading required package: lpSolveAPI
     Package sdcTable 0.21.5 has been loaded!
    
     Error in glp_call_interface(obj, n_of_objective_vars, get.simpleTriplet(mat, :
     argument "presolve" is missing, with no default
     Calls: test_check ... c_solve_problem -> my.Rglpk_solve_LP -> glp_call_interface
     testthat results ================================================================
     OK: 0 SKIPPED: 0 FAILED: 0
     Execution halted
Flavors: r-devel-linux-x86_64-debian-clang, r-devel-linux-x86_64-debian-gcc, r-devel-osx-x86_64-clang

Version: 0.21.5
Check: tests
Result: ERROR
    Running the tests in ‘tests/testthat.R’ failed.
    Last 13 lines of output:
     Loading required package: sdcTable
     Loading required package: stringr
     Loading required package: Rcpp
     Loading required package: Rglpk
     Loading required package: slam
     Using the GLPK callable library version 4.55
     Loading required package: lpSolveAPI
     Package sdcTable 0.21.5 has been loaded!
    
     Error in glp_call_interface(obj, n_of_objective_vars, get.simpleTriplet(mat, :
     argument "presolve" is missing, with no default
     Calls: test_check ... c_solve_problem -> my.Rglpk_solve_LP -> glp_call_interface
     testthat results ================================================================
     OK: 0 SKIPPED: 0 FAILED: 0
     Execution halted
Flavors: r-devel-linux-x86_64-fedora-clang, r-devel-linux-x86_64-fedora-gcc

Version: 0.21.5
Check: running tests for arch ‘i386’
Result: ERROR
    Running the tests in 'tests/testthat.R' failed.
    Last 13 lines of output:
     Loading required package: sdcTable
     Loading required package: stringr
     Loading required package: Rcpp
     Loading required package: Rglpk
     Loading required package: slam
     Using the GLPK callable library version 4.47
     Loading required package: lpSolveAPI
     Package sdcTable 0.21.5 has been loaded!
    
     Error in glp_call_interface(obj, n_of_objective_vars, get.simpleTriplet(mat, :
     argument "presolve" is missing, with no default
     Calls: test_check ... c_solve_problem -> my.Rglpk_solve_LP -> glp_call_interface
     testthat results ================================================================
     OK: 0 SKIPPED: 0 FAILED: 0
     Execution halted
Flavor: r-devel-windows-ix86+x86_64

Version: 0.21.5
Check: running tests for arch ‘x64’
Result: ERROR
    Running the tests in 'tests/testthat.R' failed.
    Last 13 lines of output:
     Loading required package: sdcTable
     Loading required package: stringr
     Loading required package: Rcpp
     Loading required package: Rglpk
     Loading required package: slam
     Using the GLPK callable library version 4.47
     Loading required package: lpSolveAPI
     Package sdcTable 0.21.5 has been loaded!
    
     Error in glp_call_interface(obj, n_of_objective_vars, get.simpleTriplet(mat, :
     argument "presolve" is missing, with no default
     Calls: test_check ... c_solve_problem -> my.Rglpk_solve_LP -> glp_call_interface
     testthat results ================================================================
     OK: 0 SKIPPED: 0 FAILED: 0
     Execution halted
Flavor: r-devel-windows-ix86+x86_64

Version: 0.21.5
Check: tests
Result: ERROR
    Running the tests in ‘tests/testthat.R’ failed.
    Last 13 lines of output:
     Loading required package: Rcpp
     Loading required package: Rglpk
     Loading required package: slam
     Using the GLPK callable library version 4.60
     Loading required package: lpSolveAPI
     Package sdcTable 0.21.5 has been loaded!
    
     Error in glp_call_interface(obj, n_of_objective_vars, get.simpleTriplet(mat, :
     argument "presolve" is missing, with no default
     Calls: test_check ... c_solve_problem -> my.Rglpk_solve_LP -> glp_call_interface
     testthat results ================================================================
     OK: 0 SKIPPED: 0 FAILED: 0
     Execution halted
Flavors: r-patched-linux-x86_64, r-patched-solaris-sparc, r-patched-solaris-x86, r-release-linux-x86_64

Version: 0.21.5
Check: running tests for arch ‘i386’
Result: ERROR
    Running the tests in 'tests/testthat.R' failed.
    Last 13 lines of output:
     Loading required package: Rcpp
     Loading required package: Rglpk
     Loading required package: slam
     Using the GLPK callable library version 4.47
     Loading required package: lpSolveAPI
     Package sdcTable 0.21.5 has been loaded!
    
     Error in glp_call_interface(obj, n_of_objective_vars, get.simpleTriplet(mat, :
     argument "presolve" is missing, with no default
     Calls: test_check ... c_solve_problem -> my.Rglpk_solve_LP -> glp_call_interface
     testthat results ================================================================
     OK: 0 SKIPPED: 0 FAILED: 0
     Execution halted
Flavors: r-release-windows-ix86+x86_64, r-oldrel-windows-ix86+x86_64

Version: 0.21.5
Check: running tests for arch ‘x64’
Result: ERROR
    Running the tests in 'tests/testthat.R' failed.
    Last 13 lines of output:
     Loading required package: Rcpp
     Loading required package: Rglpk
     Loading required package: slam
     Using the GLPK callable library version 4.47
     Loading required package: lpSolveAPI
     Package sdcTable 0.21.5 has been loaded!
    
     Error in glp_call_interface(obj, n_of_objective_vars, get.simpleTriplet(mat, :
     argument "presolve" is missing, with no default
     Calls: test_check ... c_solve_problem -> my.Rglpk_solve_LP -> glp_call_interface
     testthat results ================================================================
     OK: 0 SKIPPED: 0 FAILED: 0
     Execution halted
Flavors: r-release-windows-ix86+x86_64, r-oldrel-windows-ix86+x86_64