CRAN Package Check Results for Package sdcTable

Last updated on 2015-07-07 03:47:57.

Flavor Version Tinstall Tcheck Ttotal Status Flags
r-devel-linux-x86_64-debian-clang 0.18.1 15.04 39.15 54.19 NOTE
r-devel-linux-x86_64-debian-gcc 0.18.1 17.32 39.59 56.91 NOTE
r-devel-linux-x86_64-fedora-clang 0.18.1 114.73 NOTE
r-devel-linux-x86_64-fedora-gcc 0.18.1 104.32 NOTE
r-devel-osx-x86_64-clang 0.18.1 86.32 OK
r-devel-windows-ix86+x86_64 0.18.1 56.00 92.00 148.00 NOTE
r-patched-linux-x86_64 0.18.1 16.90 38.97 55.87 OK
r-patched-solaris-sparc 0.18.1 658.70 OK
r-patched-solaris-x86 0.18.1 135.60 OK
r-release-linux-x86_64 0.18.1 16.05 39.12 55.17 OK
r-release-osx-x86_64-mavericks 0.18.1 OK
r-release-windows-ix86+x86_64 0.18.1 78.00 91.00 169.00 OK
r-oldrel-windows-ix86+x86_64 0.18.1 54.00 127.00 181.00 OK

Check Details

Version: 0.18.1
Check: R code for possible problems
Result: NOTE
    makeProblem : doPrep: no visible global function definition for
     ‘na.omit’
    c_quick_suppression,sdcProblem-list : suppMultDimTable: no visible
     global function definition for ‘combn’
    c_rule_nk,sdcProblem-list : <anonymous>: no visible global function
     definition for ‘tail’
    c_rule_p,sdcProblem-list : <anonymous>: no visible global function
     definition for ‘tail’
    c_rule_pq,sdcProblem-list : <anonymous>: no visible global function
     definition for ‘tail’
    init.dimVar,list: no visible global function definition for
     ‘read.table’
    show,safeObj: no visible global function definition for ‘str’
    summary,safeObj: no visible global function definition for ‘str’
    Undefined global functions or variables:
     combn na.omit read.table str tail
Flavors: r-devel-linux-x86_64-debian-clang, r-devel-linux-x86_64-debian-gcc, r-devel-linux-x86_64-fedora-clang, r-devel-linux-x86_64-fedora-gcc, r-devel-windows-ix86+x86_64