CRAN Package Check Results for Package sdcTable

Last updated on 2014-09-02 17:46:59.

Flavor Version Tinstall Tcheck Ttotal Status Flags
r-devel-linux-x86_64-debian-clang 0.17.1 13.93 44.09 58.02 NOTE
r-devel-linux-x86_64-debian-gcc 0.17.1 16.01 44.36 60.37 NOTE
r-devel-linux-x86_64-fedora-clang 0.17.1 131.36 NOTE
r-devel-linux-x86_64-fedora-gcc 0.17.1 120.43 NOTE
r-devel-osx-x86_64-clang 0.17.1 102.06 NOTE
r-devel-windows-ix86+x86_64 0.17.1 47.00 91.00 138.00 NOTE
r-patched-linux-x86_64 0.17.1 16.19 46.50 62.70 OK
r-patched-solaris-sparc 0.17.1 727.60 OK
r-patched-solaris-x86 0.17.1 152.10 OK
r-release-linux-ix86 0.17.1 20.84 58.80 79.64 OK
r-release-linux-x86_64 0.17.1 16.43 46.57 63.00 OK
r-release-osx-x86_64-mavericks 0.17.1 ERROR
r-release-osx-x86_64-snowleopard 0.17.1 ERROR
r-release-windows-ix86+x86_64 0.17.1 52.00 96.00 148.00 OK
r-oldrel-windows-ix86+x86_64 0.17.1 51.00 105.00 156.00 OK

Check Details

Version: 0.17.1
Check: R code for possible problems
Result: NOTE
    my.Rglpk_solve_LP: no visible global function definition for
     ‘get.simpleTriplet’
Flavors: r-devel-linux-x86_64-debian-clang, r-devel-linux-x86_64-debian-gcc, r-devel-linux-x86_64-fedora-clang, r-devel-linux-x86_64-fedora-gcc, r-devel-osx-x86_64-clang, r-devel-windows-ix86+x86_64

Version: 0.17.1
Check: whether package can be installed
Result: ERROR
    Installation failed.
Flavors: r-release-osx-x86_64-mavericks, r-release-osx-x86_64-snowleopard