CRAN Package Check Results for Package sdcTable

Last updated on 2014-07-25 12:47:39.

Flavor Version Tinstall Tcheck Ttotal Status Flags
r-devel-linux-x86_64-debian-clang 0.17.1 14.25 45.66 59.92 OK
r-devel-linux-x86_64-debian-gcc 0.17.1 16.28 45.93 62.20 OK
r-devel-linux-x86_64-fedora-clang 0.17.1 133.49 OK
r-devel-linux-x86_64-fedora-gcc 0.17.1 125.87 OK
r-devel-osx-x86_64-clang 0.17.1 109.89 OK
r-devel-windows-ix86+x86_64 0.17.1 49.00 95.00 144.00 OK
r-patched-linux-x86_64 0.17.1 16.27 45.44 61.71 OK
r-patched-solaris-sparc 0.17.1 668.40 OK
r-patched-solaris-x86 0.17.1 151.30 OK
r-release-linux-ix86 0.17.1 20.32 58.82 79.14 OK
r-release-linux-x86_64 0.17.1 16.31 47.25 63.56 OK
r-release-osx-x86_64-mavericks 0.17.1 ERROR
r-release-osx-x86_64-snowleopard 0.17.1 ERROR
r-release-windows-ix86+x86_64 0.17.1 47.00 93.00 140.00 OK
r-oldrel-windows-ix86+x86_64 0.17.1 53.00 96.00 149.00 OK

Check Details

Version: 0.17.1
Check: whether package can be installed
Result: ERROR
    Installation failed.
    See ‘/Builds/CRAN-QA-Simon/packages/mavericks-x86_64/results/3.1/sdcTable.Rcheck/00install.out’ for details.
Flavor: r-release-osx-x86_64-mavericks

Version: 0.17.1
Check: whether package can be installed
Result: ERROR
    Installation failed.
    See ‘/Volumes/XT3/Builds/R-dev-web/QA/Simon/packages/snowleopard-x86_64/results/3.1/sdcTable.Rcheck/00install.out’ for details.
Flavor: r-release-osx-x86_64-snowleopard