CRAN Package Check Results for Package sdcTable

Last updated on 2017-12-13 20:48:58 CET.

Flavor Version Tinstall Tcheck Ttotal Status Flags
r-devel-linux-x86_64-debian-clang 0.22.8 30.68 81.85 112.53 OK
r-devel-linux-x86_64-debian-gcc 0.22.8 26.33 42.72 69.05 FAIL
r-devel-linux-x86_64-fedora-clang 0.22.8 140.86 OK
r-devel-linux-x86_64-fedora-gcc 0.22.8 135.47 OK
r-devel-windows-ix86+x86_64 0.22.8 110.00 156.00 266.00 OK
r-patched-linux-x86_64 0.22.8 32.08 82.57 114.65 OK
r-patched-solaris-x86 0.22.8 157.60 OK
r-release-linux-x86_64 0.22.8 33.13 81.53 114.66 OK
r-release-windows-ix86+x86_64 0.22.8 73.00 123.00 196.00 OK
r-release-osx-x86_64 0.22.8 ERROR
r-oldrel-windows-ix86+x86_64 0.22.8 98.00 129.00 227.00 OK
r-oldrel-osx-x86_64 0.22.8 OK

Check Details

Version: 0.22.8
Check: pragmas in C/C++ headers and code
Result: FAIL
    
Flavor: r-devel-linux-x86_64-debian-gcc

Version: 0.22.8
Check: package dependencies
Result: ERROR
    Package required but not available: ‘Rglpk’
    
    See section ‘The DESCRIPTION file’ in the ‘Writing R Extensions’
    manual.
Flavor: r-release-osx-x86_64