Last updated on 2022-07-04 16:52:39 CEST.
Flavor | Version | Tinstall | Tcheck | Ttotal | Status | Flags |
---|---|---|---|---|---|---|
r-devel-linux-x86_64-debian-clang | 2.0.15 | 14.01 | 106.80 | 120.81 | OK | |
r-devel-linux-x86_64-debian-gcc | 2.0.15 | 10.14 | 81.82 | 91.96 | OK | |
r-devel-linux-x86_64-fedora-clang | 2.0.15 | 152.96 | NOTE | |||
r-devel-linux-x86_64-fedora-gcc | 2.0.15 | 154.01 | NOTE | |||
r-devel-windows-x86_64 | 2.0.15 | 34.00 | 138.00 | 172.00 | OK | |
r-patched-linux-x86_64 | 2.0.15 | 13.89 | 101.18 | 115.07 | OK | |
r-release-linux-x86_64 | 2.0.15 | 9.92 | 103.73 | 113.65 | OK | |
r-release-macos-arm64 | 2.0.15 | 50.00 | OK | |||
r-release-macos-x86_64 | 2.0.15 | 76.00 | OK | |||
r-release-windows-x86_64 | 2.0.15 | 39.00 | 144.00 | 183.00 | OK | |
r-oldrel-macos-arm64 | 2.0.15 | 54.00 | OK | |||
r-oldrel-macos-x86_64 | 2.0.15 | 76.00 | OK | |||
r-oldrel-windows-ix86+x86_64 | 2.0.15 | 31.00 | 176.00 | 207.00 | OK |
Version: 2.0.15
Check: compiled code
Result: NOTE
File ‘sde/libs/sde.so’:
Found no call to: ‘R_useDynamicSymbols’
It is good practice to register native routines and to disable symbol
search.
See ‘Writing portable packages’ in the ‘Writing R Extensions’ manual.
Flavors: r-devel-linux-x86_64-fedora-clang, r-devel-linux-x86_64-fedora-gcc