CRAN Package Check Results for Package sdef

Last updated on 2020-09-30 21:49:29 CEST.

Flavor Version Tinstall Tcheck Ttotal Status Flags
r-devel-linux-x86_64-debian-clang 1.7 3.84 50.15 53.99 NOTE
r-devel-linux-x86_64-debian-gcc 1.7 2.80 33.47 36.27 NOTE
r-devel-linux-x86_64-fedora-clang 1.7 68.98 NOTE
r-devel-linux-x86_64-fedora-gcc 1.7 61.57 NOTE
r-devel-windows-ix86+x86_64 1.7 8.00 48.00 56.00 OK
r-patched-linux-x86_64 1.7 3.06 44.94 48.00 NOTE
r-patched-solaris-x86 1.7 78.60 NOTE
r-release-linux-x86_64 1.7 3.62 44.28 47.90 NOTE
r-release-macos-x86_64 1.7 OK
r-release-windows-ix86+x86_64 1.7 7.00 75.00 82.00 OK
r-oldrel-macos-x86_64 1.7 OK
r-oldrel-windows-ix86+x86_64 1.7 5.00 69.00 74.00 OK

Check Details

Version: 1.7
Check: for non-standard things in the check directory
Result: NOTE
    Found the following files/directories:
     'MC p-value.ps' 'Output.csv' 'Rh.ps' 'Th.ps' 'dataratio .Rdata'
     'featuresRmax.csv' 'featuresT.csv'
Flavors: r-devel-linux-x86_64-debian-clang, r-devel-linux-x86_64-debian-gcc, r-devel-linux-x86_64-fedora-clang, r-devel-linux-x86_64-fedora-gcc, r-patched-linux-x86_64, r-patched-solaris-x86, r-release-linux-x86_64