CRAN Package Check Results for Package sdpdth

Last updated on 2024-02-28 18:50:47 CET.

Flavor Version Tinstall Tcheck Ttotal Status Flags
r-devel-linux-x86_64-debian-clang 0.2 62.43 114.15 176.58 NOTE
r-devel-linux-x86_64-debian-gcc 0.2 40.48 85.18 125.66 NOTE
r-devel-linux-x86_64-fedora-clang 0.2 213.44 NOTE
r-devel-linux-x86_64-fedora-gcc 0.2 208.95 NOTE
r-devel-windows-x86_64 0.2 41.00 112.00 153.00 NOTE
r-patched-linux-x86_64 0.2 50.96 108.92 159.88 NOTE
r-release-linux-x86_64 0.2 48.71 115.24 163.95 NOTE
r-release-macos-arm64 0.2 59.00 NOTE
r-release-macos-x86_64 0.2 88.00 NOTE
r-release-windows-x86_64 0.2 55.00 130.00 185.00 NOTE
r-oldrel-macos-arm64 0.2 52.00 OK
r-oldrel-windows-x86_64 0.2 53.00 129.00 182.00 OK

Check Details

Version: 0.2
Check: C++ specification
Result: NOTE Specified C++11: please drop specification unless essential Flavors: r-devel-linux-x86_64-debian-clang, r-devel-linux-x86_64-debian-gcc, r-devel-linux-x86_64-fedora-clang, r-devel-linux-x86_64-fedora-gcc, r-devel-windows-x86_64, r-patched-linux-x86_64, r-release-linux-x86_64, r-release-macos-arm64, r-release-macos-x86_64, r-release-windows-x86_64

Version: 0.2
Check: Rd files
Result: NOTE checkRd: (-1) msdpd.Rd:69: Lost braces in \itemize; meant \describe ? checkRd: (-1) msdpd.Rd:76: Lost braces in \itemize; meant \describe ? checkRd: (-1) msdpd.Rd:77: Lost braces in \itemize; meant \describe ? checkRd: (-1) msdpd.Rd:78: Lost braces in \itemize; meant \describe ? checkRd: (-1) msdpd.Rd:53: Lost braces in \itemize; \value handles \item{}{} directly checkRd: (-1) msdpd.Rd:54: Lost braces in \itemize; \value handles \item{}{} directly checkRd: (-1) msdpd.Rd:55: Lost braces in \itemize; \value handles \item{}{} directly checkRd: (-1) msdpd.Rd:56: Lost braces in \itemize; \value handles \item{}{} directly checkRd: (-1) msdpdth.Rd:84: Lost braces in \itemize; meant \describe ? checkRd: (-1) msdpdth.Rd:91: Lost braces in \itemize; meant \describe ? checkRd: (-1) msdpdth.Rd:92: Lost braces in \itemize; meant \describe ? checkRd: (-1) msdpdth.Rd:93: Lost braces in \itemize; meant \describe ? checkRd: (-1) msdpdth.Rd:65: Lost braces in \itemize; \value handles \item{}{} directly checkRd: (-1) msdpdth.Rd:66: Lost braces in \itemize; \value handles \item{}{} directly checkRd: (-1) msdpdth.Rd:67: Lost braces in \itemize; \value handles \item{}{} directly checkRd: (-1) msdpdth.Rd:68: Lost braces in \itemize; \value handles \item{}{} directly checkRd: (-1) msdpdth.Rd:69: Lost braces in \itemize; \value handles \item{}{} directly checkRd: (-1) msdpdth.Rd:70: Lost braces in \itemize; \value handles \item{}{} directly Flavors: r-devel-linux-x86_64-debian-clang, r-devel-linux-x86_64-debian-gcc, r-devel-linux-x86_64-fedora-clang, r-devel-linux-x86_64-fedora-gcc