CRAN Package Check Results for Package sdtoolkit

Last updated on 2015-07-07 03:47:57.

Flavor Version Tinstall Tcheck Ttotal Status Flags
r-devel-linux-x86_64-debian-clang 2.33-1 0.60 14.72 15.33 NOTE
r-devel-linux-x86_64-debian-gcc 2.33-1 0.61 15.45 16.06 NOTE
r-devel-linux-x86_64-fedora-clang 2.33-1 27.81 NOTE
r-devel-linux-x86_64-fedora-gcc 2.33-1 26.82 NOTE
r-devel-osx-x86_64-clang 2.33-1 26.35 OK
r-devel-windows-ix86+x86_64 2.33-1 2.00 24.00 26.00 NOTE
r-patched-linux-x86_64 2.33-1 0.62 15.53 16.15 OK
r-patched-solaris-sparc 2.33-1 187.50 OK
r-patched-solaris-x86 2.33-1 38.80 OK
r-release-linux-x86_64 2.33-1 0.67 15.51 16.18 OK
r-release-osx-x86_64-mavericks 2.33-1 OK
r-release-windows-ix86+x86_64 2.33-1 3.00 26.00 29.00 OK
r-oldrel-windows-ix86+x86_64 2.33-1 4.00 25.00 29.00 OK

Check Details

Version: 2.33-1
Check: R code for possible problems
Result: NOTE
    colptplot: no visible global function definition for ‘plot’
    dimplot: no visible global function definition for ‘par’
    dimplot: no visible global function definition for ‘barplot’
    dimplot: no visible global function definition for ‘axis’
    find.traj: no visible global function definition for ‘flush.console’
    nullprob: no visible global function definition for ‘pbinom’
    pbox: no visible global function definition for ‘rect’
    pbox: no visible global function definition for ‘par’
    prim.traj: no visible global function definition for ‘flush.console’
    prim.trajauto: no visible global function definition for
     ‘flush.console’
    resampstats: no visible binding for global variable ‘sd’
    scatterbox: no visible binding for global variable ‘box’
    sd.start: no visible global function definition for ‘read.csv’
    sd.start: no visible global function definition for ‘par’
    sd.start: no visible global function definition for ‘graphics.off’
    sd.start: no visible global function definition for ‘hist’
    sd.start: no visible global function definition for ‘plot.ecdf’
    sd.start: no visible global function definition for ‘write.csv’
    sd.start: no visible global function definition for ‘flush.console’
    trajplot: no visible global function definition for ‘plot’
    trajplot: no visible global function definition for ‘points’
    trajplot: no visible global function definition for ‘flush.console’
    trajplot: no visible global function definition for ‘lm’
    trajplot: no visible global function definition for ‘predict.lm’
    trajplot: no visible global function definition for ‘identify’
    Undefined global functions or variables:
     axis barplot box flush.console graphics.off hist identify lm par
     pbinom plot plot.ecdf points predict.lm read.csv rect sd write.csv
Flavors: r-devel-linux-x86_64-debian-clang, r-devel-linux-x86_64-debian-gcc, r-devel-linux-x86_64-fedora-clang, r-devel-linux-x86_64-fedora-gcc

Version: 2.33-1
Check: R code for possible problems
Result: NOTE
    colptplot: no visible global function definition for 'plot'
    dimplot: no visible global function definition for 'par'
    dimplot: no visible global function definition for 'barplot'
    dimplot: no visible global function definition for 'axis'
    find.traj: no visible global function definition for 'flush.console'
    nullprob: no visible global function definition for 'pbinom'
    pbox: no visible global function definition for 'rect'
    pbox: no visible global function definition for 'par'
    prim.traj: no visible global function definition for 'flush.console'
    prim.traj: no visible global function definition for 'bringToTop'
    prim.trajauto: no visible global function definition for
     'flush.console'
    resampstats: no visible binding for global variable 'sd'
    scatterbox: no visible binding for global variable 'box'
    sd.start: no visible global function definition for 'read.csv'
    sd.start: no visible global function definition for 'par'
    sd.start: no visible global function definition for 'graphics.off'
    sd.start: no visible global function definition for 'hist'
    sd.start: no visible global function definition for 'plot.ecdf'
    sd.start: no visible global function definition for 'write.csv'
    sd.start: no visible global function definition for 'flush.console'
    trajplot: no visible global function definition for 'plot'
    trajplot: no visible global function definition for 'bringToTop'
    trajplot: no visible global function definition for 'points'
    trajplot: no visible global function definition for 'flush.console'
    trajplot: no visible global function definition for 'lm'
    trajplot: no visible global function definition for 'predict.lm'
    trajplot: no visible global function definition for 'identify'
    Undefined global functions or variables:
     axis barplot box bringToTop flush.console graphics.off hist identify
     lm par pbinom plot plot.ecdf points predict.lm read.csv rect sd
     write.csv
Flavor: r-devel-windows-ix86+x86_64