CRAN Package Check Results for Package sdtoolkit

Last updated on 2014-04-25 05:47:25.

Flavor Version Tinstall Tcheck Ttotal Status Flags
r-devel-linux-x86_64-debian-clang 2.33-1 0.80 15.94 16.74 OK
r-devel-linux-x86_64-debian-gcc 2.33-1 0.74 16.32 17.06 OK
r-devel-linux-x86_64-fedora-clang 2.33-1 32.09 OK
r-devel-linux-x86_64-fedora-gcc 2.33-1 30.05 OK
r-devel-osx-x86_64-clang 2.33-1 31.80 OK
r-devel-osx-x86_64-gcc 2.33-1 OK
r-devel-windows-ix86+x86_64 2.33-1 2.00 21.00 23.00 OK
r-patched-linux-x86_64 2.33-1 0.75 16.27 17.02 OK
r-patched-solaris-sparc 2.33-1 175.50 OK
r-patched-solaris-x86 2.33-1 39.70 OK
r-release-linux-ix86 2.33-1 1.00 31.00 32.00 OK
r-release-linux-x86_64 2.33-1 0.72 16.24 16.96 OK
r-release-osx-x86_64-mavericks 2.33-1 WARN
r-release-osx-x86_64-snowleopard 2.33-1 OK
r-release-windows-ix86+x86_64 2.33-1 4.00 32.00 36.00 OK
r-oldrel-windows-ix86+x86_64 2.33-1 3.00 25.00 28.00 OK

Check Details

Version: 2.33-1
Check: PDF version of manual
Result: WARNING
    LaTeX errors when creating PDF version.
    This typically indicates Rd problems.
    LaTeX errors found:
    ! LaTeX Error: File `upquote.sty' not found.
    
    Type X to quit or <RETURN> to proceed,
    or enter new name. (Default extension: sty)
    
    1ada28eb/Rd2.tex:8: ==> Fatal error occurred, no output PDF file produced!
Flavor: r-release-osx-x86_64-mavericks