CRAN Package Check Results for Package sdtoolkit

Last updated on 2015-08-30 15:47:01.

Flavor Version Tinstall Tcheck Ttotal Status Flags
r-devel-linux-x86_64-debian-clang 2.33-1 0.60 14.70 15.30 NOTE
r-devel-linux-x86_64-debian-gcc 2.33-1 0.59 15.24 15.83 NOTE
r-devel-linux-x86_64-fedora-clang 2.33-1 29.11 NOTE
r-devel-linux-x86_64-fedora-gcc 2.33-1 26.12 NOTE
r-devel-osx-x86_64-clang 2.33-1 27.29 OK
r-devel-windows-ix86+x86_64 2.33-1 5.00 26.00 31.00 NOTE
r-patched-linux-x86_64 2.33-1 0.64 15.08 15.72 OK
r-patched-solaris-sparc 2.33-1 192.10 OK
r-patched-solaris-x86 2.33-1 41.00 OK
r-release-linux-x86_64 2.33-1 0.64 15.54 16.18 OK
r-release-osx-x86_64-mavericks 2.33-1 OK
r-release-windows-ix86+x86_64 2.33-1 5.00 25.00 30.00 OK
r-oldrel-windows-ix86+x86_64 2.33-1 4.00 25.00 29.00 OK

Check Details

Version: 2.33-1
Check: R code for possible problems
Result: NOTE
    colptplot: no visible global function definition for ‘plot’
    dimplot: no visible global function definition for ‘par’
    dimplot: no visible global function definition for ‘barplot’
    dimplot: no visible global function definition for ‘axis’
    find.traj: no visible global function definition for ‘flush.console’
    nullprob: no visible global function definition for ‘pbinom’
    pbox: no visible global function definition for ‘rect’
    pbox: no visible global function definition for ‘par’
    prim.traj: no visible global function definition for ‘flush.console’
    prim.trajauto: no visible global function definition for
     ‘flush.console’
    resampstats: no visible binding for global variable ‘sd’
    scatterbox: no visible binding for global variable ‘box’
    sd.start: no visible global function definition for ‘read.csv’
    sd.start: no visible global function definition for ‘par’
    sd.start: no visible global function definition for ‘graphics.off’
    sd.start: no visible global function definition for ‘hist’
    sd.start: no visible global function definition for ‘plot.ecdf’
    sd.start: no visible global function definition for ‘write.csv’
    sd.start: no visible global function definition for ‘flush.console’
    trajplot: no visible global function definition for ‘plot’
    trajplot: no visible global function definition for ‘points’
    trajplot: no visible global function definition for ‘flush.console’
    trajplot: no visible global function definition for ‘lm’
    trajplot: no visible global function definition for ‘predict.lm’
    trajplot: no visible global function definition for ‘identify’
    Undefined global functions or variables:
     axis barplot box flush.console graphics.off hist identify lm par
     pbinom plot plot.ecdf points predict.lm read.csv rect sd write.csv
    Consider adding
     importFrom("grDevices", "graphics.off")
     importFrom("graphics", "axis", "barplot", "box", "hist", "identify",
     "par", "plot", "points", "rect")
     importFrom("stats", "lm", "pbinom", "plot.ecdf", "predict.lm", "sd")
     importFrom("utils", "flush.console", "read.csv", "write.csv")
    to your NAMESPACE.
Flavors: r-devel-linux-x86_64-debian-clang, r-devel-linux-x86_64-debian-gcc, r-devel-linux-x86_64-fedora-clang, r-devel-linux-x86_64-fedora-gcc

Version: 2.33-1
Check: R code for possible problems
Result: NOTE
    colptplot: no visible global function definition for 'plot'
    dimplot: no visible global function definition for 'par'
    dimplot: no visible global function definition for 'barplot'
    dimplot: no visible global function definition for 'axis'
    find.traj: no visible global function definition for 'flush.console'
    nullprob: no visible global function definition for 'pbinom'
    pbox: no visible global function definition for 'rect'
    pbox: no visible global function definition for 'par'
    prim.traj: no visible global function definition for 'flush.console'
    prim.traj: no visible global function definition for 'bringToTop'
    prim.trajauto: no visible global function definition for
     'flush.console'
    resampstats: no visible binding for global variable 'sd'
    scatterbox: no visible binding for global variable 'box'
    sd.start: no visible global function definition for 'read.csv'
    sd.start: no visible global function definition for 'par'
    sd.start: no visible global function definition for 'graphics.off'
    sd.start: no visible global function definition for 'hist'
    sd.start: no visible global function definition for 'plot.ecdf'
    sd.start: no visible global function definition for 'write.csv'
    sd.start: no visible global function definition for 'flush.console'
    trajplot: no visible global function definition for 'plot'
    trajplot: no visible global function definition for 'bringToTop'
    trajplot: no visible global function definition for 'points'
    trajplot: no visible global function definition for 'flush.console'
    trajplot: no visible global function definition for 'lm'
    trajplot: no visible global function definition for 'predict.lm'
    trajplot: no visible global function definition for 'identify'
    Undefined global functions or variables:
     axis barplot box bringToTop flush.console graphics.off hist identify
     lm par pbinom plot plot.ecdf points predict.lm read.csv rect sd
     write.csv
    Consider adding
     importFrom("grDevices", "bringToTop", "graphics.off")
     importFrom("graphics", "axis", "barplot", "box", "hist", "identify",
     "par", "plot", "points", "rect")
     importFrom("stats", "lm", "pbinom", "plot.ecdf", "predict.lm", "sd")
     importFrom("utils", "flush.console", "read.csv", "write.csv")
    to your NAMESPACE.
Flavor: r-devel-windows-ix86+x86_64