CRAN Package Check Results for Package seagull

Last updated on 2022-12-02 05:55:28 CET.

Flavor Version Tinstall Tcheck Ttotal Status Flags
r-devel-linux-x86_64-debian-clang 1.1.0 183.06 61.31 244.37 OK
r-devel-linux-x86_64-debian-gcc 1.1.0 134.38 46.40 180.78 OK
r-devel-linux-x86_64-fedora-clang 1.1.0 361.28 OK
r-devel-linux-x86_64-fedora-gcc 1.1.0 319.87 OK
r-devel-windows-x86_64 1.1.0 136.00 115.00 251.00 OK
r-patched-linux-x86_64 1.1.0 140.05 58.90 198.95 OK
r-release-linux-x86_64 1.1.0 143.69 58.91 202.60 OK
r-release-macos-arm64 1.1.0 78.00 NOTE
r-release-macos-x86_64 1.1.0 97.00 NOTE
r-release-windows-x86_64 1.1.0 216.00 121.00 337.00 OK
r-oldrel-macos-arm64 1.1.0 81.00 NOTE
r-oldrel-macos-x86_64 1.1.0 145.00 NOTE
r-oldrel-windows-ix86+x86_64 1.1.0 425.00 133.00 558.00 OK

Check Details

Version: 1.1.0
Check: installed package size
Result: NOTE
     installed size is 5.7Mb
     sub-directories of 1Mb or more:
     libs 5.0Mb
Flavors: r-release-macos-arm64, r-release-macos-x86_64, r-oldrel-macos-arm64, r-oldrel-macos-x86_64