CRAN Package Check Results for Package seas

Last updated on 2014-10-21 01:47:25.

Flavor Version Tinstall Tcheck Ttotal Status Flags
r-devel-linux-x86_64-debian-clang 0.4-3 1.62 33.86 35.48 NOTE
r-devel-linux-x86_64-debian-gcc 0.4-3 1.64 34.35 35.99 NOTE
r-devel-linux-x86_64-fedora-clang 0.4-3 70.19 NOTE
r-devel-linux-x86_64-fedora-gcc 0.4-3 66.14 NOTE
r-devel-osx-x86_64-clang 0.4-3 65.37 NOTE
r-devel-windows-ix86+x86_64 0.4-3 7.00 86.00 93.00 NOTE
r-patched-linux-x86_64 0.4-3 1.55 35.06 36.61 NOTE
r-patched-solaris-sparc 0.4-3 421.70 NOTE
r-patched-solaris-x86 0.4-3 87.70 NOTE
r-release-linux-ix86 0.4-3 2.16 44.50 46.66 NOTE
r-release-linux-x86_64 0.4-3 1.54 35.28 36.82 NOTE
r-release-osx-x86_64-mavericks 0.4-3 NOTE
r-release-osx-x86_64-snowleopard 0.4-3 NOTE
r-release-windows-ix86+x86_64 0.4-3 7.00 97.00 104.00 NOTE
r-oldrel-windows-ix86+x86_64 0.4-3 8.00 77.00 85.00 NOTE

Check Details

Version: 0.4-3
Check: R code for possible problems
Result: NOTE
    dathomog: no visible global function definition for ‘kde2d’
Flavors: r-devel-linux-x86_64-debian-clang, r-devel-linux-x86_64-debian-gcc, r-devel-linux-x86_64-fedora-clang, r-devel-linux-x86_64-fedora-gcc, r-devel-osx-x86_64-clang, r-devel-windows-ix86+x86_64, r-patched-linux-x86_64, r-patched-solaris-sparc, r-patched-solaris-x86

Version: 0.4-3
Check: data for non-ASCII characters
Result: NOTE
     Note: found 3 marked UTF-8 strings
Flavors: r-devel-linux-x86_64-debian-clang, r-devel-linux-x86_64-debian-gcc, r-devel-linux-x86_64-fedora-clang, r-devel-linux-x86_64-fedora-gcc, r-devel-osx-x86_64-clang, r-devel-windows-ix86+x86_64, r-patched-linux-x86_64, r-patched-solaris-sparc, r-patched-solaris-x86, r-release-linux-ix86, r-release-linux-x86_64, r-release-osx-x86_64-mavericks, r-release-osx-x86_64-snowleopard, r-release-windows-ix86+x86_64, r-oldrel-windows-ix86+x86_64