CRAN Package Check Results for Package seas

Last updated on 2014-08-30 04:48:24.

Flavor Version Tinstall Tcheck Ttotal Status Flags
r-devel-linux-x86_64-debian-clang 0.4-3 1.50 33.33 34.83 NOTE
r-devel-linux-x86_64-debian-gcc 0.4-3 1.45 33.12 34.57 NOTE
r-devel-linux-x86_64-fedora-clang 0.4-3 69.72 NOTE
r-devel-linux-x86_64-fedora-gcc 0.4-3 65.70 NOTE
r-devel-osx-x86_64-clang 0.4-3 68.55 NOTE
r-devel-windows-ix86+x86_64 0.4-3 9.00 83.00 92.00 NOTE
r-patched-linux-x86_64 0.4-3 2.11 34.97 37.08 NOTE
r-patched-solaris-sparc 0.4-3 453.00 NOTE
r-patched-solaris-x86 0.4-3 87.00 NOTE
r-release-linux-ix86 0.4-3 2.13 43.71 45.84 NOTE
r-release-linux-x86_64 0.4-3 1.52 35.85 37.37 NOTE
r-release-osx-x86_64-mavericks 0.4-3 NOTE
r-release-osx-x86_64-snowleopard 0.4-3 NOTE
r-release-windows-ix86+x86_64 0.4-3 7.00 93.00 100.00 NOTE
r-oldrel-windows-ix86+x86_64 0.4-3 7.00 116.00 123.00 NOTE

Check Details

Version: 0.4-3
Check: R code for possible problems
Result: NOTE
    dathomog: no visible global function definition for ‘kde2d’
Flavors: r-devel-linux-x86_64-debian-clang, r-devel-linux-x86_64-debian-gcc, r-devel-linux-x86_64-fedora-clang, r-devel-linux-x86_64-fedora-gcc, r-devel-osx-x86_64-clang, r-devel-windows-ix86+x86_64

Version: 0.4-3
Check: data for non-ASCII characters
Result: NOTE
     Note: found 3 marked UTF-8 strings
Flavors: r-devel-linux-x86_64-debian-clang, r-devel-linux-x86_64-debian-gcc, r-devel-linux-x86_64-fedora-clang, r-devel-linux-x86_64-fedora-gcc, r-devel-osx-x86_64-clang, r-devel-windows-ix86+x86_64, r-patched-linux-x86_64, r-patched-solaris-sparc, r-patched-solaris-x86, r-release-linux-ix86, r-release-linux-x86_64, r-release-osx-x86_64-mavericks, r-release-osx-x86_64-snowleopard, r-release-windows-ix86+x86_64, r-oldrel-windows-ix86+x86_64