CRAN Package Check Results for Package seas

Last updated on 2022-08-19 09:52:25 CEST.

Flavor Version Tinstall Tcheck Ttotal Status Flags
r-devel-linux-x86_64-debian-clang 0.6-0 8.30 66.63 74.93 OK
r-devel-linux-x86_64-debian-gcc 0.6-0 5.21 51.15 56.36 OK
r-devel-linux-x86_64-fedora-clang 0.6-0 98.18 NOTE
r-devel-linux-x86_64-fedora-gcc 0.6-0 101.95 NOTE
r-devel-windows-x86_64 0.6-0 25.00 103.00 128.00 OK
r-patched-linux-x86_64 0.6-0 9.39 64.02 73.41 OK
r-release-linux-x86_64 0.6-0 OK
r-release-macos-arm64 0.6-0 30.00 NOTE
r-release-macos-x86_64 0.6-0 40.00 NOTE
r-release-windows-x86_64 0.6-0 24.00 110.00 134.00 OK
r-oldrel-macos-arm64 0.6-0 28.00 NOTE
r-oldrel-macos-x86_64 0.6-0 40.00 NOTE
r-oldrel-windows-ix86+x86_64 0.6-0 17.00 143.00 160.00 OK

Check Details

Version: 0.6-0
Check: data for non-ASCII characters
Result: NOTE
     Note: found 3 marked UTF-8 strings
Flavors: r-devel-linux-x86_64-fedora-clang, r-devel-linux-x86_64-fedora-gcc, r-release-macos-arm64, r-release-macos-x86_64, r-oldrel-macos-arm64, r-oldrel-macos-x86_64