CRAN Package Check Results for Package seas

Last updated on 2015-07-06 21:46:49.

Flavor Version Tinstall Tcheck Ttotal Status Flags
r-devel-linux-x86_64-debian-clang 0.4-3 1.49 30.87 32.36 NOTE
r-devel-linux-x86_64-debian-gcc 0.4-3 1.52 31.80 33.32 NOTE
r-devel-linux-x86_64-fedora-clang 0.4-3 60.77 NOTE
r-devel-linux-x86_64-fedora-gcc 0.4-3 58.50 NOTE
r-devel-osx-x86_64-clang 0.4-3 49.87 NOTE
r-devel-windows-ix86+x86_64 0.4-3 12.00 125.00 137.00 NOTE
r-patched-linux-x86_64 0.4-3 1.54 31.76 33.30 NOTE
r-patched-solaris-sparc 0.4-3 426.70 NOTE
r-patched-solaris-x86 0.4-3 81.90 NOTE
r-release-linux-x86_64 0.4-3 1.44 31.23 32.68 NOTE
r-release-osx-x86_64-mavericks 0.4-3 NOTE
r-release-windows-ix86+x86_64 0.4-3 11.00 96.00 107.00 NOTE
r-oldrel-windows-ix86+x86_64 0.4-3 12.00 127.00 139.00 NOTE

Check Details

Version: 0.4-3
Check: dependencies in R code
Result: NOTE
    'library' or 'require' call to ‘MASS’ in package code.
     Please use :: or requireNamespace() instead.
     See section 'Suggested packages' in the 'Writing R Extensions' manual.
Flavors: r-devel-linux-x86_64-debian-clang, r-devel-linux-x86_64-debian-gcc, r-devel-linux-x86_64-fedora-clang, r-devel-linux-x86_64-fedora-gcc, r-devel-osx-x86_64-clang, r-devel-windows-ix86+x86_64, r-patched-linux-x86_64, r-patched-solaris-sparc, r-patched-solaris-x86, r-release-linux-x86_64, r-release-osx-x86_64-mavericks, r-release-windows-ix86+x86_64, r-oldrel-windows-ix86+x86_64

Version: 0.4-3
Check: S3 generic/method consistency
Result: NOTE
    Found the following apparent S3 methods exported but not registered:
     image.seas.sum plot.interarrival plot.seas.norm plot.seas.sum
    See section ‘Registering S3 methods’ in the ‘Writing R Extensions’
    manual.
Flavors: r-devel-linux-x86_64-debian-clang, r-devel-linux-x86_64-debian-gcc, r-devel-linux-x86_64-fedora-clang, r-devel-linux-x86_64-fedora-gcc, r-devel-osx-x86_64-clang, r-patched-linux-x86_64, r-patched-solaris-sparc, r-patched-solaris-x86, r-release-linux-x86_64

Version: 0.4-3
Check: R code for possible problems
Result: NOTE
    .seasmonthgrid: no visible global function definition for ‘abline’
    .seasmonthgrid: no visible global function definition for ‘par’
    .seasmonthgrid: no visible global function definition for ‘mtext’
    .seasmonthgrid: no visible global function definition for ‘axis’
    dathomog: no visible global function definition for ‘par’
    dathomog: no visible global function definition for ‘frame’
    dathomog: no visible global function definition for ‘title’
    dathomog: no visible global function definition for ‘text’
    dathomog: no visible global function definition for ‘cor’
    dathomog: no visible global function definition for ‘image’
    dathomog: no visible global function definition for ‘kde2d’
    dathomog: no visible global function definition for ‘terrain.colors’
    dathomog: no visible global function definition for ‘points’
    dathomog: no visible global function definition for ‘abline’
    dathomog: no visible global function definition for ‘legend’
    image.seas.sum: no visible global function definition for
     ‘colorRampPalette’
    image.seas.sum: no visible global function definition for ‘par’
    image.seas.sum: no visible global function definition for ‘layout’
    image.seas.sum: no visible global function definition for ‘lcm’
    image.seas.sum: no visible global function definition for ‘frame’
    image.seas.sum: no visible global function definition for ‘text’
    image.seas.sum: no visible global function definition for ‘image’
    image.seas.sum: no visible global function definition for ‘box’
    image.seas.sum: no visible global function definition for ‘axis’
    image.seas.sum: no visible global function definition for ‘points’
    image.seas.sum: no visible global function definition for ‘abline’
    image.seas.sum: no visible global function definition for ‘title’
    image.seas.sum: no visible global function definition for ‘plot.window’
    image.seas.sum: no visible global function definition for ‘rect’
    image.seas.sum: no visible global function definition for ‘mtext’
    image.seas.sum: no visible binding for global variable ‘quantile’
    image.seas.sum: no visible global function definition for ‘plot’
    plot.interarrival: no visible global function definition for ‘par’
    plot.interarrival : seas.boxplot: no visible global function definition
     for ‘boxplot’
    plot.interarrival : seas.boxplot: no visible global function definition
     for ‘as.formula’
    plot.interarrival : seas.boxplot: no visible global function definition
     for ‘lines’
    plot.interarrival: no visible global function definition for ‘frame’
    plot.interarrival: no visible global function definition for
     ‘plot.window’
    plot.interarrival: no visible global function definition for ‘axis’
    plot.interarrival: no visible global function definition for ‘title’
    plot.seas.norm: no visible global function definition for ‘par’
    plot.seas.norm: no visible global function definition for ‘frame’
    plot.seas.norm: no visible global function definition for ‘plot.window’
    plot.seas.norm: no visible global function definition for ‘rect’
    plot.seas.norm: no visible global function definition for ‘locator’
    plot.seas.norm: no visible global function definition for ‘text’
    plot.seas.norm: no visible global function definition for ‘box’
    plot.seas.norm: no visible global function definition for ‘abline’
    plot.seas.norm: no visible global function definition for ‘axis’
    plot.seas.norm: no visible global function definition for ‘title’
    plot.seas.norm: no visible global function definition for ‘mtext’
    plot.seas.sum: no visible global function definition for ‘stack’
    plot.seas.sum: no visible global function definition for ‘par’
    plot.seas.sum: no visible global function definition for ‘frame’
    plot.seas.sum: no visible global function definition for ‘plot.window’
    plot.seas.sum: no visible global function definition for ‘boxplot’
    plot.seas.sum: no visible global function definition for ‘axis’
    plot.seas.sum: no visible global function definition for ‘title’
    read.lars: no visible global function definition for ‘read.table’
    read.msc: no visible global function definition for ‘write.table’
    read.msc: no visible global function definition for ‘read.table’
    read.sdsm: no visible global function definition for ‘read.table’
    seas.norm : <anonymous>: no visible binding for global variable
     ‘quantile’
    seas.norm: no visible binding for global variable ‘quantile’
    seas.norm : <anonymous>: no visible global function definition for
     ‘quantile’
    seas.norm: no visible global function definition for ‘quantile’
    seas.temp.plot: no visible global function definition for ‘par’
    seas.temp.plot: no visible global function definition for ‘frame’
    seas.temp.plot: no visible global function definition for ‘plot.window’
    seas.temp.plot : seas.bxp: no visible global function definition for
     ‘boxplot’
    seas.temp.plot : seas.bxp: no visible global function definition for
     ‘par’
    seas.temp.plot : seas.bxp: no visible global function definition for
     ‘segments’
    seas.temp.plot: no visible global function definition for ‘axis’
    seas.temp.plot: no visible global function definition for ‘title’
    seas.temp.plot: no visible global function definition for ‘abline’
    seas.temp.plot: no visible global function definition for ‘mtext’
    seas.var.plot: no visible global function definition for ‘par’
    seas.var.plot: no visible global function definition for ‘frame’
    seas.var.plot: no visible global function definition for ‘plot.window’
    seas.var.plot: no visible global function definition for ‘axTicks’
    seas.var.plot : seas.boxplot: no visible global function definition for
     ‘boxplot’
    seas.var.plot : seas.boxplot: no visible global function definition for
     ‘par’
    seas.var.plot: no visible global function definition for ‘axis’
    seas.var.plot: no visible global function definition for ‘title’
    seas.var.plot: no visible global function definition for ‘mtext’
    write.lars: no visible global function definition for ‘write.table’
    write.lars.scenario: no visible global function definition for
     ‘write.table’
    write.sdsm: no visible global function definition for ‘write.table’
    year.plot: no visible global function definition for ‘par’
    year.plot: no visible global function definition for ‘barplot’
    year.plot: no visible global function definition for ‘title’
    year.plot: no visible global function definition for ‘axis’
    year.plot: no visible global function definition for ‘rect’
    year.plot: no visible global function definition for ‘boxplot’
    year.plot: no visible global function definition for ‘abline’
    Undefined global functions or variables:
     abline as.formula axTicks axis barplot box boxplot colorRampPalette
     cor frame image kde2d layout lcm legend lines locator mtext par plot
     plot.window points quantile read.table rect segments stack
     terrain.colors text title write.table
Flavors: r-devel-linux-x86_64-debian-clang, r-devel-linux-x86_64-debian-gcc, r-devel-linux-x86_64-fedora-clang, r-devel-linux-x86_64-fedora-gcc, r-devel-windows-ix86+x86_64

Version: 0.4-3
Check: data for non-ASCII characters
Result: NOTE
     Note: found 3 marked UTF-8 strings
Flavors: r-devel-linux-x86_64-debian-clang, r-devel-linux-x86_64-debian-gcc, r-devel-linux-x86_64-fedora-clang, r-devel-linux-x86_64-fedora-gcc, r-devel-osx-x86_64-clang, r-devel-windows-ix86+x86_64, r-patched-linux-x86_64, r-patched-solaris-sparc, r-patched-solaris-x86, r-release-linux-x86_64, r-release-osx-x86_64-mavericks, r-release-windows-ix86+x86_64, r-oldrel-windows-ix86+x86_64

Version: 0.4-3
Check: R code for possible problems
Result: NOTE
    dathomog: no visible global function definition for ‘kde2d’
    Undefined global functions or variables:
     kde2d
Flavor: r-devel-osx-x86_64-clang

Version: 0.4-3
Check: R code for possible problems
Result: NOTE
    dathomog: no visible global function definition for ‘kde2d’
Flavors: r-patched-linux-x86_64, r-patched-solaris-sparc, r-patched-solaris-x86, r-release-linux-x86_64, r-release-osx-x86_64-mavericks, r-release-windows-ix86+x86_64, r-oldrel-windows-ix86+x86_64