CRAN Package Check Results for Package seas

Last updated on 2015-03-30 17:49:15.

Flavor Version Tinstall Tcheck Ttotal Status Flags
r-devel-linux-x86_64-debian-clang 0.4-3 1.53 31.55 33.08 NOTE
r-devel-linux-x86_64-debian-gcc 0.4-3 1.50 31.97 33.47 NOTE
r-devel-linux-x86_64-fedora-clang 0.4-3 61.76 NOTE
r-devel-linux-x86_64-fedora-gcc 0.4-3 64.77 NOTE
r-devel-osx-x86_64-clang 0.4-3 62.42 NOTE
r-prerel-windows-ix86+x86_64 0.4-3 9.00 87.00 96.00 NOTE
r-prerel-linux-x86_64 0.4-3 1.58 31.48 33.06 NOTE
r-prerel-solaris-sparc 0.4-3 421.40 NOTE
r-prerel-solaris-x86 0.4-3 81.30 NOTE
r-release-linux-x86_64 0.4-3 1.53 35.49 37.02 NOTE
r-release-osx-x86_64-mavericks 0.4-3 NOTE
r-release-osx-x86_64-snowleopard 0.4-3 NOTE
r-release-windows-ix86+x86_64 0.4-3 8.00 94.00 102.00 NOTE
r-oldrel-windows-ix86+x86_64 0.4-3 9.00 121.00 130.00 NOTE

Check Details

Version: 0.4-3
Check: dependencies in R code
Result: NOTE
    'library' or 'require' call to ‘MASS’ in package code.
     Please use :: or requireNamespace() instead.
     See section 'Suggested packages' in the 'Writing R Extensions' manual.
Flavors: r-devel-linux-x86_64-debian-clang, r-devel-linux-x86_64-debian-gcc, r-devel-linux-x86_64-fedora-clang, r-devel-linux-x86_64-fedora-gcc, r-devel-osx-x86_64-clang, r-prerel-windows-ix86+x86_64, r-prerel-linux-x86_64, r-prerel-solaris-sparc, r-prerel-solaris-x86, r-release-linux-x86_64, r-release-windows-ix86+x86_64

Version: 0.4-3
Check: S3 generic/method consistency
Result: NOTE
    Found the following apparent S3 methods exported but not registered:
     image.seas.sum plot.interarrival plot.seas.norm plot.seas.sum
    See section ‘Registering S3 methods’ in the ‘Writing R Extensions’
    manual.
Flavors: r-devel-linux-x86_64-debian-clang, r-devel-linux-x86_64-debian-gcc, r-devel-linux-x86_64-fedora-clang, r-devel-linux-x86_64-fedora-gcc, r-devel-osx-x86_64-clang, r-prerel-linux-x86_64

Version: 0.4-3
Check: R code for possible problems
Result: NOTE
    dathomog: no visible global function definition for ‘kde2d’
Flavors: r-devel-linux-x86_64-debian-clang, r-devel-linux-x86_64-debian-gcc, r-devel-linux-x86_64-fedora-clang, r-devel-linux-x86_64-fedora-gcc, r-devel-osx-x86_64-clang, r-prerel-windows-ix86+x86_64, r-prerel-linux-x86_64, r-prerel-solaris-sparc, r-prerel-solaris-x86, r-release-linux-x86_64, r-release-osx-x86_64-mavericks, r-release-windows-ix86+x86_64

Version: 0.4-3
Check: data for non-ASCII characters
Result: NOTE
     Note: found 3 marked UTF-8 strings
Flavors: r-devel-linux-x86_64-debian-clang, r-devel-linux-x86_64-debian-gcc, r-devel-linux-x86_64-fedora-clang, r-devel-linux-x86_64-fedora-gcc, r-devel-osx-x86_64-clang, r-prerel-windows-ix86+x86_64, r-prerel-linux-x86_64, r-prerel-solaris-sparc, r-prerel-solaris-x86, r-release-linux-x86_64, r-release-osx-x86_64-mavericks, r-release-osx-x86_64-snowleopard, r-release-windows-ix86+x86_64, r-oldrel-windows-ix86+x86_64