CRAN Package Check Results for Package seas

Last updated on 2014-04-25 05:47:25.

Flavor Version Tinstall Tcheck Ttotal Status Flags
r-devel-linux-x86_64-debian-clang 0.4-3 1.62 36.00 37.62 NOTE
r-devel-linux-x86_64-debian-gcc 0.4-3 1.60 36.92 38.52 NOTE
r-devel-linux-x86_64-fedora-clang 0.4-3 73.32 NOTE
r-devel-linux-x86_64-fedora-gcc 0.4-3 73.09 NOTE
r-devel-osx-x86_64-clang 0.4-3 64.97 NOTE
r-devel-osx-x86_64-gcc 0.4-3 NOTE
r-devel-windows-ix86+x86_64 0.4-3 7.00 86.00 93.00 NOTE
r-patched-linux-x86_64 0.4-3 1.57 35.97 37.54 NOTE
r-patched-solaris-sparc 0.4-3 424.20 NOTE
r-patched-solaris-x86 0.4-3 87.80 NOTE
r-release-linux-ix86 0.4-3 3.00 58.00 61.00 NOTE
r-release-linux-x86_64 0.4-3 1.81 36.74 38.56 NOTE
r-release-osx-x86_64-mavericks 0.4-3 WARN
r-release-osx-x86_64-snowleopard 0.4-3 NOTE
r-release-windows-ix86+x86_64 0.4-3 7.00 90.00 97.00 NOTE
r-oldrel-windows-ix86+x86_64 0.4-3 8.00 79.00 87.00 NOTE

Check Details

Version: 0.4-3
Check: data for non-ASCII characters
Result: NOTE
     Note: found 3 marked UTF-8 strings
Flavors: r-devel-linux-x86_64-debian-clang, r-devel-linux-x86_64-debian-gcc, r-devel-linux-x86_64-fedora-clang, r-devel-linux-x86_64-fedora-gcc, r-devel-osx-x86_64-clang, r-devel-osx-x86_64-gcc, r-devel-windows-ix86+x86_64, r-patched-linux-x86_64, r-patched-solaris-sparc, r-patched-solaris-x86, r-release-linux-ix86, r-release-linux-x86_64, r-release-osx-x86_64-mavericks, r-release-osx-x86_64-snowleopard, r-release-windows-ix86+x86_64, r-oldrel-windows-ix86+x86_64

Version: 0.4-3
Check: PDF version of manual
Result: WARNING
    LaTeX errors when creating PDF version.
    This typically indicates Rd problems.
    LaTeX errors found:
    ! LaTeX Error: File `upquote.sty' not found.
    
    Type X to quit or <RETURN> to proceed,
    or enter new name. (Default extension: sty)
    
    2eda648/Rd2.tex:8: ==> Fatal error occurred, no output PDF file produced!
Flavor: r-release-osx-x86_64-mavericks