CRAN Package Check Results for Package seas

Last updated on 2018-07-16 06:47:15 CEST.

Flavor Version Tinstall Tcheck Ttotal Status Flags
r-devel-linux-x86_64-debian-clang 0.5-2 5.45 50.57 56.02 OK
r-devel-linux-x86_64-debian-gcc 0.5-2 4.63 41.88 46.51 OK
r-devel-linux-x86_64-fedora-clang 0.5-2 68.64 NOTE
r-devel-linux-x86_64-fedora-gcc 0.5-2 68.60 NOTE
r-devel-windows-ix86+x86_64 0.5-2 17.00 106.00 123.00 OK
r-patched-linux-x86_64 0.5-2 5.46 53.79 59.25 OK
r-patched-solaris-x86 0.5-2 94.50 NOTE
r-release-linux-x86_64 0.5-2 5.23 53.35 58.58 OK
r-release-windows-ix86+x86_64 0.5-2 16.00 118.00 134.00 OK
r-release-osx-x86_64 0.5-2 NOTE
r-oldrel-windows-ix86+x86_64 0.5-2 9.00 104.00 113.00 OK
r-oldrel-osx-x86_64 0.5-2 NOTE

Check Details

Version: 0.5-2
Check: data for non-ASCII characters
Result: NOTE
     Note: found 3 marked UTF-8 strings
Flavors: r-devel-linux-x86_64-fedora-clang, r-devel-linux-x86_64-fedora-gcc, r-patched-solaris-x86, r-release-osx-x86_64, r-oldrel-osx-x86_64

Version: 0.5-2
Check: installed package size
Result: NOTE
     installed size is 5.0Mb
     sub-directories of 1Mb or more:
     extdata 4.1Mb
Flavor: r-patched-solaris-x86