CRAN Package Check Results for Package seas

Last updated on 2014-07-31 11:51:17.

Flavor Version Tinstall Tcheck Ttotal Status Flags
r-devel-linux-x86_64-debian-clang 0.4-3 1.63 37.23 38.86 NOTE
r-devel-linux-x86_64-debian-gcc 0.4-3 1.54 34.32 35.86 NOTE
r-devel-linux-x86_64-fedora-clang 0.4-3 72.32 NOTE
r-devel-linux-x86_64-fedora-gcc 0.4-3 69.22 NOTE
r-devel-osx-x86_64-clang 0.4-3 67.91 NOTE
r-devel-windows-ix86+x86_64 0.4-3 7.00 89.00 96.00 NOTE
r-patched-linux-x86_64 0.4-3 1.60 34.91 36.51 NOTE
r-patched-solaris-sparc 0.4-3 453.00 NOTE
r-patched-solaris-x86 0.4-3 87.40 NOTE
r-release-linux-ix86 0.4-3 2.09 43.58 45.66 NOTE
r-release-linux-x86_64 0.4-3 1.94 37.19 39.13 NOTE
r-release-osx-x86_64-mavericks 0.4-3 NOTE
r-release-osx-x86_64-snowleopard 0.4-3 NOTE
r-release-windows-ix86+x86_64 0.4-3 10.00 121.00 131.00 NOTE
r-oldrel-windows-ix86+x86_64 0.4-3 13.00 109.00 122.00 NOTE

Check Details

Version: 0.4-3
Check: data for non-ASCII characters
Result: NOTE
     Note: found 3 marked UTF-8 strings
Flavors: r-devel-linux-x86_64-debian-clang, r-devel-linux-x86_64-debian-gcc, r-devel-linux-x86_64-fedora-clang, r-devel-linux-x86_64-fedora-gcc, r-devel-osx-x86_64-clang, r-devel-windows-ix86+x86_64, r-patched-linux-x86_64, r-patched-solaris-sparc, r-patched-solaris-x86, r-release-linux-ix86, r-release-linux-x86_64, r-release-osx-x86_64-mavericks, r-release-osx-x86_64-snowleopard, r-release-windows-ix86+x86_64, r-oldrel-windows-ix86+x86_64