CRAN Package Check Results for Package seas

Last updated on 2014-11-21 19:48:11.

Flavor Version Tinstall Tcheck Ttotal Status Flags
r-devel-linux-x86_64-debian-clang 0.4-3 1.56 33.89 35.45 NOTE
r-devel-linux-x86_64-debian-gcc 0.4-3 1.45 34.19 35.64 NOTE
r-devel-linux-x86_64-fedora-clang 0.4-3 71.27 NOTE
r-devel-linux-x86_64-fedora-gcc 0.4-3 67.57 NOTE
r-devel-osx-x86_64-clang 0.4-3 64.90 NOTE
r-devel-windows-ix86+x86_64 0.4-3 7.00 96.00 103.00 NOTE
r-patched-linux-x86_64 0.4-3 1.72 37.01 38.73 NOTE
r-patched-solaris-sparc 0.4-3 421.70 NOTE
r-patched-solaris-x86 0.4-3 87.30 NOTE
r-release-linux-ix86 0.4-3 2.09 42.10 44.19 NOTE
r-release-linux-x86_64 0.4-3 1.68 35.90 37.58 NOTE
r-release-osx-x86_64-mavericks 0.4-3 NOTE
r-release-osx-x86_64-snowleopard 0.4-3 NOTE
r-release-windows-ix86+x86_64 0.4-3 9.00 102.00 111.00 NOTE
r-oldrel-windows-ix86+x86_64 0.4-3 7.00 83.00 90.00 NOTE

Check Details

Version: 0.4-3
Check: R code for possible problems
Result: NOTE
    dathomog: no visible global function definition for ‘kde2d’
Flavors: r-devel-linux-x86_64-debian-clang, r-devel-linux-x86_64-debian-gcc, r-devel-linux-x86_64-fedora-clang, r-devel-linux-x86_64-fedora-gcc, r-devel-osx-x86_64-clang, r-devel-windows-ix86+x86_64, r-patched-linux-x86_64, r-patched-solaris-sparc, r-patched-solaris-x86, r-release-linux-ix86, r-release-linux-x86_64, r-release-windows-ix86+x86_64

Version: 0.4-3
Check: data for non-ASCII characters
Result: NOTE
     Note: found 3 marked UTF-8 strings
Flavors: r-devel-linux-x86_64-debian-clang, r-devel-linux-x86_64-debian-gcc, r-devel-linux-x86_64-fedora-clang, r-devel-linux-x86_64-fedora-gcc, r-devel-osx-x86_64-clang, r-devel-windows-ix86+x86_64, r-patched-linux-x86_64, r-patched-solaris-sparc, r-patched-solaris-x86, r-release-linux-ix86, r-release-linux-x86_64, r-release-osx-x86_64-mavericks, r-release-osx-x86_64-snowleopard, r-release-windows-ix86+x86_64, r-oldrel-windows-ix86+x86_64