CRAN Package Check Results for Package seas

Last updated on 2014-09-15 05:48:21.

Flavor Version Tinstall Tcheck Ttotal Status Flags
r-devel-linux-x86_64-debian-clang 0.4-3 1.56 33.28 34.84 NOTE
r-devel-linux-x86_64-debian-gcc 0.4-3 1.44 33.33 34.77 NOTE
r-devel-linux-x86_64-fedora-clang 0.4-3 67.82 NOTE
r-devel-linux-x86_64-fedora-gcc 0.4-3 65.19 NOTE
r-devel-osx-x86_64-clang 0.4-3 67.95 NOTE
r-devel-windows-ix86+x86_64 0.4-3 8.00 90.00 98.00 NOTE
r-patched-linux-x86_64 0.4-3 1.70 34.55 36.24 NOTE
r-patched-solaris-sparc 0.4-3 453.00 NOTE
r-patched-solaris-x86 0.4-3 87.00 NOTE
r-release-linux-ix86 0.4-3 2.13 53.32 55.45 NOTE
r-release-linux-x86_64 0.4-3 1.63 34.92 36.56 NOTE
r-release-osx-x86_64-mavericks 0.4-3 NOTE
r-release-osx-x86_64-snowleopard 0.4-3 NOTE
r-release-windows-ix86+x86_64 0.4-3 8.00 97.00 105.00 NOTE
r-oldrel-windows-ix86+x86_64 0.4-3 8.00 79.00 87.00 NOTE

Check Details

Version: 0.4-3
Check: R code for possible problems
Result: NOTE
    dathomog: no visible global function definition for ‘kde2d’
Flavors: r-devel-linux-x86_64-debian-clang, r-devel-linux-x86_64-debian-gcc, r-devel-linux-x86_64-fedora-clang, r-devel-linux-x86_64-fedora-gcc, r-devel-osx-x86_64-clang, r-devel-windows-ix86+x86_64

Version: 0.4-3
Check: data for non-ASCII characters
Result: NOTE
     Note: found 3 marked UTF-8 strings
Flavors: r-devel-linux-x86_64-debian-clang, r-devel-linux-x86_64-debian-gcc, r-devel-linux-x86_64-fedora-clang, r-devel-linux-x86_64-fedora-gcc, r-devel-osx-x86_64-clang, r-devel-windows-ix86+x86_64, r-patched-linux-x86_64, r-patched-solaris-sparc, r-patched-solaris-x86, r-release-linux-ix86, r-release-linux-x86_64, r-release-osx-x86_64-mavericks, r-release-osx-x86_64-snowleopard, r-release-windows-ix86+x86_64, r-oldrel-windows-ix86+x86_64