CRAN Package Check Results for Package seas

Last updated on 2014-12-22 13:48:06.

Flavor Version Tinstall Tcheck Ttotal Status Flags
r-devel-linux-x86_64-debian-clang 0.4-3 1.51 34.56 36.07 NOTE
r-devel-linux-x86_64-debian-gcc 0.4-3 1.52 33.57 35.09 NOTE
r-devel-linux-x86_64-fedora-clang 0.4-3 71.43 NOTE
r-devel-linux-x86_64-fedora-gcc 0.4-3 66.33 NOTE
r-devel-osx-x86_64-clang 0.4-3 65.13 NOTE
r-devel-windows-ix86+x86_64 0.4-3 8.00 85.00 93.00 NOTE
r-patched-linux-x86_64 0.4-3 1.56 35.90 37.45 NOTE
r-patched-solaris-sparc 0.4-3 424.50 NOTE
r-patched-solaris-x86 0.4-3 87.00 NOTE
r-release-linux-ix86 0.4-3 2.11 42.30 44.41 NOTE
r-release-linux-x86_64 0.4-3 1.54 36.06 37.60 NOTE
r-release-osx-x86_64-mavericks 0.4-3 NOTE
r-release-osx-x86_64-snowleopard 0.4-3 NOTE
r-release-windows-ix86+x86_64 0.4-3 8.00 99.00 107.00 NOTE
r-oldrel-windows-ix86+x86_64 0.4-3 8.00 80.00 88.00 NOTE

Check Details

Version: 0.4-3
Check: R code for possible problems
Result: NOTE
    dathomog: no visible global function definition for ‘kde2d’
Flavors: r-devel-linux-x86_64-debian-clang, r-devel-linux-x86_64-debian-gcc, r-devel-linux-x86_64-fedora-clang, r-devel-linux-x86_64-fedora-gcc, r-devel-osx-x86_64-clang, r-devel-windows-ix86+x86_64, r-patched-linux-x86_64, r-patched-solaris-sparc, r-patched-solaris-x86, r-release-linux-ix86, r-release-linux-x86_64, r-release-windows-ix86+x86_64

Version: 0.4-3
Check: data for non-ASCII characters
Result: NOTE
     Note: found 3 marked UTF-8 strings
Flavors: r-devel-linux-x86_64-debian-clang, r-devel-linux-x86_64-debian-gcc, r-devel-linux-x86_64-fedora-clang, r-devel-linux-x86_64-fedora-gcc, r-devel-osx-x86_64-clang, r-devel-windows-ix86+x86_64, r-patched-linux-x86_64, r-patched-solaris-sparc, r-patched-solaris-x86, r-release-linux-ix86, r-release-linux-x86_64, r-release-osx-x86_64-mavericks, r-release-osx-x86_64-snowleopard, r-release-windows-ix86+x86_64, r-oldrel-windows-ix86+x86_64