CRAN Package Check Results for Package seawaveQ

Last updated on 2017-12-13 23:14:44 CET.

Flavor Version Tinstall Tcheck Ttotal Status Flags
r-devel-linux-x86_64-debian-clang 1.0.0 4.34 68.09 72.43 NOTE
r-devel-linux-x86_64-debian-gcc 1.0.0 3.76 60.04 63.80 NOTE
r-devel-linux-x86_64-fedora-clang 1.0.0 97.36 NOTE
r-devel-linux-x86_64-fedora-gcc 1.0.0 98.61 NOTE
r-devel-windows-ix86+x86_64 1.0.0 14.00 120.00 134.00 NOTE
r-patched-linux-x86_64 1.0.0 4.72 78.17 82.89 NOTE
r-patched-solaris-x86 1.0.0 149.20 NOTE
r-release-linux-x86_64 1.0.0 4.82 76.80 81.62 NOTE
r-release-windows-ix86+x86_64 1.0.0 9.00 94.00 103.00 NOTE
r-release-osx-x86_64 1.0.0 NOTE
r-oldrel-windows-ix86+x86_64 1.0.0 7.00 106.00 113.00 NOTE
r-oldrel-osx-x86_64 1.0.0 NOTE

Check Details

Version: 1.0.0
Check: DESCRIPTION meta-information
Result: NOTE
    Malformed Description field: should contain one or more complete sentences.
Flavors: r-devel-linux-x86_64-debian-clang, r-devel-linux-x86_64-debian-gcc, r-devel-linux-x86_64-fedora-clang, r-devel-linux-x86_64-fedora-gcc, r-devel-windows-ix86+x86_64, r-patched-linux-x86_64, r-patched-solaris-x86, r-release-linux-x86_64, r-release-windows-ix86+x86_64, r-release-osx-x86_64, r-oldrel-windows-ix86+x86_64, r-oldrel-osx-x86_64

Version: 1.0.0
Check: dependencies in R code
Result: NOTE
    Packages in Depends field not imported from:
     ‘NADA’ ‘lubridate’ ‘survival’
     These packages need to be imported from (in the NAMESPACE file)
     for when this namespace is loaded but not attached.
Flavors: r-devel-linux-x86_64-debian-clang, r-devel-linux-x86_64-debian-gcc, r-devel-linux-x86_64-fedora-clang, r-devel-linux-x86_64-fedora-gcc, r-devel-windows-ix86+x86_64, r-patched-linux-x86_64, r-patched-solaris-x86, r-release-linux-x86_64, r-release-windows-ix86+x86_64, r-release-osx-x86_64, r-oldrel-windows-ix86+x86_64, r-oldrel-osx-x86_64

Version: 1.0.0
Check: R code for possible problems
Result: NOTE
    cenScatPlot: no visible global function definition for ‘plot’
    cenScatPlot: no visible global function definition for ‘points’
    cenScatPlot: no visible global function definition for ‘legend’
    cenScatPlot: no visible global function definition for ‘title’
    fitMod: no visible global function definition for ‘supsmu’
    fitMod: no visible global function definition for ‘survreg’
    fitMod: no visible global function definition for ‘extractAIC’
    fitMod: no visible global function definition for ‘sessionInfo’
    fitswavecav: no visible global function definition for ‘year’
    fitswavecav: no visible global function definition for ‘quantile’
    prepData: no visible global function definition for ‘year’
    prepData: no visible global function definition for ‘month’
    prepData: no visible global function definition for ‘day’
    rosBoxPlot: no visible global function definition for ‘ros’
    rosBoxPlot: no visible global function definition for ‘boxplot’
    rosBoxPlot: no visible global function definition for ‘title’
    seawaveQPlots: no visible global function definition for ‘pdf’
    seawaveQPlots: no visible global function definition for ‘par’
    seawaveQPlots: no visible global function definition for ‘qnorm’
    seawaveQPlots: no visible global function definition for ‘runif’
    seawaveQPlots: no visible global function definition for ‘pnorm’
    seawaveQPlots: no visible global function definition for ‘plot’
    seawaveQPlots: no visible global function definition for ‘points’
    seawaveQPlots: no visible global function definition for ‘lines’
    seawaveQPlots: no visible global function definition for ‘mtext’
    seawaveQPlots: no visible global function definition for ‘text’
    seawaveQPlots: no visible global function definition for ‘quantile’
    seawaveQPlots: no visible global function definition for ‘dev.off’
    Undefined global functions or variables:
     boxplot day dev.off extractAIC legend lines month mtext par pdf plot
     pnorm points qnorm quantile ros runif sessionInfo supsmu survreg text
     title year
    Consider adding
     importFrom("grDevices", "dev.off", "pdf")
     importFrom("graphics", "boxplot", "legend", "lines", "mtext", "par",
     "plot", "points", "text", "title")
     importFrom("stats", "extractAIC", "pnorm", "qnorm", "quantile",
     "runif", "supsmu")
     importFrom("utils", "sessionInfo")
    to your NAMESPACE file.
Flavors: r-devel-linux-x86_64-debian-clang, r-devel-linux-x86_64-debian-gcc, r-devel-linux-x86_64-fedora-clang, r-devel-linux-x86_64-fedora-gcc, r-devel-windows-ix86+x86_64, r-patched-linux-x86_64, r-patched-solaris-x86, r-release-linux-x86_64, r-release-windows-ix86+x86_64, r-release-osx-x86_64, r-oldrel-windows-ix86+x86_64, r-oldrel-osx-x86_64

Version: 1.0.0
Check: re-building of vignette outputs
Result: NOTE
    Error in re-building vignettes:
     ...
    Preparing the data.
    Fitting model for 04035.
    Computing the best seasonal wave.
    Final model survreg results saved to myfit3_survregCall.txt.
    Plots saved to myfit304035.pdf.
    Fitting model for 04041.
    Computing the best seasonal wave.
    Final model survreg results saved to myfit3_survregCall.txt.
    Plots saved to myfit304041.pdf.
    Error in texi2dvi(file = file, pdf = TRUE, clean = clean, quiet = quiet, :
     Running 'texi2dvi' on 'vignette.tex' failed.
    LaTeX errors:
    ! LaTeX Error: File `fullpage.sty' not found.
    
    Type X to quit or <RETURN> to proceed,
    or enter new name. (Default extension: sty)
    
    ! Emergency stop.
    <read *>
    
    l.7 \hypersetup
     {^^M
    ! ==> Fatal error occurred, no output PDF file produced!
    Calls: buildVignettes -> texi2pdf -> texi2dvi
    Execution halted
Flavor: r-release-osx-x86_64