CRAN Package Check Results for Package seawaveQ

Last updated on 2015-07-04 08:50:39.

Flavor Version Tinstall Tcheck Ttotal Status Flags
r-devel-linux-x86_64-debian-clang 1.0.0 1.68 32.90 34.58 NOTE
r-devel-linux-x86_64-debian-gcc 1.0.0 1.70 33.80 35.51 NOTE
r-devel-linux-x86_64-fedora-clang 1.0.0 69.66 NOTE
r-devel-linux-x86_64-fedora-gcc 1.0.0 66.24 NOTE
r-devel-osx-x86_64-clang 1.0.0 55.13 NOTE
r-devel-windows-ix86+x86_64 1.0.0 9.00 54.00 63.00 NOTE
r-patched-linux-x86_64 1.0.0 1.78 33.74 35.52 NOTE
r-patched-solaris-sparc 1.0.0 432.10 NOTE
r-patched-solaris-x86 1.0.0 93.30 NOTE
r-release-linux-x86_64 1.0.0 1.92 34.27 36.18 NOTE
r-release-osx-x86_64-mavericks 1.0.0 NOTE
r-release-windows-ix86+x86_64 1.0.0 8.00 52.00 60.00 NOTE
r-oldrel-windows-ix86+x86_64 1.0.0 8.00 71.00 79.00 NOTE

Check Details

Version: 1.0.0
Check: DESCRIPTION meta-information
Result: NOTE
    Malformed Description field: should contain one or more complete sentences.
Flavors: r-devel-linux-x86_64-debian-clang, r-devel-linux-x86_64-debian-gcc, r-devel-linux-x86_64-fedora-clang, r-devel-linux-x86_64-fedora-gcc, r-devel-osx-x86_64-clang, r-devel-windows-ix86+x86_64, r-patched-linux-x86_64, r-patched-solaris-sparc, r-patched-solaris-x86, r-release-linux-x86_64, r-release-osx-x86_64-mavericks, r-release-windows-ix86+x86_64

Version: 1.0.0
Check: dependencies in R code
Result: NOTE
    Packages in Depends field not imported from:
     ‘NADA’ ‘lubridate’ ‘survival’
     These packages need to be imported from (in the NAMESPACE file)
     for when this namespace is loaded but not attached.
Flavors: r-devel-linux-x86_64-debian-clang, r-devel-linux-x86_64-debian-gcc, r-devel-linux-x86_64-fedora-clang, r-devel-linux-x86_64-fedora-gcc, r-devel-osx-x86_64-clang, r-devel-windows-ix86+x86_64, r-patched-linux-x86_64, r-patched-solaris-sparc, r-patched-solaris-x86, r-release-linux-x86_64, r-release-osx-x86_64-mavericks, r-release-windows-ix86+x86_64, r-oldrel-windows-ix86+x86_64

Version: 1.0.0
Check: R code for possible problems
Result: NOTE
    cenScatPlot: no visible global function definition for ‘plot’
    cenScatPlot: no visible global function definition for ‘points’
    cenScatPlot: no visible global function definition for ‘legend’
    cenScatPlot: no visible global function definition for ‘title’
    fitMod: no visible global function definition for ‘supsmu’
    fitMod: no visible global function definition for ‘survreg’
    fitMod: no visible global function definition for ‘extractAIC’
    fitMod: no visible global function definition for ‘sessionInfo’
    fitswavecav: no visible global function definition for ‘year’
    fitswavecav: no visible global function definition for ‘quantile’
    prepData: no visible global function definition for ‘year’
    prepData: no visible global function definition for ‘month’
    prepData: no visible global function definition for ‘day’
    rosBoxPlot: no visible global function definition for ‘ros’
    rosBoxPlot: no visible global function definition for ‘boxplot’
    rosBoxPlot: no visible global function definition for ‘title’
    seawaveQPlots: no visible global function definition for ‘pdf’
    seawaveQPlots: no visible global function definition for ‘par’
    seawaveQPlots: no visible global function definition for ‘qnorm’
    seawaveQPlots: no visible global function definition for ‘runif’
    seawaveQPlots: no visible global function definition for ‘pnorm’
    seawaveQPlots: no visible global function definition for ‘plot’
    seawaveQPlots: no visible global function definition for ‘points’
    seawaveQPlots: no visible global function definition for ‘lines’
    seawaveQPlots: no visible global function definition for ‘mtext’
    seawaveQPlots: no visible global function definition for ‘text’
    seawaveQPlots: no visible global function definition for ‘quantile’
    seawaveQPlots: no visible global function definition for ‘dev.off’
    Undefined global functions or variables:
     boxplot day dev.off extractAIC legend lines month mtext par pdf plot
     pnorm points qnorm quantile ros runif sessionInfo supsmu survreg text
     title year
Flavors: r-devel-linux-x86_64-debian-clang, r-devel-linux-x86_64-debian-gcc, r-devel-linux-x86_64-fedora-clang, r-devel-linux-x86_64-fedora-gcc, r-devel-windows-ix86+x86_64

Version: 1.0.0
Check: R code for possible problems
Result: NOTE
    fitMod: no visible global function definition for ‘survreg’
    fitswavecav: no visible global function definition for ‘year’
    prepData: no visible global function definition for ‘year’
    prepData: no visible global function definition for ‘month’
    prepData: no visible global function definition for ‘day’
    rosBoxPlot: no visible global function definition for ‘ros’
    Undefined global functions or variables:
     day month ros survreg year
Flavor: r-devel-osx-x86_64-clang

Version: 1.0.0
Check: R code for possible problems
Result: NOTE
    fitMod: no visible global function definition for ‘survreg’
    fitswavecav: no visible global function definition for ‘year’
    prepData: no visible global function definition for ‘year’
    prepData: no visible global function definition for ‘month’
    prepData: no visible global function definition for ‘day’
    rosBoxPlot: no visible global function definition for ‘ros’
Flavors: r-patched-linux-x86_64, r-patched-solaris-sparc, r-patched-solaris-x86, r-release-linux-x86_64, r-release-osx-x86_64-mavericks, r-release-windows-ix86+x86_64, r-oldrel-windows-ix86+x86_64

Version: 1.0.0
Check: package dependencies
Result: NOTE
    Package suggested but not available for checking: ‘waterData’
Flavor: r-release-osx-x86_64-mavericks