CRAN Package Check Results for Package seawaveQ

Last updated on 2014-07-23 08:49:55.

Flavor Version Tinstall Tcheck Ttotal Status Flags
r-devel-linux-x86_64-debian-clang 1.0.0 2.39 41.76 44.14 NOTE
r-devel-linux-x86_64-debian-gcc 1.0.0 3.06 44.00 47.06 NOTE
r-devel-linux-x86_64-fedora-clang 1.0.0 97.18 NOTE
r-devel-linux-x86_64-fedora-gcc 1.0.0 93.27 NOTE
r-devel-osx-x86_64-clang 1.0.0 83.68 NOTE
r-devel-windows-ix86+x86_64 1.0.0 8.00 65.00 73.00 NOTE
r-patched-linux-x86_64 1.0.0 2.25 42.04 44.29 NOTE
r-patched-solaris-sparc 1.0.0 499.60 NOTE
r-patched-solaris-x86 1.0.0 113.80 NOTE
r-release-linux-ix86 1.0.0 2.90 52.26 55.16 NOTE
r-release-linux-x86_64 1.0.0 2.26 44.11 46.38 NOTE
r-release-osx-x86_64-mavericks 1.0.0 NOTE
r-release-osx-x86_64-snowleopard 1.0.0 OK
r-release-windows-ix86+x86_64 1.0.0 9.00 65.00 74.00 NOTE
r-oldrel-windows-ix86+x86_64 1.0.0 8.00 62.00 70.00 NOTE

Check Details

Version: 1.0.0
Check: dependencies in R code
Result: NOTE
    Packages in Depends field not imported from:
     ‘NADA’ ‘lubridate’ ‘survival’
     These packages need to be imported from (in the NAMESPACE file)
     for when this namespace is loaded but not attached.
    See the information on DESCRIPTION files in the chapter ‘Creating R
    packages’ of the ‘Writing R Extensions’ manual.
Flavors: r-devel-linux-x86_64-debian-clang, r-devel-linux-x86_64-debian-gcc, r-devel-linux-x86_64-fedora-clang, r-devel-linux-x86_64-fedora-gcc, r-devel-osx-x86_64-clang, r-devel-windows-ix86+x86_64, r-patched-linux-x86_64, r-patched-solaris-sparc, r-patched-solaris-x86, r-release-linux-ix86, r-release-linux-x86_64, r-release-osx-x86_64-mavericks, r-release-windows-ix86+x86_64, r-oldrel-windows-ix86+x86_64

Version: 1.0.0
Check: re-building of vignette outputs
Result: NOTE
    Error in re-building vignettes:
     ...
    Computing the best seasonal wave.
    Final model survreg results saved to myfit2_survregCall.txt.
    Plots saved to myfit204041.pdf.
    Trend begin year is 1995; trend end year is 2003.
    Preparing the data.
    Fitting model for 04035.
    Computing the best seasonal wave.
    Final model survreg results saved to myfit3_survregCall.txt.
    Plots saved to myfit304035.pdf.
    Fitting model for 04041.
    Computing the best seasonal wave.
    Final model survreg results saved to myfit3_survregCall.txt.
    Plots saved to myfit304041.pdf.
    Error in texi2dvi(file = file, pdf = TRUE, clean = clean, quiet = quiet, :
     Running 'texi2dvi' on 'vignette.tex' failed.
    LaTeX errors:
    ! LaTeX Error: File `fullpage.sty' not found.
    
    Type X to quit or <RETURN> to proceed,
    or enter new name. (Default extension: sty)
    
    n_test/seawaveQ/vignettes/vignette.tex:7: ==> Fatal error occurred, no output
    PDF file produced!
    Calls: buildVignettes -> texi2pdf -> texi2dvi
    Execution halted
Flavor: r-release-osx-x86_64-mavericks