CRAN Package Check Results for Package seawaveQ

Last updated on 2015-04-02 05:49:48.

Flavor Version Tinstall Tcheck Ttotal Status Flags
r-devel-linux-x86_64-debian-clang 1.0.0 2.04 34.24 36.28 NOTE
r-devel-linux-x86_64-debian-gcc 1.0.0 1.77 35.22 36.99 NOTE
r-devel-linux-x86_64-fedora-clang 1.0.0 71.26 NOTE
r-devel-linux-x86_64-fedora-gcc 1.0.0 74.80 NOTE
r-devel-osx-x86_64-clang 1.0.0 68.40 NOTE
r-prerel-windows-ix86+x86_64 1.0.0 6.00 55.00 61.00 NOTE
r-prerel-linux-x86_64 1.0.0 1.68 34.18 35.87 NOTE
r-prerel-solaris-sparc 1.0.0 422.60 NOTE
r-prerel-solaris-x86 1.0.0 89.90 NOTE
r-release-linux-x86_64 1.0.0 2.39 45.24 47.62 NOTE
r-release-osx-x86_64-mavericks 1.0.0 NOTE
r-release-osx-x86_64-snowleopard 1.0.0 OK
r-release-windows-ix86+x86_64 1.0.0 8.00 71.00 79.00 NOTE
r-oldrel-windows-ix86+x86_64 1.0.0 9.00 65.00 74.00 NOTE

Check Details

Version: 1.0.0
Check: DESCRIPTION meta-information
Result: NOTE
    Malformed Description field: should contain one or more complete sentences.
Flavors: r-devel-linux-x86_64-debian-clang, r-devel-linux-x86_64-debian-gcc, r-devel-linux-x86_64-fedora-clang, r-devel-linux-x86_64-fedora-gcc, r-devel-osx-x86_64-clang, r-prerel-windows-ix86+x86_64, r-prerel-linux-x86_64, r-prerel-solaris-sparc, r-prerel-solaris-x86

Version: 1.0.0
Check: dependencies in R code
Result: NOTE
    Packages in Depends field not imported from:
     ‘NADA’ ‘lubridate’ ‘survival’
     These packages need to be imported from (in the NAMESPACE file)
     for when this namespace is loaded but not attached.
Flavors: r-devel-linux-x86_64-debian-clang, r-devel-linux-x86_64-debian-gcc, r-devel-linux-x86_64-fedora-clang, r-devel-linux-x86_64-fedora-gcc, r-devel-osx-x86_64-clang, r-prerel-windows-ix86+x86_64, r-prerel-linux-x86_64, r-prerel-solaris-sparc, r-prerel-solaris-x86, r-release-linux-x86_64, r-release-windows-ix86+x86_64

Version: 1.0.0
Check: R code for possible problems
Result: NOTE
    fitMod: no visible global function definition for ‘survreg’
    fitswavecav: no visible global function definition for ‘year’
    prepData: no visible global function definition for ‘year’
    prepData: no visible global function definition for ‘month’
    prepData: no visible global function definition for ‘day’
    rosBoxPlot: no visible global function definition for ‘ros’
Flavors: r-devel-linux-x86_64-debian-clang, r-devel-linux-x86_64-debian-gcc, r-devel-linux-x86_64-fedora-clang, r-devel-linux-x86_64-fedora-gcc, r-devel-osx-x86_64-clang, r-prerel-windows-ix86+x86_64, r-prerel-linux-x86_64, r-prerel-solaris-sparc, r-prerel-solaris-x86, r-release-linux-x86_64, r-release-osx-x86_64-mavericks, r-release-windows-ix86+x86_64

Version: 1.0.0
Check: dependencies in R code
Result: NOTE
    Packages in Depends field not imported from:
     ‘NADA’ ‘lubridate’ ‘survival’
     These packages need to be imported from (in the NAMESPACE file)
     for when this namespace is loaded but not attached.
    See the information on DESCRIPTION files in the chapter ‘Creating R
    packages’ of the ‘Writing R Extensions’ manual.
Flavors: r-release-osx-x86_64-mavericks, r-oldrel-windows-ix86+x86_64