CRAN Package Check Results for Package seawaveQ

Last updated on 2015-08-03 03:47:59.

Flavor Version Tinstall Tcheck Ttotal Status Flags
r-devel-linux-x86_64-debian-clang 1.0.0 1.78 35.41 37.19 NOTE
r-devel-linux-x86_64-debian-gcc 1.0.0 1.86 33.54 35.40 NOTE
r-devel-linux-x86_64-fedora-clang 1.0.0 72.76 NOTE
r-devel-linux-x86_64-fedora-gcc 1.0.0 67.78 NOTE
r-devel-osx-x86_64-clang 1.0.0 59.03 NOTE
r-devel-windows-ix86+x86_64 1.0.0 6.00 61.00 67.00 NOTE
r-patched-linux-x86_64 1.0.0 1.66 34.16 35.82 NOTE
r-patched-solaris-sparc 1.0.0 439.80 NOTE
r-patched-solaris-x86 1.0.0 92.80 NOTE
r-release-linux-x86_64 1.0.0 2.34 34.54 36.88 NOTE
r-release-osx-x86_64-mavericks 1.0.0 NOTE
r-release-windows-ix86+x86_64 1.0.0 8.00 59.00 67.00 NOTE
r-oldrel-windows-ix86+x86_64 1.0.0 12.00 78.00 90.00 NOTE

Check Details

Version: 1.0.0
Check: DESCRIPTION meta-information
Result: NOTE
    Malformed Description field: should contain one or more complete sentences.
Flavors: r-devel-linux-x86_64-debian-clang, r-devel-linux-x86_64-debian-gcc, r-devel-linux-x86_64-fedora-clang, r-devel-linux-x86_64-fedora-gcc, r-devel-osx-x86_64-clang, r-devel-windows-ix86+x86_64, r-patched-linux-x86_64, r-patched-solaris-sparc, r-patched-solaris-x86, r-release-linux-x86_64, r-release-osx-x86_64-mavericks, r-release-windows-ix86+x86_64

Version: 1.0.0
Check: dependencies in R code
Result: NOTE
    Packages in Depends field not imported from:
     ‘NADA’ ‘lubridate’ ‘survival’
     These packages need to be imported from (in the NAMESPACE file)
     for when this namespace is loaded but not attached.
Flavors: r-devel-linux-x86_64-debian-clang, r-devel-linux-x86_64-debian-gcc, r-devel-linux-x86_64-fedora-clang, r-devel-linux-x86_64-fedora-gcc, r-devel-osx-x86_64-clang, r-devel-windows-ix86+x86_64, r-patched-linux-x86_64, r-patched-solaris-sparc, r-patched-solaris-x86, r-release-linux-x86_64, r-release-osx-x86_64-mavericks, r-release-windows-ix86+x86_64, r-oldrel-windows-ix86+x86_64

Version: 1.0.0
Check: R code for possible problems
Result: NOTE
    cenScatPlot: no visible global function definition for ‘plot’
    cenScatPlot: no visible global function definition for ‘points’
    cenScatPlot: no visible global function definition for ‘legend’
    cenScatPlot: no visible global function definition for ‘title’
    fitMod: no visible global function definition for ‘supsmu’
    fitMod: no visible global function definition for ‘survreg’
    fitMod: no visible global function definition for ‘extractAIC’
    fitMod: no visible global function definition for ‘sessionInfo’
    fitswavecav: no visible global function definition for ‘year’
    fitswavecav: no visible global function definition for ‘quantile’
    prepData: no visible global function definition for ‘year’
    prepData: no visible global function definition for ‘month’
    prepData: no visible global function definition for ‘day’
    rosBoxPlot: no visible global function definition for ‘ros’
    rosBoxPlot: no visible global function definition for ‘boxplot’
    rosBoxPlot: no visible global function definition for ‘title’
    seawaveQPlots: no visible global function definition for ‘pdf’
    seawaveQPlots: no visible global function definition for ‘par’
    seawaveQPlots: no visible global function definition for ‘qnorm’
    seawaveQPlots: no visible global function definition for ‘runif’
    seawaveQPlots: no visible global function definition for ‘pnorm’
    seawaveQPlots: no visible global function definition for ‘plot’
    seawaveQPlots: no visible global function definition for ‘points’
    seawaveQPlots: no visible global function definition for ‘lines’
    seawaveQPlots: no visible global function definition for ‘mtext’
    seawaveQPlots: no visible global function definition for ‘text’
    seawaveQPlots: no visible global function definition for ‘quantile’
    seawaveQPlots: no visible global function definition for ‘dev.off’
    Undefined global functions or variables:
     boxplot day dev.off extractAIC legend lines month mtext par pdf plot
     pnorm points qnorm quantile ros runif sessionInfo supsmu survreg text
     title year
    Consider adding
     importFrom("grDevices", "dev.off", "pdf")
     importFrom("graphics", "boxplot", "legend", "lines", "mtext", "par",
     "plot", "points", "text", "title")
     importFrom("stats", "extractAIC", "pnorm", "qnorm", "quantile",
     "runif", "supsmu")
     importFrom("utils", "sessionInfo")
    to your NAMESPACE.
Flavors: r-devel-linux-x86_64-debian-clang, r-devel-linux-x86_64-debian-gcc, r-devel-linux-x86_64-fedora-clang, r-devel-linux-x86_64-fedora-gcc, r-devel-windows-ix86+x86_64

Version: 1.0.0
Check: R code for possible problems
Result: NOTE
    fitMod: no visible global function definition for ‘survreg’
    fitswavecav: no visible global function definition for ‘year’
    prepData: no visible global function definition for ‘year’
    prepData: no visible global function definition for ‘month’
    prepData: no visible global function definition for ‘day’
    rosBoxPlot: no visible global function definition for ‘ros’
    Undefined global functions or variables:
     day month ros survreg year
Flavor: r-devel-osx-x86_64-clang

Version: 1.0.0
Check: R code for possible problems
Result: NOTE
    fitMod: no visible global function definition for ‘survreg’
    fitswavecav: no visible global function definition for ‘year’
    prepData: no visible global function definition for ‘year’
    prepData: no visible global function definition for ‘month’
    prepData: no visible global function definition for ‘day’
    rosBoxPlot: no visible global function definition for ‘ros’
Flavors: r-patched-linux-x86_64, r-patched-solaris-sparc, r-patched-solaris-x86, r-release-linux-x86_64, r-release-osx-x86_64-mavericks, r-release-windows-ix86+x86_64, r-oldrel-windows-ix86+x86_64

Version: 1.0.0
Check: package dependencies
Result: NOTE
    Package suggested but not available for checking: ‘waterData’
Flavor: r-release-osx-x86_64-mavericks