CRAN Package Check Results for Package seawaveQ

Last updated on 2015-01-27 17:53:28.

Flavor Version Tinstall Tcheck Ttotal Status Flags
r-devel-linux-x86_64-debian-clang 1.0.0 2.79 39.93 42.72 NOTE
r-devel-linux-x86_64-debian-gcc 1.0.0 2.11 37.62 39.74 NOTE
r-devel-linux-x86_64-fedora-clang 1.0.0 94.81 NOTE
r-devel-linux-x86_64-fedora-gcc 1.0.0 89.41 NOTE
r-devel-osx-x86_64-clang 1.0.0 81.78 NOTE
r-devel-windows-ix86+x86_64 1.0.0 8.00 60.00 68.00 NOTE
r-patched-linux-x86_64 1.0.0 2.36 43.20 45.55 NOTE
r-patched-solaris-sparc 1.0.0 494.70 NOTE
r-patched-solaris-x86 1.0.0 111.20 NOTE
r-release-linux-ix86 1.0.0 2.80 49.78 52.58 NOTE
r-release-linux-x86_64 1.0.0 2.25 43.09 45.34 NOTE
r-release-osx-x86_64-mavericks 1.0.0 NOTE
r-release-osx-x86_64-snowleopard 1.0.0 OK
r-release-windows-ix86+x86_64 1.0.0 9.00 68.00 77.00 NOTE
r-oldrel-windows-ix86+x86_64 1.0.0 8.00 68.00 76.00 NOTE

Check Details

Version: 1.0.0
Check: dependencies in R code
Result: NOTE
    Packages in Depends field not imported from:
     ‘NADA’ ‘lubridate’ ‘survival’
     These packages need to be imported from (in the NAMESPACE file)
     for when this namespace is loaded but not attached.
Flavors: r-devel-linux-x86_64-debian-clang, r-devel-linux-x86_64-debian-gcc, r-devel-linux-x86_64-fedora-clang, r-devel-linux-x86_64-fedora-gcc, r-devel-osx-x86_64-clang, r-devel-windows-ix86+x86_64

Version: 1.0.0
Check: R code for possible problems
Result: NOTE
    fitMod: no visible global function definition for ‘survreg’
    fitswavecav: no visible global function definition for ‘year’
    prepData: no visible global function definition for ‘year’
    prepData: no visible global function definition for ‘month’
    prepData: no visible global function definition for ‘day’
    rosBoxPlot: no visible global function definition for ‘ros’
Flavors: r-devel-linux-x86_64-debian-clang, r-devel-linux-x86_64-debian-gcc, r-devel-linux-x86_64-fedora-clang, r-devel-linux-x86_64-fedora-gcc, r-devel-osx-x86_64-clang, r-devel-windows-ix86+x86_64, r-patched-linux-x86_64, r-patched-solaris-sparc, r-patched-solaris-x86, r-release-linux-ix86, r-release-linux-x86_64, r-release-osx-x86_64-mavericks, r-release-windows-ix86+x86_64

Version: 1.0.0
Check: dependencies in R code
Result: NOTE
    Packages in Depends field not imported from:
     ‘NADA’ ‘lubridate’ ‘survival’
     These packages need to be imported from (in the NAMESPACE file)
     for when this namespace is loaded but not attached.
    See the information on DESCRIPTION files in the chapter ‘Creating R
    packages’ of the ‘Writing R Extensions’ manual.
Flavors: r-patched-linux-x86_64, r-patched-solaris-sparc, r-patched-solaris-x86, r-release-linux-ix86, r-release-linux-x86_64, r-release-osx-x86_64-mavericks, r-release-windows-ix86+x86_64, r-oldrel-windows-ix86+x86_64