CRAN Package Check Results for Package seawaveQ

Last updated on 2015-05-24 08:48:43.

Flavor Version Tinstall Tcheck Ttotal Status Flags
r-devel-linux-x86_64-debian-clang 1.0.0 1.74 34.34 36.08 NOTE
r-devel-linux-x86_64-debian-gcc 1.0.0 2.00 33.93 35.93 NOTE
r-devel-linux-x86_64-fedora-clang 1.0.0 72.24 NOTE
r-devel-linux-x86_64-fedora-gcc 1.0.0 70.79 NOTE
r-devel-osx-x86_64-clang 1.0.0 64.10 NOTE
r-devel-windows-ix86+x86_64 1.0.0 6.00 60.00 66.00 NOTE
r-patched-linux-x86_64 1.0.0 1.96 34.24 36.20 NOTE
r-patched-solaris-sparc 1.0.0 432.10 NOTE
r-patched-solaris-x86 1.0.0 92.40 NOTE
r-release-linux-x86_64 1.0.0 1.79 35.48 37.26 NOTE
r-release-osx-x86_64-mavericks 1.0.0 NOTE
r-release-osx-x86_64-snowleopard 1.0.0 NOTE
r-release-windows-ix86+x86_64 1.0.0 9.00 53.00 62.00 NOTE
r-oldrel-windows-ix86+x86_64 1.0.0 8.00 65.00 73.00 NOTE

Check Details

Version: 1.0.0
Check: DESCRIPTION meta-information
Result: NOTE
    Malformed Description field: should contain one or more complete sentences.
Flavors: r-devel-linux-x86_64-debian-clang, r-devel-linux-x86_64-debian-gcc, r-devel-linux-x86_64-fedora-clang, r-devel-linux-x86_64-fedora-gcc, r-devel-osx-x86_64-clang, r-devel-windows-ix86+x86_64, r-patched-linux-x86_64, r-patched-solaris-sparc, r-patched-solaris-x86, r-release-linux-x86_64, r-release-osx-x86_64-mavericks, r-release-osx-x86_64-snowleopard, r-release-windows-ix86+x86_64

Version: 1.0.0
Check: dependencies in R code
Result: NOTE
    Packages in Depends field not imported from:
     ‘NADA’ ‘lubridate’ ‘survival’
     These packages need to be imported from (in the NAMESPACE file)
     for when this namespace is loaded but not attached.
Flavors: r-devel-linux-x86_64-debian-clang, r-devel-linux-x86_64-debian-gcc, r-devel-linux-x86_64-fedora-clang, r-devel-linux-x86_64-fedora-gcc, r-devel-osx-x86_64-clang, r-devel-windows-ix86+x86_64, r-patched-linux-x86_64, r-patched-solaris-sparc, r-patched-solaris-x86, r-release-linux-x86_64, r-release-osx-x86_64-mavericks, r-release-osx-x86_64-snowleopard, r-release-windows-ix86+x86_64, r-oldrel-windows-ix86+x86_64

Version: 1.0.0
Check: R code for possible problems
Result: NOTE
    fitMod: no visible global function definition for ‘survreg’
    fitswavecav: no visible global function definition for ‘year’
    prepData: no visible global function definition for ‘year’
    prepData: no visible global function definition for ‘month’
    prepData: no visible global function definition for ‘day’
    rosBoxPlot: no visible global function definition for ‘ros’
Flavors: r-devel-linux-x86_64-debian-clang, r-devel-linux-x86_64-debian-gcc, r-devel-linux-x86_64-fedora-clang, r-devel-linux-x86_64-fedora-gcc, r-devel-osx-x86_64-clang, r-devel-windows-ix86+x86_64, r-patched-linux-x86_64, r-patched-solaris-sparc, r-patched-solaris-x86, r-release-linux-x86_64, r-release-osx-x86_64-mavericks, r-release-osx-x86_64-snowleopard, r-release-windows-ix86+x86_64, r-oldrel-windows-ix86+x86_64

Version: 1.0.0
Check: package dependencies
Result: NOTE
    Package suggested but not available for checking: ‘waterData’
Flavors: r-release-osx-x86_64-mavericks, r-release-osx-x86_64-snowleopard