CRAN Package Check Results for Package seawaveQ

Last updated on 2015-03-04 23:47:31.

Flavor Version Tinstall Tcheck Ttotal Status Flags
r-devel-linux-x86_64-debian-clang 1.0.0 1.77 34.78 36.56 NOTE
r-devel-linux-x86_64-debian-gcc 1.0.0 1.65 33.67 35.32 NOTE
r-devel-linux-x86_64-fedora-clang 1.0.0 69.73 NOTE
r-devel-linux-x86_64-fedora-gcc 1.0.0 68.15 NOTE
r-devel-osx-x86_64-clang 1.0.0 64.81 NOTE
r-devel-windows-ix86+x86_64 1.0.0 6.00 51.00 57.00 NOTE
r-patched-linux-x86_64 1.0.0 3.19 44.06 47.25 NOTE
r-patched-solaris-sparc 1.0.0 532.10 NOTE
r-patched-solaris-x86 1.0.0 111.20 NOTE
r-release-linux-ix86 1.0.0 2.90 51.52 54.42 NOTE
r-release-linux-x86_64 1.0.0 2.38 42.89 45.27 NOTE
r-release-osx-x86_64-mavericks 1.0.0 NOTE
r-release-osx-x86_64-snowleopard 1.0.0 OK
r-release-windows-ix86+x86_64 1.0.0 8.00 69.00 77.00 NOTE
r-oldrel-windows-ix86+x86_64 1.0.0 10.00 64.00 74.00 NOTE

Check Details

Version: 1.0.0
Check: DESCRIPTION meta-information
Result: NOTE
    Malformed Description field: should contain one or more complete sentences.
Flavors: r-devel-linux-x86_64-debian-clang, r-devel-linux-x86_64-debian-gcc, r-devel-linux-x86_64-fedora-clang, r-devel-linux-x86_64-fedora-gcc, r-devel-osx-x86_64-clang, r-devel-windows-ix86+x86_64

Version: 1.0.0
Check: dependencies in R code
Result: NOTE
    Packages in Depends field not imported from:
     ‘NADA’ ‘lubridate’ ‘survival’
     These packages need to be imported from (in the NAMESPACE file)
     for when this namespace is loaded but not attached.
Flavors: r-devel-linux-x86_64-debian-clang, r-devel-linux-x86_64-debian-gcc, r-devel-linux-x86_64-fedora-clang, r-devel-linux-x86_64-fedora-gcc, r-devel-osx-x86_64-clang, r-devel-windows-ix86+x86_64, r-patched-linux-x86_64, r-patched-solaris-sparc, r-patched-solaris-x86

Version: 1.0.0
Check: R code for possible problems
Result: NOTE
    fitMod: no visible global function definition for ‘survreg’
    fitswavecav: no visible global function definition for ‘year’
    prepData: no visible global function definition for ‘year’
    prepData: no visible global function definition for ‘month’
    prepData: no visible global function definition for ‘day’
    rosBoxPlot: no visible global function definition for ‘ros’
Flavors: r-devel-linux-x86_64-debian-clang, r-devel-linux-x86_64-debian-gcc, r-devel-linux-x86_64-fedora-clang, r-devel-linux-x86_64-fedora-gcc, r-devel-osx-x86_64-clang, r-devel-windows-ix86+x86_64, r-patched-linux-x86_64, r-patched-solaris-sparc, r-patched-solaris-x86, r-release-linux-ix86, r-release-linux-x86_64, r-release-osx-x86_64-mavericks, r-release-windows-ix86+x86_64

Version: 1.0.0
Check: dependencies in R code
Result: NOTE
    Packages in Depends field not imported from:
     ‘NADA’ ‘lubridate’ ‘survival’
     These packages need to be imported from (in the NAMESPACE file)
     for when this namespace is loaded but not attached.
    See the information on DESCRIPTION files in the chapter ‘Creating R
    packages’ of the ‘Writing R Extensions’ manual.
Flavors: r-release-linux-ix86, r-release-linux-x86_64, r-release-osx-x86_64-mavericks, r-release-windows-ix86+x86_64, r-oldrel-windows-ix86+x86_64