CRAN Package Check Results for Package secret

Last updated on 2022-05-20 14:52:39 CEST.

Flavor Version Tinstall Tcheck Ttotal Status Flags
r-devel-linux-x86_64-debian-clang 1.1.0 3.30 41.36 44.66 NOTE
r-devel-linux-x86_64-debian-gcc 1.1.0 2.36 31.55 33.91 NOTE
r-devel-linux-x86_64-fedora-clang 1.1.0 52.34 NOTE
r-devel-linux-x86_64-fedora-gcc 1.1.0 54.64 NOTE
r-devel-windows-x86_64 1.1.0 23.00 63.00 86.00 NOTE
r-patched-linux-x86_64 1.1.0 3.12 39.98 43.10 NOTE
r-release-linux-x86_64 1.1.0 3.16 39.86 43.02 NOTE
r-release-macos-arm64 1.1.0 21.00 NOTE
r-release-macos-x86_64 1.1.0 25.00 NOTE
r-release-windows-x86_64 1.1.0 36.00 64.00 100.00 NOTE
r-oldrel-macos-arm64 1.1.0 24.00 NOTE
r-oldrel-macos-x86_64 1.1.0 32.00 NOTE
r-oldrel-windows-ix86+x86_64 1.1.0 7.00 53.00 60.00 NOTE

Check Details

Version: 1.1.0
Check: LazyData
Result: NOTE
     'LazyData' is specified without a 'data' directory
Flavors: r-devel-linux-x86_64-debian-clang, r-devel-linux-x86_64-debian-gcc, r-devel-linux-x86_64-fedora-clang, r-devel-linux-x86_64-fedora-gcc, r-devel-windows-x86_64, r-patched-linux-x86_64, r-release-linux-x86_64, r-release-macos-arm64, r-release-macos-x86_64, r-release-windows-x86_64, r-oldrel-macos-arm64, r-oldrel-macos-x86_64, r-oldrel-windows-ix86+x86_64