CRAN Package Check Results for Package secsse

Last updated on 2020-05-29 05:50:59 CEST.

Flavor Version Tinstall Tcheck Ttotal Status Flags
r-devel-linux-x86_64-debian-clang 2.0.0 5.16 42.40 47.56 OK
r-devel-linux-x86_64-debian-gcc 2.0.0 4.11 32.89 37.00 OK
r-devel-linux-x86_64-fedora-clang 2.0.0 58.57 OK
r-devel-linux-x86_64-fedora-gcc 2.0.0 57.74 OK
r-devel-windows-ix86+x86_64 2.0.0 23.00 138.00 161.00 NOTE
r-patched-linux-x86_64 2.0.0 5.40 42.49 47.89 OK
r-patched-solaris-x86 2.0.0 79.70 OK
r-release-linux-x86_64 2.0.0 6.12 42.16 48.28 OK
r-release-osx-x86_64 2.0.0 OK
r-release-windows-ix86+x86_64 2.0.0 18.00 143.00 161.00 NOTE
r-oldrel-osx-x86_64 2.0.0 OK
r-oldrel-windows-ix86+x86_64 2.0.0 13.00 64.00 77.00 NOTE

Check Details

Version: 2.0.0
Check: package dependencies
Result: NOTE
    Package which this enhances but not available for checking: 'doMC'
Flavors: r-devel-windows-ix86+x86_64, r-release-windows-ix86+x86_64, r-oldrel-windows-ix86+x86_64