CRAN Package Check Results for Package secsse

Last updated on 2019-09-23 19:47:39 CEST.

Flavor Version Tinstall Tcheck Ttotal Status Flags
r-devel-linux-x86_64-debian-clang 2.0.0 4.93 38.19 43.12 OK
r-devel-linux-x86_64-debian-gcc 2.0.0 3.79 30.18 33.97 OK
r-devel-linux-x86_64-fedora-clang 2.0.0 55.17 OK
r-devel-linux-x86_64-fedora-gcc 2.0.0 52.58 OK
r-devel-windows-ix86+x86_64 2.0.0 34.00 88.00 122.00 NOTE
r-patched-linux-x86_64 2.0.0 4.51 37.38 41.89 OK
r-patched-solaris-x86 2.0.0 75.20 OK
r-release-linux-x86_64 2.0.0 4.84 37.77 42.61 OK
r-release-windows-ix86+x86_64 2.0.0 20.00 91.00 111.00 NOTE
r-release-osx-x86_64 2.0.0 OK
r-oldrel-windows-ix86+x86_64 2.0.0 10.00 60.00 70.00 NOTE
r-oldrel-osx-x86_64 2.0.0 OK

Check Details

Version: 2.0.0
Check: package dependencies
Result: NOTE
    Package which this enhances but not available for checking: 'doMC'
Flavors: r-devel-windows-ix86+x86_64, r-release-windows-ix86+x86_64, r-oldrel-windows-ix86+x86_64