CRAN Package Check Results for Package seeclickfixr

Last updated on 2019-05-24 13:48:41 CEST.

Flavor Version Tinstall Tcheck Ttotal Status Flags
r-devel-linux-x86_64-debian-clang 1.1.0 2.36 19.72 22.08 OK
r-devel-linux-x86_64-debian-gcc 1.1.0 1.60 15.87 17.47 OK
r-devel-linux-x86_64-fedora-clang 1.1.0 27.10 OK
r-devel-linux-x86_64-fedora-gcc 1.1.0 24.80 OK
r-devel-windows-ix86+x86_64 1.1.0 4.00 43.00 47.00 ERROR
r-patched-linux-x86_64 1.1.0 2.30 19.34 21.64 OK
r-patched-solaris-x86 1.1.0 39.20 OK
r-release-linux-x86_64 1.1.0 2.32 19.29 21.61 OK
r-release-windows-ix86+x86_64 1.1.0 6.00 30.00 36.00 ERROR
r-release-osx-x86_64 1.1.0 OK
r-oldrel-windows-ix86+x86_64 1.1.0 4.00 28.00 32.00 ERROR
r-oldrel-osx-x86_64 1.1.0 OK

Check Details

Version: 1.1.0
Check: examples
Result: ERROR
    Running examples in 'seeclickfixr-Ex.R' failed
    The error most likely occurred in:
    
    > ### Name: list_places
    > ### Title: Query sub-city neighborhoods in which issues can be reported.
    > ### Aliases: list_places
    >
    > ### ** Examples
    >
    > list_places("Boston, MA",limit = 5)
    Error in function (type, msg, asError = TRUE) :
     Unknown SSL protocol error in connection to seeclickfix.com:443
    Calls: list_places -> <Anonymous> -> curlPerform -> <Anonymous> -> fun
    Execution halted
Flavors: r-devel-windows-ix86+x86_64, r-release-windows-ix86+x86_64, r-oldrel-windows-ix86+x86_64