CRAN Package Check Results for Package seeg

Last updated on 2014-07-22 19:47:58.

Flavor Version Tinstall Tcheck Ttotal Status Flags
r-devel-linux-x86_64-debian-clang 1.0 3.94 43.49 47.43 NOTE
r-devel-linux-x86_64-debian-gcc 1.0 3.81 42.02 45.83 NOTE
r-devel-linux-x86_64-fedora-clang 1.0 116.10 NOTE
r-devel-linux-x86_64-fedora-gcc 1.0 108.96 NOTE
r-devel-osx-x86_64-clang 1.0 92.76 NOTE
r-devel-windows-ix86+x86_64 1.0 11.00 61.00 72.00 NOTE
r-patched-linux-x86_64 1.0 3.88 42.42 46.30 NOTE
r-patched-solaris-sparc 1.0 586.00 NOTE
r-patched-solaris-x86 1.0 143.40 NOTE
r-release-linux-ix86 1.0 4.71 54.14 58.85 NOTE
r-release-linux-x86_64 1.0 3.94 45.96 49.90 NOTE
r-release-osx-x86_64-mavericks 1.0 NOTE
r-release-osx-x86_64-snowleopard 1.0 OK
r-release-windows-ix86+x86_64 1.0 70.00 67.00 137.00 NOTE
r-oldrel-windows-ix86+x86_64 1.0 33.00 61.00 94.00 NOTE

Check Details

Version: 1.0
Check: dependencies in R code
Result: NOTE
    Packages in Depends field not imported from:
     ‘car’ ‘sgeostat’ ‘spatstat’
     These packages need to be imported from (in the NAMESPACE file)
     for when this namespace is loaded but not attached.
    See the information on DESCRIPTION files in the chapter ‘Creating R
    packages’ of the ‘Writing R Extensions’ manual.
Flavors: r-devel-linux-x86_64-debian-clang, r-devel-linux-x86_64-debian-gcc, r-devel-linux-x86_64-fedora-clang, r-devel-linux-x86_64-fedora-gcc, r-devel-osx-x86_64-clang, r-devel-windows-ix86+x86_64, r-patched-linux-x86_64, r-patched-solaris-sparc, r-patched-solaris-x86, r-release-linux-ix86, r-release-linux-x86_64, r-release-osx-x86_64-mavericks, r-release-windows-ix86+x86_64, r-oldrel-windows-ix86+x86_64

Version: 1.0
Check: Rd line widths
Result: NOTE
    Rd file 'krige.functions.Rd':
     \usage lines wider than 90 characters:
     plotkriged(dataset, kriged, outpdf="dataset-kriged.pdf", border.sw=FALSE, border.poly="none")
    
    Rd file 'rain.Rd':
     \examples lines wider than 100 characters:
     P <- matrix(c(0.5,0.4,0.0,0.0, 0.0,0.0,0.9,0.5, 0.5,0.6,0.0,0.0, 0.0,0.0,0.1,0.5), ncol=4, byrow=TRUE)
     Ha <- matrix(c(0.025,0.0154,0.0,0.0, 0.0,0.0,0.04,0.02, 0.025,0.0154,0.0,0.0, 0.0,0.0,0.04,0.02), ncol=4, byrow=TRUE)
    
    These lines will be truncated in the PDF manual.
Flavors: r-devel-linux-x86_64-fedora-clang, r-devel-linux-x86_64-fedora-gcc