CRAN Package Check Results for Package seeg

Last updated on 2014-10-31 06:47:29.

Flavor Version Tinstall Tcheck Ttotal Status Flags
r-devel-linux-x86_64-debian-clang 1.0 3.87 42.20 46.06 NOTE
r-devel-linux-x86_64-debian-gcc 1.0 3.77 40.82 44.59 NOTE
r-devel-linux-x86_64-fedora-clang 1.0 110.33 NOTE
r-devel-linux-x86_64-fedora-gcc 1.0 106.52 NOTE
r-devel-osx-x86_64-clang 1.0 90.62 NOTE
r-devel-windows-ix86+x86_64 1.0 11.00 60.00 71.00 NOTE
r-patched-linux-x86_64 1.0 3.89 42.44 46.33 NOTE
r-patched-solaris-sparc 1.0 565.60 NOTE
r-patched-solaris-x86 1.0 143.90 NOTE
r-release-linux-ix86 1.0 4.73 55.64 60.38 NOTE
r-release-linux-x86_64 1.0 4.02 44.69 48.70 NOTE
r-release-osx-x86_64-mavericks 1.0 NOTE
r-release-osx-x86_64-snowleopard 1.0 OK
r-release-windows-ix86+x86_64 1.0 10.00 68.00 78.00 NOTE
r-oldrel-windows-ix86+x86_64 1.0 2.00 1.00 3.00 ERROR

Check Details

Version: 1.0
Check: dependencies in R code
Result: NOTE
    Packages in Depends field not imported from:
     ‘car’ ‘sgeostat’ ‘spatstat’
     These packages need to be imported from (in the NAMESPACE file)
     for when this namespace is loaded but not attached.
    See the information on DESCRIPTION files in the chapter ‘Creating R
    packages’ of the ‘Writing R Extensions’ manual.
Flavors: r-devel-linux-x86_64-debian-clang, r-devel-linux-x86_64-debian-gcc, r-devel-linux-x86_64-fedora-clang, r-devel-linux-x86_64-fedora-gcc, r-devel-osx-x86_64-clang, r-devel-windows-ix86+x86_64, r-patched-linux-x86_64, r-patched-solaris-sparc, r-patched-solaris-x86, r-release-linux-ix86, r-release-linux-x86_64, r-release-osx-x86_64-mavericks, r-release-windows-ix86+x86_64

Version: 1.0
Check: R code for possible problems
Result: NOTE
    GKhat.env: no visible global function definition for ‘Gest’
    GKhat.env: no visible global function definition for ‘rpoispp’
    GKhat.env: no visible global function definition for ‘Kest’
    GKhat.env: no visible global function definition for ‘runifpoint’
    Okriging: no visible global function definition for ‘point’
    Okriging: no visible global function definition for ‘krige’
    eda6: no visible global function definition for ‘qqPlot’
    makeppp: no visible global function definition for ‘ppp’
    nnGK.ppp: no visible global function definition for ‘Gest’
    nnGK.ppp: no visible global function definition for ‘Kest’
    nnGKenv.ppp: no visible global function definition for ‘Gest’
    nnGKenv.ppp: no visible global function definition for ‘Kest’
    plotkriged: no visible global function definition for ‘point’
    quad.chisq.ppp: no visible global function definition for ‘ppp’
    quad.poisson.ppp: no visible global function definition for ‘ppp’
    vario: no visible global function definition for ‘point’
    vario: no visible global function definition for ‘pair’
    vario: no visible global function definition for ‘est.variogram’
    vario: no visible global function definition for ‘plot.point’
    vario: no visible global function definition for ‘spacecloud’
    vario: no visible global function definition for ‘spacebox’
Flavors: r-devel-linux-x86_64-debian-clang, r-devel-linux-x86_64-debian-gcc, r-devel-linux-x86_64-fedora-clang, r-devel-linux-x86_64-fedora-gcc, r-devel-osx-x86_64-clang, r-devel-windows-ix86+x86_64, r-patched-linux-x86_64, r-patched-solaris-sparc, r-patched-solaris-x86

Version: 1.0
Check: Rd line widths
Result: NOTE
    Rd file 'krige.functions.Rd':
     \usage lines wider than 90 characters:
     plotkriged(dataset, kriged, outpdf="dataset-kriged.pdf", border.sw=FALSE, border.poly="none")
    
    Rd file 'rain.Rd':
     \examples lines wider than 100 characters:
     P <- matrix(c(0.5,0.4,0.0,0.0, 0.0,0.0,0.9,0.5, 0.5,0.6,0.0,0.0, 0.0,0.0,0.1,0.5), ncol=4, byrow=TRUE)
     Ha <- matrix(c(0.025,0.0154,0.0,0.0, 0.0,0.0,0.04,0.02, 0.025,0.0154,0.0,0.0, 0.0,0.0,0.04,0.02), ncol=4, byrow=TRUE)
    
    These lines will be truncated in the PDF manual.
Flavors: r-devel-linux-x86_64-debian-clang, r-devel-linux-x86_64-debian-gcc, r-devel-linux-x86_64-fedora-clang, r-devel-linux-x86_64-fedora-gcc, r-patched-linux-x86_64, r-release-linux-x86_64

Version: 1.0
Check: whether package can be installed
Result: ERROR
    Installation failed.
Flavor: r-oldrel-windows-ix86+x86_64