CRAN Package Check Results for Package seeg

Last updated on 2015-08-03 11:49:29.

Flavor Version Tinstall Tcheck Ttotal Status Flags
r-devel-linux-x86_64-debian-clang 1.0 3.98 39.60 43.58 NOTE
r-devel-linux-x86_64-debian-gcc 1.0 3.87 37.71 41.58 NOTE
r-devel-linux-x86_64-fedora-clang 1.0 90.06 NOTE
r-devel-linux-x86_64-fedora-gcc 1.0 82.54 NOTE
r-devel-osx-x86_64-clang 1.0 72.22 NOTE
r-devel-windows-ix86+x86_64 1.0 12.00 62.00 74.00 NOTE
r-patched-linux-x86_64 1.0 4.13 38.09 42.22 NOTE
r-patched-solaris-sparc 1.0 524.90 NOTE
r-patched-solaris-x86 1.0 119.70 NOTE
r-release-linux-x86_64 1.0 4.04 37.75 41.79 NOTE
r-release-osx-x86_64-mavericks 1.0 NOTE
r-release-windows-ix86+x86_64 1.0 16.00 61.00 77.00 NOTE
r-oldrel-windows-ix86+x86_64 1.0 22.00 95.00 117.00 NOTE

Check Details

Version: 1.0
Check: DESCRIPTION meta-information
Result: NOTE
    Malformed Description field: should contain one or more complete sentences.
Flavors: r-devel-linux-x86_64-debian-clang, r-devel-linux-x86_64-debian-gcc, r-devel-linux-x86_64-fedora-clang, r-devel-linux-x86_64-fedora-gcc, r-devel-osx-x86_64-clang, r-devel-windows-ix86+x86_64, r-patched-linux-x86_64, r-patched-solaris-sparc, r-patched-solaris-x86, r-release-linux-x86_64, r-release-osx-x86_64-mavericks, r-release-windows-ix86+x86_64

Version: 1.0
Check: dependencies in R code
Result: NOTE
    Packages in Depends field not imported from:
     ‘car’ ‘sgeostat’ ‘spatstat’
     These packages need to be imported from (in the NAMESPACE file)
     for when this namespace is loaded but not attached.
Flavors: r-devel-linux-x86_64-debian-clang, r-devel-linux-x86_64-debian-gcc, r-devel-linux-x86_64-fedora-clang, r-devel-linux-x86_64-fedora-gcc, r-devel-osx-x86_64-clang, r-devel-windows-ix86+x86_64, r-patched-linux-x86_64, r-patched-solaris-sparc, r-patched-solaris-x86, r-release-linux-x86_64, r-release-osx-x86_64-mavericks, r-release-windows-ix86+x86_64, r-oldrel-windows-ix86+x86_64

Version: 1.0
Check: R code for possible problems
Result: NOTE
    GKhat.env: no visible global function definition for ‘Gest’
    GKhat.env: no visible global function definition for ‘rpoispp’
    GKhat.env: no visible global function definition for ‘Kest’
    GKhat.env: no visible global function definition for ‘runifpoint’
    GKhat.env: no visible global function definition for ‘matplot’
    GKhat.env: no visible global function definition for ‘legend’
    Okriging: no visible global function definition for ‘point’
    Okriging: no visible global function definition for ‘krige’
    cdf.plot: no visible global function definition for ‘plot’
    cdf.plot: no visible global function definition for ‘sd’
    cdf.plot: no visible global function definition for ‘pnorm’
    cdf.plot: no visible global function definition for ‘lines’
    cdf.plot.gof: no visible global function definition for ‘plot’
    cdf.plot.gof: no visible global function definition for ‘pnorm’
    cdf.plot.gof: no visible global function definition for ‘pexp’
    cdf.plot.gof: no visible global function definition for ‘punif’
    cdf.plot.gof: no visible global function definition for ‘pweibull’
    cdf.plot.gof: no visible global function definition for ‘lines’
    cdf.plot.gof: no visible global function definition for ‘legend’
    cdf.plot.gof: no visible global function definition for ‘abline’
    chisq.gof.norm: no visible global function definition for ‘pnorm’
    chisq.gof.norm: no visible global function definition for ‘pchisq’
    conf.int.lm: no visible global function definition for ‘var’
    conf.int.lm: no visible global function definition for ‘qt’
    conf.int.lm: no visible global function definition for ‘plot’
    conf.int.lm: no visible global function definition for ‘abline’
    conf.int.lm: no visible global function definition for ‘lines’
    conf.int.lm: no visible global function definition for ‘identify’
    eda6: no visible global function definition for ‘plot’
    eda6: no visible global function definition for ‘boxplot’
    eda6: no visible global function definition for ‘title’
    eda6: no visible global function definition for ‘hist’
    eda6: no visible global function definition for ‘density’
    eda6: no visible global function definition for ‘qqPlot’
    eda6: no visible global function definition for ‘var’
    eda6: no visible global function definition for ‘ecdf’
    eda6: no visible global function definition for ‘lines’
    eda6: no visible global function definition for ‘pnorm’
    invent.mxn: no visible global function definition for ‘rnorm’
    lda2: no visible global function definition for ‘var’
    lda2: no visible global function definition for ‘plot’
    lda2: no visible global function definition for ‘rnorm’
    lda2: no visible global function definition for ‘points’
    lda2: no visible global function definition for ‘abline’
    lda2: no visible global function definition for ‘hist’
    lda2: no visible global function definition for ‘pf’
    makeppp: no visible global function definition for ‘ppp’
    model.semivar.cov: no visible global function definition for ‘par’
    model.semivar.cov: no visible global function definition for ‘plot’
    model.semivar.cov: no visible global function definition for ‘points’
    model.semivar.cov: no visible global function definition for ‘lines’
    nnGK.ppp: no visible global function definition for ‘Gest’
    nnGK.ppp: no visible global function definition for ‘Kest’
    nnGK.ppp: no visible global function definition for ‘split.screen’
    nnGK.ppp: no visible global function definition for ‘screen’
    nnGK.ppp: no visible global function definition for ‘par’
    nnGK.ppp: no visible global function definition for ‘plot’
    nnGK.ppp: no visible global function definition for ‘lines’
    nnGK.ppp: no visible global function definition for ‘legend’
    nnGKenv.ppp: no visible global function definition for ‘Gest’
    nnGKenv.ppp: no visible global function definition for ‘Kest’
    panel2: no visible global function definition for ‘layout’
    panel2: no visible global function definition for ‘par’
    panel3: no visible global function definition for ‘layout’
    panel3: no visible global function definition for ‘par’
    panel4: no visible global function definition for ‘layout’
    panel4: no visible global function definition for ‘par’
    panel6: no visible global function definition for ‘layout’
    panel6: no visible global function definition for ‘par’
    plotkriged: no visible global function definition for ‘point’
    plotkriged: no visible global function definition for ‘pdf’
    plotkriged: no visible global function definition for ‘par’
    plotkriged: no visible global function definition for ‘plot’
    plotkriged: no visible global function definition for ‘image’
    plotkriged: no visible global function definition for ‘grey’
    plotkriged: no visible global function definition for ‘contour’
    plotkriged: no visible global function definition for ‘points’
    plotkriged: no visible global function definition for ‘title’
    plotkriged: no visible global function definition for ‘lines’
    plotkriged: no visible global function definition for ‘dev.off’
    poisson.rain: no visible global function definition for ‘rpois’
    poisson.rain: no visible global function definition for ‘rexp’
    poisson.rain: no visible global function definition for ‘rweibull’
    poisson.rain: no visible global function definition for ‘plot’
    poisson.rain: no visible global function definition for ‘hist’
    quad.chisq.ppp: no visible global function definition for ‘ppp’
    quad.chisq.ppp: no visible global function definition for ‘pchisq’
    quad.chisq.ppp: no visible global function definition for ‘par’
    quad.chisq.ppp: no visible global function definition for ‘plot’
    quad.chisq.ppp: no visible global function definition for ‘abline’
    quad.chisq.ppp: no visible global function definition for ‘title’
    quad.chisq.ppp: no visible global function definition for ‘image’
    quad.chisq.ppp: no visible global function definition for ‘gray’
    quad.chisq.ppp: no visible global function definition for ‘ecdf’
    quad.chisq.ppp: no visible global function definition for ‘lines’
    quad.poisson.ppp: no visible global function definition for ‘ppp’
    quad.poisson.ppp: no visible global function definition for ‘dpois’
    quad.poisson.ppp: no visible global function definition for ‘pchisq’
    quad.poisson.ppp: no visible global function definition for ‘par’
    quad.poisson.ppp: no visible global function definition for ‘plot’
    quad.poisson.ppp: no visible global function definition for ‘abline’
    quad.poisson.ppp: no visible global function definition for ‘title’
    quad.poisson.ppp: no visible global function definition for ‘image’
    quad.poisson.ppp: no visible global function definition for ‘gray’
    quad.poisson.ppp: no visible global function definition for ‘barplot’
    quad.poisson.ppp: no visible global function definition for ‘ecdf’
    quad.poisson.ppp: no visible global function definition for ‘points’
    quad.poisson.ppp: no visible global function definition for ‘ppois’
    scan.geoeas.ppp: no visible global function definition for ‘read.table’
    scan.map.ras: no visible global function definition for ‘image’
    scan.map.ras: no visible global function definition for ‘grey’
    scan.map.ras: no visible global function definition for ‘contour’
    scan.map.ras: no visible global function definition for ‘mtext’
    semimarkov: no visible global function definition for ‘runif’
    semimarkov: no visible global function definition for ‘rgamma’
    semimarkov.rain: no visible global function definition for ‘runif’
    semimarkov.rain: no visible global function definition for ‘rgamma’
    vario: no visible global function definition for ‘point’
    vario: no visible global function definition for ‘pair’
    vario: no visible global function definition for ‘est.variogram’
    vario: no visible global function definition for ‘par’
    vario: no visible global function definition for ‘plot.point’
    vario: no visible global function definition for ‘title’
    vario: no visible global function definition for ‘mtext’
    vario: no visible global function definition for ‘plot’
    vario: no visible global function definition for ‘spacecloud’
    vario: no visible global function definition for ‘spacebox’
    Undefined global functions or variables:
     Gest Kest abline barplot boxplot contour density dev.off dpois ecdf
     est.variogram gray grey hist identify image krige layout legend lines
     matplot mtext pair par pchisq pdf pexp pf plot plot.point pnorm point
     points ppois ppp punif pweibull qqPlot qt read.table rexp rgamma
     rnorm rpois rpoispp runif runifpoint rweibull screen sd spacebox
     spacecloud split.screen title var
    Consider adding
     importFrom("grDevices", "dev.off", "gray", "grey", "pdf")
     importFrom("graphics", "abline", "barplot", "boxplot", "contour",
     "hist", "identify", "image", "layout", "legend", "lines",
     "matplot", "mtext", "par", "plot", "points", "screen",
     "split.screen", "title")
     importFrom("stats", "density", "dpois", "ecdf", "pchisq", "pexp", "pf",
     "pnorm", "ppois", "punif", "pweibull", "qt", "rexp",
     "rgamma", "rnorm", "rpois", "runif", "rweibull", "sd",
     "var")
     importFrom("utils", "read.table")
    to your NAMESPACE.
Flavors: r-devel-linux-x86_64-debian-clang, r-devel-linux-x86_64-debian-gcc, r-devel-linux-x86_64-fedora-clang, r-devel-linux-x86_64-fedora-gcc, r-devel-windows-ix86+x86_64

Version: 1.0
Check: Rd line widths
Result: NOTE
    Rd file 'krige.functions.Rd':
     \usage lines wider than 90 characters:
     plotkriged(dataset, kriged, outpdf="dataset-kriged.pdf", border.sw=FALSE, border.poly="none")
    
    Rd file 'rain.Rd':
     \examples lines wider than 100 characters:
     P <- matrix(c(0.5,0.4,0.0,0.0, 0.0,0.0,0.9,0.5, 0.5,0.6,0.0,0.0, 0.0,0.0,0.1,0.5), ncol=4, byrow=TRUE)
     Ha <- matrix(c(0.025,0.0154,0.0,0.0, 0.0,0.0,0.04,0.02, 0.025,0.0154,0.0,0.0, 0.0,0.0,0.04,0.02), ncol=4, byrow=TRUE)
    
    These lines will be truncated in the PDF manual.
Flavors: r-devel-linux-x86_64-debian-clang, r-devel-linux-x86_64-debian-gcc, r-devel-linux-x86_64-fedora-clang, r-devel-linux-x86_64-fedora-gcc, r-patched-linux-x86_64, r-release-linux-x86_64

Version: 1.0
Check: R code for possible problems
Result: NOTE
    GKhat.env: no visible global function definition for ‘Gest’
    GKhat.env: no visible global function definition for ‘rpoispp’
    GKhat.env: no visible global function definition for ‘Kest’
    GKhat.env: no visible global function definition for ‘runifpoint’
    Okriging: no visible global function definition for ‘point’
    Okriging: no visible global function definition for ‘krige’
    eda6: no visible global function definition for ‘qqPlot’
    makeppp: no visible global function definition for ‘ppp’
    nnGK.ppp: no visible global function definition for ‘Gest’
    nnGK.ppp: no visible global function definition for ‘Kest’
    nnGKenv.ppp: no visible global function definition for ‘Gest’
    nnGKenv.ppp: no visible global function definition for ‘Kest’
    plotkriged: no visible global function definition for ‘point’
    quad.chisq.ppp: no visible global function definition for ‘ppp’
    quad.poisson.ppp: no visible global function definition for ‘ppp’
    vario: no visible global function definition for ‘point’
    vario: no visible global function definition for ‘pair’
    vario: no visible global function definition for ‘est.variogram’
    vario: no visible global function definition for ‘plot.point’
    vario: no visible global function definition for ‘spacecloud’
    vario: no visible global function definition for ‘spacebox’
    Undefined global functions or variables:
     Gest Kest est.variogram krige pair plot.point point ppp qqPlot
     rpoispp runifpoint spacebox spacecloud
Flavor: r-devel-osx-x86_64-clang

Version: 1.0
Check: R code for possible problems
Result: NOTE
    GKhat.env: no visible global function definition for ‘Gest’
    GKhat.env: no visible global function definition for ‘rpoispp’
    GKhat.env: no visible global function definition for ‘Kest’
    GKhat.env: no visible global function definition for ‘runifpoint’
    Okriging: no visible global function definition for ‘point’
    Okriging: no visible global function definition for ‘krige’
    eda6: no visible global function definition for ‘qqPlot’
    makeppp: no visible global function definition for ‘ppp’
    nnGK.ppp: no visible global function definition for ‘Gest’
    nnGK.ppp: no visible global function definition for ‘Kest’
    nnGKenv.ppp: no visible global function definition for ‘Gest’
    nnGKenv.ppp: no visible global function definition for ‘Kest’
    plotkriged: no visible global function definition for ‘point’
    quad.chisq.ppp: no visible global function definition for ‘ppp’
    quad.poisson.ppp: no visible global function definition for ‘ppp’
    vario: no visible global function definition for ‘point’
    vario: no visible global function definition for ‘pair’
    vario: no visible global function definition for ‘est.variogram’
    vario: no visible global function definition for ‘plot.point’
    vario: no visible global function definition for ‘spacecloud’
    vario: no visible global function definition for ‘spacebox’
Flavors: r-patched-linux-x86_64, r-patched-solaris-sparc, r-patched-solaris-x86, r-release-linux-x86_64, r-release-osx-x86_64-mavericks, r-release-windows-ix86+x86_64, r-oldrel-windows-ix86+x86_64