CRAN Package Check Results for Package seeg

Last updated on 2014-04-24 23:48:12.

Flavor Version Tinstall Tcheck Ttotal Status Flags
r-devel-linux-x86_64-debian-clang 1.0 4.08 46.52 50.60 NOTE
r-devel-linux-x86_64-debian-gcc 1.0 4.26 45.06 49.31 NOTE
r-devel-linux-x86_64-fedora-clang 1.0 116.13 NOTE
r-devel-linux-x86_64-fedora-gcc 1.0 112.24 NOTE
r-devel-osx-x86_64-clang 1.0 96.87 NOTE
r-devel-osx-x86_64-gcc 1.0 ERROR
r-devel-windows-ix86+x86_64 1.0 9.00 63.00 72.00 NOTE
r-patched-linux-x86_64 1.0 4.16 45.08 49.24 NOTE
r-patched-solaris-sparc 1.0 586.00 NOTE
r-patched-solaris-x86 1.0 144.70 NOTE
r-release-linux-ix86 1.0 6.00 72.00 78.00 NOTE
r-release-linux-x86_64 1.0 4.21 45.57 49.78 NOTE
r-release-osx-x86_64-mavericks 1.0 WARN
r-release-osx-x86_64-snowleopard 1.0 OK
r-release-windows-ix86+x86_64 1.0 11.00 66.00 77.00 NOTE
r-oldrel-windows-ix86+x86_64 1.0 14.00 63.00 77.00 NOTE

Check Details

Version: 1.0
Check: dependencies in R code
Result: NOTE
    Packages in Depends field not imported from:
     ‘car’ ‘sgeostat’ ‘spatstat’
     These packages need to be imported from (in the NAMESPACE file)
     for when this namespace is loaded but not attached.
    See the information on DESCRIPTION files in the chapter ‘Creating R
    packages’ of the ‘Writing R Extensions’ manual.
Flavors: r-devel-linux-x86_64-debian-clang, r-devel-linux-x86_64-debian-gcc, r-devel-linux-x86_64-fedora-clang, r-devel-linux-x86_64-fedora-gcc, r-devel-osx-x86_64-clang, r-devel-windows-ix86+x86_64, r-patched-linux-x86_64, r-patched-solaris-sparc, r-patched-solaris-x86, r-release-linux-ix86, r-release-linux-x86_64, r-release-osx-x86_64-mavericks, r-release-windows-ix86+x86_64, r-oldrel-windows-ix86+x86_64

Version: 1.0
Check: Rd line widths
Result: NOTE
    Rd file 'krige.functions.Rd':
     \usage lines wider than 90 characters:
     plotkriged(dataset, kriged, outpdf="dataset-kriged.pdf", border.sw=FALSE, border.poly="none")
    
    Rd file 'rain.Rd':
     \examples lines wider than 100 characters:
     P <- matrix(c(0.5,0.4,0.0,0.0, 0.0,0.0,0.9,0.5, 0.5,0.6,0.0,0.0, 0.0,0.0,0.1,0.5), ncol=4, byrow=TRUE)
     Ha <- matrix(c(0.025,0.0154,0.0,0.0, 0.0,0.0,0.04,0.02, 0.025,0.0154,0.0,0.0, 0.0,0.0,0.04,0.02), ncol=4, byrow=TRUE)
    
    These lines will be truncated in the PDF manual.
Flavors: r-devel-linux-x86_64-fedora-clang, r-devel-linux-x86_64-fedora-gcc

Version: 1.0
Check: package dependencies
Result: ERROR
    Package required but not available: ‘car’
    
    See the information on DESCRIPTION files in the chapter ‘Creating R
    packages’ of the ‘Writing R Extensions’ manual.
Flavor: r-devel-osx-x86_64-gcc

Version: 1.0
Check: PDF version of manual
Result: WARNING
    LaTeX errors when creating PDF version.
    This typically indicates Rd problems.
    LaTeX errors found:
    ! LaTeX Error: File `upquote.sty' not found.
    
    Type X to quit or <RETURN> to proceed,
    or enter new name. (Default extension: sty)
    
    5c57e09/Rd2.tex:8: ==> Fatal error occurred, no output PDF file produced!
Flavor: r-release-osx-x86_64-mavericks