CRAN Package Check Results for Package seeg

Last updated on 2015-03-28 05:49:40.

Flavor Version Tinstall Tcheck Ttotal Status Flags
r-devel-linux-x86_64-debian-clang 1.0 3.96 37.82 41.78 NOTE
r-devel-linux-x86_64-debian-gcc 1.0 3.90 36.24 40.14 NOTE
r-devel-linux-x86_64-fedora-clang 1.0 87.18 NOTE
r-devel-linux-x86_64-fedora-gcc 1.0 78.90 NOTE
r-devel-osx-x86_64-clang 1.0 79.02 NOTE
r-prerel-windows-ix86+x86_64 1.0 9.00 54.00 63.00 NOTE
r-prerel-linux-x86_64 1.0 4.01 36.23 40.24 NOTE
r-prerel-solaris-sparc 1.0 500.90 NOTE
r-prerel-solaris-x86 1.0 119.50 NOTE
r-release-linux-x86_64 1.0 7.52 55.92 63.44 NOTE
r-release-osx-x86_64-mavericks 1.0 NOTE
r-release-osx-x86_64-snowleopard 1.0 OK
r-release-windows-ix86+x86_64 1.0 18.00 88.00 106.00 NOTE
r-oldrel-windows-ix86+x86_64 1.0 20.00 127.00 147.00 NOTE

Check Details

Version: 1.0
Check: DESCRIPTION meta-information
Result: NOTE
    Malformed Description field: should contain one or more complete sentences.
Flavors: r-devel-linux-x86_64-debian-clang, r-devel-linux-x86_64-debian-gcc, r-devel-linux-x86_64-fedora-clang, r-devel-linux-x86_64-fedora-gcc, r-devel-osx-x86_64-clang, r-prerel-windows-ix86+x86_64, r-prerel-linux-x86_64, r-prerel-solaris-sparc, r-prerel-solaris-x86

Version: 1.0
Check: dependencies in R code
Result: NOTE
    Packages in Depends field not imported from:
     ‘car’ ‘sgeostat’ ‘spatstat’
     These packages need to be imported from (in the NAMESPACE file)
     for when this namespace is loaded but not attached.
Flavors: r-devel-linux-x86_64-debian-clang, r-devel-linux-x86_64-debian-gcc, r-devel-linux-x86_64-fedora-clang, r-devel-linux-x86_64-fedora-gcc, r-devel-osx-x86_64-clang, r-prerel-windows-ix86+x86_64, r-prerel-linux-x86_64, r-prerel-solaris-sparc, r-prerel-solaris-x86, r-release-linux-x86_64, r-release-windows-ix86+x86_64

Version: 1.0
Check: R code for possible problems
Result: NOTE
    GKhat.env: no visible global function definition for ‘Gest’
    GKhat.env: no visible global function definition for ‘rpoispp’
    GKhat.env: no visible global function definition for ‘Kest’
    GKhat.env: no visible global function definition for ‘runifpoint’
    Okriging: no visible global function definition for ‘point’
    Okriging: no visible global function definition for ‘krige’
    eda6: no visible global function definition for ‘qqPlot’
    makeppp: no visible global function definition for ‘ppp’
    nnGK.ppp: no visible global function definition for ‘Gest’
    nnGK.ppp: no visible global function definition for ‘Kest’
    nnGKenv.ppp: no visible global function definition for ‘Gest’
    nnGKenv.ppp: no visible global function definition for ‘Kest’
    plotkriged: no visible global function definition for ‘point’
    quad.chisq.ppp: no visible global function definition for ‘ppp’
    quad.poisson.ppp: no visible global function definition for ‘ppp’
    vario: no visible global function definition for ‘point’
    vario: no visible global function definition for ‘pair’
    vario: no visible global function definition for ‘est.variogram’
    vario: no visible global function definition for ‘plot.point’
    vario: no visible global function definition for ‘spacecloud’
    vario: no visible global function definition for ‘spacebox’
Flavors: r-devel-linux-x86_64-debian-clang, r-devel-linux-x86_64-debian-gcc, r-devel-linux-x86_64-fedora-clang, r-devel-linux-x86_64-fedora-gcc, r-devel-osx-x86_64-clang, r-prerel-windows-ix86+x86_64, r-prerel-linux-x86_64, r-prerel-solaris-sparc, r-prerel-solaris-x86, r-release-linux-x86_64, r-release-osx-x86_64-mavericks, r-release-windows-ix86+x86_64

Version: 1.0
Check: Rd line widths
Result: NOTE
    Rd file 'krige.functions.Rd':
     \usage lines wider than 90 characters:
     plotkriged(dataset, kriged, outpdf="dataset-kriged.pdf", border.sw=FALSE, border.poly="none")
    
    Rd file 'rain.Rd':
     \examples lines wider than 100 characters:
     P <- matrix(c(0.5,0.4,0.0,0.0, 0.0,0.0,0.9,0.5, 0.5,0.6,0.0,0.0, 0.0,0.0,0.1,0.5), ncol=4, byrow=TRUE)
     Ha <- matrix(c(0.025,0.0154,0.0,0.0, 0.0,0.0,0.04,0.02, 0.025,0.0154,0.0,0.0, 0.0,0.0,0.04,0.02), ncol=4, byrow=TRUE)
    
    These lines will be truncated in the PDF manual.
Flavors: r-devel-linux-x86_64-debian-clang, r-devel-linux-x86_64-debian-gcc, r-devel-linux-x86_64-fedora-clang, r-devel-linux-x86_64-fedora-gcc, r-prerel-linux-x86_64, r-release-linux-x86_64

Version: 1.0
Check: dependencies in R code
Result: NOTE
    Packages in Depends field not imported from:
     ‘car’ ‘sgeostat’ ‘spatstat’
     These packages need to be imported from (in the NAMESPACE file)
     for when this namespace is loaded but not attached.
    See the information on DESCRIPTION files in the chapter ‘Creating R
    packages’ of the ‘Writing R Extensions’ manual.
Flavors: r-release-osx-x86_64-mavericks, r-oldrel-windows-ix86+x86_64