CRAN Package Check Results for Package seeg

Last updated on 2015-05-29 23:48:16.

Flavor Version Tinstall Tcheck Ttotal Status Flags
r-devel-linux-x86_64-debian-clang 1.0 6.03 38.72 44.74 NOTE
r-devel-linux-x86_64-debian-gcc 1.0 3.82 37.68 41.50 NOTE
r-devel-linux-x86_64-fedora-clang 1.0 88.97 NOTE
r-devel-linux-x86_64-fedora-gcc 1.0 82.19 NOTE
r-devel-osx-x86_64-clang 1.0 75.18 NOTE
r-devel-windows-ix86+x86_64 1.0 11.00 53.00 64.00 NOTE
r-patched-linux-x86_64 1.0 3.86 36.81 40.67 NOTE
r-patched-solaris-sparc 1.0 511.00 NOTE
r-patched-solaris-x86 1.0 117.90 NOTE
r-release-linux-x86_64 1.0 5.04 37.23 42.27 NOTE
r-release-osx-x86_64-mavericks 1.0 NOTE
r-release-osx-x86_64-snowleopard 1.0 ERROR
r-release-windows-ix86+x86_64 1.0 12.00 54.00 66.00 NOTE
r-oldrel-windows-ix86+x86_64 1.0 19.00 81.00 100.00 NOTE

Check Details

Version: 1.0
Check: DESCRIPTION meta-information
Result: NOTE
    Malformed Description field: should contain one or more complete sentences.
Flavors: r-devel-linux-x86_64-debian-clang, r-devel-linux-x86_64-debian-gcc, r-devel-linux-x86_64-fedora-clang, r-devel-linux-x86_64-fedora-gcc, r-devel-osx-x86_64-clang, r-devel-windows-ix86+x86_64, r-patched-linux-x86_64, r-patched-solaris-sparc, r-patched-solaris-x86, r-release-linux-x86_64, r-release-osx-x86_64-mavericks, r-release-windows-ix86+x86_64

Version: 1.0
Check: dependencies in R code
Result: NOTE
    Packages in Depends field not imported from:
     ‘car’ ‘sgeostat’ ‘spatstat’
     These packages need to be imported from (in the NAMESPACE file)
     for when this namespace is loaded but not attached.
Flavors: r-devel-linux-x86_64-debian-clang, r-devel-linux-x86_64-debian-gcc, r-devel-linux-x86_64-fedora-clang, r-devel-linux-x86_64-fedora-gcc, r-devel-osx-x86_64-clang, r-devel-windows-ix86+x86_64, r-patched-linux-x86_64, r-patched-solaris-sparc, r-patched-solaris-x86, r-release-linux-x86_64, r-release-osx-x86_64-mavericks, r-release-windows-ix86+x86_64, r-oldrel-windows-ix86+x86_64

Version: 1.0
Check: R code for possible problems
Result: NOTE
    GKhat.env: no visible global function definition for ‘Gest’
    GKhat.env: no visible global function definition for ‘rpoispp’
    GKhat.env: no visible global function definition for ‘Kest’
    GKhat.env: no visible global function definition for ‘runifpoint’
    Okriging: no visible global function definition for ‘point’
    Okriging: no visible global function definition for ‘krige’
    eda6: no visible global function definition for ‘qqPlot’
    makeppp: no visible global function definition for ‘ppp’
    nnGK.ppp: no visible global function definition for ‘Gest’
    nnGK.ppp: no visible global function definition for ‘Kest’
    nnGKenv.ppp: no visible global function definition for ‘Gest’
    nnGKenv.ppp: no visible global function definition for ‘Kest’
    plotkriged: no visible global function definition for ‘point’
    quad.chisq.ppp: no visible global function definition for ‘ppp’
    quad.poisson.ppp: no visible global function definition for ‘ppp’
    vario: no visible global function definition for ‘point’
    vario: no visible global function definition for ‘pair’
    vario: no visible global function definition for ‘est.variogram’
    vario: no visible global function definition for ‘plot.point’
    vario: no visible global function definition for ‘spacecloud’
    vario: no visible global function definition for ‘spacebox’
Flavors: r-devel-linux-x86_64-debian-clang, r-devel-linux-x86_64-debian-gcc, r-devel-linux-x86_64-fedora-clang, r-devel-linux-x86_64-fedora-gcc, r-devel-osx-x86_64-clang, r-devel-windows-ix86+x86_64, r-patched-linux-x86_64, r-patched-solaris-sparc, r-patched-solaris-x86, r-release-linux-x86_64, r-release-osx-x86_64-mavericks, r-release-windows-ix86+x86_64, r-oldrel-windows-ix86+x86_64

Version: 1.0
Check: Rd line widths
Result: NOTE
    Rd file 'krige.functions.Rd':
     \usage lines wider than 90 characters:
     plotkriged(dataset, kriged, outpdf="dataset-kriged.pdf", border.sw=FALSE, border.poly="none")
    
    Rd file 'rain.Rd':
     \examples lines wider than 100 characters:
     P <- matrix(c(0.5,0.4,0.0,0.0, 0.0,0.0,0.9,0.5, 0.5,0.6,0.0,0.0, 0.0,0.0,0.1,0.5), ncol=4, byrow=TRUE)
     Ha <- matrix(c(0.025,0.0154,0.0,0.0, 0.0,0.0,0.04,0.02, 0.025,0.0154,0.0,0.0, 0.0,0.0,0.04,0.02), ncol=4, byrow=TRUE)
    
    These lines will be truncated in the PDF manual.
Flavors: r-devel-linux-x86_64-debian-clang, r-devel-linux-x86_64-debian-gcc, r-devel-linux-x86_64-fedora-clang, r-devel-linux-x86_64-fedora-gcc, r-patched-linux-x86_64, r-release-linux-x86_64

Version: 1.0
Check: package dependencies
Result: ERROR
    Package required but not available: ‘car’
    
    See section ‘The DESCRIPTION file’ in the ‘Writing R Extensions’
    manual.
Flavor: r-release-osx-x86_64-snowleopard