CRAN Package Check Results for Package seewave

Last updated on 2017-11-20 00:54:45.

Flavor Version Tinstall Tcheck Ttotal Status Flags
r-devel-linux-x86_64-debian-clang 2.0.5 3.28 76.91 80.19 NOTE
r-devel-linux-x86_64-debian-gcc 2.0.5 3.59 147.00 150.59 NOTE
r-devel-linux-x86_64-fedora-clang 2.0.5 156.00 NOTE
r-devel-linux-x86_64-fedora-gcc 2.0.5 190.78 NOTE
r-devel-windows-ix86+x86_64 2.0.5 19.00 220.00 239.00 NOTE
r-patched-linux-x86_64 2.0.5 3.39 79.26 82.65 NOTE
r-patched-solaris-x86 2.0.5 183.00 OK
r-release-linux-x86_64 2.0.5 3.23 79.81 83.04 NOTE
r-release-windows-ix86+x86_64 2.0.5 11.00 258.00 269.00 NOTE
r-release-osx-x86_64 2.0.5 ERROR
r-oldrel-windows-ix86+x86_64 2.0.5 13.00 242.00 255.00 NOTE
r-oldrel-osx-x86_64 2.0.5 NOTE

Additional issues

rchk valgrind

Check Details

Version: 2.0.5
Check: compiled code
Result: NOTE
    File ‘seewave/libs/seewave.so’:
     Found no calls to: ‘R_registerRoutines’, ‘R_useDynamicSymbols’
    
    It is good practice to register native routines and to disable symbol
    search.
    
    See ‘Writing portable packages’ in the ‘Writing R Extensions’ manual.
Flavors: r-devel-linux-x86_64-debian-clang, r-devel-linux-x86_64-debian-gcc, r-devel-linux-x86_64-fedora-clang, r-devel-linux-x86_64-fedora-gcc, r-patched-linux-x86_64, r-release-linux-x86_64

Version: 2.0.5
Check: installed package size
Result: NOTE
     installed size is 5.4Mb
     sub-directories of 1Mb or more:
     doc 2.0Mb
     libs 2.5Mb
Flavors: r-devel-windows-ix86+x86_64, r-release-windows-ix86+x86_64, r-oldrel-windows-ix86+x86_64, r-oldrel-osx-x86_64

Version: 2.0.5
Check: whether package can be installed
Result: ERROR
    Installation failed.
Flavor: r-release-osx-x86_64