CRAN Package Check Results for Package seewave

Last updated on 2018-04-26 16:49:37 CEST.

Flavor Version Tinstall Tcheck Ttotal Status Flags
r-devel-linux-x86_64-debian-clang 2.1.0 9.67 107.11 116.78 OK
r-devel-linux-x86_64-debian-gcc 2.1.0 10.22 91.20 101.42 OK
r-devel-linux-x86_64-fedora-clang 2.1.0 156.63 OK
r-devel-linux-x86_64-fedora-gcc 2.1.0 152.67 OK
r-devel-windows-ix86+x86_64 2.1.0 32.00 192.00 224.00 NOTE
r-patched-linux-x86_64 2.1.0 9.81 115.24 125.05 OK
r-patched-solaris-x86 2.1.0 197.70 OK
r-release-linux-x86_64 2.1.0 13.81 118.05 131.86 OK
r-release-windows-ix86+x86_64 2.1.0 32.00 192.00 224.00 NOTE
r-release-osx-x86_64 2.1.0 NOTE
r-oldrel-windows-ix86+x86_64 2.1.0 14.00 245.00 259.00 NOTE
r-oldrel-osx-x86_64 2.1.0 NOTE

Additional issues

MKL rchk valgrind

Check Details

Version: 2.1.0
Check: installed package size
Result: NOTE
     installed size is 5.7Mb
     sub-directories of 1Mb or more:
     doc 2.0Mb
     libs 2.5Mb
Flavors: r-devel-windows-ix86+x86_64, r-release-windows-ix86+x86_64, r-release-osx-x86_64, r-oldrel-windows-ix86+x86_64, r-oldrel-osx-x86_64

Version: 2.1.0
Check: package dependencies
Result: NOTE
    Package suggested but not available for checking: ‘rpanel’
Flavor: r-release-osx-x86_64