CRAN Package Check Results for Package seewave

Last updated on 2017-03-30 20:47:27.

Flavor Version Tinstall Tcheck Ttotal Status Flags
r-devel-linux-x86_64-debian-clang 2.0.5 3.36 82.49 85.85 NOTE
r-devel-linux-x86_64-debian-gcc 2.0.5 3.03 79.37 82.40 NOTE
r-devel-linux-x86_64-fedora-clang 2.0.5 162.86 NOTE --no-stop-on-test-error
r-devel-linux-x86_64-fedora-gcc 2.0.5 154.99 NOTE --no-stop-on-test-error
r-devel-macos-x86_64-clang 2.0.5 116.04 NOTE --no-stop-on-test-error
r-devel-windows-ix86+x86_64 2.0.5 14.00 267.00 281.00 NOTE
r-patched-linux-x86_64 2.0.5 3.12 79.13 82.25 NOTE
r-patched-solaris-sparc 2.0.5 945.50 OK
r-release-linux-x86_64 2.0.5 3.10 75.63 78.73 OK
r-release-osx-x86_64-mavericks 2.0.5 NOTE
r-release-windows-ix86+x86_64 2.0.5 33.00 198.00 231.00 NOTE
r-oldrel-windows-ix86+x86_64 2.0.5 22.00 276.00 298.00 NOTE

Memtest notes: valgrind

Check Details

Version: 2.0.5
Check: compiled code
Result: NOTE
    File ‘seewave/libs/seewave.so’:
     Found no calls to: ‘R_registerRoutines’, ‘R_useDynamicSymbols’
    
    It is good practice to register native routines and to disable symbol
    search.
    
    See ‘Writing portable packages’ in the ‘Writing R Extensions’ manual.
Flavors: r-devel-linux-x86_64-debian-clang, r-devel-linux-x86_64-debian-gcc, r-patched-linux-x86_64

Version: 2.0.5
Flags: --no-stop-on-test-error
Check: compiled code
Result: NOTE
    File ‘seewave/libs/seewave.so’:
     Found no calls to: ‘R_registerRoutines’, ‘R_useDynamicSymbols’
    
    It is good practice to register native routines and to disable symbol
    search.
    
    See ‘Writing portable packages’ in the ‘Writing R Extensions’ manual.
Flavors: r-devel-linux-x86_64-fedora-clang, r-devel-linux-x86_64-fedora-gcc, r-devel-macos-x86_64-clang

Version: 2.0.5
Check: installed package size
Result: NOTE
     installed size is 5.4Mb
     sub-directories of 1Mb or more:
     doc 2.0Mb
     libs 2.5Mb
Flavors: r-devel-windows-ix86+x86_64, r-release-osx-x86_64-mavericks, r-release-windows-ix86+x86_64, r-oldrel-windows-ix86+x86_64