CRAN Package Check Results for Package seewave

Last updated on 2015-04-02 02:48:24.

Flavor Version Tinstall Tcheck Ttotal Status Flags
r-devel-linux-x86_64-debian-clang 1.7.6 3.09 78.91 82.00 NOTE
r-devel-linux-x86_64-debian-gcc 1.7.6 3.08 77.54 80.62 NOTE
r-devel-linux-x86_64-fedora-clang 1.7.6 166.34 NOTE
r-devel-linux-x86_64-fedora-gcc 1.7.6 162.52 NOTE
r-devel-osx-x86_64-clang 1.7.6 141.86 NOTE
r-prerel-windows-ix86+x86_64 1.7.6 13.00 173.00 186.00 NOTE
r-prerel-linux-x86_64 1.7.6 3.08 78.44 81.52 NOTE
r-prerel-solaris-sparc 1.7.6 1003.30 OK
r-prerel-solaris-x86 1.7.6 193.20 OK
r-release-linux-x86_64 1.7.6 3.63 88.49 92.12 OK
r-release-osx-x86_64-mavericks 1.7.6 ERROR
r-release-osx-x86_64-snowleopard 1.7.6 NOTE
r-release-windows-ix86+x86_64 1.7.6 13.00 188.00 201.00 NOTE
r-oldrel-windows-ix86+x86_64 1.7.6 14.00 192.00 206.00 NOTE

Memtest notes: valgrind

Check Details

Version: 1.7.6
Check: S3 generic/method consistency
Result: NOTE
    Found the following apparent S3 methods exported but not registered:
     rev.cm.colors rev.gray.colors.1 rev.gray.colors.2 rev.heat.colors
     rev.terrain.colors rev.topo.colors
    See section ‘Registering S3 methods’ in the ‘Writing R Extensions’
    manual.
Flavors: r-devel-linux-x86_64-debian-clang, r-devel-linux-x86_64-debian-gcc, r-devel-linux-x86_64-fedora-clang, r-devel-linux-x86_64-fedora-gcc, r-devel-osx-x86_64-clang, r-prerel-linux-x86_64

Version: 1.7.6
Check: installed package size
Result: NOTE
     installed size is 5.3Mb
     sub-directories of 1Mb or more:
     doc 2.0Mb
     libs 2.4Mb
Flavors: r-prerel-windows-ix86+x86_64, r-release-osx-x86_64-snowleopard, r-release-windows-ix86+x86_64, r-oldrel-windows-ix86+x86_64

Version: 1.7.6
Check: package dependencies
Result: ERROR
    Package required but not available: ‘fftw’
    
    See section ‘The DESCRIPTION file’ in the ‘Writing R Extensions’
    manual.
Flavor: r-release-osx-x86_64-mavericks