CRAN Package Check Results for Package seewave

Last updated on 2017-05-26 03:48:46.

Flavor Version Tinstall Tcheck Ttotal Status Flags
r-devel-linux-x86_64-debian-clang 2.0.5 3.17 82.52 85.69 NOTE
r-devel-linux-x86_64-debian-gcc 2.0.5 2.97 79.56 82.53 NOTE
r-devel-linux-x86_64-fedora-clang 2.0.5 158.21 NOTE --no-stop-on-test-error
r-devel-linux-x86_64-fedora-gcc 2.0.5 154.54 NOTE --no-stop-on-test-error
r-devel-windows-ix86+x86_64 2.0.5 14.00 211.00 225.00 NOTE
r-patched-linux-x86_64 2.0.5 3.06 80.31 83.36 NOTE
r-patched-solaris-sparc 2.0.5 945.50 OK
r-patched-solaris-x86 2.0.5 179.70 OK
r-release-linux-x86_64 2.0.5 3.02 78.88 81.90 NOTE
r-release-windows-ix86+x86_64 2.0.5 28.00 286.00 314.00 NOTE
r-release-osx-x86_64 2.0.5 ERROR
r-oldrel-windows-ix86+x86_64 2.0.5 24.00 190.00 214.00 NOTE
r-oldrel-osx-x86_64 2.0.5 NOTE

Additional issues

rchk valgrind

Check Details

Version: 2.0.5
Check: compiled code
Result: NOTE
    File ‘seewave/libs/seewave.so’:
     Found no calls to: ‘R_registerRoutines’, ‘R_useDynamicSymbols’
    
    It is good practice to register native routines and to disable symbol
    search.
    
    See ‘Writing portable packages’ in the ‘Writing R Extensions’ manual.
Flavors: r-devel-linux-x86_64-debian-clang, r-devel-linux-x86_64-debian-gcc, r-patched-linux-x86_64, r-release-linux-x86_64

Version: 2.0.5
Flags: --no-stop-on-test-error
Check: compiled code
Result: NOTE
    File ‘seewave/libs/seewave.so’:
     Found no calls to: ‘R_registerRoutines’, ‘R_useDynamicSymbols’
    
    It is good practice to register native routines and to disable symbol
    search.
    
    See ‘Writing portable packages’ in the ‘Writing R Extensions’ manual.
Flavors: r-devel-linux-x86_64-fedora-clang, r-devel-linux-x86_64-fedora-gcc

Version: 2.0.5
Check: installed package size
Result: NOTE
     installed size is 5.4Mb
     sub-directories of 1Mb or more:
     doc 2.0Mb
     libs 2.5Mb
Flavors: r-devel-windows-ix86+x86_64, r-release-windows-ix86+x86_64, r-oldrel-windows-ix86+x86_64, r-oldrel-osx-x86_64

Version: 2.0.5
Check: whether package can be installed
Result: ERROR
    Installation failed.
Flavor: r-release-osx-x86_64