CRAN Package Check Results for Package seewave

Last updated on 2016-10-01 18:47:41.

Flavor Version Tinstall Tcheck Ttotal Status Flags
r-devel-linux-x86_64-debian-clang 2.0.4 3.26 80.28 83.54 OK
r-devel-linux-x86_64-debian-gcc 2.0.4 3.14 78.18 81.32 OK
r-devel-linux-x86_64-fedora-clang 2.0.4 154.23 OK
r-devel-linux-x86_64-fedora-gcc 2.0.4 144.19 OK
r-devel-macos-x86_64-clang 2.0.4 108.30 OK
r-devel-windows-ix86+x86_64 2.0.4 14.00 235.00 249.00 NOTE
r-patched-linux-x86_64 2.0.4 3.04 76.94 79.98 OK
r-patched-solaris-sparc 2.0.4 867.90 OK
r-patched-solaris-x86 2.0.4 172.60 OK
r-release-linux-x86_64 2.0.4 3.37 75.87 79.24 OK
r-release-osx-x86_64-mavericks 2.0.4 NOTE
r-release-windows-ix86+x86_64 2.0.4 12.00 186.00 198.00 NOTE
r-oldrel-windows-ix86+x86_64 2.0.4 13.00 206.00 219.00 NOTE

Memtest notes: valgrind

Check Details

Version: 2.0.4
Check: installed package size
Result: NOTE
     installed size is 5.4Mb
     sub-directories of 1Mb or more:
     doc 2.0Mb
     libs 2.5Mb
Flavors: r-devel-windows-ix86+x86_64, r-release-osx-x86_64-mavericks, r-release-windows-ix86+x86_64, r-oldrel-windows-ix86+x86_64

Version: 2.0.4
Check: dependencies in R code
Result: NOTE
    Invalid MIT-MAGIC-COOKIE-1 key
Flavor: r-release-osx-x86_64-mavericks