CRAN Package Check Results for Package seewave

Last updated on 2020-08-03 14:48:40 CEST.

Flavor Version Tinstall Tcheck Ttotal Status Flags
r-devel-linux-x86_64-debian-clang 2.1.6 15.41 139.64 155.05 OK
r-devel-linux-x86_64-debian-gcc 2.1.6 12.01 105.10 117.11 OK
r-devel-linux-x86_64-fedora-clang 2.1.6 189.17 OK
r-devel-linux-x86_64-fedora-gcc 2.1.6 180.96 OK
r-devel-windows-ix86+x86_64 2.1.6 28.00 159.00 187.00 OK
r-patched-linux-x86_64 2.1.6 14.02 134.01 148.03 OK
r-patched-solaris-x86 2.1.6 225.70 OK
r-release-linux-x86_64 2.1.6 15.20 135.10 150.30 OK
r-release-macos-x86_64 2.1.6 NOTE
r-release-windows-ix86+x86_64 2.1.6 28.00 200.00 228.00 OK
r-oldrel-macos-x86_64 2.1.6 NOTE
r-oldrel-windows-ix86+x86_64 2.1.6 18.00 174.00 192.00 OK

Check Details

Version: 2.1.6
Check: package dependencies
Result: NOTE
    Package suggested but not available for checking: ‘rpanel’
Flavors: r-release-macos-x86_64, r-oldrel-macos-x86_64