CRAN Package Check Results for Package seewave

Last updated on 2014-09-02 11:48:49.

Flavor Version Tinstall Tcheck Ttotal Status Flags
r-devel-linux-x86_64-debian-clang 1.7.3 3.54 76.14 79.68 NOTE
r-devel-linux-x86_64-debian-gcc 1.7.3 3.56 76.03 79.59 NOTE
r-devel-linux-x86_64-fedora-clang 1.7.3 177.12 NOTE
r-devel-linux-x86_64-fedora-gcc 1.7.3 170.11 NOTE
r-devel-osx-x86_64-clang 1.7.3 136.73 NOTE
r-devel-windows-ix86+x86_64 1.7.3 14.00 177.00 191.00 NOTE
r-patched-linux-x86_64 1.7.3 4.11 79.02 83.14 OK
r-patched-solaris-sparc 1.7.3 1070.00 OK
r-patched-solaris-x86 1.7.3 227.60 OK
r-release-linux-ix86 1.7.3 4.47 109.77 114.24 OK
r-release-linux-x86_64 1.7.3 4.38 79.68 84.07 OK
r-release-osx-x86_64-mavericks 1.7.3 ERROR
r-release-osx-x86_64-snowleopard 1.7.3 NOTE
r-release-windows-ix86+x86_64 1.7.3 12.00 173.00 185.00 NOTE
r-oldrel-windows-ix86+x86_64 1.7.3 16.00 177.00 193.00 NOTE

Memtest notes: valgrind

Check Details

Version: 1.7.3
Check: R code for possible problems
Result: NOTE
    ggspectro: no visible global function definition for ‘ggplot’
    ggspectro: no visible global function definition for ‘aes’
    ggspectro: no visible global function definition for ‘xlab’
    ggspectro: no visible global function definition for ‘ylab’
    ggspectro: no visible global function definition for
     ‘scale_fill_continuous’
    outputw: no visible global function definition for ‘audioSample’
    phaseplot: no visible global function definition for ‘plot3d’
    spectro3D: no visible global function definition for ‘rgl.clear’
    spectro3D: no visible global function definition for ‘rgl.bbox’
    spectro3D: no visible global function definition for ‘rgl.texts’
    spectro3D: no visible global function definition for ‘rgl.surface’
Flavors: r-devel-linux-x86_64-debian-clang, r-devel-linux-x86_64-debian-gcc, r-devel-linux-x86_64-fedora-clang, r-devel-linux-x86_64-fedora-gcc, r-devel-osx-x86_64-clang, r-devel-windows-ix86+x86_64

Version: 1.7.3
Check: installed package size
Result: NOTE
     installed size is 5.3Mb
     sub-directories of 1Mb or more:
     doc 2.0Mb
     libs 2.4Mb
Flavors: r-devel-windows-ix86+x86_64, r-release-osx-x86_64-snowleopard, r-release-windows-ix86+x86_64, r-oldrel-windows-ix86+x86_64

Version: 1.7.3
Check: package dependencies
Result: ERROR
    Package required but not available: ‘fftw’
    
    See the information on DESCRIPTION files in the chapter ‘Creating R
    packages’ of the ‘Writing R Extensions’ manual.
Flavor: r-release-osx-x86_64-mavericks