CRAN Package Check Results for Package seewave

Last updated on 2015-07-07 06:46:51.

Flavor Version Tinstall Tcheck Ttotal Status Flags
r-devel-linux-x86_64-debian-clang 1.7.6 3.10 80.02 83.12 NOTE
r-devel-linux-x86_64-debian-gcc 1.7.6 4.01 77.76 81.78 NOTE
r-devel-linux-x86_64-fedora-clang 1.7.6 158.50 NOTE
r-devel-linux-x86_64-fedora-gcc 1.7.6 152.74 NOTE
r-devel-osx-x86_64-clang 1.7.6 115.53 NOTE
r-devel-windows-ix86+x86_64 1.7.6 20.00 168.00 188.00 NOTE
r-patched-linux-x86_64 1.7.6 5.02 76.61 81.63 NOTE
r-patched-solaris-sparc 1.7.6 1028.30 NOTE
r-patched-solaris-x86 1.7.6 191.90 NOTE
r-release-linux-x86_64 1.7.6 3.00 76.75 79.75 NOTE
r-release-osx-x86_64-mavericks 1.7.6 ERROR
r-release-windows-ix86+x86_64 1.7.6 16.00 176.00 192.00 NOTE
r-oldrel-windows-ix86+x86_64 1.7.6 20.00 192.00 212.00 NOTE

Memtest notes: valgrind

Check Details

Version: 1.7.6
Check: S3 generic/method consistency
Result: NOTE
    Found the following apparent S3 methods exported but not registered:
     rev.cm.colors rev.gray.colors.1 rev.gray.colors.2 rev.heat.colors
     rev.terrain.colors rev.topo.colors
    See section ‘Registering S3 methods’ in the ‘Writing R Extensions’
    manual.
Flavors: r-devel-linux-x86_64-debian-clang, r-devel-linux-x86_64-debian-gcc, r-devel-linux-x86_64-fedora-clang, r-devel-linux-x86_64-fedora-gcc, r-devel-osx-x86_64-clang, r-patched-linux-x86_64, r-patched-solaris-sparc, r-patched-solaris-x86, r-release-linux-x86_64

Version: 1.7.6
Check: R code for possible problems
Result: NOTE
    Q: no visible global function definition for ‘approx’
    Q: no visible global function definition for ‘arrows’
    Q: no visible global function definition for ‘text’
    SAX: no visible global function definition for ‘qnorm’
    SAX: no visible global function definition for ‘sd’
    SAX: no visible global function definition for ‘quantile’
    acoustat: no visible global function definition for ‘par’
    acoustat: no visible global function definition for ‘segments’
    addsilw: no visible global function definition for ‘flush.console’
    addsilw: no visible global function definition for ‘locator’
    addsilw: no visible global function definition for ‘abline’
    autoc: no visible global function definition for ‘txtProgressBar’
    autoc: no visible global function definition for ‘acf’
    autoc: no visible global function definition for ‘setTxtProgressBar’
    ccoh: no visible global function definition for ‘spec.pgram’
    ccoh: no visible global function definition for ‘par’
    ccoh: no visible global function definition for ‘layout’
    ccoh: no visible global function definition for ‘title’
    ccoh: no visible global function definition for ‘abline’
    ccoh: no visible global function definition for ‘contour’
    ceps: no visible global function definition for ‘fft’
    ceps: no visible global function definition for ‘axis’
    ceps: no visible global function definition for ‘flush.console’
    ceps: no visible global function definition for ‘identify’
    cepstro: no visible global function definition for ‘fft’
    cepstro: no visible global function definition for ‘par’
    cepstro: no visible global function definition for ‘layout’
    cepstro: no visible global function definition for ‘title’
    cepstro: no visible global function definition for ‘abline’
    cepstro: no visible global function definition for ‘contour’
    coh: no visible global function definition for ‘spec.pgram’
    corenv: no visible global function definition for ‘flush.console’
    corenv: no visible global function definition for ‘txtProgressBar’
    corenv: no visible global function definition for ‘cor’
    corenv: no visible global function definition for ‘setTxtProgressBar’
    corenv: no visible global function definition for ‘cor.test’
    corenv: no visible global function definition for ‘mtext’
    corenv: no visible global function definition for ‘segments’
    corenv: no visible global function definition for ‘points’
    corspec: no visible global function definition for ‘cor’
    corspec: no visible global function definition for ‘cor.test’
    corspec: no visible global function definition for ‘mtext’
    corspec: no visible global function definition for ‘segments’
    corspec: no visible global function definition for ‘points’
    covspectro: no visible global function definition for ‘flush.console’
    covspectro: no visible global function definition for ‘txtProgressBar’
    covspectro: no visible global function definition for ‘cov’
    covspectro: no visible global function definition for
     ‘setTxtProgressBar’
    covspectro: no visible global function definition for ‘mtext’
    covspectro: no visible global function definition for ‘segments’
    covspectro: no visible global function definition for ‘points’
    crest: no visible global function definition for ‘text’
    cutw: no visible global function definition for ‘flush.console’
    cutw: no visible global function definition for ‘locator’
    cutw: no visible global function definition for ‘abline’
    cutw: no visible global function definition for ‘par’
    cutw: no visible global function definition for ‘title’
    dBscale: no visible global function definition for ‘plot.new’
    dBscale: no visible global function definition for ‘par’
    dBscale: no visible global function definition for ‘plot.window’
    dBscale: no visible global function definition for ‘mtext’
    dBscale: no visible global function definition for ‘rect’
    dBscale: no visible global function definition for ‘segments’
    dBscale: no visible global function definition for ‘abline’
    dBscale: no visible global function definition for ‘axis’
    deletew: no visible global function definition for ‘flush.console’
    deletew: no visible global function definition for ‘locator’
    deletew: no visible global function definition for ‘abline’
    deletew: no visible global function definition for ‘par’
    deletew: no visible global function definition for ‘title’
    diffcumspec: no visible global function definition for ‘polygon’
    diffcumspec: no visible global function definition for ‘lines’
    diffenv: no visible global function definition for ‘polygon’
    diffenv: no visible global function definition for ‘lines’
    diffenv: no visible global function definition for ‘box’
    diffspec: no visible global function definition for ‘polygon’
    diffspec: no visible global function definition for ‘lines’
    diffspec: no visible global function definition for ‘box’
    drawenv: no visible global function definition for ‘flush.console’
    drawenv: no visible global function definition for ‘locator’
    drawenv: no visible global function definition for ‘dev.new’
    echo: no visible global function definition for ‘flush.console’
    echo: no visible global function definition for ‘convolve’
    env: no visible global function definition for ‘kernapply’
    export: no visible global function definition for ‘write.table’
    fbands: no visible global function definition for ‘barplot’
    filled.contour.modif2: no visible binding for global variable
     ‘cm.colors’
    filled.contour.modif2: no visible global function definition for
     ‘plot.new’
    filled.contour.modif2: no visible global function definition for
     ‘plot.window’
    filled.contour.modif2: no visible global function definition for
     ‘.filled.contour’
    filled.contour.modif2: no visible global function definition for
     ‘title’
    filled.contour.modif2: no visible global function definition for ‘axis’
    filled.contour.modif2: no visible global function definition for ‘box’
    fir: no visible global function definition for ‘fft’
    fir: no visible global function definition for ‘convolve’
    fma: no visible global function definition for ‘na.omit’
    fpeaks: no visible global function definition for ‘na.omit’
    fpeaks: no visible global function definition for ‘points’
    fpeaks: no visible global function definition for ‘text’
    fpeaks: no visible global function definition for ‘abline’
    fpeaks: no visible global function definition for ‘mtext’
    fund: no visible global function definition for ‘txtProgressBar’
    fund: no visible global function definition for ‘fft’
    fund: no visible global function definition for ‘setTxtProgressBar’
    hilbert: no visible global function definition for ‘fft’
    inputw: no visible global function definition for ‘is.mts’
    inputw: no visible global function definition for ‘is.ts’
    inputw: no visible global function definition for ‘frequency’
    istft: no visible global function definition for ‘fft’
    ks.dist: no visible global function definition for ‘lines’
    ks.dist: no visible global function definition for ‘segments’
    listen: no visible global function definition for ‘flush.console’
    listen: no visible global function definition for ‘locator’
    listen: no visible global function definition for ‘abline’
    localpeaks: no visible global function definition for ‘points’
    localpeaks: no visible global function definition for ‘abline’
    localpeaks: no visible global function definition for ‘text’
    localpeaks: no visible global function definition for ‘box’
    meanspec: no visible global function definition for ‘flush.console’
    mutew: no visible global function definition for ‘flush.console’
    mutew: no visible global function definition for ‘locator’
    mutew: no visible global function definition for ‘abline’
    noisew: no visible global function definition for ‘runif’
    noisew: no visible global function definition for ‘rnorm’
    oscillo: no visible global function definition for ‘par’
    oscillo: no visible global function definition for ‘axis’
    oscillo: no visible global function definition for ‘mtext’
    oscillo: no visible global function definition for ‘abline’
    oscillo: no visible global function definition for ‘flush.console’
    oscillo: no visible global function definition for ‘locator’
    oscillo: no visible global function definition for ‘layout’
    oscilloST: no visible global function definition for ‘par’
    oscilloST: no visible global function definition for ‘mtext’
    outputw: no visible global function definition for ‘ts’
    pastew: no visible global function definition for ‘flush.console’
    pastew: no visible global function definition for ‘locator’
    pastew: no visible global function definition for ‘abline’
    pastew: no visible global function definition for ‘par’
    pastew: no visible global function definition for ‘title’
    resamp: no visible global function definition for ‘approx’
    rev.cm.colors: no visible global function definition for ‘hsv’
    rev.gray.colors.1: no visible global function definition for ‘gray’
    rev.gray.colors.2: no visible global function definition for ‘gray’
    rev.heat.colors: no visible global function definition for ‘rainbow’
    rev.heat.colors: no visible global function definition for ‘hsv’
    rev.terrain.colors: no visible global function definition for ‘hsv’
    rev.topo.colors: no visible global function definition for ‘hsv’
    rmnoise: no visible global function definition for ‘smooth.spline’
    sddB: no visible global function definition for ‘sd’
    seedata: no visible global function definition for ‘na.omit’
    seedata: no visible global function definition for ‘par’
    seedata: no visible global function definition for ‘layout’
    seedata: no visible global function definition for ‘hist’
    seedata: no visible global function definition for ‘lines’
    seedata: no visible global function definition for ‘density’
    seedata: no visible global function definition for ‘curve’
    seedata: no visible global function definition for ‘dnorm’
    seedata: no visible global function definition for ‘sd’
    seedata: no visible global function definition for ‘title’
    seedata: no visible global function definition for ‘stripchart’
    seedata: no visible global function definition for ‘boxplot’
    seedata: no visible global function definition for ‘qqnorm’
    seedata: no visible global function definition for ‘qqline’
    seedata: no visible global function definition for ‘shapiro.test’
    seedata: no visible global function definition for ‘plot.new’
    seedata: no visible global function definition for ‘text’
    setenv: no visible global function definition for ‘approx’
    simspec: no visible global function definition for ‘lines’
    soscillo: no visible global function definition for ‘par’
    soscillo: no visible global function definition for ‘ts’
    soscillo: no visible global function definition for ‘axis’
    soscillo: no visible global function definition for ‘mtext’
    soscillo: no visible global function definition for ‘abline’
    soundscapespec: no visible global function definition for ‘barplot’
    spec: no visible global function definition for ‘fft’
    spec: no visible global function definition for ‘flush.console’
    specprop: no visible global function definition for ‘par’
    specprop: no visible global function definition for ‘mtext’
    specprop: no visible global function definition for ‘segments’
    specprop: no visible global function definition for ‘legend’
    spectro: no visible global function definition for ‘layout’
    spectro: no visible global function definition for ‘par’
    spectro: no visible global function definition for ‘title’
    spectro: no visible global function definition for ‘contour’
    spectro: no visible global function definition for ‘abline’
    spectro.colors: no visible global function definition for ‘hsv’
    sspectro : <anonymous>: no visible global function definition for ‘fft’
    stft : <anonymous>: no visible global function definition for ‘fft’
    symba: no visible global function definition for ‘text’
    symba: no visible global function definition for ‘lines’
    temp.colors: no visible global function definition for ‘hsv’
    timer: no visible global function definition for ‘ts’
    timer: no visible global function definition for ‘time’
    timer: no visible global function definition for ‘abline’
    timer: no visible global function definition for ‘mtext’
    timer: no visible global function definition for ‘lines’
    timer: no visible global function definition for ‘text’
    wf: no visible binding for global variable ‘heat.colors’
    wf: no visible global function definition for ‘axis’
    wf: no visible global function definition for ‘par’
    wf : <anonymous>: no visible global function definition for ‘polygon’
    wf: no visible global function definition for ‘box’
    zapsilw: no visible global function definition for ‘par’
    zapsilw: no visible global function definition for ‘title’
    zc: no visible global function definition for ‘flush.console’
    zc: no visible global function definition for ‘approx’
    Undefined global functions or variables:
     .filled.contour abline acf approx arrows axis barplot box boxplot
     cm.colors contour convolve cor cor.test cov curve density dev.new
     dnorm fft flush.console frequency gray heat.colors hist hsv identify
     is.mts is.ts kernapply layout legend lines locator mtext na.omit par
     plot.new plot.window points polygon qnorm qqline qqnorm quantile
     rainbow rect rnorm runif sd segments setTxtProgressBar shapiro.test
     smooth.spline spec.pgram stripchart text time title ts txtProgressBar
     write.table
Flavors: r-devel-linux-x86_64-debian-clang, r-devel-linux-x86_64-debian-gcc, r-devel-linux-x86_64-fedora-clang, r-devel-linux-x86_64-fedora-gcc, r-devel-windows-ix86+x86_64

Version: 1.7.6
Check: installed package size
Result: NOTE
     installed size is 5.3Mb
     sub-directories of 1Mb or more:
     doc 2.0Mb
     libs 2.4Mb
Flavors: r-devel-windows-ix86+x86_64, r-release-windows-ix86+x86_64, r-oldrel-windows-ix86+x86_64

Version: 1.7.6
Check: whether package can be installed
Result: ERROR
    Installation failed.
Flavor: r-release-osx-x86_64-mavericks