CRAN Package Check Results for Package seewave

Last updated on 2017-09-24 00:51:35.

Flavor Version Tinstall Tcheck Ttotal Status Flags
r-devel-linux-x86_64-debian-clang 2.0.5 3.16 80.91 84.06 NOTE
r-devel-linux-x86_64-debian-gcc 2.0.5 3.55 79.21 82.76 NOTE
r-devel-linux-x86_64-fedora-clang 2.0.5 158.80 NOTE
r-devel-linux-x86_64-fedora-gcc 2.0.5 155.86 NOTE
r-devel-windows-ix86+x86_64 2.0.5 11.00 199.00 210.00 NOTE
r-patched-linux-x86_64 2.0.5 3.05 80.84 83.89 NOTE
r-patched-solaris-x86 2.0.5 190.50 OK
r-release-linux-x86_64 2.0.5 3.23 80.63 83.86 NOTE
r-release-windows-ix86+x86_64 2.0.5 10.00 193.00 203.00 NOTE
r-release-osx-x86_64 2.0.5 ERROR
r-oldrel-windows-ix86+x86_64 2.0.5 12.00 190.00 202.00 NOTE
r-oldrel-osx-x86_64 2.0.5 NOTE

Additional issues

rchk valgrind

Check Details

Version: 2.0.5
Check: compiled code
Result: NOTE
    File ‘seewave/libs/seewave.so’:
     Found no calls to: ‘R_registerRoutines’, ‘R_useDynamicSymbols’
    
    It is good practice to register native routines and to disable symbol
    search.
    
    See ‘Writing portable packages’ in the ‘Writing R Extensions’ manual.
Flavors: r-devel-linux-x86_64-debian-clang, r-devel-linux-x86_64-debian-gcc, r-devel-linux-x86_64-fedora-clang, r-devel-linux-x86_64-fedora-gcc, r-patched-linux-x86_64, r-release-linux-x86_64

Version: 2.0.5
Check: installed package size
Result: NOTE
     installed size is 5.4Mb
     sub-directories of 1Mb or more:
     doc 2.0Mb
     libs 2.5Mb
Flavors: r-devel-windows-ix86+x86_64, r-release-windows-ix86+x86_64, r-oldrel-windows-ix86+x86_64, r-oldrel-osx-x86_64

Version: 2.0.5
Check: whether package can be installed
Result: ERROR
    Installation failed.
Flavor: r-release-osx-x86_64