CRAN Package Check Results for Package seewave

Last updated on 2016-08-28 09:50:48.

Flavor Version Tinstall Tcheck Ttotal Status Flags
r-devel-linux-x86_64-debian-clang 2.0.4 3.25 76.75 80.00 OK
r-devel-linux-x86_64-debian-gcc 2.0.4 3.20 77.13 80.34 OK
r-devel-linux-x86_64-fedora-clang 2.0.4 151.42 OK
r-devel-linux-x86_64-fedora-gcc 2.0.4 143.63 OK
r-devel-osx-x86_64-clang 2.0.4 112.86 OK
r-devel-windows-ix86+x86_64 2.0.4 15.00 313.00 328.00 NOTE
r-patched-linux-x86_64 2.0.4 3.04 76.23 79.27 OK
r-patched-solaris-sparc 2.0.4 867.90 OK
r-patched-solaris-x86 2.0.4 173.80 OK
r-release-linux-x86_64 2.0.4 3.19 76.08 79.27 OK
r-release-osx-x86_64-mavericks 2.0.4 NOTE
r-release-windows-ix86+x86_64 2.0.4 19.00 196.00 215.00 NOTE
r-oldrel-windows-ix86+x86_64 2.0.4 14.00 220.00 234.00 NOTE

Memtest notes: valgrind

Check Details

Version: 2.0.4
Check: installed package size
Result: NOTE
     installed size is 5.4Mb
     sub-directories of 1Mb or more:
     doc 2.0Mb
     libs 2.5Mb
Flavors: r-devel-windows-ix86+x86_64, r-release-osx-x86_64-mavericks, r-release-windows-ix86+x86_64, r-oldrel-windows-ix86+x86_64

Version: 2.0.4
Check: dependencies in R code
Result: NOTE
    Invalid MIT-MAGIC-COOKIE-1 key
Flavor: r-release-osx-x86_64-mavericks