CRAN Package Check Results for Package seewave

Last updated on 2021-10-23 03:28:57 CEST.

Flavor Version Tinstall Tcheck Ttotal Status Flags
r-devel-linux-x86_64-debian-clang 2.1.8 14.45 143.05 157.50 OK
r-devel-linux-x86_64-debian-gcc 2.1.8 10.13 109.15 119.28 OK
r-devel-linux-x86_64-fedora-clang 2.1.8 208.70 OK
r-devel-linux-x86_64-fedora-gcc 2.1.8 194.74 OK
r-devel-windows-x86_64 2.1.8 23.00 146.00 169.00 OK
r-devel-windows-x86_64-gcc10-UCRT 2.1.8 OK
r-patched-linux-x86_64 2.1.8 20.29 138.63 158.92 OK
r-patched-solaris-x86 2.1.8 249.90 OK
r-release-linux-x86_64 2.1.8 12.08 139.97 152.05 OK
r-release-macos-arm64 2.1.8 NOTE
r-release-macos-x86_64 2.1.8 NOTE
r-release-windows-ix86+x86_64 2.1.8 19.00 192.00 211.00 OK
r-oldrel-macos-x86_64 2.1.8 NOTE
r-oldrel-windows-ix86+x86_64 2.1.8 27.00 182.00 209.00 OK

Check Details

Version: 2.1.8
Check: package dependencies
Result: NOTE
    Package suggested but not available for checking: ‘rpanel’
Flavors: r-release-macos-arm64, r-release-macos-x86_64, r-oldrel-macos-x86_64