CRAN Package Check Results for Package seewave

Last updated on 2015-09-04 16:48:48.

Flavor Version Tinstall Tcheck Ttotal Status Flags
r-devel-linux-x86_64-debian-clang 2.0.2 3.12 86.14 89.26 OK
r-devel-linux-x86_64-debian-gcc 2.0.2 2.99 78.60 81.60 OK
r-devel-linux-x86_64-fedora-clang 2.0.2 165.30 OK
r-devel-linux-x86_64-fedora-gcc 2.0.2 156.27 OK
r-devel-osx-x86_64-clang 2.0.2 123.07 OK
r-devel-windows-ix86+x86_64 2.0.2 14.00 178.00 192.00 NOTE
r-patched-linux-x86_64 2.0.2 3.16 81.55 84.71 OK
r-patched-solaris-sparc 2.0.2 984.50 OK
r-patched-solaris-x86 2.0.2 202.40 OK
r-release-linux-x86_64 2.0.2 3.38 81.52 84.91 OK
r-release-osx-x86_64-mavericks 2.0.2 ERROR
r-release-windows-ix86+x86_64 2.0.2 17.00 205.00 222.00 NOTE
r-oldrel-windows-ix86+x86_64 2.0.2 19.00 277.00 296.00 NOTE

Memtest notes: valgrind

Check Details

Version: 2.0.2
Check: installed package size
Result: NOTE
     installed size is 5.4Mb
     sub-directories of 1Mb or more:
     doc 2.0Mb
     libs 2.4Mb
Flavors: r-devel-windows-ix86+x86_64, r-release-windows-ix86+x86_64, r-oldrel-windows-ix86+x86_64

Version: 2.0.2
Check: whether package can be installed
Result: ERROR
    Installation failed.
Flavor: r-release-osx-x86_64-mavericks