CRAN Package Check Results for Package seewave

Last updated on 2014-11-26 13:47:15.

Flavor Version Tinstall Tcheck Ttotal Status Flags
r-devel-linux-x86_64-debian-clang 1.7.6 3.57 87.84 91.41 OK
r-devel-linux-x86_64-debian-gcc 1.7.6 3.49 84.82 88.30 OK
r-devel-linux-x86_64-fedora-clang 1.7.6 186.23 OK
r-devel-linux-x86_64-fedora-gcc 1.7.6 182.62 OK
r-devel-osx-x86_64-clang 1.7.6 153.43 OK
r-devel-windows-ix86+x86_64 1.7.6 12.00 176.00 188.00 NOTE
r-patched-linux-x86_64 1.7.6 4.18 87.78 91.96 OK
r-patched-solaris-sparc 1.7.6 1030.00 OK
r-patched-solaris-x86 1.7.6 217.90 OK
r-release-linux-ix86 1.7.6 4.52 101.10 105.62 OK
r-release-linux-x86_64 1.7.6 3.52 86.96 90.48 OK
r-release-osx-x86_64-mavericks 1.7.6 ERROR
r-release-osx-x86_64-snowleopard 1.7.6 NOTE
r-release-windows-ix86+x86_64 1.7.6 12.00 176.00 188.00 NOTE
r-oldrel-windows-ix86+x86_64 1.7.6 11.00 179.00 190.00 NOTE

Memtest notes: valgrind

Check Details

Version: 1.7.6
Check: installed package size
Result: NOTE
     installed size is 5.3Mb
     sub-directories of 1Mb or more:
     doc 2.0Mb
     libs 2.4Mb
Flavors: r-devel-windows-ix86+x86_64, r-release-osx-x86_64-snowleopard, r-release-windows-ix86+x86_64, r-oldrel-windows-ix86+x86_64

Version: 1.7.6
Check: package dependencies
Result: ERROR
    Package required but not available: ‘fftw’
    
    See the information on DESCRIPTION files in the chapter ‘Creating R
    packages’ of the ‘Writing R Extensions’ manual.
Flavor: r-release-osx-x86_64-mavericks