CRAN Package Check Results for Package seewave

Last updated on 2014-04-16 06:48:02.

Flavor Version Tinstall Tcheck Ttotal Status Flags
r-devel-linux-x86_64-debian-clang 1.7.3 3.88 82.10 85.98 OK
r-devel-linux-x86_64-debian-gcc 1.7.3 4.00 82.42 86.42 OK
r-devel-linux-x86_64-fedora-clang 1.7.3 182.21 OK
r-devel-linux-x86_64-fedora-gcc 1.7.3 177.41 OK
r-devel-macosx-x86_64-clang 1.7.3 146.57 OK
r-devel-macosx-x86_64-gcc 1.7.3 NOTE
r-devel-windows-ix86+x86_64 1.7.3 11.00 168.00 179.00 NOTE
r-patched-linux-x86_64 1.7.3 3.74 82.95 86.70 OK
r-patched-solaris-sparc 1.7.3 1047.30 OK
r-patched-solaris-x86 1.7.3 207.90 OK
r-release-linux-ix86 1.7.3 9.00 135.00 144.00 OK
r-release-linux-x86_64 1.7.3 3.96 81.83 85.79 OK
r-release-macosx-x86_64 1.7.3 NOTE
r-release-windows-ix86+x86_64 1.7.3 12.00 182.00 194.00 NOTE
r-oldrel-windows-ix86+x86_64 1.7.3 12.00 178.00 190.00 NOTE

Memtest notes: valgrind

Check Details

Version: 1.7.3
Check: package dependencies
Result: NOTE
    Package suggested but not available for checking: ‘ggplot2’
Flavor: r-devel-macosx-x86_64-gcc

Version: 1.7.3
Check: installed package size
Result: NOTE
     installed size is 5.6Mb
     sub-directories of 1Mb or more:
     doc 2.0Mb
     libs 2.8Mb
Flavors: r-devel-macosx-x86_64-gcc, r-devel-windows-ix86+x86_64, r-release-macosx-x86_64, r-release-windows-ix86+x86_64, r-oldrel-windows-ix86+x86_64

Version: 1.7.3
Check: R code for possible problems
Result: NOTE
    ggspectro: no visible global function definition for ‘ggplot’
    ggspectro: no visible global function definition for ‘aes’
    ggspectro: no visible global function definition for ‘xlab’
    ggspectro: no visible global function definition for ‘ylab’
    ggspectro: no visible global function definition for
     ‘scale_fill_continuous’
Flavor: r-devel-macosx-x86_64-gcc