CRAN Package Check Results for Package seewave

Last updated on 2017-02-19 14:52:21.

Flavor Version Tinstall Tcheck Ttotal Status Flags
r-devel-linux-x86_64-debian-clang 2.0.5 2.88 82.50 85.38 NOTE
r-devel-linux-x86_64-debian-gcc 2.0.5 3.12 79.21 82.33 NOTE
r-devel-linux-x86_64-fedora-clang 2.0.5 156.35 NOTE --no-stop-on-test-error
r-devel-linux-x86_64-fedora-gcc 2.0.5 153.89 NOTE --no-stop-on-test-error
r-devel-macos-x86_64-clang 2.0.5 118.49 NOTE --no-stop-on-test-error
r-devel-windows-ix86+x86_64 2.0.5 14.00 274.00 288.00 NOTE
r-patched-linux-x86_64 2.0.5 3.17 77.50 80.67 OK
r-patched-solaris-sparc 2.0.5 921.00 OK
r-patched-solaris-x86 2.0.5 172.40 OK
r-release-linux-x86_64 2.0.5 3.25 77.04 80.29 OK
r-release-osx-x86_64-mavericks 2.0.5 NOTE
r-release-windows-ix86+x86_64 2.0.5 12.00 187.00 199.00 NOTE
r-oldrel-windows-ix86+x86_64 2.0.5 25.00 260.00 285.00 NOTE

Memtest notes: valgrind

Check Details

Version: 2.0.5
Check: compiled code
Result: NOTE
    File ‘seewave/libs/seewave.so’:
     Found no calls to: ‘R_registerRoutines’, ‘R_useDynamicSymbols’
    
    It is good practice to register native routines and to disable symbol
    search.
    
    See ‘Writing portable packages’ in the ‘Writing R Extensions’ manual.
Flavors: r-devel-linux-x86_64-debian-clang, r-devel-linux-x86_64-debian-gcc

Version: 2.0.5
Flags: --no-stop-on-test-error
Check: compiled code
Result: NOTE
    File ‘seewave/libs/seewave.so’:
     Found no calls to: ‘R_registerRoutines’, ‘R_useDynamicSymbols’
    
    It is good practice to register native routines and to disable symbol
    search.
    
    See ‘Writing portable packages’ in the ‘Writing R Extensions’ manual.
Flavors: r-devel-linux-x86_64-fedora-clang, r-devel-linux-x86_64-fedora-gcc, r-devel-macos-x86_64-clang

Version: 2.0.5
Check: installed package size
Result: NOTE
     installed size is 5.4Mb
     sub-directories of 1Mb or more:
     doc 2.0Mb
     libs 2.5Mb
Flavors: r-devel-windows-ix86+x86_64, r-release-osx-x86_64-mavericks, r-release-windows-ix86+x86_64, r-oldrel-windows-ix86+x86_64