CRAN Package Check Results for Package seewave

Last updated on 2016-06-25 11:49:23.

Flavor Version Tinstall Tcheck Ttotal Status Flags
r-devel-linux-x86_64-debian-gcc 2.0.2 3.12 78.23 81.35 OK
r-devel-linux-x86_64-fedora-clang 2.0.2 155.25 OK
r-devel-linux-x86_64-fedora-gcc 2.0.2 145.72 OK
r-devel-osx-x86_64-clang 2.0.2 113.35 OK
r-devel-windows-ix86+x86_64 2.0.2 23.00 202.00 225.00 NOTE
r-patched-linux-x86_64 2.0.2 3.36 79.12 82.47 OK
r-patched-solaris-sparc 2.0.2 985.20 OK
r-patched-solaris-x86 2.0.2 183.50 OK
r-release-linux-x86_64 2.0.2 3.41 80.56 83.98 OK
r-release-osx-x86_64-mavericks 2.0.2 NOTE
r-release-windows-ix86+x86_64 2.0.2 24.00 233.00 257.00 NOTE
r-oldrel-windows-ix86+x86_64 2.0.2 25.00 224.00 249.00 NOTE

Memtest notes: valgrind

Check Details

Version: 2.0.2
Check: installed package size
Result: NOTE
     installed size is 5.4Mb
     sub-directories of 1Mb or more:
     doc 2.0Mb
     libs 2.5Mb
Flavors: r-devel-windows-ix86+x86_64, r-release-osx-x86_64-mavericks, r-release-windows-ix86+x86_64, r-oldrel-windows-ix86+x86_64

Version: 2.0.2
Check: dependencies in R code
Result: NOTE
    Invalid MIT-MAGIC-COOKIE-1 key
Flavor: r-release-osx-x86_64-mavericks