CRAN Package Check Results for Package seewave

Last updated on 2014-07-23 21:47:14.

Flavor Version Tinstall Tcheck Ttotal Status Flags
r-devel-linux-x86_64-debian-clang 1.7.3 3.88 81.70 85.57 OK
r-devel-linux-x86_64-debian-gcc 1.7.3 3.61 78.42 82.03 OK
r-devel-linux-x86_64-fedora-clang 1.7.3 183.84 OK
r-devel-linux-x86_64-fedora-gcc 1.7.3 174.44 OK
r-devel-osx-x86_64-clang 1.7.3 144.74 OK
r-devel-windows-ix86+x86_64 1.7.3 13.00 174.00 187.00 NOTE
r-patched-linux-x86_64 1.7.3 3.50 78.25 81.75 OK
r-patched-solaris-sparc 1.7.3 1047.30 OK
r-patched-solaris-x86 1.7.3 224.50 OK
r-release-linux-ix86 1.7.3 4.49 106.68 111.17 OK
r-release-linux-x86_64 1.7.3 3.74 78.50 82.23 OK
r-release-osx-x86_64-mavericks 1.7.3 ERROR
r-release-osx-x86_64-snowleopard 1.7.3 NOTE
r-release-windows-ix86+x86_64 1.7.3 10.00 180.00 190.00 NOTE
r-oldrel-windows-ix86+x86_64 1.7.3 13.00 178.00 191.00 NOTE

Memtest notes: valgrind

Check Details

Version: 1.7.3
Check: installed package size
Result: NOTE
     installed size is 5.3Mb
     sub-directories of 1Mb or more:
     doc 2.0Mb
     libs 2.4Mb
Flavors: r-devel-windows-ix86+x86_64, r-release-osx-x86_64-snowleopard, r-release-windows-ix86+x86_64, r-oldrel-windows-ix86+x86_64

Version: 1.7.3
Check: package dependencies
Result: ERROR
    Package required but not available: ‘fftw’
    
    See the information on DESCRIPTION files in the chapter ‘Creating R
    packages’ of the ‘Writing R Extensions’ manual.
Flavor: r-release-osx-x86_64-mavericks