CRAN Package Check Results for Package seewave

Last updated on 2017-07-27 19:49:35.

Flavor Version Tinstall Tcheck Ttotal Status Flags
r-devel-linux-x86_64-debian-clang 2.0.5 3.10 111.64 114.74 NOTE
r-devel-linux-x86_64-debian-gcc 2.0.5 3.07 111.17 114.24 NOTE
r-devel-linux-x86_64-fedora-clang 2.0.5 158.87 NOTE
r-devel-linux-x86_64-fedora-gcc 2.0.5 155.46 NOTE
r-devel-windows-ix86+x86_64 2.0.5 14.00 191.00 205.00 NOTE
r-patched-linux-x86_64 2.0.5 2.91 110.11 113.02 NOTE
r-patched-solaris-x86 2.0.5 183.00 OK
r-release-linux-x86_64 2.0.5 3.15 110.70 113.85 NOTE
r-release-windows-ix86+x86_64 2.0.5 22.00 248.00 270.00 NOTE
r-release-osx-x86_64 2.0.5 ERROR
r-oldrel-windows-ix86+x86_64 2.0.5 13.00 202.00 215.00 NOTE
r-oldrel-osx-x86_64 2.0.5 NOTE

Additional issues

rchk valgrind

Check Details

Version: 2.0.5
Check: compiled code
Result: NOTE
    File ‘seewave/libs/seewave.so’:
     Found no calls to: ‘R_registerRoutines’, ‘R_useDynamicSymbols’
    
    It is good practice to register native routines and to disable symbol
    search.
    
    See ‘Writing portable packages’ in the ‘Writing R Extensions’ manual.
Flavors: r-devel-linux-x86_64-debian-clang, r-devel-linux-x86_64-debian-gcc, r-devel-linux-x86_64-fedora-clang, r-devel-linux-x86_64-fedora-gcc, r-patched-linux-x86_64, r-release-linux-x86_64

Version: 2.0.5
Check: installed package size
Result: NOTE
     installed size is 5.4Mb
     sub-directories of 1Mb or more:
     doc 2.0Mb
     libs 2.5Mb
Flavors: r-devel-windows-ix86+x86_64, r-release-windows-ix86+x86_64, r-oldrel-windows-ix86+x86_64, r-oldrel-osx-x86_64

Version: 2.0.5
Check: whether package can be installed
Result: ERROR
    Installation failed.
Flavor: r-release-osx-x86_64