CRAN Package Check Results for Package seewave

Last updated on 2018-06-20 07:47:59 CEST.

Flavor Version Tinstall Tcheck Ttotal Status Flags
r-devel-linux-x86_64-debian-clang 2.1.0 10.66 125.72 136.38 OK
r-devel-linux-x86_64-debian-gcc 2.1.0 10.57 96.33 106.90 OK
r-devel-linux-x86_64-fedora-clang 2.1.0 160.66 OK
r-devel-linux-x86_64-fedora-gcc 2.1.0 154.60 OK
r-devel-windows-ix86+x86_64 2.1.0 41.00 208.00 249.00 NOTE
r-patched-linux-x86_64 2.1.0 8.20 119.97 128.17 OK
r-patched-solaris-x86 2.1.0 197.30 OK
r-release-linux-x86_64 2.1.0 13.90 116.85 130.75 OK
r-release-windows-ix86+x86_64 2.1.0 24.00 259.00 283.00 NOTE
r-release-osx-x86_64 2.1.0 NOTE
r-oldrel-windows-ix86+x86_64 2.1.0 18.00 184.00 202.00 NOTE
r-oldrel-osx-x86_64 2.1.0 NOTE

Additional issues

MKL rchk valgrind

Check Details

Version: 2.1.0
Check: installed package size
Result: NOTE
     installed size is 5.7Mb
     sub-directories of 1Mb or more:
     doc 2.0Mb
     libs 2.5Mb
Flavors: r-devel-windows-ix86+x86_64, r-release-windows-ix86+x86_64, r-release-osx-x86_64, r-oldrel-windows-ix86+x86_64, r-oldrel-osx-x86_64

Version: 2.1.0
Check: package dependencies
Result: NOTE
    Package suggested but not available for checking: ‘rpanel’
Flavor: r-release-osx-x86_64