CRAN Package Check Results for Package seewave

Last updated on 2016-02-14 08:47:45.

Flavor Version Tinstall Tcheck Ttotal Status Flags
r-devel-linux-x86_64-debian-gcc 2.0.2 3.28 74.65 77.93 OK
r-devel-linux-x86_64-fedora-clang 2.0.2 153.09 OK
r-devel-linux-x86_64-fedora-gcc 2.0.2 146.07 OK
r-devel-osx-x86_64-clang 2.0.2 155.86 OK
r-devel-windows-ix86+x86_64 2.0.2 21.00 226.00 247.00 NOTE
r-patched-linux-x86_64 2.0.2 3.52 82.32 85.84 OK
r-patched-solaris-sparc 2.0.2 1041.40 OK
r-patched-solaris-x86 2.0.2 196.10 OK
r-release-linux-x86_64 2.0.2 3.28 81.26 84.54 OK
r-release-osx-x86_64-mavericks 2.0.2 NOTE
r-release-windows-ix86+x86_64 2.0.2 19.00 189.00 208.00 NOTE
r-oldrel-windows-ix86+x86_64 2.0.2 19.00 282.00 301.00 NOTE

Memtest notes: valgrind

Check Details

Version: 2.0.2
Check: installed package size
Result: NOTE
     installed size is 5.4Mb
     sub-directories of 1Mb or more:
     doc 2.0Mb
     libs 2.4Mb
Flavors: r-devel-windows-ix86+x86_64, r-release-osx-x86_64-mavericks, r-release-windows-ix86+x86_64, r-oldrel-windows-ix86+x86_64