CRAN Package Check Results for Package seewave

Last updated on 2014-12-20 15:46:35.

Flavor Version Tinstall Tcheck Ttotal Status Flags
r-devel-linux-x86_64-debian-clang 1.7.6 3.54 93.40 96.94 OK
r-devel-linux-x86_64-debian-gcc 1.7.6 3.52 84.13 87.66 OK
r-devel-linux-x86_64-fedora-clang 1.7.6 185.75 OK
r-devel-linux-x86_64-fedora-gcc 1.7.6 168.11 OK
r-devel-osx-x86_64-clang 1.7.6 151.98 OK
r-devel-windows-ix86+x86_64 1.7.6 14.00 169.00 183.00 NOTE
r-patched-linux-x86_64 1.7.6 3.78 87.00 90.78 OK
r-patched-solaris-sparc 1.7.6 1030.00 OK
r-patched-solaris-x86 1.7.6 218.30 OK
r-release-linux-ix86 1.7.6 4.48 101.66 106.14 OK
r-release-linux-x86_64 1.7.6 3.74 88.85 92.60 OK
r-release-osx-x86_64-mavericks 1.7.6 ERROR
r-release-osx-x86_64-snowleopard 1.7.6 NOTE
r-release-windows-ix86+x86_64 1.7.6 14.00 184.00 198.00 NOTE
r-oldrel-windows-ix86+x86_64 1.7.6 14.00 196.00 210.00 NOTE

Memtest notes: valgrind

Check Details

Version: 1.7.6
Check: installed package size
Result: NOTE
     installed size is 5.3Mb
     sub-directories of 1Mb or more:
     doc 2.0Mb
     libs 2.4Mb
Flavors: r-devel-windows-ix86+x86_64, r-release-osx-x86_64-snowleopard, r-release-windows-ix86+x86_64, r-oldrel-windows-ix86+x86_64

Version: 1.7.6
Check: package dependencies
Result: ERROR
    Package required but not available: ‘fftw’
    
    See the information on DESCRIPTION files in the chapter ‘Creating R
    packages’ of the ‘Writing R Extensions’ manual.
Flavor: r-release-osx-x86_64-mavericks