CRAN Package Check Results for Package seewave

Last updated on 2018-01-20 05:49:26 CET.

Flavor Version Tinstall Tcheck Ttotal Status Flags
r-devel-linux-x86_64-debian-clang 2.0.5 5.14 134.27 139.41 NOTE
r-devel-linux-x86_64-debian-gcc 2.0.5 3.70 100.79 104.49 NOTE
r-devel-linux-x86_64-fedora-clang 2.0.5 156.84 NOTE
r-devel-linux-x86_64-fedora-gcc 2.0.5 153.81 NOTE
r-devel-windows-ix86+x86_64 2.0.5 20.00 217.00 237.00 NOTE
r-patched-linux-x86_64 2.0.5 4.92 130.27 135.19 NOTE
r-patched-solaris-x86 2.0.5 194.30 OK
r-release-linux-x86_64 2.0.5 3.23 129.27 132.50 NOTE
r-release-windows-ix86+x86_64 2.0.5 20.00 205.00 225.00 NOTE
r-release-osx-x86_64 2.0.5 ERROR
r-oldrel-windows-ix86+x86_64 2.0.5 21.00 244.00 265.00 NOTE
r-oldrel-osx-x86_64 2.0.5 NOTE

Additional issues

rchk valgrind

Check Details

Version: 2.0.5
Check: compiled code
Result: NOTE
    File ‘seewave/libs/seewave.so’:
     Found no calls to: ‘R_registerRoutines’, ‘R_useDynamicSymbols’
    
    It is good practice to register native routines and to disable symbol
    search.
    
    See ‘Writing portable packages’ in the ‘Writing R Extensions’ manual.
Flavors: r-devel-linux-x86_64-debian-clang, r-devel-linux-x86_64-debian-gcc, r-devel-linux-x86_64-fedora-clang, r-devel-linux-x86_64-fedora-gcc, r-patched-linux-x86_64, r-release-linux-x86_64

Version: 2.0.5
Check: installed package size
Result: NOTE
     installed size is 5.4Mb
     sub-directories of 1Mb or more:
     doc 2.0Mb
     libs 2.5Mb
Flavors: r-devel-windows-ix86+x86_64, r-release-windows-ix86+x86_64, r-oldrel-windows-ix86+x86_64, r-oldrel-osx-x86_64

Version: 2.0.5
Check: whether package can be installed
Result: ERROR
    Installation failed.
Flavor: r-release-osx-x86_64