CRAN Package Check Results for Package seewave

Last updated on 2015-01-31 11:51:57.

Flavor Version Tinstall Tcheck Ttotal Status Flags
r-devel-linux-x86_64-debian-clang 1.7.6 3.06 80.41 83.47 NOTE
r-devel-linux-x86_64-debian-gcc 1.7.6 2.96 76.29 79.25 NOTE
r-devel-linux-x86_64-fedora-clang 1.7.6 178.93 NOTE
r-devel-linux-x86_64-fedora-gcc 1.7.6 171.22 NOTE
r-devel-osx-x86_64-clang 1.7.6 150.99 NOTE
r-devel-windows-ix86+x86_64 1.7.6 20.00 167.00 187.00 NOTE
r-patched-linux-x86_64 1.7.6 3.84 86.98 90.82 OK
r-patched-solaris-sparc 1.7.6 1112.90 OK
r-patched-solaris-x86 1.7.6 218.80 OK
r-release-linux-ix86 1.7.6 4.47 109.13 113.60 OK
r-release-linux-x86_64 1.7.6 3.61 88.36 91.97 OK
r-release-osx-x86_64-mavericks 1.7.6 ERROR
r-release-osx-x86_64-snowleopard 1.7.6 NOTE
r-release-windows-ix86+x86_64 1.7.6 14.00 181.00 195.00 NOTE
r-oldrel-windows-ix86+x86_64 1.7.6 15.00 192.00 207.00 NOTE

Memtest notes: valgrind

Check Details

Version: 1.7.6
Check: S3 generic/method consistency
Result: NOTE
    Found the following apparent S3 methods exported but not registered:
     rev.cm.colors rev.gray.colors.1 rev.gray.colors.2 rev.heat.colors
     rev.terrain.colors rev.topo.colors
    See section ‘Registering S3 methods’ in the ‘Writing R Extensions’
    manual.
Flavors: r-devel-linux-x86_64-debian-clang, r-devel-linux-x86_64-debian-gcc, r-devel-linux-x86_64-fedora-clang, r-devel-linux-x86_64-fedora-gcc, r-devel-osx-x86_64-clang

Version: 1.7.6
Check: installed package size
Result: NOTE
     installed size is 5.3Mb
     sub-directories of 1Mb or more:
     doc 2.0Mb
     libs 2.4Mb
Flavors: r-devel-windows-ix86+x86_64, r-release-osx-x86_64-snowleopard, r-release-windows-ix86+x86_64, r-oldrel-windows-ix86+x86_64

Version: 1.7.6
Check: package dependencies
Result: ERROR
    Package required but not available: ‘fftw’
    
    See the information on DESCRIPTION files in the chapter ‘Creating R
    packages’ of the ‘Writing R Extensions’ manual.
Flavor: r-release-osx-x86_64-mavericks