CRAN Package Check Results for Package seewave

Last updated on 2016-07-25 03:47:21.

Flavor Version Tinstall Tcheck Ttotal Status Flags
r-devel-linux-x86_64-debian-clang 2.0.4 4.37 90.06 94.43 OK
r-devel-linux-x86_64-debian-gcc 2.0.4 3.98 88.06 92.03 OK
r-devel-linux-x86_64-fedora-clang 2.0.4 156.72 OK
r-devel-linux-x86_64-fedora-gcc 2.0.4 143.58 OK
r-devel-osx-x86_64-clang 2.0.4 112.54 OK
r-devel-windows-ix86+x86_64 2.0.4 19.00 247.00 266.00 NOTE
r-patched-linux-x86_64 2.0.4 4.08 86.78 90.86 OK
r-patched-solaris-sparc 2.0.4 867.90 OK
r-patched-solaris-x86 2.0.4 169.90 OK
r-release-linux-x86_64 2.0.4 4.52 88.65 93.16 OK
r-release-osx-x86_64-mavericks 2.0.4 NOTE
r-release-windows-ix86+x86_64 2.0.4 16.00 263.00 279.00 NOTE
r-oldrel-windows-ix86+x86_64 2.0.4 19.00 201.00 220.00 NOTE

Memtest notes: valgrind

Check Details

Version: 2.0.4
Check: installed package size
Result: NOTE
     installed size is 5.4Mb
     sub-directories of 1Mb or more:
     doc 2.0Mb
     libs 2.5Mb
Flavors: r-devel-windows-ix86+x86_64, r-release-osx-x86_64-mavericks, r-release-windows-ix86+x86_64, r-oldrel-windows-ix86+x86_64

Version: 2.0.4
Check: dependencies in R code
Result: NOTE
    Invalid MIT-MAGIC-COOKIE-1 key
Flavor: r-release-osx-x86_64-mavericks