CRAN Package Check Results for Package seewave

Last updated on 2016-05-31 11:50:35.

Flavor Version Tinstall Tcheck Ttotal Status Flags
r-devel-linux-x86_64-debian-gcc 2.0.2 3.44 77.34 80.78 OK
r-devel-linux-x86_64-fedora-clang 2.0.2 152.43 OK
r-devel-linux-x86_64-fedora-gcc 2.0.2 145.04 OK
r-devel-osx-x86_64-clang 2.0.2 157.09 OK
r-devel-windows-ix86+x86_64 2.0.2 15.00 173.00 188.00 NOTE
r-patched-linux-x86_64 2.0.2 3.25 80.48 83.74 OK
r-patched-solaris-sparc 2.0.2 976.90 OK
r-patched-solaris-x86 2.0.2 184.80 OK
r-release-linux-x86_64 2.0.2 3.71 75.89 79.59 OK
r-release-osx-x86_64-mavericks 2.0.2 NOTE
r-release-windows-ix86+x86_64 2.0.2 14.00 181.00 195.00 NOTE
r-oldrel-windows-ix86+x86_64 2.0.2 14.00 204.00 218.00 NOTE

Memtest notes: valgrind

Check Details

Version: 2.0.2
Check: installed package size
Result: NOTE
     installed size is 5.4Mb
     sub-directories of 1Mb or more:
     doc 2.0Mb
     libs 2.5Mb
Flavors: r-devel-windows-ix86+x86_64, r-release-osx-x86_64-mavericks, r-release-windows-ix86+x86_64, r-oldrel-windows-ix86+x86_64

Version: 2.0.2
Check: dependencies in R code
Result: NOTE
    Invalid MIT-MAGIC-COOKIE-1 key
Flavor: r-release-osx-x86_64-mavericks