CRAN Package Check Results for Package seewave

Last updated on 2015-05-24 19:48:06.

Flavor Version Tinstall Tcheck Ttotal Status Flags
r-devel-linux-x86_64-debian-clang 1.7.6 3.32 79.83 83.15 NOTE
r-devel-linux-x86_64-debian-gcc 1.7.6 3.21 77.22 80.44 NOTE
r-devel-linux-x86_64-fedora-clang 1.7.6 162.97 NOTE
r-devel-linux-x86_64-fedora-gcc 1.7.6 155.84 NOTE
r-devel-osx-x86_64-clang 1.7.6 133.70 NOTE
r-devel-windows-ix86+x86_64 1.7.6 15.00 187.00 202.00 NOTE
r-patched-linux-x86_64 1.7.6 3.04 76.16 79.20 NOTE
r-patched-solaris-sparc 1.7.6 1028.30 NOTE
r-patched-solaris-x86 1.7.6 190.50 NOTE
r-release-linux-x86_64 1.7.6 3.08 80.54 83.62 NOTE
r-release-osx-x86_64-mavericks 1.7.6 ERROR
r-release-osx-x86_64-snowleopard 1.7.6 NOTE
r-release-windows-ix86+x86_64 1.7.6 13.00 180.00 193.00 NOTE
r-oldrel-windows-ix86+x86_64 1.7.6 14.00 184.00 198.00 NOTE

Memtest notes: valgrind

Check Details

Version: 1.7.6
Check: S3 generic/method consistency
Result: NOTE
    Found the following apparent S3 methods exported but not registered:
     rev.cm.colors rev.gray.colors.1 rev.gray.colors.2 rev.heat.colors
     rev.terrain.colors rev.topo.colors
    See section ‘Registering S3 methods’ in the ‘Writing R Extensions’
    manual.
Flavors: r-devel-linux-x86_64-debian-clang, r-devel-linux-x86_64-debian-gcc, r-devel-linux-x86_64-fedora-clang, r-devel-linux-x86_64-fedora-gcc, r-devel-osx-x86_64-clang, r-patched-linux-x86_64, r-patched-solaris-sparc, r-patched-solaris-x86, r-release-linux-x86_64

Version: 1.7.6
Check: installed package size
Result: NOTE
     installed size is 5.3Mb
     sub-directories of 1Mb or more:
     doc 2.0Mb
     libs 2.4Mb
Flavors: r-devel-windows-ix86+x86_64, r-release-osx-x86_64-snowleopard, r-release-windows-ix86+x86_64, r-oldrel-windows-ix86+x86_64

Version: 1.7.6
Check: whether package can be installed
Result: ERROR
    Installation failed.
Flavor: r-release-osx-x86_64-mavericks

Version: 1.7.6
Check: package dependencies
Result: NOTE
    Package suggested but not available for checking: ‘ggplot2’
Flavor: r-release-osx-x86_64-snowleopard