CRAN Package Check Results for Package seewave

Last updated on 2015-02-28 19:51:19.

Flavor Version Tinstall Tcheck Ttotal Status Flags
r-devel-linux-x86_64-debian-clang 1.7.6 3.17 78.99 82.16 NOTE
r-devel-linux-x86_64-debian-gcc 1.7.6 2.96 76.89 79.85 NOTE
r-devel-linux-x86_64-fedora-clang 1.7.6 162.65 NOTE
r-devel-linux-x86_64-fedora-gcc 1.7.6 155.32 NOTE
r-devel-osx-x86_64-clang 1.7.6 141.83 NOTE
r-devel-windows-ix86+x86_64 1.7.6 19.00 175.00 194.00 NOTE
r-patched-linux-x86_64 1.7.6 3.66 89.25 92.91 OK
r-patched-solaris-sparc 1.7.6 1112.90 OK
r-patched-solaris-x86 1.7.6 222.00 OK
r-release-linux-ix86 1.7.6 4.44 109.92 114.36 OK
r-release-linux-x86_64 1.7.6 3.55 87.18 90.73 OK
r-release-osx-x86_64-mavericks 1.7.6 ERROR
r-release-osx-x86_64-snowleopard 1.7.6 NOTE
r-release-windows-ix86+x86_64 1.7.6 13.00 178.00 191.00 NOTE
r-oldrel-windows-ix86+x86_64 1.7.6 13.00 187.00 200.00 NOTE

Memtest notes: valgrind

Check Details

Version: 1.7.6
Check: S3 generic/method consistency
Result: NOTE
    Found the following apparent S3 methods exported but not registered:
     rev.cm.colors rev.gray.colors.1 rev.gray.colors.2 rev.heat.colors
     rev.terrain.colors rev.topo.colors
    See section ‘Registering S3 methods’ in the ‘Writing R Extensions’
    manual.
Flavors: r-devel-linux-x86_64-debian-clang, r-devel-linux-x86_64-debian-gcc, r-devel-linux-x86_64-fedora-clang, r-devel-linux-x86_64-fedora-gcc, r-devel-osx-x86_64-clang

Version: 1.7.6
Check: installed package size
Result: NOTE
     installed size is 5.3Mb
     sub-directories of 1Mb or more:
     doc 2.0Mb
     libs 2.4Mb
Flavors: r-devel-windows-ix86+x86_64, r-release-osx-x86_64-snowleopard, r-release-windows-ix86+x86_64, r-oldrel-windows-ix86+x86_64

Version: 1.7.6
Check: package dependencies
Result: ERROR
    Package required but not available: ‘fftw’
    
    See section ‘The DESCRIPTION file’ in the ‘Writing R Extensions’
    manual.
Flavor: r-release-osx-x86_64-mavericks