CRAN Package Check Results for Package seewave

Last updated on 2016-12-03 12:48:38.

Flavor Version Tinstall Tcheck Ttotal Status Flags
r-devel-linux-x86_64-debian-clang 2.0.5 2.99 83.65 86.64 OK
r-devel-linux-x86_64-debian-gcc 2.0.5 3.08 81.36 84.45 OK
r-devel-linux-x86_64-fedora-clang 2.0.5 161.35 OK
r-devel-linux-x86_64-fedora-gcc 2.0.5 158.38 OK
r-devel-macos-x86_64-clang 2.0.5 118.43 OK
r-devel-windows-ix86+x86_64 2.0.5 12.00 210.00 222.00 NOTE
r-patched-linux-x86_64 2.0.5 3.00 76.83 79.83 OK
r-patched-solaris-sparc 2.0.5 895.00 OK
r-patched-solaris-x86 2.0.5 171.20 OK
r-release-linux-x86_64 2.0.5 3.03 77.35 80.37 OK
r-release-osx-x86_64-mavericks 2.0.5 NOTE
r-release-windows-ix86+x86_64 2.0.5 18.00 247.00 265.00 NOTE
r-oldrel-windows-ix86+x86_64 2.0.5 20.00 195.00 215.00 NOTE

Memtest notes: valgrind

Check Details

Version: 2.0.5
Check: installed package size
Result: NOTE
     installed size is 5.4Mb
     sub-directories of 1Mb or more:
     doc 2.0Mb
     libs 2.5Mb
Flavors: r-devel-windows-ix86+x86_64, r-release-osx-x86_64-mavericks, r-release-windows-ix86+x86_64, r-oldrel-windows-ix86+x86_64