CRAN Package Check Results for Package seg

Last updated on 2017-01-22 12:48:11.

Flavor Version Tinstall Tcheck Ttotal Status Flags
r-devel-linux-x86_64-debian-clang 0.5-1 2.10 38.91 41.01 NOTE
r-devel-linux-x86_64-debian-gcc 0.5-1 1.82 37.01 38.83 NOTE
r-devel-linux-x86_64-fedora-clang 0.5-1 66.59 NOTE --no-stop-on-test-error
r-devel-linux-x86_64-fedora-gcc 0.5-1 64.96 NOTE --no-stop-on-test-error
r-devel-macos-x86_64-clang 0.5-1 46.62 NOTE --no-stop-on-test-error
r-devel-windows-ix86+x86_64 0.5-1 11.00 102.00 113.00 NOTE
r-patched-linux-x86_64 0.5-1 1.48 34.21 35.69 NOTE
r-patched-solaris-sparc 0.5-1 353.10 NOTE
r-patched-solaris-x86 0.5-1 70.60 NOTE
r-release-linux-x86_64 0.5-1 1.67 33.45 35.11 NOTE
r-release-osx-x86_64-mavericks 0.5-1 NOTE
r-release-windows-ix86+x86_64 0.5-1 16.00 92.00 108.00 NOTE
r-oldrel-windows-ix86+x86_64 0.5-1 22.00 134.00 156.00 NOTE

Check Details

Version: 0.5-1
Check: dependencies in R code
Result: NOTE
    'library' or 'require' calls in package code:
     ‘rgdal’ ‘spdep’ ‘spgrass6’
     Please use :: or requireNamespace() instead.
     See section 'Suggested packages' in the 'Writing R Extensions' manual.
Flavors: r-devel-linux-x86_64-debian-clang, r-devel-linux-x86_64-debian-gcc, r-devel-windows-ix86+x86_64, r-patched-linux-x86_64, r-patched-solaris-sparc, r-patched-solaris-x86, r-release-linux-x86_64, r-release-osx-x86_64-mavericks, r-release-windows-ix86+x86_64, r-oldrel-windows-ix86+x86_64

Version: 0.5-1
Check: R code for possible problems
Result: NOTE
    .use.spgrass6: no visible global function definition for ‘listw2mat’
    .use.spgrass6: no visible global function definition for ‘sn2listw’
    conprof: no visible global function definition for ‘axis’
    conprof: no visible global function definition for ‘lines’
    isp: no visible global function definition for ‘combn’
    points.SegLocal: no visible global function definition for ‘points’
    Undefined global functions or variables:
     axis combn lines listw2mat points sn2listw
    Consider adding
     importFrom("graphics", "axis", "lines", "points")
     importFrom("utils", "combn")
    to your NAMESPACE file.
Flavors: r-devel-linux-x86_64-debian-clang, r-devel-linux-x86_64-debian-gcc, r-devel-windows-ix86+x86_64, r-patched-linux-x86_64, r-patched-solaris-sparc, r-patched-solaris-x86, r-release-linux-x86_64, r-release-osx-x86_64-mavericks, r-release-windows-ix86+x86_64

Version: 0.5-1
Flags: --no-stop-on-test-error
Check: dependencies in R code
Result: NOTE
    'library' or 'require' calls in package code:
     ‘rgdal’ ‘spdep’ ‘spgrass6’
     Please use :: or requireNamespace() instead.
     See section 'Suggested packages' in the 'Writing R Extensions' manual.
Flavors: r-devel-linux-x86_64-fedora-clang, r-devel-linux-x86_64-fedora-gcc, r-devel-macos-x86_64-clang

Version: 0.5-1
Flags: --no-stop-on-test-error
Check: R code for possible problems
Result: NOTE
    .use.spgrass6: no visible global function definition for ‘listw2mat’
    .use.spgrass6: no visible global function definition for ‘sn2listw’
    conprof: no visible global function definition for ‘axis’
    conprof: no visible global function definition for ‘lines’
    isp: no visible global function definition for ‘combn’
    points.SegLocal: no visible global function definition for ‘points’
    Undefined global functions or variables:
     axis combn lines listw2mat points sn2listw
    Consider adding
     importFrom("graphics", "axis", "lines", "points")
     importFrom("utils", "combn")
    to your NAMESPACE file.
Flavors: r-devel-linux-x86_64-fedora-clang, r-devel-linux-x86_64-fedora-gcc, r-devel-macos-x86_64-clang

Version: 0.5-1
Check: R code for possible problems
Result: NOTE
    .use.spgrass6: no visible global function definition for 'listw2mat'
    .use.spgrass6: no visible global function definition for 'sn2listw'
Flavor: r-oldrel-windows-ix86+x86_64