CRAN Package Check Results for Package seg

Last updated on 2017-05-30 08:48:56.

Flavor Version Tinstall Tcheck Ttotal Status Flags
r-devel-linux-x86_64-debian-clang 0.5-1 1.95 32.00 33.96 NOTE
r-devel-linux-x86_64-debian-gcc 0.5-1 2.06 31.46 33.52 NOTE
r-devel-linux-x86_64-fedora-clang 0.5-1 67.92 NOTE
r-devel-linux-x86_64-fedora-gcc 0.5-1 65.95 NOTE
r-devel-windows-ix86+x86_64 0.5-1 8.00 110.00 118.00 NOTE
r-patched-linux-x86_64 0.5-1 1.77 30.43 32.20 NOTE
r-patched-solaris-sparc 0.5-1 422.90 NOTE
r-patched-solaris-x86 0.5-1 75.00 NOTE
r-release-linux-x86_64 0.5-1 1.96 31.50 33.47 NOTE
r-release-windows-ix86+x86_64 0.5-1 15.00 107.00 122.00 NOTE
r-release-osx-x86_64 0.5-1 NOTE
r-oldrel-windows-ix86+x86_64 0.5-1 8.00 69.00 77.00 NOTE
r-oldrel-osx-x86_64 0.5-1 NOTE

Check Details

Version: 0.5-1
Check: dependencies in R code
Result: NOTE
    'library' or 'require' calls in package code:
     ‘rgdal’ ‘spdep’ ‘spgrass6’
     Please use :: or requireNamespace() instead.
     See section 'Suggested packages' in the 'Writing R Extensions' manual.
Flavors: r-devel-linux-x86_64-debian-clang, r-devel-linux-x86_64-debian-gcc, r-devel-linux-x86_64-fedora-clang, r-devel-linux-x86_64-fedora-gcc, r-devel-windows-ix86+x86_64, r-patched-linux-x86_64, r-patched-solaris-sparc, r-patched-solaris-x86, r-release-linux-x86_64, r-release-windows-ix86+x86_64, r-release-osx-x86_64, r-oldrel-windows-ix86+x86_64, r-oldrel-osx-x86_64

Version: 0.5-1
Check: R code for possible problems
Result: NOTE
    .use.spgrass6: no visible global function definition for ‘listw2mat’
    .use.spgrass6: no visible global function definition for ‘sn2listw’
    conprof: no visible global function definition for ‘axis’
    conprof: no visible global function definition for ‘lines’
    isp: no visible global function definition for ‘combn’
    points.SegLocal: no visible global function definition for ‘points’
    Undefined global functions or variables:
     axis combn lines listw2mat points sn2listw
    Consider adding
     importFrom("graphics", "axis", "lines", "points")
     importFrom("utils", "combn")
    to your NAMESPACE file.
Flavors: r-devel-linux-x86_64-debian-clang, r-devel-linux-x86_64-debian-gcc, r-devel-linux-x86_64-fedora-clang, r-devel-linux-x86_64-fedora-gcc, r-devel-windows-ix86+x86_64, r-patched-linux-x86_64, r-patched-solaris-sparc, r-patched-solaris-x86, r-release-linux-x86_64, r-release-windows-ix86+x86_64, r-release-osx-x86_64, r-oldrel-windows-ix86+x86_64, r-oldrel-osx-x86_64

Version: 0.5-1
Check: compiled code
Result: NOTE
    File ‘seg/libs/seg.so’:
     Found no calls to: ‘R_registerRoutines’, ‘R_useDynamicSymbols’
    
    It is good practice to register native routines and to disable symbol
    search.
    
    See ‘Writing portable packages’ in the ‘Writing R Extensions’ manual.
Flavors: r-devel-linux-x86_64-debian-clang, r-devel-linux-x86_64-debian-gcc, r-devel-linux-x86_64-fedora-clang, r-devel-linux-x86_64-fedora-gcc, r-patched-linux-x86_64, r-release-linux-x86_64

Version: 0.5-1
Check: package dependencies
Result: NOTE
    Package suggested but not available for checking: ‘rgdal’
Flavor: r-release-osx-x86_64