CRAN Package Check Results for Package seg

Last updated on 2016-02-12 18:49:54.

Flavor Version Tinstall Tcheck Ttotal Status Flags
r-devel-linux-x86_64-debian-gcc 0.5-1 1.52 26.51 28.03 NOTE
r-devel-linux-x86_64-fedora-clang 0.5-1 55.16 NOTE
r-devel-linux-x86_64-fedora-gcc 0.5-1 50.84 NOTE
r-devel-osx-x86_64-clang 0.5-1 55.80 NOTE
r-devel-windows-ix86+x86_64 0.5-1 12.00 91.00 103.00 NOTE
r-patched-linux-x86_64 0.5-1 1.64 28.30 29.94 NOTE
r-patched-solaris-sparc 0.5-1 357.50 NOTE
r-patched-solaris-x86 0.5-1 72.20 NOTE
r-release-linux-x86_64 0.5-1 1.56 28.16 29.72 NOTE
r-release-osx-x86_64-mavericks 0.5-1 NOTE
r-release-windows-ix86+x86_64 0.5-1 10.00 95.00 105.00 NOTE
r-oldrel-windows-ix86+x86_64 0.5-1 14.00 108.00 122.00 NOTE

Check Details

Version: 0.5-1
Check: dependencies in R code
Result: NOTE
    'library' or 'require' calls in package code:
     ‘rgdal’ ‘spdep’ ‘spgrass6’
     Please use :: or requireNamespace() instead.
     See section 'Suggested packages' in the 'Writing R Extensions' manual.
Flavors: r-devel-linux-x86_64-debian-gcc, r-devel-linux-x86_64-fedora-clang, r-devel-linux-x86_64-fedora-gcc, r-devel-osx-x86_64-clang, r-devel-windows-ix86+x86_64, r-patched-linux-x86_64, r-patched-solaris-sparc, r-patched-solaris-x86, r-release-linux-x86_64, r-release-osx-x86_64-mavericks, r-release-windows-ix86+x86_64, r-oldrel-windows-ix86+x86_64

Version: 0.5-1
Check: R code for possible problems
Result: NOTE
    .use.spgrass6: no visible global function definition for ‘listw2mat’
    .use.spgrass6: no visible global function definition for ‘sn2listw’
    conprof: no visible global function definition for ‘axis’
    conprof: no visible global function definition for ‘lines’
    isp: no visible global function definition for ‘combn’
    points.SegLocal: no visible global function definition for ‘points’
    Undefined global functions or variables:
     axis combn lines listw2mat points sn2listw
    Consider adding
     importFrom("graphics", "axis", "lines", "points")
     importFrom("utils", "combn")
    to your NAMESPACE file.
Flavors: r-devel-linux-x86_64-debian-gcc, r-devel-linux-x86_64-fedora-clang, r-devel-linux-x86_64-fedora-gcc, r-devel-osx-x86_64-clang, r-devel-windows-ix86+x86_64

Version: 0.5-1
Check: R code for possible problems
Result: NOTE
    .use.spgrass6: no visible global function definition for ‘listw2mat’
    .use.spgrass6: no visible global function definition for ‘sn2listw’
Flavors: r-patched-linux-x86_64, r-patched-solaris-sparc, r-patched-solaris-x86, r-release-linux-x86_64, r-release-osx-x86_64-mavericks, r-release-windows-ix86+x86_64, r-oldrel-windows-ix86+x86_64

Version: 0.5-1
Check: package dependencies
Result: NOTE
    Package suggested but not available for checking: ‘rgdal’
Flavor: r-release-osx-x86_64-mavericks