CRAN Package Check Results for Package seg

Last updated on 2014-09-20 01:49:21.

Flavor Version Tinstall Tcheck Ttotal Status Flags
r-devel-linux-x86_64-debian-clang 0.5-1 1.68 30.04 31.72 NOTE
r-devel-linux-x86_64-debian-gcc 0.5-1 1.70 29.29 30.98 NOTE
r-devel-linux-x86_64-fedora-clang 0.5-1 66.21 NOTE
r-devel-linux-x86_64-fedora-gcc 0.5-1 62.36 NOTE
r-devel-osx-x86_64-clang 0.5-1 56.09 NOTE
r-devel-windows-ix86+x86_64 0.5-1 8.00 64.00 72.00 NOTE
r-patched-linux-x86_64 0.5-1 1.72 32.33 34.05 OK
r-patched-solaris-sparc 0.5-1 436.10 OK
r-patched-solaris-x86 0.5-1 93.20 OK
r-release-linux-ix86 0.5-1 2.35 45.36 47.71 OK
r-release-linux-x86_64 0.5-1 1.93 34.50 36.43 OK
r-release-osx-x86_64-mavericks 0.5-1 NOTE
r-release-osx-x86_64-snowleopard 0.5-1 OK
r-release-windows-ix86+x86_64 0.5-1 8.00 76.00 84.00 OK
r-oldrel-windows-ix86+x86_64 0.5-1 8.00 72.00 80.00 OK

Check Details

Version: 0.5-1
Check: R code for possible problems
Result: NOTE
    .use.spgrass6: no visible global function definition for ‘listw2mat’
    .use.spgrass6: no visible global function definition for ‘sn2listw’
Flavors: r-devel-linux-x86_64-debian-clang, r-devel-linux-x86_64-debian-gcc, r-devel-linux-x86_64-fedora-clang, r-devel-linux-x86_64-fedora-gcc, r-devel-osx-x86_64-clang, r-devel-windows-ix86+x86_64, r-release-osx-x86_64-mavericks

Version: 0.5-1
Check: package dependencies
Result: NOTE
    Packages suggested but not available for checking: ‘spdep’ ‘rgdal’
Flavor: r-release-osx-x86_64-mavericks