CRAN Package Check Results for Package seg

Last updated on 2014-07-23 17:49:05.

Flavor Version Tinstall Tcheck Ttotal Status Flags
r-devel-linux-x86_64-debian-clang 0.5-1 1.73 32.30 34.03 OK
r-devel-linux-x86_64-debian-gcc 0.5-1 1.70 33.04 34.74 OK
r-devel-linux-x86_64-fedora-clang 0.5-1 74.95 OK
r-devel-linux-x86_64-fedora-gcc 0.5-1 72.31 OK
r-devel-osx-x86_64-clang 0.5-1 60.65 OK
r-devel-windows-ix86+x86_64 0.5-1 9.00 71.00 80.00 OK
r-patched-linux-x86_64 0.5-1 1.74 31.96 33.70 OK
r-patched-solaris-sparc 0.5-1 423.80 OK
r-patched-solaris-x86 0.5-1 94.50 OK
r-release-linux-ix86 0.5-1 2.36 45.26 47.61 OK
r-release-linux-x86_64 0.5-1 1.74 33.21 34.95 OK
r-release-osx-x86_64-mavericks 0.5-1 NOTE
r-release-osx-x86_64-snowleopard 0.5-1 OK
r-release-windows-ix86+x86_64 0.5-1 6.00 72.00 78.00 OK
r-oldrel-windows-ix86+x86_64 0.5-1 7.00 75.00 82.00 OK

Check Details

Version: 0.5-1
Check: package dependencies
Result: NOTE
    Packages suggested but not available for checking: ‘spdep’ ‘rgdal’
Flavor: r-release-osx-x86_64-mavericks

Version: 0.5-1
Check: R code for possible problems
Result: NOTE
    .use.spgrass6: no visible global function definition for ‘listw2mat’
    .use.spgrass6: no visible global function definition for ‘sn2listw’
Flavor: r-release-osx-x86_64-mavericks