CRAN Package Check Results for Package seg

Last updated on 2022-07-05 05:53:02 CEST.

Flavor Version Tinstall Tcheck Ttotal Status Flags
r-devel-linux-x86_64-debian-clang 0.5-7 8.84 75.44 84.28 NOTE
r-devel-linux-x86_64-debian-gcc 0.5-7 6.79 55.95 62.74 NOTE
r-devel-linux-x86_64-fedora-clang 0.5-7 109.03 NOTE
r-devel-linux-x86_64-fedora-gcc 0.5-7 109.79 NOTE
r-devel-windows-x86_64 0.5-7 23.00 105.00 128.00 OK
r-patched-linux-x86_64 0.5-7 7.65 70.78 78.43 NOTE
r-release-linux-x86_64 0.5-7 7.33 72.87 80.20 NOTE
r-release-macos-arm64 0.5-7 33.00 OK
r-release-macos-x86_64 0.5-7 44.00 OK
r-release-windows-x86_64 0.5-7 23.00 107.00 130.00 OK
r-oldrel-macos-arm64 0.5-7 34.00 OK
r-oldrel-macos-x86_64 0.5-7 56.00 OK
r-oldrel-windows-ix86+x86_64 0.5-7 21.00 131.00 152.00 OK

Check Details

Version: 0.5-7
Check: package dependencies
Result: NOTE
    Package suggested but not available for checking: 'spgrass6'
Flavors: r-devel-linux-x86_64-debian-clang, r-devel-linux-x86_64-debian-gcc, r-devel-linux-x86_64-fedora-clang, r-devel-linux-x86_64-fedora-gcc, r-patched-linux-x86_64, r-release-linux-x86_64