CRAN Package Check Results for Package seg

Last updated on 2015-03-06 23:48:30.

Flavor Version Tinstall Tcheck Ttotal Status Flags
r-devel-linux-x86_64-debian-clang 0.5-1 1.48 27.79 29.27 NOTE
r-devel-linux-x86_64-debian-gcc 0.5-1 1.48 26.53 28.02 NOTE
r-devel-linux-x86_64-fedora-clang 0.5-1 58.06 NOTE
r-devel-linux-x86_64-fedora-gcc 0.5-1 54.23 NOTE
r-devel-osx-x86_64-clang 0.5-1 53.72 NOTE
r-devel-windows-ix86+x86_64 0.5-1 12.00 63.00 75.00 NOTE
r-patched-linux-x86_64 0.5-1 1.75 31.24 32.98 NOTE
r-patched-solaris-sparc 0.5-1 421.70 NOTE
r-patched-solaris-x86 0.5-1 92.20 NOTE
r-release-linux-ix86 0.5-1 3.32 41.87 45.19 NOTE
r-release-linux-x86_64 0.5-1 1.72 32.21 33.93 NOTE
r-release-osx-x86_64-mavericks 0.5-1 NOTE
r-release-osx-x86_64-snowleopard 0.5-1 OK
r-release-windows-ix86+x86_64 0.5-1 9.00 75.00 84.00 NOTE
r-oldrel-windows-ix86+x86_64 0.5-1 9.00 108.00 117.00 OK

Check Details

Version: 0.5-1
Check: dependencies in R code
Result: NOTE
    'library' or 'require' calls in package code:
     ‘rgdal’ ‘spdep’ ‘spgrass6’
     Please use :: or requireNamespace() instead.
     See section 'Suggested packages' in the 'Writing R Extensions' manual.
Flavors: r-devel-linux-x86_64-debian-clang, r-devel-linux-x86_64-debian-gcc, r-devel-linux-x86_64-fedora-clang, r-devel-linux-x86_64-fedora-gcc, r-devel-osx-x86_64-clang, r-devel-windows-ix86+x86_64, r-patched-linux-x86_64, r-patched-solaris-sparc, r-patched-solaris-x86

Version: 0.5-1
Check: R code for possible problems
Result: NOTE
    .use.spgrass6: no visible global function definition for ‘listw2mat’
    .use.spgrass6: no visible global function definition for ‘sn2listw’
Flavors: r-devel-linux-x86_64-debian-clang, r-devel-linux-x86_64-debian-gcc, r-devel-linux-x86_64-fedora-clang, r-devel-linux-x86_64-fedora-gcc, r-devel-osx-x86_64-clang, r-devel-windows-ix86+x86_64, r-patched-linux-x86_64, r-patched-solaris-sparc, r-patched-solaris-x86, r-release-linux-ix86, r-release-linux-x86_64, r-release-osx-x86_64-mavericks, r-release-windows-ix86+x86_64

Version: 0.5-1
Check: package dependencies
Result: NOTE
    Package suggested but not available for checking: ‘rgdal’
Flavor: r-release-osx-x86_64-mavericks