CRAN Package Check Results for Package seg

Last updated on 2014-04-24 07:52:37.

Flavor Version Tinstall Tcheck Ttotal Status Flags
r-devel-linux-x86_64-debian-clang 0.4-1 1.84 34.18 36.02 OK
r-devel-linux-x86_64-debian-gcc 0.4-1 1.96 33.07 35.02 OK
r-devel-linux-x86_64-fedora-clang 0.4-1 73.27 OK
r-devel-linux-x86_64-fedora-gcc 0.4-1 70.84 OK
r-devel-osx-x86_64-clang 0.4-1 61.25 OK
r-devel-osx-x86_64-gcc 0.4-1 NOTE
r-devel-windows-ix86+x86_64 0.4-1 7.00 69.00 76.00 OK
r-patched-linux-x86_64 0.4-1 1.87 34.18 36.05 OK
r-patched-solaris-sparc 0.4-1 422.50 OK
r-patched-solaris-x86 0.4-1 94.20 OK
r-release-linux-ix86 0.4-1 3.00 59.00 62.00 OK
r-release-linux-x86_64 0.4-1 1.78 33.61 35.39 OK
r-release-osx-x86_64-mavericks 0.4-1 WARN
r-release-osx-x86_64-snowleopard 0.4-1 OK
r-release-windows-ix86+x86_64 0.4-1 9.00 71.00 80.00 OK
r-oldrel-windows-ix86+x86_64 0.4-1 8.00 76.00 84.00 OK

Check Details

Version: 0.4-1
Check: package dependencies
Result: NOTE
    Package suggested but not available for checking: ‘spdep’
Flavors: r-devel-osx-x86_64-gcc, r-release-osx-x86_64-mavericks

Version: 0.4-1
Check: PDF version of manual
Result: WARNING
    LaTeX errors when creating PDF version.
    This typically indicates Rd problems.
    LaTeX errors found:
    ! LaTeX Error: File `upquote.sty' not found.
    
    Type X to quit or <RETURN> to proceed,
    or enter new name. (Default extension: sty)
    
    1abe1f8/Rd2.tex:8: ==> Fatal error occurred, no output PDF file produced!
Flavor: r-release-osx-x86_64-mavericks