CRAN Package Check Results for Package seg

Last updated on 2015-05-27 15:47:08.

Flavor Version Tinstall Tcheck Ttotal Status Flags
r-devel-linux-x86_64-debian-clang 0.5-1 1.52 28.38 29.90 NOTE
r-devel-linux-x86_64-debian-gcc 0.5-1 1.54 26.87 28.41 NOTE
r-devel-linux-x86_64-fedora-clang 0.5-1 57.22 NOTE
r-devel-linux-x86_64-fedora-gcc 0.5-1 54.64 NOTE
r-devel-osx-x86_64-clang 0.5-1 51.27 NOTE
r-devel-windows-ix86+x86_64 0.5-1 7.00 68.00 75.00 NOTE
r-patched-linux-x86_64 0.5-1 1.57 26.88 28.46 NOTE
r-patched-solaris-sparc 0.5-1 368.90 NOTE
r-patched-solaris-x86 0.5-1 76.90 NOTE
r-release-linux-x86_64 0.5-1 1.60 28.41 30.01 NOTE
r-release-osx-x86_64-mavericks 0.5-1 NOTE
r-release-osx-x86_64-snowleopard 0.5-1 NOTE
r-release-windows-ix86+x86_64 0.5-1 9.00 63.00 72.00 NOTE
r-oldrel-windows-ix86+x86_64 0.5-1 9.00 69.00 78.00 NOTE

Check Details

Version: 0.5-1
Check: dependencies in R code
Result: NOTE
    'library' or 'require' calls in package code:
     ‘rgdal’ ‘spdep’ ‘spgrass6’
     Please use :: or requireNamespace() instead.
     See section 'Suggested packages' in the 'Writing R Extensions' manual.
Flavors: r-devel-linux-x86_64-debian-clang, r-devel-linux-x86_64-debian-gcc, r-devel-linux-x86_64-fedora-clang, r-devel-linux-x86_64-fedora-gcc, r-devel-osx-x86_64-clang, r-devel-windows-ix86+x86_64, r-patched-linux-x86_64, r-patched-solaris-sparc, r-patched-solaris-x86, r-release-linux-x86_64, r-release-osx-x86_64-mavericks, r-release-osx-x86_64-snowleopard, r-release-windows-ix86+x86_64, r-oldrel-windows-ix86+x86_64

Version: 0.5-1
Check: R code for possible problems
Result: NOTE
    .use.spgrass6: no visible global function definition for ‘listw2mat’
    .use.spgrass6: no visible global function definition for ‘sn2listw’
Flavors: r-devel-linux-x86_64-debian-clang, r-devel-linux-x86_64-debian-gcc, r-devel-linux-x86_64-fedora-clang, r-devel-linux-x86_64-fedora-gcc, r-devel-osx-x86_64-clang, r-devel-windows-ix86+x86_64, r-patched-linux-x86_64, r-patched-solaris-sparc, r-patched-solaris-x86, r-release-linux-x86_64, r-release-osx-x86_64-mavericks, r-release-osx-x86_64-snowleopard, r-release-windows-ix86+x86_64, r-oldrel-windows-ix86+x86_64

Version: 0.5-1
Check: package dependencies
Result: NOTE
    Package suggested but not available for checking: ‘rgdal’
Flavor: r-release-osx-x86_64-mavericks

Version: 0.5-1
Check: package dependencies
Result: NOTE
    Packages suggested but not available for checking: ‘spdep’ ‘spgrass6’
Flavor: r-release-osx-x86_64-snowleopard