CRAN Package Check Results for Package seg

Last updated on 2014-08-22 03:48:08.

Flavor Version Tinstall Tcheck Ttotal Status Flags
r-devel-linux-x86_64-debian-clang 0.5-1 1.63 33.28 34.91 OK
r-devel-linux-x86_64-debian-gcc 0.5-1 1.78 31.10 32.88 OK
r-devel-linux-x86_64-fedora-clang 0.5-1 66.01 NOTE
r-devel-linux-x86_64-fedora-gcc 0.5-1 62.94 NOTE
r-devel-osx-x86_64-clang 0.5-1 54.43 NOTE
r-devel-windows-ix86+x86_64 0.5-1 9.00 70.00 79.00 OK
r-patched-linux-x86_64 0.5-1 1.69 32.04 33.72 OK
r-patched-solaris-sparc 0.5-1 436.10 OK
r-patched-solaris-x86 0.5-1 94.40 OK
r-release-linux-ix86 0.5-1 2.36 45.47 47.83 OK
r-release-linux-x86_64 0.5-1 1.82 33.24 35.06 OK
r-release-osx-x86_64-mavericks 0.5-1 NOTE
r-release-osx-x86_64-snowleopard 0.5-1 OK
r-release-windows-ix86+x86_64 0.5-1 9.00 73.00 82.00 OK
r-oldrel-windows-ix86+x86_64 0.5-1 10.00 72.00 82.00 OK

Check Details

Version: 0.5-1
Check: R code for possible problems
Result: NOTE
    .use.spgrass6: no visible global function definition for ‘listw2mat’
    .use.spgrass6: no visible global function definition for ‘sn2listw’
Flavors: r-devel-linux-x86_64-fedora-clang, r-devel-linux-x86_64-fedora-gcc, r-devel-osx-x86_64-clang, r-release-osx-x86_64-mavericks

Version: 0.5-1
Check: package dependencies
Result: NOTE
    Packages suggested but not available for checking: ‘spdep’ ‘rgdal’
Flavor: r-release-osx-x86_64-mavericks