CRAN Package Check Results for Package seg

Last updated on 2014-11-26 19:49:44.

Flavor Version Tinstall Tcheck Ttotal Status Flags
r-devel-linux-x86_64-debian-clang 0.5-1 1.65 30.41 32.06 NOTE
r-devel-linux-x86_64-debian-gcc 0.5-1 1.72 30.08 31.80 NOTE
r-devel-linux-x86_64-fedora-clang 0.5-1 69.37 NOTE
r-devel-linux-x86_64-fedora-gcc 0.5-1 65.90 NOTE
r-devel-osx-x86_64-clang 0.5-1 59.74 NOTE
r-devel-windows-ix86+x86_64 0.5-1 8.00 68.00 76.00 NOTE
r-patched-linux-x86_64 0.5-1 1.69 31.43 33.12 NOTE
r-patched-solaris-sparc 0.5-1 411.70 NOTE
r-patched-solaris-x86 0.5-1 89.70 NOTE
r-release-linux-ix86 0.5-1 2.28 41.04 43.32 NOTE
r-release-linux-x86_64 0.5-1 1.70 30.80 32.49 NOTE
r-release-osx-x86_64-mavericks 0.5-1 NOTE
r-release-osx-x86_64-snowleopard 0.5-1 OK
r-release-windows-ix86+x86_64 0.5-1 8.00 72.00 80.00 NOTE
r-oldrel-windows-ix86+x86_64 0.5-1 8.00 75.00 83.00 OK

Check Details

Version: 0.5-1
Check: R code for possible problems
Result: NOTE
    .use.spgrass6: no visible global function definition for ‘listw2mat’
    .use.spgrass6: no visible global function definition for ‘sn2listw’
Flavors: r-devel-linux-x86_64-debian-clang, r-devel-linux-x86_64-debian-gcc, r-devel-linux-x86_64-fedora-clang, r-devel-linux-x86_64-fedora-gcc, r-devel-osx-x86_64-clang, r-devel-windows-ix86+x86_64, r-patched-linux-x86_64, r-patched-solaris-sparc, r-patched-solaris-x86, r-release-linux-ix86, r-release-linux-x86_64, r-release-osx-x86_64-mavericks, r-release-windows-ix86+x86_64

Version: 0.5-1
Check: package dependencies
Result: NOTE
    Packages suggested but not available for checking: ‘spdep’ ‘rgdal’
Flavor: r-release-osx-x86_64-mavericks