CRAN Package Check Results for Package seg

Last updated on 2016-09-26 23:48:27.

Flavor Version Tinstall Tcheck Ttotal Status Flags
r-devel-linux-x86_64-debian-clang 0.5-1 1.82 34.05 35.86 NOTE
r-devel-linux-x86_64-debian-gcc 0.5-1 1.56 33.64 35.20 NOTE
r-devel-linux-x86_64-fedora-clang 0.5-1 62.19 NOTE
r-devel-linux-x86_64-fedora-gcc 0.5-1 59.11 NOTE
r-devel-macos-x86_64-clang 0.5-1 42.06 NOTE
r-devel-windows-ix86+x86_64 0.5-1 11.00 92.00 103.00 NOTE
r-patched-linux-x86_64 0.5-1 1.70 33.87 35.56 NOTE
r-patched-solaris-sparc 0.5-1 348.60 NOTE
r-patched-solaris-x86 0.5-1 68.90 NOTE
r-release-linux-x86_64 0.5-1 1.51 34.75 36.26 NOTE
r-release-osx-x86_64-mavericks 0.5-1 NOTE
r-release-windows-ix86+x86_64 0.5-1 12.00 94.00 106.00 NOTE
r-oldrel-windows-ix86+x86_64 0.5-1 13.00 96.00 109.00 NOTE

Check Details

Version: 0.5-1
Check: dependencies in R code
Result: NOTE
    'library' or 'require' calls in package code:
     ‘rgdal’ ‘spdep’ ‘spgrass6’
     Please use :: or requireNamespace() instead.
     See section 'Suggested packages' in the 'Writing R Extensions' manual.
Flavors: r-devel-linux-x86_64-debian-clang, r-devel-linux-x86_64-debian-gcc, r-devel-linux-x86_64-fedora-clang, r-devel-linux-x86_64-fedora-gcc, r-devel-macos-x86_64-clang, r-devel-windows-ix86+x86_64, r-patched-linux-x86_64, r-patched-solaris-sparc, r-patched-solaris-x86, r-release-linux-x86_64, r-release-osx-x86_64-mavericks, r-release-windows-ix86+x86_64, r-oldrel-windows-ix86+x86_64

Version: 0.5-1
Check: R code for possible problems
Result: NOTE
    .use.spgrass6: no visible global function definition for ‘listw2mat’
    .use.spgrass6: no visible global function definition for ‘sn2listw’
    conprof: no visible global function definition for ‘axis’
    conprof: no visible global function definition for ‘lines’
    isp: no visible global function definition for ‘combn’
    points.SegLocal: no visible global function definition for ‘points’
    Undefined global functions or variables:
     axis combn lines listw2mat points sn2listw
    Consider adding
     importFrom("graphics", "axis", "lines", "points")
     importFrom("utils", "combn")
    to your NAMESPACE file.
Flavors: r-devel-linux-x86_64-debian-clang, r-devel-linux-x86_64-debian-gcc, r-devel-linux-x86_64-fedora-clang, r-devel-linux-x86_64-fedora-gcc, r-devel-macos-x86_64-clang, r-devel-windows-ix86+x86_64, r-patched-linux-x86_64, r-patched-solaris-sparc, r-patched-solaris-x86, r-release-linux-x86_64, r-release-osx-x86_64-mavericks, r-release-windows-ix86+x86_64

Version: 0.5-1
Check: R code for possible problems
Result: NOTE
    .use.spgrass6: no visible global function definition for 'listw2mat'
    .use.spgrass6: no visible global function definition for 'sn2listw'
Flavor: r-oldrel-windows-ix86+x86_64