CRAN Package Check Results for Package seg

Last updated on 2014-10-21 21:47:00.

Flavor Version Tinstall Tcheck Ttotal Status Flags
r-devel-linux-x86_64-debian-clang 0.5-1 1.74 30.55 32.29 NOTE
r-devel-linux-x86_64-debian-gcc 0.5-1 1.76 30.47 32.23 NOTE
r-devel-linux-x86_64-fedora-clang 0.5-1 66.67 NOTE
r-devel-linux-x86_64-fedora-gcc 0.5-1 64.55 NOTE
r-devel-osx-x86_64-clang 0.5-1 59.29 NOTE
r-devel-windows-ix86+x86_64 0.5-1 8.00 64.00 72.00 NOTE
r-patched-linux-x86_64 0.5-1 1.78 30.83 32.61 NOTE
r-patched-solaris-sparc 0.5-1 411.70 NOTE
r-patched-solaris-x86 0.5-1 89.70 NOTE
r-release-linux-ix86 0.5-1 2.34 45.97 48.31 OK
r-release-linux-x86_64 0.5-1 1.81 33.48 35.29 OK
r-release-osx-x86_64-mavericks 0.5-1 NOTE
r-release-osx-x86_64-snowleopard 0.5-1 OK
r-release-windows-ix86+x86_64 0.5-1 8.00 72.00 80.00 OK
r-oldrel-windows-ix86+x86_64 0.5-1 8.00 73.00 81.00 OK

Check Details

Version: 0.5-1
Check: R code for possible problems
Result: NOTE
    .use.spgrass6: no visible global function definition for ‘listw2mat’
    .use.spgrass6: no visible global function definition for ‘sn2listw’
Flavors: r-devel-linux-x86_64-debian-clang, r-devel-linux-x86_64-debian-gcc, r-devel-linux-x86_64-fedora-clang, r-devel-linux-x86_64-fedora-gcc, r-devel-osx-x86_64-clang, r-devel-windows-ix86+x86_64, r-patched-linux-x86_64, r-patched-solaris-sparc, r-patched-solaris-x86, r-release-osx-x86_64-mavericks

Version: 0.5-1
Check: package dependencies
Result: NOTE
    Packages suggested but not available for checking: ‘spdep’ ‘rgdal’
Flavor: r-release-osx-x86_64-mavericks