CRAN Package Check Results for Package seg

Last updated on 2015-01-27 19:50:31.

Flavor Version Tinstall Tcheck Ttotal Status Flags
r-devel-linux-x86_64-debian-clang 0.5-1 1.59 28.44 30.03 NOTE
r-devel-linux-x86_64-debian-gcc 0.5-1 1.60 27.68 29.28 NOTE
r-devel-linux-x86_64-fedora-clang 0.5-1 70.27 NOTE
r-devel-linux-x86_64-fedora-gcc 0.5-1 64.76 NOTE
r-devel-osx-x86_64-clang 0.5-1 60.24 NOTE
r-devel-windows-ix86+x86_64 0.5-1 7.00 60.00 67.00 NOTE
r-patched-linux-x86_64 0.5-1 1.71 32.18 33.90 NOTE
r-patched-solaris-sparc 0.5-1 433.90 NOTE
r-patched-solaris-x86 0.5-1 90.90 NOTE
r-release-linux-ix86 0.5-1 2.28 41.57 43.85 NOTE
r-release-linux-x86_64 0.5-1 1.71 30.99 32.70 NOTE
r-release-osx-x86_64-mavericks 0.5-1 NOTE
r-release-osx-x86_64-snowleopard 0.5-1 OK
r-release-windows-ix86+x86_64 0.5-1 9.00 75.00 84.00 NOTE
r-oldrel-windows-ix86+x86_64 0.5-1 8.00 74.00 82.00 OK

Check Details

Version: 0.5-1
Check: dependencies in R code
Result: NOTE
    'library' or 'require' calls in package code:
     ‘rgdal’ ‘spdep’ ‘spgrass6’
     Please use :: or requireNamespace() instead.
     See section 'Suggested packages' in the 'Writing R Extensions' manual.
Flavors: r-devel-linux-x86_64-debian-clang, r-devel-linux-x86_64-debian-gcc, r-devel-linux-x86_64-fedora-clang, r-devel-linux-x86_64-fedora-gcc, r-devel-osx-x86_64-clang, r-devel-windows-ix86+x86_64

Version: 0.5-1
Check: R code for possible problems
Result: NOTE
    .use.spgrass6: no visible global function definition for ‘listw2mat’
    .use.spgrass6: no visible global function definition for ‘sn2listw’
Flavors: r-devel-linux-x86_64-debian-clang, r-devel-linux-x86_64-debian-gcc, r-devel-linux-x86_64-fedora-clang, r-devel-linux-x86_64-fedora-gcc, r-devel-osx-x86_64-clang, r-devel-windows-ix86+x86_64, r-patched-linux-x86_64, r-patched-solaris-sparc, r-patched-solaris-x86, r-release-linux-ix86, r-release-linux-x86_64, r-release-osx-x86_64-mavericks, r-release-windows-ix86+x86_64

Version: 0.5-1
Check: package dependencies
Result: NOTE
    Package suggested but not available for checking: ‘rgdal’
Flavor: r-release-osx-x86_64-mavericks