CRAN Package Check Results for Package seg

Last updated on 2017-04-26 03:48:36.

Flavor Version Tinstall Tcheck Ttotal Status Flags
r-devel-linux-x86_64-debian-clang 0.5-1 2.05 31.86 33.91 NOTE
r-devel-linux-x86_64-debian-gcc 0.5-1 1.80 30.24 32.05 NOTE
r-devel-linux-x86_64-fedora-clang 0.5-1 72.85 NOTE --no-stop-on-test-error
r-devel-linux-x86_64-fedora-gcc 0.5-1 66.81 NOTE --no-stop-on-test-error
r-devel-windows-ix86+x86_64 0.5-1 12.00 89.00 101.00 NOTE
r-patched-linux-x86_64 0.5-1 1.80 30.55 32.36 NOTE
r-patched-solaris-sparc 0.5-1 373.80 NOTE
r-patched-solaris-x86 0.5-1 77.80 NOTE
r-release-linux-x86_64 0.5-1 1.74 30.84 32.58 NOTE
r-release-windows-ix86+x86_64 0.5-1 8.00 78.00 86.00 NOTE
r-release-osx-x86_64 0.5-1 NOTE
r-oldrel-windows-ix86+x86_64 0.5-1 7.00 79.00 86.00 NOTE
r-oldrel-osx-x86_64 0.5-1 NOTE

Check Details

Version: 0.5-1
Check: dependencies in R code
Result: NOTE
    'library' or 'require' calls in package code:
     ‘rgdal’ ‘spdep’ ‘spgrass6’
     Please use :: or requireNamespace() instead.
     See section 'Suggested packages' in the 'Writing R Extensions' manual.
Flavors: r-devel-linux-x86_64-debian-clang, r-devel-linux-x86_64-debian-gcc, r-devel-windows-ix86+x86_64, r-patched-linux-x86_64, r-patched-solaris-sparc, r-patched-solaris-x86, r-release-linux-x86_64, r-release-windows-ix86+x86_64, r-release-osx-x86_64, r-oldrel-windows-ix86+x86_64, r-oldrel-osx-x86_64

Version: 0.5-1
Check: R code for possible problems
Result: NOTE
    .use.spgrass6: no visible global function definition for ‘listw2mat’
    .use.spgrass6: no visible global function definition for ‘sn2listw’
    conprof: no visible global function definition for ‘axis’
    conprof: no visible global function definition for ‘lines’
    isp: no visible global function definition for ‘combn’
    points.SegLocal: no visible global function definition for ‘points’
    Undefined global functions or variables:
     axis combn lines listw2mat points sn2listw
    Consider adding
     importFrom("graphics", "axis", "lines", "points")
     importFrom("utils", "combn")
    to your NAMESPACE file.
Flavors: r-devel-linux-x86_64-debian-clang, r-devel-linux-x86_64-debian-gcc, r-devel-windows-ix86+x86_64, r-patched-linux-x86_64, r-patched-solaris-sparc, r-patched-solaris-x86, r-release-linux-x86_64, r-release-windows-ix86+x86_64, r-release-osx-x86_64, r-oldrel-windows-ix86+x86_64, r-oldrel-osx-x86_64

Version: 0.5-1
Check: compiled code
Result: NOTE
    File ‘seg/libs/seg.so’:
     Found no calls to: ‘R_registerRoutines’, ‘R_useDynamicSymbols’
    
    It is good practice to register native routines and to disable symbol
    search.
    
    See ‘Writing portable packages’ in the ‘Writing R Extensions’ manual.
Flavors: r-devel-linux-x86_64-debian-clang, r-devel-linux-x86_64-debian-gcc, r-patched-linux-x86_64, r-release-linux-x86_64

Version: 0.5-1
Flags: --no-stop-on-test-error
Check: dependencies in R code
Result: NOTE
    'library' or 'require' calls in package code:
     ‘rgdal’ ‘spdep’ ‘spgrass6’
     Please use :: or requireNamespace() instead.
     See section 'Suggested packages' in the 'Writing R Extensions' manual.
Flavors: r-devel-linux-x86_64-fedora-clang, r-devel-linux-x86_64-fedora-gcc

Version: 0.5-1
Flags: --no-stop-on-test-error
Check: R code for possible problems
Result: NOTE
    .use.spgrass6: no visible global function definition for ‘listw2mat’
    .use.spgrass6: no visible global function definition for ‘sn2listw’
    conprof: no visible global function definition for ‘axis’
    conprof: no visible global function definition for ‘lines’
    isp: no visible global function definition for ‘combn’
    points.SegLocal: no visible global function definition for ‘points’
    Undefined global functions or variables:
     axis combn lines listw2mat points sn2listw
    Consider adding
     importFrom("graphics", "axis", "lines", "points")
     importFrom("utils", "combn")
    to your NAMESPACE file.
Flavors: r-devel-linux-x86_64-fedora-clang, r-devel-linux-x86_64-fedora-gcc

Version: 0.5-1
Flags: --no-stop-on-test-error
Check: compiled code
Result: NOTE
    File ‘seg/libs/seg.so’:
     Found no calls to: ‘R_registerRoutines’, ‘R_useDynamicSymbols’
    
    It is good practice to register native routines and to disable symbol
    search.
    
    See ‘Writing portable packages’ in the ‘Writing R Extensions’ manual.
Flavors: r-devel-linux-x86_64-fedora-clang, r-devel-linux-x86_64-fedora-gcc

Version: 0.5-1
Check: package dependencies
Result: NOTE
    Package suggested but not available for checking: ‘rgdal’
Flavor: r-release-osx-x86_64