CRAN Package Check Results for Package seg

Last updated on 2015-04-01 08:50:16.

Flavor Version Tinstall Tcheck Ttotal Status Flags
r-devel-linux-x86_64-debian-clang 0.5-1 1.62 28.20 29.82 NOTE
r-devel-linux-x86_64-debian-gcc 0.5-1 1.65 26.73 28.38 NOTE
r-devel-linux-x86_64-fedora-clang 0.5-1 58.28 NOTE
r-devel-linux-x86_64-fedora-gcc 0.5-1 60.13 NOTE
r-devel-osx-x86_64-clang 0.5-1 54.33 NOTE
r-prerel-windows-ix86+x86_64 0.5-1 12.00 63.00 75.00 NOTE
r-prerel-linux-x86_64 0.5-1 1.51 28.42 29.93 NOTE
r-prerel-solaris-sparc 0.5-1 372.40 NOTE
r-prerel-solaris-x86 0.5-1 75.30 NOTE
r-release-linux-x86_64 0.5-1 1.72 31.06 32.79 NOTE
r-release-osx-x86_64-mavericks 0.5-1 NOTE
r-release-osx-x86_64-snowleopard 0.5-1 OK
r-release-windows-ix86+x86_64 0.5-1 8.00 73.00 81.00 NOTE
r-oldrel-windows-ix86+x86_64 0.5-1 10.00 72.00 82.00 OK

Check Details

Version: 0.5-1
Check: dependencies in R code
Result: NOTE
    'library' or 'require' calls in package code:
     ‘rgdal’ ‘spdep’ ‘spgrass6’
     Please use :: or requireNamespace() instead.
     See section 'Suggested packages' in the 'Writing R Extensions' manual.
Flavors: r-devel-linux-x86_64-debian-clang, r-devel-linux-x86_64-debian-gcc, r-devel-linux-x86_64-fedora-clang, r-devel-linux-x86_64-fedora-gcc, r-devel-osx-x86_64-clang, r-prerel-windows-ix86+x86_64, r-prerel-linux-x86_64, r-prerel-solaris-sparc, r-prerel-solaris-x86, r-release-linux-x86_64, r-release-windows-ix86+x86_64

Version: 0.5-1
Check: R code for possible problems
Result: NOTE
    .use.spgrass6: no visible global function definition for ‘listw2mat’
    .use.spgrass6: no visible global function definition for ‘sn2listw’
Flavors: r-devel-linux-x86_64-debian-clang, r-devel-linux-x86_64-debian-gcc, r-devel-linux-x86_64-fedora-clang, r-devel-linux-x86_64-fedora-gcc, r-devel-osx-x86_64-clang, r-prerel-windows-ix86+x86_64, r-prerel-linux-x86_64, r-prerel-solaris-sparc, r-prerel-solaris-x86, r-release-linux-x86_64, r-release-osx-x86_64-mavericks, r-release-windows-ix86+x86_64

Version: 0.5-1
Check: package dependencies
Result: NOTE
    Package suggested but not available for checking: ‘rgdal’
Flavor: r-release-osx-x86_64-mavericks