CRAN Package Check Results for Package seg

Last updated on 2014-12-18 00:48:59.

Flavor Version Tinstall Tcheck Ttotal Status Flags
r-devel-linux-x86_64-debian-clang 0.5-1 1.69 30.67 32.36 NOTE
r-devel-linux-x86_64-debian-gcc 0.5-1 1.62 30.81 32.43 NOTE
r-devel-linux-x86_64-fedora-clang 0.5-1 70.07 NOTE
r-devel-linux-x86_64-fedora-gcc 0.5-1 61.58 NOTE
r-devel-osx-x86_64-clang 0.5-1 59.24 NOTE
r-devel-windows-ix86+x86_64 0.5-1 13.00 70.00 83.00 NOTE
r-patched-linux-x86_64 0.5-1 1.72 32.37 34.09 NOTE
r-patched-solaris-sparc 0.5-1 411.70 NOTE
r-patched-solaris-x86 0.5-1 91.20 NOTE
r-release-linux-ix86 0.5-1 2.25 41.11 43.36 NOTE
r-release-linux-x86_64 0.5-1 1.90 31.38 33.28 NOTE
r-release-osx-x86_64-mavericks 0.5-1 NOTE
r-release-osx-x86_64-snowleopard 0.5-1 OK
r-release-windows-ix86+x86_64 0.5-1 10.00 68.00 78.00 NOTE
r-oldrel-windows-ix86+x86_64 0.5-1 9.00 72.00 81.00 OK

Check Details

Version: 0.5-1
Check: R code for possible problems
Result: NOTE
    .use.spgrass6: no visible global function definition for ‘listw2mat’
    .use.spgrass6: no visible global function definition for ‘sn2listw’
Flavors: r-devel-linux-x86_64-debian-clang, r-devel-linux-x86_64-debian-gcc, r-devel-linux-x86_64-fedora-clang, r-devel-linux-x86_64-fedora-gcc, r-devel-osx-x86_64-clang, r-devel-windows-ix86+x86_64, r-patched-linux-x86_64, r-patched-solaris-sparc, r-patched-solaris-x86, r-release-linux-ix86, r-release-linux-x86_64, r-release-osx-x86_64-mavericks, r-release-windows-ix86+x86_64

Version: 0.5-1
Check: package dependencies
Result: NOTE
    Packages suggested but not available for checking: ‘spdep’ ‘rgdal’
Flavor: r-release-osx-x86_64-mavericks