CRAN Package Check Results for Package segmented

Last updated on 2015-07-04 14:50:36.

Flavor Version Tinstall Tcheck Ttotal Status Flags
r-devel-linux-x86_64-debian-clang 0.5-1.1 0.74 21.92 22.67 NOTE
r-devel-linux-x86_64-debian-gcc 0.5-1.1 0.72 21.27 21.99 NOTE
r-devel-linux-x86_64-fedora-clang 0.5-1.1 41.62 NOTE
r-devel-linux-x86_64-fedora-gcc 0.5-1.1 39.26 NOTE
r-devel-osx-x86_64-clang 0.5-1.1 34.33 OK
r-devel-windows-ix86+x86_64 0.5-1.1 6.00 34.00 40.00 OK
r-patched-linux-x86_64 0.5-1.1 1.04 21.92 22.96 OK
r-patched-solaris-sparc 0.5-1.1 261.10 OK
r-patched-solaris-x86 0.5-1.1 53.20 OK
r-release-linux-x86_64 0.5-1.1 0.85 21.78 22.63 OK
r-release-osx-x86_64-mavericks 0.5-1.1 OK
r-release-windows-ix86+x86_64 0.5-1.1 4.00 36.00 40.00 OK
r-oldrel-windows-ix86+x86_64 0.5-1.1 5.00 36.00 41.00 OK

Check Details

Version: 0.5-1.1
Check: R code for possible problems
Result: NOTE
    broken.line : dummy.matrix: no visible global function definition for
     ‘coef’
    broken.line: no visible global function definition for ‘coef’
    broken.line: no visible global function definition for ‘na.omit’
    broken.line: no visible global function definition for ‘vcov’
    confint.segmented: no visible global function definition for ‘qt’
    confint.segmented: no visible global function definition for ‘qnorm’
    confint.segmented: no visible global function definition for ‘vcov’
    confint.segmented: no visible global function definition for ‘coef’
    davies.test : daviesLM: no visible global function definition for ‘pt’
    davies.test : daviesGLM: no visible global function definition for
     ‘glm.fit’
    davies.test : daviesGLM: no visible global function definition for
     ‘pnorm’
    davies.test: no visible global function definition for ‘formula’
    davies.test: no visible global function definition for ‘update.formula’
    davies.test: no visible global function definition for ‘model.weights’
    davies.test: no visible global function definition for ‘model.offset’
    davies.test: no visible global function definition for ‘model.response’
    davies.test: no visible global function definition for ‘is.empty.model’
    davies.test: no visible global function definition for ‘model.matrix’
    davies.test: no visible binding for global variable ‘contrasts’
    davies.test: no visible global function definition for ‘coef’
    davies.test: no visible global function definition for ‘family’
    davies.test: Error while checking: invalid ‘envir’ argument
    draw.history: no visible global function definition for ‘par’
    draw.history: no visible global function definition for ‘plot’
    draw.history: no visible global function definition for ‘axis’
    draw.history: no visible global function definition for ‘matplot’
    draw.history: no visible global function definition for ‘abline’
    intercept: no visible global function definition for ‘coef’
    intercept: no visible global function definition for ‘na.omit’
    lines.segmented: no visible global function definition for ‘par’
    lines.segmented: no visible global function definition for ‘segments’
    lines.segmented: no visible global function definition for ‘points’
    plot.segmented: no visible global function definition for ‘grey’
    plot.segmented: no visible global function definition for ‘coef’
    plot.segmented: no visible global function definition for ‘qnorm’
    plot.segmented: no visible global function definition for ‘qt’
    plot.segmented: no visible global function definition for ‘resid’
    plot.segmented: no visible global function definition for ‘approx’
    plot.segmented: no visible global function definition for ‘plot’
    plot.segmented: no visible global function definition for ‘par’
    plot.segmented: no visible global function definition for ‘polygon’
    plot.segmented: no visible global function definition for ‘box’
    plot.segmented: no visible global function definition for ‘segments’
    plot.segmented: no visible global function definition for ‘matlines’
    plot.segmented: no visible global function definition for ‘points’
    plot.segmented: no visible global function definition for ‘lines’
    plot.segmented: no visible global function definition for ‘residuals’
    points.segmented: no visible binding for global variable ‘points’
    predict.segmented : dummy.matrix: no visible global function definition
     for ‘coef’
    predict.segmented: no visible global function definition for
     ‘model.frame’
    predict.segmented: no visible global function definition for ‘predict’
    print.segmented: no visible global function definition for ‘coef’
    print.summary.segmented: no visible global function definition for
     ‘printCoefmat’
    seg.Ar.fit: no visible global function definition for ‘flush.console’
    seg.Ar.fit: no visible global function definition for ‘coef’
    seg.Ar.fit.boot: no visible global function definition for ‘fitted’
    seg.Ar.fit.boot : <anonymous>: no visible global function definition
     for ‘runif’
    seg.Ar.fit.boot: no visible global function definition for ‘residuals’
    seg.Ar.fit.boot: no visible global function definition for
     ‘flush.console’
    seg.def.fit: no visible global function definition for ‘flush.console’
    seg.def.fit: no visible global function definition for ‘coef’
    seg.def.fit: no visible global function definition for ‘update.formula’
    seg.def.fit: no visible global function definition for ‘as.formula’
    seg.def.fit: no visible global function definition for ‘update’
    seg.def.fit.boot: no visible global function definition for ‘fitted’
    seg.def.fit.boot : <anonymous>: no visible global function definition
     for ‘runif’
    seg.def.fit.boot: no visible global function definition for ‘residuals’
    seg.def.fit.boot: no visible global function definition for
     ‘flush.console’
    seg.glm.fit: no visible global function definition for ‘glm.fit’
    seg.glm.fit: no visible global function definition for ‘glm.control’
    seg.glm.fit: no visible global function definition for ‘flush.console’
    seg.glm.fit: no visible global function definition for ‘coef’
    seg.glm.fit.boot: no visible global function definition for ‘fitted’
    seg.glm.fit.boot : <anonymous>: no visible global function definition
     for ‘runif’
    seg.glm.fit.boot: no visible global function definition for ‘residuals’
    seg.glm.fit.boot: no visible binding for global variable ‘weights’
    seg.glm.fit.boot: no visible global function definition for
     ‘flush.console’
    seg.lm.fit: no visible global function definition for ‘lm.wfit’
    seg.lm.fit: no visible global function definition for ‘flush.console’
    seg.lm.fit: no visible global function definition for ‘coef’
    seg.lm.fit.boot: no visible global function definition for ‘fitted’
    seg.lm.fit.boot : <anonymous>: no visible global function definition
     for ‘runif’
    seg.lm.fit.boot: no visible global function definition for ‘residuals’
    seg.lm.fit.boot: no visible binding for global variable ‘weights’
    seg.lm.fit.boot: no visible global function definition for
     ‘flush.console’
    segmented.Arima: no visible global function definition for ‘quantile’
    segmented.Arima: no visible global function definition for ‘update’
    segmented.Arima: no visible global function definition for ‘coef’
    segmented.Arima: no visible global function definition for ‘vcov’
    segmented.default: no visible global function definition for ‘formula’
    segmented.default: no visible global function definition for
     ‘update.formula’
    segmented.default: no visible global function definition for ‘quantile’
    segmented.default: no visible global function definition for
     ‘as.formula’
    segmented.default: no visible global function definition for ‘update’
    segmented.default: no visible global function definition for ‘coef’
    segmented.default: no visible global function definition for ‘vcov’
    segmented.glm: no visible global function definition for ‘formula’
    segmented.glm: no visible global function definition for
     ‘update.formula’
    segmented.glm: no visible global function definition for
     ‘model.weights’
    segmented.glm: no visible global function definition for ‘model.offset’
    segmented.glm: no visible global function definition for
     ‘model.response’
    segmented.glm: no visible global function definition for
     ‘is.empty.model’
    segmented.glm: no visible global function definition for ‘model.matrix’
    segmented.glm: no visible binding for global variable ‘contrasts’
    segmented.glm: no visible global function definition for ‘coef’
    segmented.glm: no visible global function definition for ‘quantile’
    segmented.glm: no visible global function definition for ‘as.formula’
    segmented.glm: no visible global function definition for ‘update’
    segmented.glm: no visible global function definition for ‘family’
    segmented.glm: no visible global function definition for ‘vcov’
    segmented.lm: no visible global function definition for ‘formula’
    segmented.lm: no visible global function definition for
     ‘update.formula’
    segmented.lm: no visible global function definition for ‘model.weights’
    segmented.lm: no visible global function definition for ‘model.offset’
    segmented.lm: no visible global function definition for
     ‘model.response’
    segmented.lm: no visible global function definition for
     ‘is.empty.model’
    segmented.lm: no visible global function definition for ‘model.matrix’
    segmented.lm: no visible binding for global variable ‘contrasts’
    segmented.lm: no visible global function definition for ‘coef’
    segmented.lm: no visible global function definition for ‘quantile’
    segmented.lm: no visible global function definition for ‘as.formula’
    segmented.lm: no visible global function definition for ‘update’
    segmented.lm: no visible global function definition for ‘vcov’
    slope: no visible global function definition for ‘coef’
    slope: no visible global function definition for ‘na.omit’
    slope: no visible global function definition for ‘vcov’
    slope: no visible global function definition for ‘qt’
    slope: no visible global function definition for ‘qnorm’
    summary.segmented: no visible global function definition for ‘coef’
    summary.segmented: no visible global function definition for ‘vcov’
    summary.segmented: no visible global function definition for
     ‘summary.lm’
    summary.segmented: no visible global function definition for
     ‘model.matrix’
    summary.segmented: no visible global function definition for ‘pnorm’
    summary.segmented: no visible global function definition for
     ‘summary.glm’
    vcov.segmented: no visible global function definition for ‘summary.glm’
    Undefined global functions or variables:
     abline approx as.formula axis box coef contrasts family fitted
     flush.console formula glm.control glm.fit grey is.empty.model lines
     lm.wfit matlines matplot model.frame model.matrix model.offset
     model.response model.weights na.omit par plot pnorm points polygon
     predict printCoefmat pt qnorm qt quantile resid residuals runif
     segments summary.glm summary.lm update update.formula vcov weights
Flavors: r-devel-linux-x86_64-debian-clang, r-devel-linux-x86_64-debian-gcc, r-devel-linux-x86_64-fedora-clang, r-devel-linux-x86_64-fedora-gcc