CRAN Package Check Results for Package selectMeta

Last updated on 2014-04-24 23:48:12.

Flavor Version Tinstall Tcheck Ttotal Status Flags
r-devel-linux-x86_64-debian-clang 1.0.6 0.73 12.70 13.43 OK
r-devel-linux-x86_64-debian-gcc 1.0.6 0.78 12.47 13.25 OK
r-devel-linux-x86_64-fedora-clang 1.0.6 24.61 OK
r-devel-linux-x86_64-fedora-gcc 1.0.6 24.14 OK
r-devel-osx-x86_64-clang 1.0.6 29.70 OK
r-devel-osx-x86_64-gcc 1.0.6 OK
r-devel-windows-ix86+x86_64 1.0.6 2.00 20.00 22.00 OK
r-patched-linux-x86_64 1.0.6 0.91 12.40 13.31 OK
r-patched-solaris-sparc 1.0.6 143.80 OK
r-patched-solaris-x86 1.0.6 35.00 OK
r-release-linux-ix86 1.0.6 1.00 26.00 27.00 OK
r-release-linux-x86_64 1.0.6 0.73 12.26 12.98 OK
r-release-osx-x86_64-mavericks 1.0.6 WARN
r-release-osx-x86_64-snowleopard 1.0.6 OK
r-release-windows-ix86+x86_64 1.0.6 3.00 20.00 23.00 OK
r-oldrel-windows-ix86+x86_64 1.0.6 3.00 22.00 25.00 OK

Check Details

Version: 1.0.6
Check: PDF version of manual
Result: WARNING
    LaTeX errors when creating PDF version.
    This typically indicates Rd problems.
    LaTeX errors found:
    ! LaTeX Error: File `upquote.sty' not found.
    
    Type X to quit or <RETURN> to proceed,
    or enter new name. (Default extension: sty)
    
    6bb95208/Rd2.tex:8: ==> Fatal error occurred, no output PDF file produced!
Flavor: r-release-osx-x86_64-mavericks