CRAN Package Check Results for Package selectMeta

Last updated on 2015-06-30 18:47:33.

Flavor Version Tinstall Tcheck Ttotal Status Flags
r-devel-linux-x86_64-debian-clang 1.0.7 0.73 10.44 11.17 NOTE
r-devel-linux-x86_64-debian-gcc 1.0.7 0.76 10.09 10.85 NOTE
r-devel-linux-x86_64-fedora-clang 1.0.7 20.61 NOTE
r-devel-linux-x86_64-fedora-gcc 1.0.7 19.34 OK
r-devel-osx-x86_64-clang 1.0.7 19.22 OK
r-devel-windows-ix86+x86_64 1.0.7 5.00 29.00 34.00 NOTE
r-patched-linux-x86_64 1.0.7 0.60 10.78 11.38 OK
r-patched-solaris-sparc 1.0.7 141.70 OK
r-patched-solaris-x86 1.0.7 31.50 OK
r-release-linux-x86_64 1.0.7 0.62 10.92 11.54 OK
r-release-osx-x86_64-mavericks 1.0.7 OK
r-release-windows-ix86+x86_64 1.0.7 5.00 21.00 26.00 OK
r-oldrel-windows-ix86+x86_64 1.0.7 6.00 23.00 29.00 OK

Check Details

Version: 1.0.7
Check: R code for possible problems
Result: NOTE
    DearBegg: no visible global function definition for ‘pnorm’
    DearBegg: no visible global function definition for ‘optimize’
    DearBeggLoglik: no visible global function definition for ‘dnorm’
    DearBeggMonotone: no visible global function definition for ‘pnorm’
    DearBeggMonotone: no visible global function definition for ‘runif’
    DearBeggMonotoneCItheta: no visible global function definition for
     ‘uniroot’
    DearBeggProfileLL: no visible global function definition for ‘qchisq’
    DearBeggProfileLL: no visible global function definition for ‘runif’
    Hij: no visible global function definition for ‘pnorm’
    IyenGreenLoglikT: no visible global function definition for ‘integrate’
    IyenGreenLoglikT: no visible global function definition for ‘dt’
    IyenGreenMLE: no visible global function definition for ‘optim’
    IyenGreenMLE: no visible global function definition for ‘pnorm’
    IyenGreenWeight: no visible global function definition for ‘qt’
    dPval: no visible global function definition for ‘qnorm’
    dPval: no visible global function definition for ‘dnorm’
    effectBias: no visible global function definition for ‘pnorm’
    effectBias : toIntBias: no visible global function definition for
     ‘dnorm’
    effectBias: no visible global function definition for ‘qnorm’
    effectBias: no visible global function definition for ‘integrate’
    normalizeT: no visible global function definition for ‘dt’
    pPval: no visible global function definition for ‘integrate’
    qPval: no visible global function definition for ‘uniroot’
    rPval: no visible global function definition for ‘runif’
    rPval: no visible global function definition for ‘qnorm’
    weightLine: no visible global function definition for ‘segments’
Flavors: r-devel-linux-x86_64-debian-clang, r-devel-linux-x86_64-debian-gcc, r-devel-linux-x86_64-fedora-clang, r-devel-windows-ix86+x86_64