CRAN Package Check Results for Package selectMeta

Last updated on 2014-08-28 00:47:13.

Flavor Version Tinstall Tcheck Ttotal Status Flags
r-devel-linux-x86_64-debian-clang 1.0.6 0.66 11.43 12.09 NOTE
r-devel-linux-x86_64-debian-gcc 1.0.6 0.70 11.28 11.98 NOTE
r-devel-linux-x86_64-fedora-clang 1.0.6 26.35 NOTE
r-devel-linux-x86_64-fedora-gcc 1.0.6 22.74 NOTE
r-devel-osx-x86_64-clang 1.0.6 28.72 NOTE
r-devel-windows-ix86+x86_64 1.0.6 3.00 22.00 25.00 NOTE
r-patched-linux-x86_64 1.0.6 0.88 11.83 12.72 OK
r-patched-solaris-sparc 1.0.6 143.80 OK
r-patched-solaris-x86 1.0.6 34.90 OK
r-release-linux-ix86 1.0.6 1.00 18.39 19.39 OK
r-release-linux-x86_64 1.0.6 0.96 11.82 12.78 OK
r-release-osx-x86_64-mavericks 1.0.6 OK
r-release-osx-x86_64-snowleopard 1.0.6 OK
r-release-windows-ix86+x86_64 1.0.6 3.00 20.00 23.00 OK
r-oldrel-windows-ix86+x86_64 1.0.6 3.00 21.00 24.00 OK

Check Details

Version: 1.0.6
Check: R code for possible problems
Result: NOTE
    DearBeggMonotone: no visible global function definition for
     ‘DEoptim.control’
    DearBeggProfileLL: no visible global function definition for
     ‘DEoptim.control’
Flavors: r-devel-linux-x86_64-debian-clang, r-devel-linux-x86_64-debian-gcc, r-devel-linux-x86_64-fedora-clang, r-devel-linux-x86_64-fedora-gcc, r-devel-osx-x86_64-clang, r-devel-windows-ix86+x86_64