CRAN Package Check Results for Package selectiongain

Last updated on 2015-05-04 19:47:03.

Flavor Version Tinstall Tcheck Ttotal Status Flags
r-devel-linux-x86_64-debian-clang 2.0.40 0.74 17.61 18.35 NOTE
r-devel-linux-x86_64-debian-gcc 2.0.40 0.92 16.55 17.47 NOTE
r-devel-linux-x86_64-fedora-clang 2.0.40 34.24 NOTE
r-devel-linux-x86_64-fedora-gcc 2.0.40 31.38 NOTE
r-devel-osx-x86_64-clang 2.0.40 32.70 NOTE
r-devel-windows-ix86+x86_64 2.0.40 3.00 29.00 32.00 NOTE
r-patched-linux-x86_64 2.0.40 0.72 16.74 17.46 NOTE
r-patched-solaris-sparc 2.0.40 217.40 NOTE
r-patched-solaris-x86 2.0.40 42.40 NOTE
r-release-linux-x86_64 2.0.40 0.58 17.88 18.47 NOTE
r-release-osx-x86_64-mavericks 2.0.40 NOTE
r-release-osx-x86_64-snowleopard 2.0.40 NOTE
r-release-windows-ix86+x86_64 2.0.40 2.00 31.00 33.00 NOTE
r-oldrel-windows-ix86+x86_64 2.0.40 4.00 30.00 34.00 NOTE

Check Details

Version: 2.0.40
Check: dependencies in R code
Result: NOTE
    'library' or 'require' call to ‘grDevices’ in package code.
     Please use :: or requireNamespace() instead.
     See section 'Suggested packages' in the 'Writing R Extensions' manual.
Flavors: r-devel-linux-x86_64-debian-clang, r-devel-linux-x86_64-debian-gcc, r-devel-linux-x86_64-fedora-clang, r-devel-linux-x86_64-fedora-gcc, r-devel-osx-x86_64-clang, r-devel-windows-ix86+x86_64, r-patched-linux-x86_64, r-patched-solaris-sparc, r-patched-solaris-x86, r-release-linux-x86_64, r-release-osx-x86_64-mavericks, r-release-osx-x86_64-snowleopard, r-release-windows-ix86+x86_64, r-oldrel-windows-ix86+x86_64