CRAN Package Check Results for Package selectiongain

Last updated on 2015-07-31 14:49:02.

Flavor Version Tinstall Tcheck Ttotal Status Flags
r-devel-linux-x86_64-debian-clang 2.0.40 0.57 19.23 19.80 NOTE
r-devel-linux-x86_64-debian-gcc 2.0.40 0.84 16.62 17.47 NOTE
r-devel-linux-x86_64-fedora-clang 2.0.40 34.62 NOTE
r-devel-linux-x86_64-fedora-gcc 2.0.40 31.64 NOTE
r-devel-osx-x86_64-clang 2.0.40 29.99 NOTE
r-devel-windows-ix86+x86_64 2.0.40 2.00 30.00 32.00 NOTE
r-patched-linux-x86_64 2.0.40 0.63 17.79 18.42 NOTE
r-patched-solaris-sparc 2.0.40 214.50 NOTE
r-patched-solaris-x86 2.0.40 44.10 NOTE
r-release-linux-x86_64 2.0.40 0.60 17.88 18.48 NOTE
r-release-osx-x86_64-mavericks 2.0.40 NOTE
r-release-windows-ix86+x86_64 2.0.40 5.00 28.00 33.00 NOTE
r-oldrel-windows-ix86+x86_64 2.0.40 4.00 31.00 35.00 NOTE

Check Details

Version: 2.0.40
Check: dependencies in R code
Result: NOTE
    'library' or 'require' call to ‘grDevices’ in package code.
     Please use :: or requireNamespace() instead.
     See section 'Suggested packages' in the 'Writing R Extensions' manual.
Flavors: r-devel-linux-x86_64-debian-clang, r-devel-linux-x86_64-debian-gcc, r-devel-linux-x86_64-fedora-clang, r-devel-linux-x86_64-fedora-gcc, r-devel-osx-x86_64-clang, r-devel-windows-ix86+x86_64, r-patched-linux-x86_64, r-patched-solaris-sparc, r-patched-solaris-x86, r-release-linux-x86_64, r-release-osx-x86_64-mavericks, r-release-windows-ix86+x86_64, r-oldrel-windows-ix86+x86_64

Version: 2.0.40
Check: R code for possible problems
Result: NOTE
    multistagecor: no visible global function definition for ‘cov2cor’
    multistagegain: no visible global function definition for ‘dnorm’
    multistagegain : calculatx1: no visible global function definition for
     ‘dnorm’
    multistageoptimum.grid: no visible global function definition for
     ‘embed’
    multistageoptimum.grid: no visible global function definition for
     ‘image’
    multistageoptimum.grid: no visible global function definition for
     ‘contour’
    multistageoptimum.grid: no visible global function definition for
     ‘points’
    multistageoptimum.nlm : MultiStageOptim: no visible global function
     definition for ‘embed’
    multistageoptimum.nlm: no visible global function definition for
     ‘constrOptim’
    multistagetp: no visible global function definition for ‘qnorm’
    multistagetp: no visible global function definition for ‘uniroot’
    multistagevariance: no visible global function definition for ‘dnorm’
    multistagevariance : j3q.second: no visible global function definition
     for ‘pnorm’
    multistagevariance : calculatx2: no visible global function definition
     for ‘dnorm’
    Undefined global functions or variables:
     constrOptim contour cov2cor dnorm embed image pnorm points qnorm
     uniroot
    Consider adding
     importFrom("graphics", "contour", "image", "points")
     importFrom("stats", "constrOptim", "cov2cor", "dnorm", "embed",
     "pnorm", "qnorm", "uniroot")
    to your NAMESPACE.
Flavors: r-devel-linux-x86_64-debian-clang, r-devel-linux-x86_64-debian-gcc, r-devel-linux-x86_64-fedora-clang, r-devel-linux-x86_64-fedora-gcc, r-devel-windows-ix86+x86_64