CRAN Package Check Results for Package selectiongain

Last updated on 2015-03-30 12:47:55.

Flavor Version Tinstall Tcheck Ttotal Status Flags
r-devel-linux-x86_64-debian-clang 2.0.40 0.65 17.46 18.11 NOTE
r-devel-linux-x86_64-debian-gcc 2.0.40 0.71 17.03 17.74 NOTE
r-devel-linux-x86_64-fedora-clang 2.0.40 34.06 NOTE
r-devel-linux-x86_64-fedora-gcc 2.0.40 34.14 NOTE
r-devel-osx-x86_64-clang 2.0.40 35.81 NOTE
r-prerel-windows-ix86+x86_64 2.0.40 3.00 24.00 27.00 NOTE
r-prerel-linux-x86_64 2.0.40 0.59 16.74 17.32 NOTE
r-prerel-solaris-sparc 2.0.40 217.40 NOTE
r-prerel-solaris-x86 2.0.40 42.80 NOTE
r-release-linux-x86_64 2.0.40 0.66 18.56 19.22 NOTE
r-release-osx-x86_64-mavericks 2.0.40 OK
r-release-osx-x86_64-snowleopard 2.0.40 OK
r-release-windows-ix86+x86_64 2.0.40 4.00 30.00 34.00 NOTE
r-oldrel-windows-ix86+x86_64 2.0.29 3.00 26.00 29.00 OK

Check Details

Version: 2.0.40
Check: dependencies in R code
Result: NOTE
    'library' or 'require' call to ‘grDevices’ in package code.
     Please use :: or requireNamespace() instead.
     See section 'Suggested packages' in the 'Writing R Extensions' manual.
Flavors: r-devel-linux-x86_64-debian-clang, r-devel-linux-x86_64-debian-gcc, r-devel-linux-x86_64-fedora-clang, r-devel-linux-x86_64-fedora-gcc, r-devel-osx-x86_64-clang, r-prerel-windows-ix86+x86_64, r-prerel-linux-x86_64, r-prerel-solaris-sparc, r-prerel-solaris-x86, r-release-linux-x86_64, r-release-windows-ix86+x86_64