CRAN Package Check Results for Package selectiongain

Last updated on 2014-04-24 23:48:12.

Flavor Version Tinstall Tcheck Ttotal Status Flags
r-devel-linux-x86_64-debian-clang 2.0.29 0.68 17.76 18.45 OK
r-devel-linux-x86_64-debian-gcc 2.0.29 0.69 17.23 17.92 OK
r-devel-linux-x86_64-fedora-clang 2.0.29 33.99 OK
r-devel-linux-x86_64-fedora-gcc 2.0.29 32.90 OK
r-devel-osx-x86_64-clang 2.0.29 33.02 OK
r-devel-osx-x86_64-gcc 2.0.29 OK
r-devel-windows-ix86+x86_64 2.0.29 3.00 25.00 28.00 OK
r-patched-linux-x86_64 2.0.29 0.75 17.02 17.77 OK
r-patched-solaris-sparc 2.0.29 191.90 OK
r-patched-solaris-x86 2.0.29 43.40 OK
r-release-linux-ix86 2.0.29 1.00 31.00 32.00 OK
r-release-linux-x86_64 2.0.29 0.68 17.27 17.95 OK
r-release-osx-x86_64-mavericks 2.0.29 WARN
r-release-osx-x86_64-snowleopard 2.0.29 OK
r-release-windows-ix86+x86_64 2.0.29 4.00 25.00 29.00 OK
r-oldrel-windows-ix86+x86_64 2.0.29 3.00 27.00 30.00 OK

Check Details

Version: 2.0.29
Check: PDF version of manual
Result: WARNING
    LaTeX errors when creating PDF version.
    This typically indicates Rd problems.
    LaTeX errors found:
    ! LaTeX Error: File `upquote.sty' not found.
    
    Type X to quit or <RETURN> to proceed,
    or enter new name. (Default extension: sty)
    
    55275952/Rd2.tex:8: ==> Fatal error occurred, no output PDF file produced!
Flavor: r-release-osx-x86_64-mavericks