CRAN Package Check Results for Package selectr

Last updated on 2017-03-25 17:49:56.

Flavor Version Tinstall Tcheck Ttotal Status Flags
r-devel-linux-x86_64-debian-clang 0.3-1 1.68 29.02 30.70 WARN
r-devel-linux-x86_64-debian-gcc 0.3-1 1.64 28.43 30.07 OK
r-devel-linux-x86_64-fedora-clang 0.3-1 56.65 OK --no-stop-on-test-error
r-devel-linux-x86_64-fedora-gcc 0.3-1 52.46 OK --no-stop-on-test-error
r-devel-macos-x86_64-clang 0.3-1 43.28 OK --no-stop-on-test-error
r-patched-linux-x86_64 0.3-1 1.65 28.84 30.48 OK
r-patched-solaris-sparc 0.3-1 326.30 OK
r-patched-solaris-x86 0.3-1 73.20 OK
r-release-linux-x86_64 0.3-1 1.43 24.91 26.34 OK
r-release-osx-x86_64-mavericks 0.3-1 OK
r-release-windows-ix86+x86_64 0.3-1 6.00 48.00 54.00 OK
r-oldrel-windows-ix86+x86_64 0.3-1 5.00 55.00 60.00 OK

Check Details

Version: 0.3-1
Check: whether package can be installed
Result: WARN
    Found the following significant warnings:
     Warning: S3 methods ‘[.xml_missing’, ‘[.xml_nodeset’, ‘[[.xml_missing’, ‘xml_attr<-.xml_missing’, ‘xml_attr<-.xml_node’, ‘xml_attr<-.xml_nodeset’, ‘xml_attrs<-.xml_missing’, ‘xml_attrs<-.xml_node’, ‘xml_attrs<-.xml_nodeset’, ‘xml_name<-.xml_missing’, ‘xml_name<-.xml_node’, ‘xml_name<-.xml_nodeset’, ‘xml_text<-.xml_missing’, ‘xml_text<-.xml_node’, ‘xml_text<-.xml_nodeset’, ‘as.character.xml_document’, ‘as.character.xml_missing’, ‘as.character.xml_node’, ‘as.character.xml_nodeset’, ‘as_list.xml_missing’, ‘as_list.xml_node’, ‘as_list.xml_nodeset’, ‘as_xml_document.character’, ‘as_xml_document.connection’, ‘as_xml_document.list’, ‘as_xml_document.raw’, ‘as_xml_document.response’, ‘as_xml_document.xml_document’, ‘as_xml_document.xml_node’, ‘as_xml_document.xml_nodeset’, ‘format.xml_node’, ‘is.na.xml_missing’, ‘is.na.xml_node’, ‘is.na.xml_nodeset’, ‘nodeset_apply.x [... truncated]
Flavor: r-devel-linux-x86_64-debian-clang