CRAN Package Check Results for Package selectr

Last updated on 2014-04-18 09:49:26.

Flavor Version Tinstall Tcheck Ttotal Status Flags
r-devel-linux-x86_64-debian-clang 0.2-2 2.02 24.60 26.63 OK
r-devel-linux-x86_64-debian-gcc OK
r-devel-linux-x86_64-fedora-clang 0.2-2 54.49 OK
r-devel-linux-x86_64-fedora-gcc 0.2-2 51.09 OK
r-devel-macosx-x86_64-clang 0.2-2 47.51 OK
r-devel-macosx-x86_64-gcc 0.2-2 ERROR
r-devel-windows-ix86+x86_64 0.2-2 5.00 32.00 37.00 OK
r-patched-linux-x86_64 0.2-2 1.88 24.47 26.34 OK
r-patched-solaris-sparc 0.2-2 291.80 OK
r-patched-solaris-x86 0.2-2 67.30 OK
r-release-linux-ix86 0.2-2 4.00 42.00 46.00 OK
r-release-linux-x86_64 0.2-2 1.88 24.75 26.64 OK
r-release-macosx-x86_64 0.2-2 OK
r-release-windows-ix86+x86_64 0.2-2 7.00 48.00 55.00 OK
r-oldrel-windows-ix86+x86_64 0.2-2 5.00 39.00 44.00 OK

Check Details

Version: 0.2-2
Check: package dependencies
Result: ERROR
    Package required but not available: ‘XML’
    
    See the information on DESCRIPTION files in the chapter ‘Creating R
    packages’ of the ‘Writing R Extensions’ manual.
Flavor: r-devel-macosx-x86_64-gcc