CRAN Package Check Results for Package selectr

Last updated on 2015-05-23 03:48:54.

Flavor Version Tinstall Tcheck Ttotal Status Flags
r-devel-linux-x86_64-debian-clang 0.2-3 1.55 20.28 21.84 OK
r-devel-linux-x86_64-debian-gcc 0.2-3 1.51 21.22 22.73 OK
r-devel-linux-x86_64-fedora-clang 0.2-3 43.92 OK
r-devel-linux-x86_64-fedora-gcc 0.2-3 41.34 OK
r-devel-osx-x86_64-clang 0.2-3 40.08 OK
r-devel-windows-ix86+x86_64 0.2-3 5.00 30.00 35.00 OK
r-patched-linux-x86_64 0.2-3 1.62 19.82 21.44 OK
r-patched-solaris-sparc 0.2-3 276.10 OK
r-patched-solaris-x86 0.2-3 58.00 OK
r-release-linux-x86_64 0.2-3 1.49 20.80 22.29 OK
r-release-osx-x86_64-mavericks 0.2-3 OK
r-release-osx-x86_64-snowleopard 0.2-3 ERROR
r-release-windows-ix86+x86_64 0.2-3 4.00 31.00 35.00 OK
r-oldrel-windows-ix86+x86_64 0.2-3 5.00 34.00 39.00 OK

Check Details

Version: 0.2-3
Check: package dependencies
Result: ERROR
    Package required but not available: ‘XML’
    
    See section ‘The DESCRIPTION file’ in the ‘Writing R Extensions’
    manual.
Flavor: r-release-osx-x86_64-snowleopard