CRAN Package Check Results for Package selectr

Last updated on 2017-09-20 13:01:10.

Flavor Version Tinstall Tcheck Ttotal Status Flags
r-devel-linux-x86_64-debian-clang 0.3-1 1.66 28.54 30.20 WARN
r-devel-linux-x86_64-debian-gcc 0.3-1 1.85 28.53 30.38 OK
r-devel-linux-x86_64-fedora-clang 0.3-1 55.83 OK
r-devel-linux-x86_64-fedora-gcc 0.3-1 54.20 OK
r-devel-windows-ix86+x86_64 0.3-1 5.00 82.00 87.00 WARN
r-patched-linux-x86_64 0.3-1 1.71 28.24 29.95 OK
r-patched-solaris-x86 0.3-1 75.10 OK
r-release-linux-x86_64 0.3-1 1.86 28.67 30.52 OK
r-release-windows-ix86+x86_64 0.3-1 5.00 56.00 61.00 WARN
r-release-osx-x86_64 0.3-1 OK
r-oldrel-windows-ix86+x86_64 0.3-1 4.00 44.00 48.00 OK
r-oldrel-osx-x86_64 0.3-1 OK

Check Details

Version: 0.3-1
Check: whether package can be installed
Result: WARN
    Found the following significant warnings:
     Warning: S3 methods ‘[.xml_missing’, ‘[.xml_nodeset’, ‘[[.xml_missing’, ‘xml_attr<-.xml_missing’, ‘xml_attr<-.xml_node’, ‘xml_attr<-.xml_nodeset’, ‘xml_attrs<-.xml_missing’, ‘xml_attrs<-.xml_node’, ‘xml_attrs<-.xml_nodeset’, ‘xml_name<-.xml_missing’, ‘xml_name<-.xml_node’, ‘xml_name<-.xml_nodeset’, ‘xml_text<-.xml_missing’, ‘xml_text<-.xml_node’, ‘xml_text<-.xml_nodeset’, ‘as.character.xml_document’, ‘as.character.xml_missing’, ‘as.character.xml_node’, ‘as.character.xml_nodeset’, ‘as_list.xml_missing’, ‘as_list.xml_node’, ‘as_list.xml_nodeset’, ‘as_xml_document.character’, ‘as_xml_document.connection’, ‘as_xml_document.list’, ‘as_xml_document.raw’, ‘as_xml_document.response’, ‘as_xml_document.xml_document’, ‘as_xml_document.xml_node’, ‘as_xml_document.xml_nodeset’, ‘format.xml_node’, ‘is.na.xml_missing’, ‘is.na.xml_node’, ‘is.na.xml_nodeset’, ‘nodeset_apply.x [... truncated]
Flavor: r-devel-linux-x86_64-debian-clang

Version: 0.3-1
Check: whether package can be installed
Result: WARN
    Found the following significant warnings:
     Warning: S3 methods '[.xml_missing', '[.xml_nodeset', '[[.xml_missing', 'xml_attr<-.xml_missing', 'xml_attr<-.xml_node', 'xml_attr<-.xml_nodeset', 'xml_attrs<-.xml_missing', 'xml_attrs<-.xml_node', 'xml_attrs<-.xml_nodeset', 'xml_name<-.xml_missing', 'xml_name<-.xml_node', 'xml_name<-.xml_nodeset', 'xml_text<-.xml_missing', 'xml_text<-.xml_node', 'xml_text<-.xml_nodeset', 'as.character.xml_document', 'as.character.xml_missing', 'as.character.xml_node', 'as.character.xml_nodeset', 'as_list.xml_missing', 'as_list.xml_node', 'as_list.xml_nodeset', 'as_xml_document.character', 'as_xml_document.connection', 'as_xml_document.list', 'as_xml_document.raw', 'as_xml_document.response', 'as_xml_document.xml_document', 'as_xml_document.xml_node', 'as_xml_document.xml_nodeset', 'format.xml_node', 'is.na.xml_missing', 'is.na.xml_node', 'is.na.xml_nodeset', 'nodeset_apply.xml_document', 'nodeset_apply.xml_missing', 'nodeset_apply.xml_node', 'nodeset_apply.xml_nodeset', 'print.xml_document', 'print.xml_missing [... truncated]
Flavors: r-devel-windows-ix86+x86_64, r-release-windows-ix86+x86_64