CRAN Package Check Results for Package sem

Last updated on 2016-02-10 02:49:21.

Flavor Version Tinstall Tcheck Ttotal Status Flags
r-devel-linux-x86_64-debian-gcc 3.1-6 14.21 74.25 88.46 NOTE
r-devel-linux-x86_64-fedora-clang 3.1-6 169.46 NOTE
r-devel-linux-x86_64-fedora-gcc 3.1-6 158.94 NOTE
r-devel-osx-x86_64-clang 3.1-6 179.79 NOTE
r-devel-windows-ix86+x86_64 3.1-6 48.00 193.00 241.00 NOTE
r-patched-linux-x86_64 3.1-6 15.39 79.04 94.43 OK
r-patched-solaris-sparc 3.1-6 996.90 OK
r-patched-solaris-x86 3.1-6 218.70 OK
r-release-linux-x86_64 3.1-6 14.93 78.84 93.78 OK
r-release-osx-x86_64-mavericks 3.1-6 OK
r-release-windows-ix86+x86_64 3.1-6 46.00 215.00 261.00 OK
r-oldrel-windows-ix86+x86_64 3.1-6 59.00 239.00 298.00 OK

Check Details

Version: 3.1-6
Check: R code for possible problems
Result: NOTE
    adfWmat: no visible global function definition for ‘combn’
    bootSem.msem: no visible global function definition for
     ‘txtProgressBar’
    bootSem.msem: no visible global function definition for
     ‘setTxtProgressBar’
    bootSem.sem: no visible global function definition for ‘txtProgressBar’
    bootSem.sem: no visible global function definition for
     ‘setTxtProgressBar’
    edit.semmod: no visible global function definition for ‘edit’
    miSem.semmod: no visible global function definition for
     ‘txtProgressBar’
    miSem.semmod: no visible global function definition for
     ‘setTxtProgressBar’
    miSem.semmodList: no visible global function definition for
     ‘txtProgressBar’
    miSem.semmodList: no visible global function definition for
     ‘setTxtProgressBar’
    Undefined global functions or variables:
     combn edit setTxtProgressBar txtProgressBar
    Consider adding
     importFrom("utils", "combn", "edit", "setTxtProgressBar",
     "txtProgressBar")
    to your NAMESPACE file.
Flavors: r-devel-linux-x86_64-debian-gcc, r-devel-linux-x86_64-fedora-clang, r-devel-linux-x86_64-fedora-gcc, r-devel-osx-x86_64-clang, r-devel-windows-ix86+x86_64