CRAN Package Check Results for Package sem

Last updated on 2017-03-28 06:48:16.

Flavor Version Tinstall Tcheck Ttotal Status Flags
r-devel-linux-x86_64-debian-clang 3.1-8 13.55 66.23 79.78 NOTE
r-devel-linux-x86_64-debian-gcc 3.1-8 12.97 64.14 77.11 NOTE
r-devel-linux-x86_64-fedora-clang 3.1-8 171.20 NOTE --no-stop-on-test-error
r-devel-linux-x86_64-fedora-gcc 3.1-8 159.65 NOTE --no-stop-on-test-error
r-devel-macos-x86_64-clang 3.1-8 123.26 NOTE --no-stop-on-test-error
r-devel-windows-ix86+x86_64 3.1-8 34.00 210.00 244.00 OK
r-patched-linux-x86_64 3.1-8 13.01 65.19 78.20 NOTE
r-patched-solaris-sparc 3.1-8 969.80 OK
r-patched-solaris-x86 3.1-8 209.10 OK
r-release-linux-x86_64 3.1-8 12.56 62.70 75.26 OK
r-release-osx-x86_64-mavericks 3.1-8 OK
r-release-windows-ix86+x86_64 3.1-8 43.00 130.00 173.00 OK
r-oldrel-windows-ix86+x86_64 3.1-8 32.00 141.00 173.00 OK

Check Details

Version: 3.1-8
Check: compiled code
Result: NOTE
    File ‘sem/libs/sem.so’:
     Found no calls to: ‘R_registerRoutines’, ‘R_useDynamicSymbols’
    
    It is good practice to register native routines and to disable symbol
    search.
    
    See ‘Writing portable packages’ in the ‘Writing R Extensions’ manual.
Flavors: r-devel-linux-x86_64-debian-clang, r-devel-linux-x86_64-debian-gcc, r-patched-linux-x86_64

Version: 3.1-8
Flags: --no-stop-on-test-error
Check: compiled code
Result: NOTE
    File ‘sem/libs/sem.so’:
     Found no calls to: ‘R_registerRoutines’, ‘R_useDynamicSymbols’
    
    It is good practice to register native routines and to disable symbol
    search.
    
    See ‘Writing portable packages’ in the ‘Writing R Extensions’ manual.
Flavors: r-devel-linux-x86_64-fedora-clang, r-devel-linux-x86_64-fedora-gcc, r-devel-macos-x86_64-clang