CRAN Package Check Results for Package sem

Last updated on 2014-12-19 11:48:46.

Flavor Version Tinstall Tcheck Ttotal Status Flags
r-devel-linux-x86_64-debian-clang 3.1-5 7.39 33.61 41.00 NOTE
r-devel-linux-x86_64-debian-gcc 3.1-5 9.16 34.92 44.08 NOTE
r-devel-linux-x86_64-fedora-clang 3.1-5 86.38 NOTE
r-devel-linux-x86_64-fedora-gcc 3.1-5 76.08 NOTE
r-devel-osx-x86_64-clang 3.1-5 75.57 NOTE
r-devel-windows-ix86+x86_64 3.1-5 24.00 64.00 88.00 NOTE
r-patched-linux-x86_64 3.1-5 9.42 34.29 43.72 NOTE
r-patched-solaris-sparc 3.1-5 480.60 NOTE
r-patched-solaris-x86 3.1-5 106.20 NOTE
r-release-linux-ix86 3.1-5 10.78 43.03 53.81 NOTE
r-release-linux-x86_64 3.1-5 9.44 34.07 43.50 NOTE
r-release-osx-x86_64-mavericks 3.1-5 OK
r-release-osx-x86_64-snowleopard 3.1-5 OK
r-release-windows-ix86+x86_64 3.1-5 25.00 66.00 91.00 NOTE
r-oldrel-windows-ix86+x86_64 3.1-5 26.00 79.00 105.00 OK

Check Details

Version: 3.1-5
Check: R code for possible problems
Result: NOTE
    bootSem.msem: no visible global function definition for ‘tkProgressBar’
    bootSem.msem: no visible global function definition for
     ‘setTkProgressBar’
    bootSem.sem: no visible global function definition for ‘tkProgressBar’
    bootSem.sem: no visible global function definition for
     ‘setTkProgressBar’
    miSem.semmod: no visible global function definition for ‘tkProgressBar’
    miSem.semmod: no visible global function definition for
     ‘setTkProgressBar’
    miSem.semmod: no visible global function definition for ‘mi.data.frame’
    miSem.semmodList: no visible global function definition for
     ‘tkProgressBar’
    miSem.semmodList: no visible global function definition for
     ‘setTkProgressBar’
    miSem.semmodList: no visible global function definition for
     ‘mi.data.frame’
    print.miSem: no visible global function definition for ‘mi.pooled’
    robustVcov: no visible global function definition for ‘ginv’
    sbchisq: no visible global function definition for ‘ginv’
    summary.bootsem: no visible global function definition for ‘boot.ci’
Flavors: r-devel-linux-x86_64-debian-clang, r-devel-linux-x86_64-debian-gcc, r-devel-linux-x86_64-fedora-clang, r-devel-linux-x86_64-fedora-gcc, r-devel-osx-x86_64-clang, r-devel-windows-ix86+x86_64, r-patched-linux-x86_64, r-patched-solaris-sparc, r-patched-solaris-x86, r-release-linux-ix86, r-release-linux-x86_64, r-release-windows-ix86+x86_64