CRAN Package Check Results for Package sem

Last updated on 2015-02-28 19:51:19.

Flavor Version Tinstall Tcheck Ttotal Status Flags
r-devel-linux-x86_64-debian-clang 3.1-5 7.36 32.32 39.68 NOTE
r-devel-linux-x86_64-debian-gcc 3.1-5 8.55 31.37 39.92 NOTE
r-devel-linux-x86_64-fedora-clang 3.1-5 79.08 NOTE
r-devel-linux-x86_64-fedora-gcc 3.1-5 75.36 NOTE
r-devel-osx-x86_64-clang 3.1-5 72.51 NOTE
r-devel-windows-ix86+x86_64 3.1-5 31.00 69.00 100.00 NOTE
r-patched-linux-x86_64 3.1-5 9.46 34.85 44.30 NOTE
r-patched-solaris-sparc 3.1-5 533.70 NOTE
r-patched-solaris-x86 3.1-5 108.10 NOTE
r-release-linux-ix86 3.1-5 10.75 44.21 54.96 NOTE
r-release-linux-x86_64 3.1-5 9.32 38.79 48.11 NOTE
r-release-osx-x86_64-mavericks 3.1-5 NOTE
r-release-osx-x86_64-snowleopard 3.1-5 OK
r-release-windows-ix86+x86_64 3.1-5 28.00 70.00 98.00 NOTE
r-oldrel-windows-ix86+x86_64 3.1-5 25.00 73.00 98.00 OK

Check Details

Version: 3.1-5
Check: dependencies in R code
Result: NOTE
    'library' or 'require' calls in package code:
     ‘boot’ ‘mi’ ‘tcltk’
     Please use :: or requireNamespace() instead.
     See section 'Suggested packages' in the 'Writing R Extensions' manual.
Flavors: r-devel-linux-x86_64-debian-clang, r-devel-linux-x86_64-debian-gcc, r-devel-linux-x86_64-fedora-clang, r-devel-linux-x86_64-fedora-gcc, r-devel-osx-x86_64-clang, r-devel-windows-ix86+x86_64, r-patched-linux-x86_64, r-patched-solaris-sparc, r-patched-solaris-x86

Version: 3.1-5
Check: R code for possible problems
Result: NOTE
    bootSem.msem: no visible global function definition for ‘tkProgressBar’
    bootSem.msem: no visible global function definition for
     ‘setTkProgressBar’
    bootSem.sem: no visible global function definition for ‘tkProgressBar’
    bootSem.sem: no visible global function definition for
     ‘setTkProgressBar’
    miSem.semmod: no visible global function definition for ‘tkProgressBar’
    miSem.semmod: no visible global function definition for
     ‘setTkProgressBar’
    miSem.semmod: no visible global function definition for ‘mi.data.frame’
    miSem.semmodList: no visible global function definition for
     ‘tkProgressBar’
    miSem.semmodList: no visible global function definition for
     ‘setTkProgressBar’
    miSem.semmodList: no visible global function definition for
     ‘mi.data.frame’
    print.miSem: no visible global function definition for ‘mi.pooled’
    robustVcov: no visible global function definition for ‘ginv’
    sbchisq: no visible global function definition for ‘ginv’
    summary.bootsem: no visible global function definition for ‘boot.ci’
Flavors: r-devel-linux-x86_64-debian-clang, r-devel-linux-x86_64-debian-gcc, r-devel-linux-x86_64-fedora-clang, r-devel-linux-x86_64-fedora-gcc, r-devel-osx-x86_64-clang, r-devel-windows-ix86+x86_64, r-patched-linux-x86_64, r-patched-solaris-sparc, r-patched-solaris-x86, r-release-linux-ix86, r-release-linux-x86_64, r-release-osx-x86_64-mavericks, r-release-windows-ix86+x86_64