CRAN Package Check Results for Package sem

Last updated on 2015-07-03 23:47:52.

Flavor Version Tinstall Tcheck Ttotal Status Flags
r-devel-linux-x86_64-debian-clang 3.1-6 11.84 68.00 79.84 NOTE
r-devel-linux-x86_64-debian-gcc 3.1-6 12.76 72.95 85.71 NOTE
r-devel-linux-x86_64-fedora-clang 3.1-6 167.50 NOTE
r-devel-linux-x86_64-fedora-gcc 3.1-6 159.60 NOTE
r-devel-osx-x86_64-clang 3.1-6 136.22 OK
r-devel-windows-ix86+x86_64 3.1-6 34.00 141.00 175.00 NOTE
r-patched-linux-x86_64 3.1-6 12.79 70.54 83.33 OK
r-patched-solaris-sparc 3.1-6 887.30 OK
r-patched-solaris-x86 3.1-6 234.40 OK
r-release-linux-x86_64 3.1-6 12.95 69.53 82.48 OK
r-release-osx-x86_64-mavericks 3.1-6 OK
r-release-windows-ix86+x86_64 3.1-6 46.00 131.00 177.00 OK
r-oldrel-windows-ix86+x86_64 3.1-6 42.00 181.00 223.00 OK

Check Details

Version: 3.1-6
Check: R code for possible problems
Result: NOTE
    adfWmat: no visible global function definition for ‘combn’
    bootSem.msem: no visible global function definition for
     ‘txtProgressBar’
    bootSem.msem: no visible global function definition for
     ‘setTxtProgressBar’
    bootSem.sem: no visible global function definition for ‘txtProgressBar’
    bootSem.sem: no visible global function definition for
     ‘setTxtProgressBar’
    edit.semmod: no visible global function definition for ‘edit’
    miSem.semmod: no visible global function definition for
     ‘txtProgressBar’
    miSem.semmod: no visible global function definition for
     ‘setTxtProgressBar’
    miSem.semmodList: no visible global function definition for
     ‘txtProgressBar’
    miSem.semmodList: no visible global function definition for
     ‘setTxtProgressBar’
    Undefined global functions or variables:
     combn edit setTxtProgressBar txtProgressBar
Flavors: r-devel-linux-x86_64-debian-clang, r-devel-linux-x86_64-debian-gcc, r-devel-linux-x86_64-fedora-clang, r-devel-linux-x86_64-fedora-gcc, r-devel-windows-ix86+x86_64