CRAN Package Check Results for Package sem

Last updated on 2014-08-30 03:51:14.

Flavor Version Tinstall Tcheck Ttotal Status Flags
r-devel-linux-x86_64-debian-clang 3.1-5 7.78 32.59 40.38 NOTE
r-devel-linux-x86_64-debian-gcc 3.1-5 9.26 32.14 41.40 NOTE
r-devel-linux-x86_64-fedora-clang 3.1-5 81.71 NOTE
r-devel-linux-x86_64-fedora-gcc 3.1-5 80.20 NOTE
r-devel-osx-x86_64-clang 3.1-5 74.52 NOTE
r-devel-windows-ix86+x86_64 3.1-5 29.00 65.00 94.00 NOTE
r-patched-linux-x86_64 3.1-5 9.85 37.27 47.12 OK
r-patched-solaris-sparc 3.1-5 489.40 OK
r-patched-solaris-x86 3.1-5 118.80 OK
r-release-linux-ix86 3.1-5 11.14 49.80 60.94 OK
r-release-linux-x86_64 3.1-5 9.94 38.22 48.15 OK
r-release-osx-x86_64-mavericks 3.1-5 OK
r-release-osx-x86_64-snowleopard 3.1-5 OK
r-release-windows-ix86+x86_64 3.1-5 25.00 72.00 97.00 OK
r-oldrel-windows-ix86+x86_64 3.1-5 25.00 75.00 100.00 OK

Check Details

Version: 3.1-5
Check: R code for possible problems
Result: NOTE
    bootSem.msem: no visible global function definition for ‘tkProgressBar’
    bootSem.msem: no visible global function definition for
     ‘setTkProgressBar’
    bootSem.sem: no visible global function definition for ‘tkProgressBar’
    bootSem.sem: no visible global function definition for
     ‘setTkProgressBar’
    miSem.semmod: no visible global function definition for ‘tkProgressBar’
    miSem.semmod: no visible global function definition for
     ‘setTkProgressBar’
    miSem.semmod: no visible global function definition for ‘mi.data.frame’
    miSem.semmodList: no visible global function definition for
     ‘tkProgressBar’
    miSem.semmodList: no visible global function definition for
     ‘setTkProgressBar’
    miSem.semmodList: no visible global function definition for
     ‘mi.data.frame’
    print.miSem: no visible global function definition for ‘mi.pooled’
    robustVcov: no visible global function definition for ‘ginv’
    sbchisq: no visible global function definition for ‘ginv’
    summary.bootsem: no visible global function definition for ‘boot.ci’
Flavors: r-devel-linux-x86_64-debian-clang, r-devel-linux-x86_64-debian-gcc, r-devel-linux-x86_64-fedora-clang, r-devel-linux-x86_64-fedora-gcc, r-devel-osx-x86_64-clang, r-devel-windows-ix86+x86_64