CRAN Package Check Results for Package sem

Last updated on 2014-09-02 03:49:49.

Flavor Version Tinstall Tcheck Ttotal Status Flags
r-devel-linux-x86_64-debian-clang 3.1-5 7.96 33.97 41.93 NOTE
r-devel-linux-x86_64-debian-gcc 3.1-5 9.20 33.05 42.25 NOTE
r-devel-linux-x86_64-fedora-clang 3.1-5 81.71 NOTE
r-devel-linux-x86_64-fedora-gcc 3.1-5 79.96 NOTE
r-devel-osx-x86_64-clang 3.1-5 70.37 NOTE
r-devel-windows-ix86+x86_64 3.1-5 25.00 68.00 93.00 NOTE
r-patched-linux-x86_64 3.1-5 9.58 38.28 47.86 OK
r-patched-solaris-sparc 3.1-5 489.40 OK
r-patched-solaris-x86 3.1-5 118.80 OK
r-release-linux-ix86 3.1-5 11.16 57.18 68.34 OK
r-release-linux-x86_64 3.1-5 9.48 37.99 47.47 OK
r-release-osx-x86_64-mavericks 3.1-5 OK
r-release-osx-x86_64-snowleopard 3.1-5 OK
r-release-windows-ix86+x86_64 3.1-5 24.00 73.00 97.00 OK
r-oldrel-windows-ix86+x86_64 3.1-5 29.00 71.00 100.00 OK

Check Details

Version: 3.1-5
Check: R code for possible problems
Result: NOTE
    bootSem.msem: no visible global function definition for ‘tkProgressBar’
    bootSem.msem: no visible global function definition for
     ‘setTkProgressBar’
    bootSem.sem: no visible global function definition for ‘tkProgressBar’
    bootSem.sem: no visible global function definition for
     ‘setTkProgressBar’
    miSem.semmod: no visible global function definition for ‘tkProgressBar’
    miSem.semmod: no visible global function definition for
     ‘setTkProgressBar’
    miSem.semmod: no visible global function definition for ‘mi.data.frame’
    miSem.semmodList: no visible global function definition for
     ‘tkProgressBar’
    miSem.semmodList: no visible global function definition for
     ‘setTkProgressBar’
    miSem.semmodList: no visible global function definition for
     ‘mi.data.frame’
    print.miSem: no visible global function definition for ‘mi.pooled’
    robustVcov: no visible global function definition for ‘ginv’
    sbchisq: no visible global function definition for ‘ginv’
    summary.bootsem: no visible global function definition for ‘boot.ci’
Flavors: r-devel-linux-x86_64-debian-clang, r-devel-linux-x86_64-debian-gcc, r-devel-linux-x86_64-fedora-clang, r-devel-linux-x86_64-fedora-gcc, r-devel-osx-x86_64-clang, r-devel-windows-ix86+x86_64