CRAN Package Check Results for Package sem

Last updated on 2015-08-04 21:47:20.

Flavor Version Tinstall Tcheck Ttotal Status Flags
r-devel-linux-x86_64-debian-clang 3.1-6 12.09 72.93 85.02 NOTE
r-devel-linux-x86_64-debian-gcc 3.1-6 13.17 71.55 84.72 NOTE
r-devel-linux-x86_64-fedora-clang 3.1-6 166.96 NOTE
r-devel-linux-x86_64-fedora-gcc 3.1-6 157.90 NOTE
r-devel-osx-x86_64-clang 3.1-6 148.19 OK
r-devel-windows-ix86+x86_64 3.1-6 48.00 223.00 271.00 NOTE
r-patched-linux-x86_64 3.1-6 13.94 68.57 82.51 OK
r-patched-solaris-sparc 3.1-6 1023.90 OK
r-patched-solaris-x86 3.1-6 233.70 OK
r-release-linux-x86_64 3.1-6 13.17 72.45 85.62 OK
r-release-osx-x86_64-mavericks 3.1-6 OK
r-release-windows-ix86+x86_64 3.1-6 45.00 219.00 264.00 OK
r-oldrel-windows-ix86+x86_64 3.1-6 42.00 277.00 319.00 OK

Check Details

Version: 3.1-6
Check: R code for possible problems
Result: NOTE
    adfWmat: no visible global function definition for ‘combn’
    bootSem.msem: no visible global function definition for
     ‘txtProgressBar’
    bootSem.msem: no visible global function definition for
     ‘setTxtProgressBar’
    bootSem.sem: no visible global function definition for ‘txtProgressBar’
    bootSem.sem: no visible global function definition for
     ‘setTxtProgressBar’
    edit.semmod: no visible global function definition for ‘edit’
    miSem.semmod: no visible global function definition for
     ‘txtProgressBar’
    miSem.semmod: no visible global function definition for
     ‘setTxtProgressBar’
    miSem.semmodList: no visible global function definition for
     ‘txtProgressBar’
    miSem.semmodList: no visible global function definition for
     ‘setTxtProgressBar’
    Undefined global functions or variables:
     combn edit setTxtProgressBar txtProgressBar
    Consider adding
     importFrom("utils", "combn", "edit", "setTxtProgressBar",
     "txtProgressBar")
    to your NAMESPACE.
Flavors: r-devel-linux-x86_64-debian-clang, r-devel-linux-x86_64-debian-gcc, r-devel-linux-x86_64-fedora-clang, r-devel-linux-x86_64-fedora-gcc, r-devel-windows-ix86+x86_64