CRAN Package Check Results for Package sem

Last updated on 2015-05-29 15:47:10.

Flavor Version Tinstall Tcheck Ttotal Status Flags
r-devel-linux-x86_64-debian-clang 3.1-5 8.04 32.70 40.74 NOTE
r-devel-linux-x86_64-debian-gcc 3.1-5 8.83 31.52 40.36 NOTE
r-devel-linux-x86_64-fedora-clang 3.1-5 77.43 NOTE
r-devel-linux-x86_64-fedora-gcc 3.1-5 74.17 NOTE
r-devel-osx-x86_64-clang 3.1-5 71.12 NOTE
r-devel-windows-ix86+x86_64 3.1-5 23.00 63.00 86.00 NOTE
r-patched-linux-x86_64 3.1-5 8.59 31.56 40.15 NOTE
r-patched-solaris-sparc 3.1-5 483.20 NOTE
r-patched-solaris-x86 3.1-5 96.30 NOTE
r-release-linux-x86_64 3.1-5 8.58 32.48 41.05 NOTE
r-release-osx-x86_64-mavericks 3.1-5 NOTE
r-release-osx-x86_64-snowleopard 3.1-5 NOTE
r-release-windows-ix86+x86_64 3.1-5 23.00 63.00 86.00 NOTE
r-oldrel-windows-ix86+x86_64 3.1-5 24.00 71.00 95.00 NOTE

Check Details

Version: 3.1-5
Check: dependencies in R code
Result: NOTE
    'library' or 'require' calls in package code:
     ‘boot’ ‘mi’ ‘tcltk’
     Please use :: or requireNamespace() instead.
     See section 'Suggested packages' in the 'Writing R Extensions' manual.
Flavors: r-devel-linux-x86_64-debian-clang, r-devel-linux-x86_64-debian-gcc, r-devel-linux-x86_64-fedora-clang, r-devel-linux-x86_64-fedora-gcc, r-devel-osx-x86_64-clang, r-devel-windows-ix86+x86_64, r-patched-linux-x86_64, r-patched-solaris-sparc, r-patched-solaris-x86, r-release-linux-x86_64, r-release-osx-x86_64-mavericks, r-release-osx-x86_64-snowleopard, r-release-windows-ix86+x86_64, r-oldrel-windows-ix86+x86_64

Version: 3.1-5
Check: R code for possible problems
Result: NOTE
    bootSem.msem: no visible global function definition for ‘tkProgressBar’
    bootSem.msem: no visible global function definition for
     ‘setTkProgressBar’
    bootSem.sem: no visible global function definition for ‘tkProgressBar’
    bootSem.sem: no visible global function definition for
     ‘setTkProgressBar’
    miSem.semmod: no visible global function definition for ‘tkProgressBar’
    miSem.semmod: no visible global function definition for
     ‘setTkProgressBar’
    miSem.semmod: no visible global function definition for ‘mi.data.frame’
    miSem.semmodList: no visible global function definition for
     ‘tkProgressBar’
    miSem.semmodList: no visible global function definition for
     ‘setTkProgressBar’
    miSem.semmodList: no visible global function definition for
     ‘mi.data.frame’
    print.miSem: no visible global function definition for ‘mi.pooled’
    robustVcov: no visible global function definition for ‘ginv’
    sbchisq: no visible global function definition for ‘ginv’
    summary.bootsem: no visible global function definition for ‘boot.ci’
Flavors: r-devel-linux-x86_64-debian-clang, r-devel-linux-x86_64-debian-gcc, r-devel-linux-x86_64-fedora-clang, r-devel-linux-x86_64-fedora-gcc, r-devel-osx-x86_64-clang, r-devel-windows-ix86+x86_64, r-patched-linux-x86_64, r-patched-solaris-sparc, r-patched-solaris-x86, r-release-linux-x86_64, r-release-osx-x86_64-mavericks, r-release-osx-x86_64-snowleopard, r-release-windows-ix86+x86_64, r-oldrel-windows-ix86+x86_64

Version: 3.1-5
Check: package dependencies
Result: NOTE
    Package suggested but not available for checking: ‘mi’
Flavor: r-release-osx-x86_64-snowleopard

Version: 3.1-5
Check: Rd cross-references
Result: NOTE
    Package unavailable to check Rd xrefs: ‘mi’
Flavor: r-release-osx-x86_64-snowleopard