CRAN Package Check Results for Package sem

Last updated on 2017-02-27 09:48:05.

Flavor Version Tinstall Tcheck Ttotal Status Flags
r-devel-linux-x86_64-debian-clang 3.1-8 12.94 66.93 79.87 NOTE
r-devel-linux-x86_64-debian-gcc 3.1-8 13.54 65.81 79.35 NOTE
r-devel-linux-x86_64-fedora-clang 3.1-8 175.07 NOTE --no-stop-on-test-error
r-devel-linux-x86_64-fedora-gcc 3.1-8 157.90 NOTE --no-stop-on-test-error
r-devel-macos-x86_64-clang 3.1-8 124.31 NOTE --no-stop-on-test-error
r-devel-windows-ix86+x86_64 3.1-8 46.00 268.00 314.00 OK
r-patched-linux-x86_64 3.1-8 12.57 62.67 75.23 OK
r-patched-solaris-sparc 3.1-8 882.10 OK
r-patched-solaris-x86 3.1-8 171.30 OK
r-release-linux-x86_64 3.1-8 12.11 62.15 74.26 OK
r-release-osx-x86_64-mavericks 3.1-8 OK
r-release-windows-ix86+x86_64 3.1-8 64.00 367.00 431.00 OK
r-oldrel-windows-ix86+x86_64 3.1-8 41.00 206.00 247.00 OK

Check Details

Version: 3.1-8
Check: compiled code
Result: NOTE
    File ‘sem/libs/sem.so’:
     Found no calls to: ‘R_registerRoutines’, ‘R_useDynamicSymbols’
    
    It is good practice to register native routines and to disable symbol
    search.
    
    See ‘Writing portable packages’ in the ‘Writing R Extensions’ manual.
Flavors: r-devel-linux-x86_64-debian-clang, r-devel-linux-x86_64-debian-gcc

Version: 3.1-8
Flags: --no-stop-on-test-error
Check: compiled code
Result: NOTE
    File ‘sem/libs/sem.so’:
     Found no calls to: ‘R_registerRoutines’, ‘R_useDynamicSymbols’
    
    It is good practice to register native routines and to disable symbol
    search.
    
    See ‘Writing portable packages’ in the ‘Writing R Extensions’ manual.
Flavors: r-devel-linux-x86_64-fedora-clang, r-devel-linux-x86_64-fedora-gcc, r-devel-macos-x86_64-clang