CRAN Package Check Results for Package sem

Last updated on 2016-07-25 07:47:23.

Flavor Version Tinstall Tcheck Ttotal Status Flags
r-devel-linux-x86_64-debian-clang 3.1-7 15.23 78.23 93.46 OK
r-devel-linux-x86_64-debian-gcc 3.1-7 15.48 75.12 90.60 OK
r-devel-linux-x86_64-fedora-clang 3.1-7 158.81 OK
r-devel-linux-x86_64-fedora-gcc 3.1-7 143.02 OK
r-devel-osx-x86_64-clang 3.1-7 116.64 OK
r-devel-windows-ix86+x86_64 3.1-7 43.00 188.00 231.00 OK
r-patched-linux-x86_64 3.1-7 14.43 74.23 88.66 OK
r-patched-solaris-sparc 3.1-7 829.90 NOTE
r-patched-solaris-x86 3.1-7 183.40 OK
r-release-linux-x86_64 3.1-7 15.97 72.71 88.68 OK
r-release-osx-x86_64-mavericks 3.1-7 OK
r-release-windows-ix86+x86_64 3.1-7 36.00 189.00 225.00 OK
r-oldrel-windows-ix86+x86_64 3.1-7 44.00 153.00 197.00 OK

Check Details

Version: 3.1-7
Check: package dependencies
Result: NOTE
    Package suggested but not available for checking: ‘DiagrammeR’
Flavor: r-patched-solaris-sparc