CRAN Package Check Results for Package sem

Last updated on 2018-09-21 03:49:03 CEST.

Flavor Version Tinstall Tcheck Ttotal Status Flags
r-devel-linux-x86_64-debian-clang 3.1-9 21.25 116.57 137.82 OK
r-devel-linux-x86_64-debian-gcc 3.1-9 17.86 93.91 111.77 OK
r-devel-linux-x86_64-fedora-clang 3.1-9 182.11 OK
r-devel-linux-x86_64-fedora-gcc 3.1-9 158.57 OK
r-devel-windows-ix86+x86_64 3.1-9 43.00 219.00 262.00 OK
r-patched-linux-x86_64 3.1-9 16.60 102.09 118.69 OK
r-patched-solaris-x86 3.1-9 189.40 NOTE
r-release-linux-x86_64 3.1-9 17.82 104.27 122.09 OK
r-release-windows-ix86+x86_64 3.1-9 44.00 151.00 195.00 OK
r-release-osx-x86_64 3.1-9 OK
r-oldrel-windows-ix86+x86_64 3.1-9 31.00 158.00 189.00 OK
r-oldrel-osx-x86_64 3.1-9 OK

Additional issues

rchk

Check Details

Version: 3.1-9
Check: package dependencies
Result: NOTE
    Package suggested but not available for checking: ‘MBESS’
Flavor: r-patched-solaris-x86