CRAN Package Check Results for Package sem

Last updated on 2018-02-22 04:48:47 CET.

Flavor Version Tinstall Tcheck Ttotal Status Flags
r-devel-linux-x86_64-debian-clang 3.1-9 18.80 94.42 113.22 OK
r-devel-linux-x86_64-debian-gcc 3.1-9 17.85 80.66 98.51 OK
r-devel-linux-x86_64-fedora-clang 3.1-9 151.40 OK
r-devel-linux-x86_64-fedora-gcc 3.1-9 143.77 OK
r-devel-windows-ix86+x86_64 3.1-9 47.00 145.00 192.00 OK
r-patched-linux-x86_64 3.1-9 20.99 106.25 127.24 OK
r-patched-solaris-x86 3.1-9 200.90 NOTE
r-release-linux-x86_64 3.1-9 19.60 103.31 122.91 OK
r-release-windows-ix86+x86_64 3.1-9 43.00 191.00 234.00 OK
r-release-osx-x86_64 3.1-9 OK
r-oldrel-windows-ix86+x86_64 3.1-9 32.00 144.00 176.00 OK
r-oldrel-osx-x86_64 3.1-9 OK

Additional issues

rchk

Check Details

Version: 3.1-9
Check: package dependencies
Result: NOTE
    Package suggested but not available for checking: ‘MBESS’
Flavor: r-patched-solaris-x86