CRAN Package Check Results for Package sem

Last updated on 2014-04-24 17:49:53.

Flavor Version Tinstall Tcheck Ttotal Status Flags
r-devel-linux-x86_64-debian-clang 3.1-3 8.15 40.32 48.47 NOTE
r-devel-linux-x86_64-debian-gcc 3.1-3 9.41 40.35 49.76 NOTE
r-devel-linux-x86_64-fedora-clang 3.1-3 94.20 NOTE
r-devel-linux-x86_64-fedora-gcc 3.1-3 93.93 NOTE
r-devel-osx-x86_64-clang 3.1-3 82.51 NOTE
r-devel-osx-x86_64-gcc 3.1-3 NOTE
r-devel-windows-ix86+x86_64 3.1-3 22.00 73.00 95.00 NOTE
r-patched-linux-x86_64 3.1-3 9.40 40.78 50.18 NOTE
r-patched-solaris-sparc 3.1-3 532.00 NOTE
r-patched-solaris-x86 3.1-3 120.50 NOTE
r-release-linux-ix86 3.1-3 14.00 66.00 80.00 NOTE
r-release-linux-x86_64 3.1-3 9.41 40.74 50.15 NOTE
r-release-osx-x86_64-mavericks 3.1-3 WARN
r-release-windows-ix86+x86_64 3.1-3 24.00 75.00 99.00 NOTE
r-oldrel-windows-ix86+x86_64 3.1-3 23.00 76.00 99.00 NOTE

Memtest notes: valgrind

Check Details

Version: 3.1-3
Check: dependencies in R code
Result: NOTE
    Packages in Depends field not imported from:
     ‘MASS’ ‘matrixcalc’
     These packages need to be imported from (in the NAMESPACE file)
     for when this namespace is loaded but not attached.
    See the information on DESCRIPTION files in the chapter ‘Creating R
    packages’ of the ‘Writing R Extensions’ manual.
Flavors: r-devel-linux-x86_64-debian-clang, r-devel-linux-x86_64-debian-gcc, r-devel-linux-x86_64-fedora-clang, r-devel-linux-x86_64-fedora-gcc, r-devel-osx-x86_64-clang, r-devel-osx-x86_64-gcc, r-devel-windows-ix86+x86_64, r-patched-linux-x86_64, r-patched-solaris-sparc, r-patched-solaris-x86, r-release-linux-ix86, r-release-linux-x86_64, r-release-osx-x86_64-mavericks, r-release-windows-ix86+x86_64, r-oldrel-windows-ix86+x86_64

Version: 3.1-3
Check: Rd line widths
Result: NOTE
    Rd file 'ML.methods.Rd':
     \usage lines wider than 90 characters:
     summary(object, digits=getOption("digits"), conf.level=.90, robust=FALSE, analytic.se=object$t <= 500,
     fit.indices=c("GFI", "AGFI", "RMSEA", "NFI", "NNFI", "CFI", "RNI", "IFI", "SRMR", "AIC", "AICc", "BIC", "CAIC"), ...)
     fit.indices=c("GFI", "AGFI", "RMSEA", "NFI", "NNFI", "CFI", "RNI", "IFI", "SRMR"), ...)
     fit.indices=c("GFI", "AGFI", "RMSEA", "NFI", "NNFI", "CFI", "RNI", "IFI", "SRMR", "AIC", "AICc", "BIC"), ...)
     fit.indices=c("GFI", "AGFI", "RMSEA", "NFI", "NNFI", "CFI", "RNI", "IFI", "SRMR"), ...)
    
    Rd file 'sem.Rd':
     \usage lines wider than 90 characters:
     fixed.x=NULL, formula= ~ ., na.action=na.omit, robust=!missing(data), debug=FALSE,
     vcov(object, robust=FALSE, analytic=inherits(object, "msemObjectiveML") && object$t <= 500, ...)
     \examples lines wider than 100 characters:
     OccupAsp = gam71*Intelligence + gam72*Siblings + gam73*FatherEd + gam74*FatherOcc + beta75*Grades + beta76*EducExp
     sem.bollen.gls <- sem(model.bollen, data=Bollen, objective=objectiveGLS) # GLS rather than ML estimator
     'Sent.Completion','First.Letters','4.Letter.Words','Suffixes',
     opt <- options(fit.indices = c("GFI", "AGFI", "RMSEA", "NFI", "NNFI", "CFI", "RNI", "IFI", "SRMR", "AIC", "AICc", "BIC", "CAIC"))
     names=c('WISC1', 'WISC2', 'WISC3', 'WISC4', 'UNIT')))
     sem.bollen.gls <- sem(model.bollen, data=Bollen, objective=objectiveGLS) # GLS rather than ML estimator
    
    Rd file 'specifyModel.Rd':
     \examples lines wider than 100 characters:
     'Sent.Completion','First.Letters','4.Letter.Words','Suffixes',
    
    Rd file 'standardizedCoefficients.Rd':
     \usage lines wider than 90 characters:
     standardizedCoefficients(object, digits = getOption("digits"), oneheaded = TRUE, twoheaded = TRUE, ...)
    
    These lines will be truncated in the PDF manual.
Flavors: r-devel-linux-x86_64-fedora-clang, r-devel-linux-x86_64-fedora-gcc

Version: 3.1-3
Check: package dependencies
Result: NOTE
    Packages suggested but not available for checking: ‘MBESS’ ‘mi’
Flavor: r-devel-osx-x86_64-gcc

Version: 3.1-3
Check: R code for possible problems
Result: NOTE
    miSem.semmod: no visible global function definition for ‘mi.data.frame’
    miSem.semmodList: no visible global function definition for
     ‘mi.data.frame’
    print.miSem: no visible global function definition for ‘mi.pooled’
Flavors: r-devel-osx-x86_64-gcc, r-release-osx-x86_64-mavericks

Version: 3.1-3
Check: Rd cross-references
Result: NOTE
    Package unavailable to check Rd xrefs: ‘mi’
Flavors: r-devel-osx-x86_64-gcc, r-release-osx-x86_64-mavericks

Version: 3.1-3
Check: package dependencies
Result: NOTE
    Package suggested but not available for checking: ‘mi’
Flavor: r-release-osx-x86_64-mavericks

Version: 3.1-3
Check: PDF version of manual
Result: WARNING
    LaTeX errors when creating PDF version.
    This typically indicates Rd problems.
    LaTeX errors found:
    ! LaTeX Error: File `upquote.sty' not found.
    
    Type X to quit or <RETURN> to proceed,
    or enter new name. (Default extension: sty)
    
    7d25f1/Rd2.tex:8: ==> Fatal error occurred, no output PDF file produced!
Flavor: r-release-osx-x86_64-mavericks