CRAN Package Check Results for Package sem

Last updated on 2015-04-28 12:47:37.

Flavor Version Tinstall Tcheck Ttotal Status Flags
r-devel-linux-x86_64-debian-clang 3.1-5 7.70 32.51 40.21 NOTE
r-devel-linux-x86_64-debian-gcc 3.1-5 8.47 31.92 40.39 NOTE
r-devel-linux-x86_64-fedora-clang 3.1-5 78.09 NOTE
r-devel-linux-x86_64-fedora-gcc 3.1-5 74.44 NOTE
r-devel-osx-x86_64-clang 3.1-5 70.34 NOTE
r-devel-windows-ix86+x86_64 3.1-5 23.00 66.00 89.00 NOTE
r-patched-linux-x86_64 3.1-5 9.20 31.98 41.19 NOTE
r-patched-solaris-sparc 3.1-5 478.10 NOTE
r-patched-solaris-x86 3.1-5 95.60 NOTE
r-release-linux-x86_64 3.1-5 8.85 32.51 41.36 NOTE
r-release-osx-x86_64-mavericks 3.1-5 NOTE
r-release-osx-x86_64-snowleopard 3.1-5 NOTE
r-release-windows-ix86+x86_64 3.1-5 23.00 71.00 94.00 NOTE
r-oldrel-windows-ix86+x86_64 3.1-5 21.00 72.00 93.00 NOTE

Check Details

Version: 3.1-5
Check: dependencies in R code
Result: NOTE
    'library' or 'require' calls in package code:
     ‘boot’ ‘mi’ ‘tcltk’
     Please use :: or requireNamespace() instead.
     See section 'Suggested packages' in the 'Writing R Extensions' manual.
Flavors: r-devel-linux-x86_64-debian-clang, r-devel-linux-x86_64-debian-gcc, r-devel-linux-x86_64-fedora-clang, r-devel-linux-x86_64-fedora-gcc, r-devel-osx-x86_64-clang, r-devel-windows-ix86+x86_64, r-patched-linux-x86_64, r-patched-solaris-sparc, r-patched-solaris-x86, r-release-linux-x86_64, r-release-osx-x86_64-mavericks, r-release-osx-x86_64-snowleopard, r-release-windows-ix86+x86_64, r-oldrel-windows-ix86+x86_64

Version: 3.1-5
Check: R code for possible problems
Result: NOTE
    bootSem.msem: no visible global function definition for ‘tkProgressBar’
    bootSem.msem: no visible global function definition for
     ‘setTkProgressBar’
    bootSem.sem: no visible global function definition for ‘tkProgressBar’
    bootSem.sem: no visible global function definition for
     ‘setTkProgressBar’
    miSem.semmod: no visible global function definition for ‘tkProgressBar’
    miSem.semmod: no visible global function definition for
     ‘setTkProgressBar’
    miSem.semmod: no visible global function definition for ‘mi.data.frame’
    miSem.semmodList: no visible global function definition for
     ‘tkProgressBar’
    miSem.semmodList: no visible global function definition for
     ‘setTkProgressBar’
    miSem.semmodList: no visible global function definition for
     ‘mi.data.frame’
    print.miSem: no visible global function definition for ‘mi.pooled’
    robustVcov: no visible global function definition for ‘ginv’
    sbchisq: no visible global function definition for ‘ginv’
    summary.bootsem: no visible global function definition for ‘boot.ci’
Flavors: r-devel-linux-x86_64-debian-clang, r-devel-linux-x86_64-debian-gcc, r-devel-linux-x86_64-fedora-clang, r-devel-linux-x86_64-fedora-gcc, r-devel-osx-x86_64-clang, r-devel-windows-ix86+x86_64, r-patched-linux-x86_64, r-patched-solaris-sparc, r-patched-solaris-x86, r-release-linux-x86_64, r-release-osx-x86_64-mavericks, r-release-osx-x86_64-snowleopard, r-release-windows-ix86+x86_64, r-oldrel-windows-ix86+x86_64

Version: 3.1-5
Check: package dependencies
Result: NOTE
    Package suggested but not available for checking: ‘mi’
Flavor: r-release-osx-x86_64-snowleopard

Version: 3.1-5
Check: Rd cross-references
Result: NOTE
    Package unavailable to check Rd xrefs: ‘mi’
Flavor: r-release-osx-x86_64-snowleopard