CRAN Package Check Results for Package semGOF

Last updated on 2017-02-27 18:49:23.

Flavor Version Tinstall Tcheck Ttotal Status Flags
r-devel-linux-x86_64-debian-clang 0.2-0 3.71 39.87 43.58 NOTE
r-devel-linux-x86_64-debian-gcc 0.2-0 3.53 39.65 43.18 NOTE
r-devel-linux-x86_64-fedora-clang 0.2-0 110.90 NOTE --no-stop-on-test-error
r-devel-linux-x86_64-fedora-gcc 0.2-0 94.83 NOTE --no-stop-on-test-error
r-devel-macos-x86_64-clang 0.2-0 73.60 NOTE --no-stop-on-test-error
r-devel-windows-ix86+x86_64 0.2-0 16.00 134.00 150.00 OK
r-patched-linux-x86_64 0.2-0 3.51 36.52 40.03 NOTE
r-patched-solaris-sparc 0.2-0 501.80 NOTE
r-patched-solaris-x86 0.2-0 100.70 NOTE
r-release-linux-x86_64 0.2-0 3.60 36.25 39.85 NOTE
r-release-osx-x86_64-mavericks 0.2-0 OK
r-release-windows-ix86+x86_64 0.2-0 22.00 149.00 171.00 OK
r-oldrel-windows-ix86+x86_64 0.2-0 15.00 97.00 112.00 OK

Check Details

Version: 0.2-0
Check: S3 generic/method consistency
Result: NOTE
    Found the following apparent S3 methods exported but not registered:
     chisqNull.objectiveML print.summaryGOF
    See section ‘Registering S3 methods’ in the ‘Writing R Extensions’
    manual.
Flavors: r-devel-linux-x86_64-debian-clang, r-devel-linux-x86_64-debian-gcc, r-patched-linux-x86_64, r-patched-solaris-sparc, r-patched-solaris-x86, r-release-linux-x86_64

Version: 0.2-0
Flags: --no-stop-on-test-error
Check: S3 generic/method consistency
Result: NOTE
    Found the following apparent S3 methods exported but not registered:
     chisqNull.objectiveML print.summaryGOF
    See section ‘Registering S3 methods’ in the ‘Writing R Extensions’
    manual.
Flavors: r-devel-linux-x86_64-fedora-clang, r-devel-linux-x86_64-fedora-gcc, r-devel-macos-x86_64-clang