CRAN Package Check Results for Package semGOF

Last updated on 2015-01-31 13:48:34.

Flavor Version Tinstall Tcheck Ttotal Status Flags
r-devel-linux-x86_64-debian-clang 0.2-0 0.75 9.69 10.44 NOTE
r-devel-linux-x86_64-debian-gcc 0.2-0 0.62 10.00 10.62 NOTE
r-devel-linux-x86_64-fedora-clang 0.2-0 23.03 NOTE
r-devel-linux-x86_64-fedora-gcc 0.2-0 24.03 NOTE
r-devel-osx-x86_64-clang 0.2-0 27.80 NOTE
r-devel-windows-ix86+x86_64 0.2-0 4.00 17.00 21.00 OK
r-patched-linux-x86_64 0.2-0 0.69 11.70 12.40 OK
r-patched-solaris-sparc 0.2-0 167.50 OK
r-patched-solaris-x86 0.2-0 37.10 OK
r-release-linux-ix86 0.2-0 0.96 17.74 18.70 OK
r-release-linux-x86_64 0.2-0 0.71 11.70 12.40 OK
r-release-osx-x86_64-mavericks 0.2-0 OK
r-release-osx-x86_64-snowleopard 0.2-0 OK
r-release-windows-ix86+x86_64 0.2-0 4.00 21.00 25.00 OK
r-oldrel-windows-ix86+x86_64 0.2-0 4.00 23.00 27.00 OK

Check Details

Version: 0.2-0
Check: S3 generic/method consistency
Result: NOTE
    Found the following apparent S3 methods exported but not registered:
     chisqNull.objectiveML print.summaryGOF
    See section ‘Registering S3 methods’ in the ‘Writing R Extensions’
    manual.
Flavors: r-devel-linux-x86_64-debian-clang, r-devel-linux-x86_64-debian-gcc, r-devel-linux-x86_64-fedora-clang, r-devel-linux-x86_64-fedora-gcc, r-devel-osx-x86_64-clang