CRAN Package Check Results for Package semGOF

Last updated on 2016-05-03 08:49:11.

Flavor Version Tinstall Tcheck Ttotal Status Flags
r-devel-linux-x86_64-debian-gcc 0.2-0 3.74 39.02 42.76 NOTE
r-devel-linux-x86_64-fedora-clang 0.2-0 86.17 NOTE
r-devel-linux-x86_64-fedora-gcc 0.2-0 81.71 NOTE
r-devel-osx-x86_64-clang 0.2-0 87.58 NOTE
r-devel-windows-ix86+x86_64 0.2-0 13.00 73.00 86.00 OK
r-patched-linux-x86_64 0.2-0 3.94 39.37 43.31 NOTE
r-patched-solaris-sparc 0.2-0 556.50 NOTE
r-patched-solaris-x86 0.2-0 111.40 NOTE
r-release-linux-x86_64 0.2-0 4.38 42.83 47.21 NOTE
r-release-osx-x86_64-mavericks 0.2-0 OK
r-release-windows-ix86+x86_64 0.2-0 11.00 93.00 104.00 OK
r-oldrel-windows-ix86+x86_64 0.2-0 26.00 137.00 163.00 OK

Check Details

Version: 0.2-0
Check: S3 generic/method consistency
Result: NOTE
    Found the following apparent S3 methods exported but not registered:
     chisqNull.objectiveML print.summaryGOF
    See section ‘Registering S3 methods’ in the ‘Writing R Extensions’
    manual.
Flavors: r-devel-linux-x86_64-debian-gcc, r-devel-linux-x86_64-fedora-clang, r-devel-linux-x86_64-fedora-gcc, r-devel-osx-x86_64-clang, r-patched-linux-x86_64, r-patched-solaris-sparc, r-patched-solaris-x86, r-release-linux-x86_64