CRAN Package Check Results for Package semGOF

Last updated on 2015-05-28 19:47:43.

Flavor Version Tinstall Tcheck Ttotal Status Flags
r-devel-linux-x86_64-debian-clang 0.2-0 0.68 10.32 11.00 NOTE
r-devel-linux-x86_64-debian-gcc 0.2-0 0.65 9.84 10.48 NOTE
r-devel-linux-x86_64-fedora-clang 0.2-0 21.25 NOTE
r-devel-linux-x86_64-fedora-gcc 0.2-0 18.88 NOTE
r-devel-osx-x86_64-clang 0.2-0 23.09 NOTE
r-devel-windows-ix86+x86_64 0.2-0 3.00 20.00 23.00 OK
r-patched-linux-x86_64 0.2-0 0.58 9.77 10.35 NOTE
r-patched-solaris-sparc 0.2-0 141.50 NOTE
r-patched-solaris-x86 0.2-0 30.10 NOTE
r-release-linux-x86_64 0.2-0 0.62 9.86 10.48 NOTE
r-release-osx-x86_64-mavericks 0.2-0 OK
r-release-osx-x86_64-snowleopard 0.2-0 OK
r-release-windows-ix86+x86_64 0.2-0 3.00 19.00 22.00 OK
r-oldrel-windows-ix86+x86_64 0.2-0 4.00 21.00 25.00 OK

Check Details

Version: 0.2-0
Check: S3 generic/method consistency
Result: NOTE
    Found the following apparent S3 methods exported but not registered:
     chisqNull.objectiveML print.summaryGOF
    See section ‘Registering S3 methods’ in the ‘Writing R Extensions’
    manual.
Flavors: r-devel-linux-x86_64-debian-clang, r-devel-linux-x86_64-debian-gcc, r-devel-linux-x86_64-fedora-clang, r-devel-linux-x86_64-fedora-gcc, r-devel-osx-x86_64-clang, r-patched-linux-x86_64, r-patched-solaris-sparc, r-patched-solaris-x86, r-release-linux-x86_64