CRAN Package Check Results for Package semGOF

Last updated on 2016-12-09 05:49:21.

Flavor Version Tinstall Tcheck Ttotal Status Flags
r-devel-linux-x86_64-debian-clang 0.2-0 3.41 37.89 41.29 NOTE
r-devel-linux-x86_64-debian-gcc 0.2-0 3.44 38.07 41.51 NOTE
r-devel-linux-x86_64-fedora-clang 0.2-0 99.46 NOTE --no-stop-on-test-error
r-devel-linux-x86_64-fedora-gcc 0.2-0 99.02 NOTE --no-stop-on-test-error
r-devel-macos-x86_64-clang 0.2-0 73.93 NOTE
r-devel-windows-ix86+x86_64 0.2-0 9.00 104.00 113.00 OK
r-patched-linux-x86_64 0.2-0 3.53 35.23 38.76 NOTE
r-patched-solaris-sparc 0.2-0 500.40 NOTE
r-patched-solaris-x86 0.2-0 112.30 NOTE
r-release-linux-x86_64 0.2-0 4.12 35.03 39.15 NOTE
r-release-osx-x86_64-mavericks 0.2-0 OK
r-release-windows-ix86+x86_64 0.2-0 9.00 96.00 105.00 OK
r-oldrel-windows-ix86+x86_64 0.2-0 14.00 68.00 82.00 OK

Check Details

Version: 0.2-0
Check: S3 generic/method consistency
Result: NOTE
    Found the following apparent S3 methods exported but not registered:
     chisqNull.objectiveML print.summaryGOF
    See section ‘Registering S3 methods’ in the ‘Writing R Extensions’
    manual.
Flavors: r-devel-linux-x86_64-debian-clang, r-devel-linux-x86_64-debian-gcc, r-devel-macos-x86_64-clang, r-patched-linux-x86_64, r-patched-solaris-sparc, r-patched-solaris-x86, r-release-linux-x86_64

Version: 0.2-0
Flags: --no-stop-on-test-error
Check: S3 generic/method consistency
Result: NOTE
    Found the following apparent S3 methods exported but not registered:
     chisqNull.objectiveML print.summaryGOF
    See section ‘Registering S3 methods’ in the ‘Writing R Extensions’
    manual.
Flavors: r-devel-linux-x86_64-fedora-clang, r-devel-linux-x86_64-fedora-gcc