CRAN Package Check Results for Package semGOF

Last updated on 2017-09-22 19:47:20.

Flavor Version Tinstall Tcheck Ttotal Status Flags
r-devel-linux-x86_64-debian-clang 0.2-0 3.49 39.69 43.17 NOTE
r-devel-linux-x86_64-debian-gcc 0.2-0 3.52 39.54 43.06 NOTE
r-devel-linux-x86_64-fedora-clang 0.2-0 98.01 NOTE
r-devel-linux-x86_64-fedora-gcc 0.2-0 94.59 NOTE
r-devel-windows-ix86+x86_64 0.2-0 8.00 71.00 79.00 OK
r-patched-linux-x86_64 0.2-0 3.82 40.10 43.92 NOTE
r-patched-solaris-x86 0.2-0 139.70 NOTE
r-release-linux-x86_64 0.2-0 3.68 38.97 42.66 NOTE
r-release-windows-ix86+x86_64 0.2-0 9.00 74.00 83.00 OK
r-release-osx-x86_64 0.2-0 OK
r-oldrel-windows-ix86+x86_64 0.2-0 8.00 64.00 72.00 OK
r-oldrel-osx-x86_64 0.2-0 OK

Check Details

Version: 0.2-0
Check: S3 generic/method consistency
Result: NOTE
    Found the following apparent S3 methods exported but not registered:
     chisqNull.objectiveML print.summaryGOF
    See section ‘Registering S3 methods’ in the ‘Writing R Extensions’
    manual.
Flavors: r-devel-linux-x86_64-debian-clang, r-devel-linux-x86_64-debian-gcc, r-devel-linux-x86_64-fedora-clang, r-devel-linux-x86_64-fedora-gcc, r-patched-linux-x86_64, r-patched-solaris-x86, r-release-linux-x86_64