CRAN Package Check Results for Package semGOF

Last updated on 2017-11-17 17:50:59.

Flavor Version Tinstall Tcheck Ttotal Status Flags
r-devel-linux-x86_64-debian-clang 0.2-0 3.42 40.16 43.59 NOTE
r-devel-linux-x86_64-debian-gcc 0.2-0 3.89 45.32 49.21 NOTE
r-devel-linux-x86_64-fedora-clang 0.2-0 97.15 NOTE
r-devel-linux-x86_64-fedora-gcc 0.2-0 135.05 NOTE
r-devel-windows-ix86+x86_64 0.2-0 12.00 101.00 113.00 OK
r-patched-linux-x86_64 0.2-0 3.58 40.37 43.95 NOTE
r-patched-solaris-x86 0.2-0 134.60 NOTE
r-release-linux-x86_64 0.2-0 3.77 40.11 43.89 NOTE
r-release-windows-ix86+x86_64 0.2-0 14.00 96.00 110.00 OK
r-release-osx-x86_64 0.2-0 OK
r-oldrel-windows-ix86+x86_64 0.2-0 10.00 88.00 98.00 OK
r-oldrel-osx-x86_64 0.2-0 OK

Check Details

Version: 0.2-0
Check: S3 generic/method consistency
Result: NOTE
    Found the following apparent S3 methods exported but not registered:
     chisqNull.objectiveML print.summaryGOF
    See section ‘Registering S3 methods’ in the ‘Writing R Extensions’
    manual.
Flavors: r-devel-linux-x86_64-debian-clang, r-devel-linux-x86_64-debian-gcc, r-devel-linux-x86_64-fedora-clang, r-devel-linux-x86_64-fedora-gcc, r-patched-linux-x86_64, r-patched-solaris-x86, r-release-linux-x86_64