CRAN Package Check Results for Package semGOF

Last updated on 2015-08-04 06:47:55.

Flavor Version Tinstall Tcheck Ttotal Status Flags
r-devel-linux-x86_64-debian-clang 0.2-0 4.46 44.40 48.86 NOTE
r-devel-linux-x86_64-debian-gcc 0.2-0 3.92 42.53 46.45 NOTE
r-devel-linux-x86_64-fedora-clang 0.2-0 101.49 NOTE
r-devel-linux-x86_64-fedora-gcc 0.2-0 94.46 NOTE
r-devel-osx-x86_64-clang 0.2-0 83.53 NOTE
r-devel-windows-ix86+x86_64 0.2-0 17.00 118.00 135.00 OK
r-patched-linux-x86_64 0.2-0 3.95 42.88 46.84 NOTE
r-patched-solaris-sparc 0.2-0 634.90 NOTE
r-patched-solaris-x86 0.2-0 146.30 NOTE
r-release-linux-x86_64 0.2-0 4.00 44.29 48.29 NOTE
r-release-osx-x86_64-mavericks 0.2-0 OK
r-release-windows-ix86+x86_64 0.2-0 14.00 98.00 112.00 OK
r-oldrel-windows-ix86+x86_64 0.2-0 22.00 157.00 179.00 OK

Check Details

Version: 0.2-0
Check: S3 generic/method consistency
Result: NOTE
    Found the following apparent S3 methods exported but not registered:
     chisqNull.objectiveML print.summaryGOF
    See section ‘Registering S3 methods’ in the ‘Writing R Extensions’
    manual.
Flavors: r-devel-linux-x86_64-debian-clang, r-devel-linux-x86_64-debian-gcc, r-devel-linux-x86_64-fedora-clang, r-devel-linux-x86_64-fedora-gcc, r-devel-osx-x86_64-clang, r-patched-linux-x86_64, r-patched-solaris-sparc, r-patched-solaris-x86, r-release-linux-x86_64