CRAN Package Check Results for Package semGOF

Last updated on 2017-03-28 06:48:16.

Flavor Version Tinstall Tcheck Ttotal Status Flags
r-devel-linux-x86_64-debian-clang 0.2-0 3.62 39.62 43.25 NOTE
r-devel-linux-x86_64-debian-gcc 0.2-0 3.54 38.68 42.21 NOTE
r-devel-linux-x86_64-fedora-clang 0.2-0 105.44 NOTE --no-stop-on-test-error
r-devel-linux-x86_64-fedora-gcc 0.2-0 96.39 NOTE --no-stop-on-test-error
r-devel-macos-x86_64-clang 0.2-0 73.00 NOTE --no-stop-on-test-error
r-devel-windows-ix86+x86_64 0.2-0 10.00 112.00 122.00 OK
r-patched-linux-x86_64 0.2-0 3.70 39.43 43.13 NOTE
r-patched-solaris-sparc 0.2-0 548.60 NOTE
r-patched-solaris-x86 0.2-0 134.80 NOTE
r-release-linux-x86_64 0.2-0 3.62 36.14 39.76 NOTE
r-release-osx-x86_64-mavericks 0.2-0 OK
r-release-windows-ix86+x86_64 0.2-0 13.00 68.00 81.00 OK
r-oldrel-windows-ix86+x86_64 0.2-0 10.00 68.00 78.00 OK

Check Details

Version: 0.2-0
Check: S3 generic/method consistency
Result: NOTE
    Found the following apparent S3 methods exported but not registered:
     chisqNull.objectiveML print.summaryGOF
    See section ‘Registering S3 methods’ in the ‘Writing R Extensions’
    manual.
Flavors: r-devel-linux-x86_64-debian-clang, r-devel-linux-x86_64-debian-gcc, r-patched-linux-x86_64, r-patched-solaris-sparc, r-patched-solaris-x86, r-release-linux-x86_64

Version: 0.2-0
Flags: --no-stop-on-test-error
Check: S3 generic/method consistency
Result: NOTE
    Found the following apparent S3 methods exported but not registered:
     chisqNull.objectiveML print.summaryGOF
    See section ‘Registering S3 methods’ in the ‘Writing R Extensions’
    manual.
Flavors: r-devel-linux-x86_64-fedora-clang, r-devel-linux-x86_64-fedora-gcc, r-devel-macos-x86_64-clang