CRAN Package Check Results for Package semGOF

Last updated on 2017-01-23 08:49:04.

Flavor Version Tinstall Tcheck Ttotal Status Flags
r-devel-linux-x86_64-debian-clang 0.2-0 3.48 38.10 41.58 NOTE
r-devel-linux-x86_64-debian-gcc 0.2-0 3.54 39.01 42.55 NOTE
r-devel-linux-x86_64-fedora-clang 0.2-0 84.66 NOTE --no-stop-on-test-error
r-devel-linux-x86_64-fedora-gcc 0.2-0 82.70 NOTE --no-stop-on-test-error
r-devel-macos-x86_64-clang 0.2-0 63.42 NOTE --no-stop-on-test-error
r-devel-windows-ix86+x86_64 0.2-0 9.00 76.00 85.00 OK
r-patched-linux-x86_64 0.2-0 3.62 35.91 39.53 NOTE
r-patched-solaris-sparc 0.2-0 501.80 NOTE
r-patched-solaris-x86 0.2-0 114.30 NOTE
r-release-linux-x86_64 0.2-0 3.16 35.21 38.37 NOTE
r-release-osx-x86_64-mavericks 0.2-0 OK
r-release-windows-ix86+x86_64 0.2-0 22.00 90.00 112.00 OK
r-oldrel-windows-ix86+x86_64 0.2-0 16.00 136.00 152.00 OK

Check Details

Version: 0.2-0
Check: S3 generic/method consistency
Result: NOTE
    Found the following apparent S3 methods exported but not registered:
     chisqNull.objectiveML print.summaryGOF
    See section ‘Registering S3 methods’ in the ‘Writing R Extensions’
    manual.
Flavors: r-devel-linux-x86_64-debian-clang, r-devel-linux-x86_64-debian-gcc, r-patched-linux-x86_64, r-patched-solaris-sparc, r-patched-solaris-x86, r-release-linux-x86_64

Version: 0.2-0
Flags: --no-stop-on-test-error
Check: S3 generic/method consistency
Result: NOTE
    Found the following apparent S3 methods exported but not registered:
     chisqNull.objectiveML print.summaryGOF
    See section ‘Registering S3 methods’ in the ‘Writing R Extensions’
    manual.
Flavors: r-devel-linux-x86_64-fedora-clang, r-devel-linux-x86_64-fedora-gcc, r-devel-macos-x86_64-clang