CRAN Package Check Results for Package semGOF

Last updated on 2015-04-21 02:48:45.

Flavor Version Tinstall Tcheck Ttotal Status Flags
r-devel-linux-x86_64-debian-clang 0.2-0 0.58 9.75 10.33 NOTE
r-devel-linux-x86_64-debian-gcc 0.2-0 0.58 9.89 10.47 NOTE
r-devel-linux-x86_64-fedora-clang 0.2-0 20.46 NOTE
r-devel-linux-x86_64-fedora-gcc 0.2-0 20.26 NOTE
r-devel-osx-x86_64-clang 0.2-0 23.39 NOTE
r-devel-windows-ix86+x86_64 0.2-0 3.00 18.00 21.00 OK
r-patched-linux-x86_64 0.2-0 0.60 9.96 10.56 NOTE
r-patched-solaris-sparc 0.2-0 144.60 OK
r-patched-solaris-x86 0.2-0 29.30 OK
r-release-linux-x86_64 0.2-0 0.61 9.74 10.36 NOTE
r-release-osx-x86_64-mavericks 0.2-0 OK
r-release-osx-x86_64-snowleopard 0.2-0 OK
r-release-windows-ix86+x86_64 0.2-0 1.00 15.00 16.00 OK
r-oldrel-windows-ix86+x86_64 0.2-0 3.00 21.00 24.00 OK

Check Details

Version: 0.2-0
Check: S3 generic/method consistency
Result: NOTE
    Found the following apparent S3 methods exported but not registered:
     chisqNull.objectiveML print.summaryGOF
    See section ‘Registering S3 methods’ in the ‘Writing R Extensions’
    manual.
Flavors: r-devel-linux-x86_64-debian-clang, r-devel-linux-x86_64-debian-gcc, r-devel-linux-x86_64-fedora-clang, r-devel-linux-x86_64-fedora-gcc, r-devel-osx-x86_64-clang, r-patched-linux-x86_64, r-release-linux-x86_64