CRAN Package Check Results for Package semGOF

Last updated on 2016-07-26 03:49:21.

Flavor Version Tinstall Tcheck Ttotal Status Flags
r-devel-linux-x86_64-debian-clang 0.2-0 4.89 46.59 51.48 NOTE
r-devel-linux-x86_64-debian-gcc 0.2-0 4.10 46.33 50.42 NOTE
r-devel-linux-x86_64-fedora-clang 0.2-0 93.92 NOTE
r-devel-linux-x86_64-fedora-gcc 0.2-0 83.35 NOTE
r-devel-osx-x86_64-clang 0.2-0 68.43 NOTE
r-devel-windows-ix86+x86_64 0.2-0 14.00 91.00 105.00 OK
r-patched-linux-x86_64 0.2-0 4.52 45.29 49.81 NOTE
r-patched-solaris-sparc 0.2-0 500.40 NOTE
r-patched-solaris-x86 0.2-0 112.40 NOTE
r-release-linux-x86_64 0.2-0 4.20 44.88 49.07 NOTE
r-release-osx-x86_64-mavericks 0.2-0 OK
r-release-windows-ix86+x86_64 0.2-0 14.00 89.00 103.00 OK
r-oldrel-windows-ix86+x86_64 0.2-0 16.00 95.00 111.00 OK

Check Details

Version: 0.2-0
Check: S3 generic/method consistency
Result: NOTE
    Found the following apparent S3 methods exported but not registered:
     chisqNull.objectiveML print.summaryGOF
    See section ‘Registering S3 methods’ in the ‘Writing R Extensions’
    manual.
Flavors: r-devel-linux-x86_64-debian-clang, r-devel-linux-x86_64-debian-gcc, r-devel-linux-x86_64-fedora-clang, r-devel-linux-x86_64-fedora-gcc, r-devel-osx-x86_64-clang, r-patched-linux-x86_64, r-patched-solaris-sparc, r-patched-solaris-x86, r-release-linux-x86_64