CRAN Package Check Results for Package semGOF

Last updated on 2017-07-24 01:50:50.

Flavor Version Tinstall Tcheck Ttotal Status Flags
r-devel-linux-x86_64-debian-clang 0.2-0 3.53 47.30 50.82 NOTE
r-devel-linux-x86_64-debian-gcc 0.2-0 3.65 43.89 47.54 NOTE
r-devel-linux-x86_64-fedora-clang 0.2-0 98.98 NOTE
r-devel-linux-x86_64-fedora-gcc 0.2-0 95.56 NOTE
r-devel-windows-ix86+x86_64 0.2-0 12.00 90.00 102.00 OK
r-patched-linux-x86_64 0.2-0 3.74 47.09 50.82 NOTE
r-patched-solaris-x86 0.2-0 131.50 NOTE
r-release-linux-x86_64 0.2-0 3.52 44.71 48.23 NOTE
r-release-windows-ix86+x86_64 0.2-0 11.00 90.00 101.00 OK
r-release-osx-x86_64 0.2-0 OK
r-oldrel-windows-ix86+x86_64 0.2-0 12.00 92.00 104.00 OK
r-oldrel-osx-x86_64 0.2-0 OK

Check Details

Version: 0.2-0
Check: S3 generic/method consistency
Result: NOTE
    Found the following apparent S3 methods exported but not registered:
     chisqNull.objectiveML print.summaryGOF
    See section ‘Registering S3 methods’ in the ‘Writing R Extensions’
    manual.
Flavors: r-devel-linux-x86_64-debian-clang, r-devel-linux-x86_64-debian-gcc, r-devel-linux-x86_64-fedora-clang, r-devel-linux-x86_64-fedora-gcc, r-patched-linux-x86_64, r-patched-solaris-x86, r-release-linux-x86_64