CRAN Package Check Results for Package semGOF

Last updated on 2018-04-24 17:49:32 CEST.

Flavor Version Tinstall Tcheck Ttotal Status Flags
r-devel-linux-x86_64-debian-clang 0.2-0 5.42 63.66 69.08 NOTE
r-devel-linux-x86_64-debian-gcc 0.2-0 4.07 51.78 55.85 NOTE
r-devel-linux-x86_64-fedora-clang 0.2-0 84.74 NOTE
r-devel-linux-x86_64-fedora-gcc 0.2-0 80.90 NOTE
r-devel-windows-ix86+x86_64 0.2-0 15.00 74.00 89.00 OK
r-patched-linux-x86_64 0.2-0 5.28 62.17 67.45 NOTE
r-patched-solaris-x86 0.2-0 132.50 NOTE
r-release-linux-x86_64 0.2-0 5.40 62.17 67.57 NOTE
r-release-windows-ix86+x86_64 0.2-0 15.00 74.00 89.00 OK
r-release-osx-x86_64 0.2-0 OK
r-oldrel-windows-ix86+x86_64 0.2-0 10.00 103.00 113.00 OK
r-oldrel-osx-x86_64 0.2-0 OK

Check Details

Version: 0.2-0
Check: S3 generic/method consistency
Result: NOTE
    Found the following apparent S3 methods exported but not registered:
     chisqNull.objectiveML print.summaryGOF
    See section ‘Registering S3 methods’ in the ‘Writing R Extensions’
    manual.
Flavors: r-devel-linux-x86_64-debian-clang, r-devel-linux-x86_64-debian-gcc, r-devel-linux-x86_64-fedora-clang, r-devel-linux-x86_64-fedora-gcc, r-patched-linux-x86_64, r-patched-solaris-x86, r-release-linux-x86_64