CRAN Package Check Results for Package semGOF

Last updated on 2016-02-13 19:47:23.

Flavor Version Tinstall Tcheck Ttotal Status Flags
r-devel-linux-x86_64-debian-gcc 0.2-0 4.01 42.91 46.92 NOTE
r-devel-linux-x86_64-fedora-clang 0.2-0 96.09 NOTE
r-devel-linux-x86_64-fedora-gcc 0.2-0 94.31 NOTE
r-devel-osx-x86_64-clang 0.2-0 100.56 NOTE
r-devel-windows-ix86+x86_64 0.2-0 16.00 121.00 137.00 OK
r-patched-linux-x86_64 0.2-0 4.44 46.49 50.92 NOTE
r-patched-solaris-sparc 0.2-0 600.70 NOTE
r-patched-solaris-x86 0.2-0 146.60 NOTE
r-release-linux-x86_64 0.2-0 4.45 46.17 50.62 NOTE
r-release-osx-x86_64-mavericks 0.2-0 OK
r-release-windows-ix86+x86_64 0.2-0 18.00 115.00 133.00 OK
r-oldrel-windows-ix86+x86_64 0.2-0 36.00 135.00 171.00 OK

Check Details

Version: 0.2-0
Check: S3 generic/method consistency
Result: NOTE
    Found the following apparent S3 methods exported but not registered:
     chisqNull.objectiveML print.summaryGOF
    See section ‘Registering S3 methods’ in the ‘Writing R Extensions’
    manual.
Flavors: r-devel-linux-x86_64-debian-gcc, r-devel-linux-x86_64-fedora-clang, r-devel-linux-x86_64-fedora-gcc, r-devel-osx-x86_64-clang, r-patched-linux-x86_64, r-patched-solaris-sparc, r-patched-solaris-x86, r-release-linux-x86_64