CRAN Package Check Results for Package semGOF

Last updated on 2017-05-29 16:48:41.

Flavor Version Tinstall Tcheck Ttotal Status Flags
r-devel-linux-x86_64-debian-clang 0.2-0 4.06 42.17 46.23 NOTE
r-devel-linux-x86_64-debian-gcc 0.2-0 4.42 40.23 44.65 NOTE
r-devel-linux-x86_64-fedora-clang 0.2-0 97.50 NOTE
r-devel-linux-x86_64-fedora-gcc 0.2-0 96.69 NOTE
r-devel-windows-ix86+x86_64 0.2-0 9.00 93.00 102.00 OK
r-patched-linux-x86_64 0.2-0 3.48 39.19 42.67 NOTE
r-patched-solaris-sparc 0.2-0 548.60 NOTE
r-patched-solaris-x86 0.2-0 132.10 NOTE
r-release-linux-x86_64 0.2-0 3.98 40.65 44.63 NOTE
r-release-windows-ix86+x86_64 0.2-0 13.00 99.00 112.00 OK
r-release-osx-x86_64 0.2-0 OK
r-oldrel-windows-ix86+x86_64 0.2-0 9.00 61.00 70.00 OK
r-oldrel-osx-x86_64 0.2-0 OK

Check Details

Version: 0.2-0
Check: S3 generic/method consistency
Result: NOTE
    Found the following apparent S3 methods exported but not registered:
     chisqNull.objectiveML print.summaryGOF
    See section ‘Registering S3 methods’ in the ‘Writing R Extensions’
    manual.
Flavors: r-devel-linux-x86_64-debian-clang, r-devel-linux-x86_64-debian-gcc, r-devel-linux-x86_64-fedora-clang, r-devel-linux-x86_64-fedora-gcc, r-patched-linux-x86_64, r-patched-solaris-sparc, r-patched-solaris-x86, r-release-linux-x86_64