CRAN Package Check Results for Package semGOF

Last updated on 2015-03-04 06:48:36.

Flavor Version Tinstall Tcheck Ttotal Status Flags
r-devel-linux-x86_64-debian-clang 0.2-0 0.61 9.96 10.57 NOTE
r-devel-linux-x86_64-debian-gcc 0.2-0 0.60 9.58 10.18 NOTE
r-devel-linux-x86_64-fedora-clang 0.2-0 20.74 NOTE
r-devel-linux-x86_64-fedora-gcc 0.2-0 19.80 NOTE
r-devel-osx-x86_64-clang 0.2-0 23.64 NOTE
r-devel-windows-ix86+x86_64 0.2-0 3.00 18.00 21.00 OK
r-patched-linux-x86_64 0.2-0 0.73 11.72 12.44 OK
r-patched-solaris-sparc 0.2-0 149.40 OK
r-patched-solaris-x86 0.2-0 36.90 OK
r-release-linux-ix86 0.2-0 1.38 17.63 19.01 OK
r-release-linux-x86_64 0.2-0 0.86 11.72 12.58 OK
r-release-osx-x86_64-mavericks 0.2-0 OK
r-release-osx-x86_64-snowleopard 0.2-0 OK
r-release-windows-ix86+x86_64 0.2-0 7.00 23.00 30.00 OK
r-oldrel-windows-ix86+x86_64 0.2-0 4.00 24.00 28.00 OK

Check Details

Version: 0.2-0
Check: S3 generic/method consistency
Result: NOTE
    Found the following apparent S3 methods exported but not registered:
     chisqNull.objectiveML print.summaryGOF
    See section ‘Registering S3 methods’ in the ‘Writing R Extensions’
    manual.
Flavors: r-devel-linux-x86_64-debian-clang, r-devel-linux-x86_64-debian-gcc, r-devel-linux-x86_64-fedora-clang, r-devel-linux-x86_64-fedora-gcc, r-devel-osx-x86_64-clang