CRAN Package Check Results for Package semGOF

Last updated on 2018-01-21 15:48:26 CET.

Flavor Version Tinstall Tcheck Ttotal Status Flags
r-devel-linux-x86_64-debian-clang 0.2-0 3.06 56.79 59.85 NOTE
r-devel-linux-x86_64-debian-gcc 0.2-0 3.08 44.08 47.16 NOTE
r-devel-linux-x86_64-fedora-clang 0.2-0 81.02 NOTE
r-devel-linux-x86_64-fedora-gcc 0.2-0 80.47 NOTE
r-devel-windows-ix86+x86_64 0.2-0 9.00 66.00 75.00 OK
r-patched-linux-x86_64 0.2-0 4.81 63.32 68.13 NOTE
r-patched-solaris-x86 0.2-0 145.10 NOTE
r-release-linux-x86_64 0.2-0 5.28 63.38 68.66 NOTE
r-release-windows-ix86+x86_64 0.2-0 13.00 98.00 111.00 OK
r-release-osx-x86_64 0.2-0 OK
r-oldrel-windows-ix86+x86_64 0.2-0 14.00 69.00 83.00 OK
r-oldrel-osx-x86_64 0.2-0 OK

Check Details

Version: 0.2-0
Check: S3 generic/method consistency
Result: NOTE
    Found the following apparent S3 methods exported but not registered:
     chisqNull.objectiveML print.summaryGOF
    See section ‘Registering S3 methods’ in the ‘Writing R Extensions’
    manual.
Flavors: r-devel-linux-x86_64-debian-clang, r-devel-linux-x86_64-debian-gcc, r-devel-linux-x86_64-fedora-clang, r-devel-linux-x86_64-fedora-gcc, r-patched-linux-x86_64, r-patched-solaris-x86, r-release-linux-x86_64