CRAN Package Check Results for Package semGOF

Last updated on 2015-07-03 23:47:52.

Flavor Version Tinstall Tcheck Ttotal Status Flags
r-devel-linux-x86_64-debian-clang 0.2-0 4.06 42.58 46.64 NOTE
r-devel-linux-x86_64-debian-gcc 0.2-0 4.01 46.03 50.04 NOTE
r-devel-linux-x86_64-fedora-clang 0.2-0 100.15 NOTE
r-devel-linux-x86_64-fedora-gcc 0.2-0 94.52 NOTE
r-devel-osx-x86_64-clang 0.2-0 75.59 NOTE
r-devel-windows-ix86+x86_64 0.2-0 12.00 70.00 82.00 OK
r-patched-linux-x86_64 0.2-0 3.89 42.43 46.32 NOTE
r-patched-solaris-sparc 0.2-0 141.50 NOTE
r-patched-solaris-x86 0.2-0 145.00 NOTE
r-release-linux-x86_64 0.2-0 4.16 42.34 46.50 NOTE
r-release-osx-x86_64-mavericks 0.2-0 OK
r-release-windows-ix86+x86_64 0.2-0 16.00 65.00 81.00 OK
r-oldrel-windows-ix86+x86_64 0.2-0 18.00 98.00 116.00 OK

Check Details

Version: 0.2-0
Check: S3 generic/method consistency
Result: NOTE
    Found the following apparent S3 methods exported but not registered:
     chisqNull.objectiveML print.summaryGOF
    See section ‘Registering S3 methods’ in the ‘Writing R Extensions’
    manual.
Flavors: r-devel-linux-x86_64-debian-clang, r-devel-linux-x86_64-debian-gcc, r-devel-linux-x86_64-fedora-clang, r-devel-linux-x86_64-fedora-gcc, r-devel-osx-x86_64-clang, r-patched-linux-x86_64, r-patched-solaris-sparc, r-patched-solaris-x86, r-release-linux-x86_64