CRAN Package Check Results for Package semPLS

Last updated on 2014-04-24 21:47:50.

Flavor Version Tinstall Tcheck Ttotal Status Flags
r-devel-linux-x86_64-debian-clang 1.0-10 1.28 37.62 38.90 NOTE
r-devel-linux-x86_64-debian-gcc 1.0-10 1.26 37.69 38.95 NOTE
r-devel-linux-x86_64-fedora-clang 1.0-10 84.20 NOTE
r-devel-linux-x86_64-fedora-gcc 1.0-10 83.21 NOTE
r-devel-osx-x86_64-clang 1.0-10 79.46 NOTE
r-devel-osx-x86_64-gcc 1.0-10 ERROR
r-devel-windows-ix86+x86_64 1.0-10 4.00 47.00 51.00 NOTE
r-patched-linux-x86_64 1.0-10 1.27 37.40 38.66 NOTE
r-patched-solaris-sparc 1.0-10 435.40 NOTE
r-patched-solaris-x86 1.0-10 97.70 NOTE
r-release-linux-ix86 1.0-10 3.00 65.00 68.00 NOTE
r-release-linux-x86_64 1.0-10 1.28 37.70 38.98 NOTE
r-release-osx-x86_64-mavericks 1.0-10 WARN
r-release-osx-x86_64-snowleopard 1.0-10 NOTE
r-release-windows-ix86+x86_64 1.0-10 4.00 52.00 56.00 NOTE
r-oldrel-windows-ix86+x86_64 1.0-10 4.00 49.00 53.00 NOTE

Check Details

Version: 1.0-10
Check: dependencies in R code
Result: NOTE
    Unexported objects imported by ':::' calls:
     ‘boot:::const’ ‘stats:::AIC.logLik’ ‘stats:::BIC.logLik’
     See the note in ?`:::` about the use of this operator.
    There are ::: calls to the package's namespace in its code. A package
     almost never needs to use ::: for its own objects:
     ‘addPath.plsm’ ‘endogenous’ ‘predecessors’ ‘qSquared’ ‘reorder’
     ‘resempls’ ‘residuals.sempls’
    See the information on DESCRIPTION files in the chapter ‘Creating R
    packages’ of the ‘Writing R Extensions’ manual.
Flavors: r-devel-linux-x86_64-debian-clang, r-devel-linux-x86_64-debian-gcc, r-devel-linux-x86_64-fedora-clang, r-devel-linux-x86_64-fedora-gcc, r-devel-osx-x86_64-clang, r-devel-osx-x86_64-gcc, r-devel-windows-ix86+x86_64, r-patched-linux-x86_64, r-patched-solaris-sparc, r-patched-solaris-x86, r-release-linux-ix86, r-release-linux-x86_64, r-release-osx-x86_64-mavericks, r-release-osx-x86_64-snowleopard, r-release-windows-ix86+x86_64, r-oldrel-windows-ix86+x86_64

Version: 1.0-10
Check: package dependencies
Result: NOTE
    Package suggested but not available for checking: ‘XML’
Flavor: r-devel-osx-x86_64-gcc

Version: 1.0-10
Check: R code for possible problems
Result: NOTE
    read.splsm: no visible global function definition for
     ‘xmlInternalTreeParse’
    read.splsm: no visible global function definition for ‘xpathApply’
    read.splsm: no visible binding for global variable ‘xmlGetAttr’
Flavor: r-devel-osx-x86_64-gcc

Version: 1.0-10
Check: examples
Result: ERROR
    Running examples in ‘semPLS-Ex.R’ failed
    The error most likely occurred in:
    
    > ### Name: read.splsm
    > ### Title: Import of XML Model Description Specified in SmartPLS
    > ### Aliases: read.splsm
    >
    > ### ** Examples
    >
    > # getting the path to file: 'ECSI_Tenenhaus.splsm' (generated by SmartPLS)
    > ptf <- system.file("SmartPLS", "workspace", "ecsi", "ECSI_Tenenhaus.splsm",
    + package="semPLS")
    >
    > # creating the model specification to use with 'sempls()'.
    > ECSI <- read.splsm(ptf)
    Loading required package: XML
    Warning in library(package, lib.loc = lib.loc, character.only = TRUE, logical.return = TRUE, :
     there is no package called ‘XML’
    Error in read.splsm(ptf) : Package 'XML' is required.
    Execution halted
Flavor: r-devel-osx-x86_64-gcc

Version: 1.0-10
Check: re-building of vignette outputs
Result: NOTE
    Error in re-building vignettes:
     ...
    The following object is masked from 'package:semPLS':
    
     pathDiagram
    
    Read 67 records
    Loading required package: XML
    
    Attaching package: 'XML'
    
    The following object is masked from 'package:tools':
    
     toHTML
    
    Error in texi2dvi(file = file, pdf = TRUE, clean = clean, quiet = quiet, :
     Running 'texi2dvi' on 'semPLS-intro.tex' failed.
    LaTeX errors:
    ! LaTeX Error: File `multirow.sty' not found.
    
    Type X to quit or <RETURN> to proceed,
    or enter new name. (Default extension: sty)
    
    test/semPLS/vignettes/semPLS-intro.tex:4: ==> Fatal error occurred, no output
    PDF file produced!
    Calls: buildVignettes -> texi2pdf -> texi2dvi
    Execution halted
Flavor: r-release-osx-x86_64-mavericks

Version: 1.0-10
Check: PDF version of manual
Result: WARNING
    LaTeX errors when creating PDF version.
    This typically indicates Rd problems.
    LaTeX errors found:
    ! LaTeX Error: File `upquote.sty' not found.
    
    Type X to quit or <RETURN> to proceed,
    or enter new name. (Default extension: sty)
    
    37fecea3/Rd2.tex:8: ==> Fatal error occurred, no output PDF file produced!
Flavor: r-release-osx-x86_64-mavericks

Version: 1.0-10
Check: re-building of vignette outputs
Result: NOTE
    Error in re-building vignettes:
     ...
    The following object is masked from 'package:semPLS':
    
     pathDiagram
    
    Read 67 records
    Loading required package: XML
    
    Attaching package: 'XML'
    
    The following object is masked from 'package:tools':
    
     toHTML
    
    Error in texi2dvi(file = file, pdf = TRUE, clean = clean, quiet = quiet, :
     Running 'texi2dvi' on 'semPLS-intro.tex' failed.
    LaTeX errors:
    ! LaTeX Error: File `multirow.sty' not found.
    
    Type X to quit or <RETURN> to proceed,
    or enter new name. (Default extension: sty)
    
    semPLS.Rcheck/vign_test/semPLS/vignettes/semPLS-intro.tex:4: ==> Fatal error o
    ccurred, no output PDF file produced!
    Calls: buildVignettes -> texi2pdf -> texi2dvi
    Execution halted
Flavor: r-release-osx-x86_64-snowleopard