CRAN Package Check Results for Package semPLS

Last updated on 2014-07-28 19:51:36.

Flavor Version Tinstall Tcheck Ttotal Status Flags
r-devel-linux-x86_64-debian-clang 1.0-10 1.38 36.06 37.45 NOTE
r-devel-linux-x86_64-debian-gcc 1.0-10 1.18 36.44 37.62 NOTE
r-devel-linux-x86_64-fedora-clang 1.0-10 83.32 NOTE
r-devel-linux-x86_64-fedora-gcc 1.0-10 79.20 NOTE
r-devel-osx-x86_64-clang 1.0-10 77.54 NOTE
r-devel-windows-ix86+x86_64 1.0-10 4.00 50.00 54.00 NOTE
r-patched-linux-x86_64 1.0-10 1.30 36.07 37.37 NOTE
r-patched-solaris-sparc 1.0-10 435.40 NOTE
r-patched-solaris-x86 1.0-10 101.20 NOTE
r-release-linux-ix86 1.0-10 1.66 48.40 50.06 NOTE
r-release-linux-x86_64 1.0-10 1.21 36.70 37.91 NOTE
r-release-osx-x86_64-mavericks 1.0-10 NOTE
r-release-osx-x86_64-snowleopard 1.0-10 NOTE
r-release-windows-ix86+x86_64 1.0-10 4.00 52.00 56.00 NOTE
r-oldrel-windows-ix86+x86_64 1.0-10 4.00 48.00 52.00 NOTE

Check Details

Version: 1.0-10
Check: dependencies in R code
Result: NOTE
    Unexported objects imported by ':::' calls:
     boot:::const stats:::AIC.logLik stats:::BIC.logLik
     See the note in ?`:::` about the use of this operator.
    There are ::: calls to the package's namespace in its code. A package
     almost never needs to use ::: for its own objects:
     addPath.plsm endogenous predecessors qSquared reorder
     resempls residuals.sempls
    See the information on DESCRIPTION files in the chapter Creating R
    packages of the Writing R Extensions manual.
Flavors: r-devel-linux-x86_64-debian-clang, r-devel-linux-x86_64-debian-gcc, r-devel-linux-x86_64-fedora-clang, r-devel-linux-x86_64-fedora-gcc, r-devel-osx-x86_64-clang, r-devel-windows-ix86+x86_64, r-patched-linux-x86_64, r-patched-solaris-sparc, r-patched-solaris-x86, r-release-linux-ix86, r-release-linux-x86_64, r-release-osx-x86_64-mavericks, r-release-osx-x86_64-snowleopard, r-release-windows-ix86+x86_64, r-oldrel-windows-ix86+x86_64

Version: 1.0-10
Check: re-building of vignette outputs
Result: NOTE
    Error in re-building vignettes:
     ...
    The following object is masked from 'package:semPLS':
    
     pathDiagram
    
    Read 67 records
    Loading required package: XML
    
    Attaching package: 'XML'
    
    The following object is masked from 'package:tools':
    
     toHTML
    
    Error in texi2dvi(file = file, pdf = TRUE, clean = clean, quiet = quiet, :
     Running 'texi2dvi' on 'semPLS-intro.tex' failed.
    LaTeX errors:
    ! LaTeX Error: File `multirow.sty' not found.
    
    Type X to quit or <RETURN> to proceed,
    or enter new name. (Default extension: sty)
    
    test/semPLS/vignettes/semPLS-intro.tex:4: ==> Fatal error occurred, no output
    PDF file produced!
    Calls: buildVignettes -> texi2pdf -> texi2dvi
    Execution halted
Flavor: r-release-osx-x86_64-mavericks

Version: 1.0-10
Check: re-building of vignette outputs
Result: NOTE
    Error in re-building vignettes:
     ...
    The following object is masked from 'package:semPLS':
    
     pathDiagram
    
    Read 67 records
    Loading required package: XML
    
    Attaching package: 'XML'
    
    The following object is masked from 'package:tools':
    
     toHTML
    
    Error in texi2dvi(file = file, pdf = TRUE, clean = clean, quiet = quiet, :
     Running 'texi2dvi' on 'semPLS-intro.tex' failed.
    LaTeX errors:
    ! LaTeX Error: File `multirow.sty' not found.
    
    Type X to quit or <RETURN> to proceed,
    or enter new name. (Default extension: sty)
    
    semPLS.Rcheck/vign_test/semPLS/vignettes/semPLS-intro.tex:4: ==> Fatal error o
    ccurred, no output PDF file produced!
    Calls: buildVignettes -> texi2pdf -> texi2dvi
    Execution halted
Flavor: r-release-osx-x86_64-snowleopard