CRAN Package Check Results for Package semPLS

Last updated on 2014-10-30 12:51:43.

Flavor Version Tinstall Tcheck Ttotal Status Flags
r-devel-linux-x86_64-debian-clang 1.0-10 1.83 38.85 40.68 NOTE
r-devel-linux-x86_64-debian-gcc 1.0-10 1.19 37.08 38.28 NOTE
r-devel-linux-x86_64-fedora-clang 1.0-10 80.89 NOTE
r-devel-linux-x86_64-fedora-gcc 1.0-10 79.64 NOTE
r-devel-osx-x86_64-clang 1.0-10 78.61 NOTE
r-devel-windows-ix86+x86_64 1.0-10 4.00 45.00 49.00 NOTE
r-patched-linux-x86_64 1.0-10 1.32 38.30 39.63 NOTE
r-patched-solaris-sparc 1.0-10 459.30 NOTE
r-patched-solaris-x86 1.0-10 98.70 NOTE
r-release-linux-ix86 1.0-10 1.69 49.45 51.14 NOTE
r-release-linux-x86_64 1.0-10 1.48 38.67 40.16 NOTE
r-release-osx-x86_64-mavericks 1.0-10 NOTE
r-release-osx-x86_64-snowleopard 1.0-10 NOTE
r-release-windows-ix86+x86_64 1.0-10 4.00 50.00 54.00 NOTE
r-oldrel-windows-ix86+x86_64 1.0-10 4.00 51.00 55.00 NOTE

Check Details

Version: 1.0-10
Check: dependencies in R code
Result: NOTE
    Unexported objects imported by ':::' calls:
     ‘boot:::const’ ‘stats:::AIC.logLik’ ‘stats:::BIC.logLik’
     See the note in ?`:::` about the use of this operator.
    There are ::: calls to the package's namespace in its code. A package
     almost never needs to use ::: for its own objects:
     ‘addPath.plsm’ ‘endogenous’ ‘predecessors’ ‘qSquared’ ‘reorder’
     ‘resempls’ ‘residuals.sempls’
    See the information on DESCRIPTION files in the chapter ‘Creating R
    packages’ of the ‘Writing R Extensions’ manual.
Flavors: r-devel-linux-x86_64-debian-clang, r-devel-linux-x86_64-debian-gcc, r-devel-linux-x86_64-fedora-clang, r-devel-linux-x86_64-fedora-gcc, r-devel-osx-x86_64-clang, r-devel-windows-ix86+x86_64, r-patched-linux-x86_64, r-patched-solaris-sparc, r-patched-solaris-x86, r-release-linux-ix86, r-release-linux-x86_64, r-release-osx-x86_64-mavericks, r-release-osx-x86_64-snowleopard, r-release-windows-ix86+x86_64, r-oldrel-windows-ix86+x86_64

Version: 1.0-10
Check: R code for possible problems
Result: NOTE
    plot.sempls: no visible global function definition for
     ‘trellis.par.get’
    plot.sempls: no visible global function definition for
     ‘trellis.par.set’
    plot.sempls: no visible global function definition for ‘xyplot’
    plsm2sem.plsm: no visible global function definition for ‘specifyModel’
    plsm2sem.plsm: no visible global function definition for
     ‘specify.model’
    read.splsm: no visible global function definition for
     ‘xmlInternalTreeParse’
    read.splsm: no visible global function definition for ‘xpathApply’
    read.splsm: no visible binding for global variable ‘xmlGetAttr’
    summary.bootsempls: no visible global function definition for ‘boot.ci’
Flavors: r-devel-linux-x86_64-debian-clang, r-devel-linux-x86_64-debian-gcc, r-devel-linux-x86_64-fedora-clang, r-devel-linux-x86_64-fedora-gcc, r-devel-osx-x86_64-clang, r-devel-windows-ix86+x86_64, r-patched-linux-x86_64, r-patched-solaris-sparc, r-patched-solaris-x86

Version: 1.0-10
Check: re-building of vignette outputs
Result: NOTE
    Error in re-building vignettes:
     ...
    The following object is masked from 'package:semPLS':
    
     pathDiagram
    
    Read 67 records
    Loading required package: XML
    
    Attaching package: 'XML'
    
    The following object is masked from 'package:tools':
    
     toHTML
    
    Error in texi2dvi(file = file, pdf = TRUE, clean = clean, quiet = quiet, :
     Running 'texi2dvi' on 'semPLS-intro.tex' failed.
    LaTeX errors:
    ! LaTeX Error: File `multirow.sty' not found.
    
    Type X to quit or <RETURN> to proceed,
    or enter new name. (Default extension: sty)
    
    test/semPLS/vignettes/semPLS-intro.tex:4: ==> Fatal error occurred, no output
    PDF file produced!
    Calls: buildVignettes -> texi2pdf -> texi2dvi
    Execution halted
Flavor: r-release-osx-x86_64-mavericks

Version: 1.0-10
Check: re-building of vignette outputs
Result: NOTE
    Error in re-building vignettes:
     ...
    The following object is masked from 'package:semPLS':
    
     pathDiagram
    
    Read 67 records
    Loading required package: XML
    
    Attaching package: 'XML'
    
    The following object is masked from 'package:tools':
    
     toHTML
    
    Error in texi2dvi(file = file, pdf = TRUE, clean = clean, quiet = quiet, :
     Running 'texi2dvi' on 'semPLS-intro.tex' failed.
    LaTeX errors:
    ! LaTeX Error: File `multirow.sty' not found.
    
    Type X to quit or <RETURN> to proceed,
    or enter new name. (Default extension: sty)
    
    semPLS.Rcheck/vign_test/semPLS/vignettes/semPLS-intro.tex:4: ==> Fatal error o
    ccurred, no output PDF file produced!
    Calls: buildVignettes -> texi2pdf -> texi2dvi
    Execution halted
Flavor: r-release-osx-x86_64-snowleopard