CRAN Package Check Results for Package semPLS

Last updated on 2015-03-03 12:50:47.

Flavor Version Tinstall Tcheck Ttotal Status Flags
r-devel-linux-x86_64-debian-clang 1.0-10 1.18 36.29 37.47 NOTE
r-devel-linux-x86_64-debian-gcc 1.0-10 1.10 34.58 35.68 NOTE
r-devel-linux-x86_64-fedora-clang 1.0-10 72.06 NOTE
r-devel-linux-x86_64-fedora-gcc 1.0-10 69.17 NOTE
r-devel-osx-x86_64-clang 1.0-10 73.03 NOTE
r-devel-windows-ix86+x86_64 1.0-10 8.00 62.00 70.00 NOTE
r-patched-linux-x86_64 1.0-10 1.32 38.46 39.78 NOTE
r-patched-solaris-sparc 1.0-10 502.90 NOTE
r-patched-solaris-x86 1.0-10 100.30 NOTE
r-release-linux-ix86 1.0-10 1.67 50.89 52.56 NOTE
r-release-linux-x86_64 1.0-10 1.87 39.23 41.10 NOTE
r-release-osx-x86_64-mavericks 1.0-10 NOTE
r-release-osx-x86_64-snowleopard 1.0-10 NOTE
r-release-windows-ix86+x86_64 1.0-10 10.00 56.00 66.00 NOTE
r-oldrel-windows-ix86+x86_64 1.0-10 4.00 56.00 60.00 NOTE

Check Details

Version: 1.0-10
Check: dependencies in R code
Result: NOTE
    'library' or 'require' calls in package code:
     ‘XML’ ‘boot’ ‘sem’
     Please use :: or requireNamespace() instead.
     See section 'Suggested packages' in the 'Writing R Extensions' manual.
    Unexported objects imported by ':::' calls:
     ‘boot:::const’ ‘stats:::AIC.logLik’ ‘stats:::BIC.logLik’
     See the note in ?`:::` about the use of this operator.
    There are ::: calls to the package's namespace in its code. A package
     almost never needs to use ::: for its own objects:
     ‘addPath.plsm’ ‘endogenous’ ‘predecessors’ ‘qSquared’ ‘reorder’
     ‘resempls’ ‘residuals.sempls’
Flavors: r-devel-linux-x86_64-debian-clang, r-devel-linux-x86_64-debian-gcc, r-devel-linux-x86_64-fedora-clang, r-devel-linux-x86_64-fedora-gcc, r-devel-osx-x86_64-clang, r-devel-windows-ix86+x86_64, r-patched-linux-x86_64, r-patched-solaris-sparc, r-patched-solaris-x86

Version: 1.0-10
Check: R code for possible problems
Result: NOTE
    plot.sempls: no visible global function definition for
     ‘trellis.par.get’
    plot.sempls: no visible global function definition for
     ‘trellis.par.set’
    plot.sempls: no visible global function definition for ‘xyplot’
    plsm2sem.plsm: no visible global function definition for ‘specifyModel’
    plsm2sem.plsm: no visible global function definition for
     ‘specify.model’
    read.splsm: no visible global function definition for
     ‘xmlInternalTreeParse’
    read.splsm: no visible global function definition for ‘xpathApply’
    read.splsm: no visible binding for global variable ‘xmlGetAttr’
    summary.bootsempls: no visible global function definition for ‘boot.ci’
Flavors: r-devel-linux-x86_64-debian-clang, r-devel-linux-x86_64-debian-gcc, r-devel-linux-x86_64-fedora-clang, r-devel-linux-x86_64-fedora-gcc, r-devel-osx-x86_64-clang, r-devel-windows-ix86+x86_64, r-patched-linux-x86_64, r-patched-solaris-sparc, r-patched-solaris-x86, r-release-linux-ix86, r-release-linux-x86_64, r-release-osx-x86_64-mavericks, r-release-windows-ix86+x86_64

Version: 1.0-10
Check: dependencies in R code
Result: NOTE
    Unexported objects imported by ':::' calls:
     ‘boot:::const’ ‘stats:::AIC.logLik’ ‘stats:::BIC.logLik’
     See the note in ?`:::` about the use of this operator.
    There are ::: calls to the package's namespace in its code. A package
     almost never needs to use ::: for its own objects:
     ‘addPath.plsm’ ‘endogenous’ ‘predecessors’ ‘qSquared’ ‘reorder’
     ‘resempls’ ‘residuals.sempls’
    See the information on DESCRIPTION files in the chapter ‘Creating R
    packages’ of the ‘Writing R Extensions’ manual.
Flavors: r-release-linux-ix86, r-release-linux-x86_64, r-release-osx-x86_64-mavericks, r-release-osx-x86_64-snowleopard, r-release-windows-ix86+x86_64, r-oldrel-windows-ix86+x86_64

Version: 1.0-10
Check: re-building of vignette outputs
Result: NOTE
    Error in re-building vignettes:
     ...
    
    Attaching package: 'XML'
    
    The following object is masked from 'package:tools':
    
     toHTML
    
    Error in texi2dvi(file = file, pdf = TRUE, clean = clean, quiet = quiet, :
     Running 'texi2dvi' on 'semPLS-intro.tex' failed.
    LaTeX errors:
    ! Undefined control sequence.
    l.16 ...<f4><af>i<9a>^^X<a2><94><c2><83>m<db>['<8c>^^N<e9><85><de><eb><fd>ư<b0><b0><c0>^^X<b3>,<eb><e4>ɓW<ae>\1
     M<f3><fe><fd><fb>W<af>^^^UB<98><a6><f9><f8><f1><e3><c9><c9>I<a5>T<bd>^<bf>...
    The control sequence at the end of the top line
    of your error message was never \def'ed. If you have
    ! Undefined control sequence.
    l.17 ^^E^^\^^R<c2>^^[<fe>.,,<80>^^Y<a5><d4><e5>˗<a5><94>+++<b6>m^^S\<95>
     RB<88><f9><f9><f9>~<ad><a7><cf>ҋK<c4><d2>><cd><ff><8e><d9><db>o^^ZڽA<a6>=<a9>^^...
    The control sequence at the end of the top line
    of your error message was never \def'ed. If you have
    ! Undefined control sequence.
    l.21 <82>?s<b9><94>m<bb><8d><c6><fb><9c>^^_<e5><fc>^^?^^WS<c3>0<94>R<8e><e3><cc><ce>΢^^Ec<b1>\<f2>
     E<a4><94><89>Db}}}bb<a2><d9>l&^^R<89>f<b3>)<84><a8>T
    Calls: buildVignettes -> texi2pdf -> texi2dvi
    Execution halted
Flavor: r-release-osx-x86_64-mavericks

Version: 1.0-10
Check: re-building of vignette outputs
Result: NOTE
    Error in re-building vignettes:
     ...
    The following object is masked from 'package:semPLS':
    
     pathDiagram
    
    Read 67 records
    Loading required package: XML
    
    Attaching package: 'XML'
    
    The following object is masked from 'package:tools':
    
     toHTML
    
    Error in texi2dvi(file = file, pdf = TRUE, clean = clean, quiet = quiet, :
     Running 'texi2dvi' on 'semPLS-intro.tex' failed.
    LaTeX errors:
    ! LaTeX Error: File `multirow.sty' not found.
    
    Type X to quit or <RETURN> to proceed,
    or enter new name. (Default extension: sty)
    
    semPLS.Rcheck/vign_test/semPLS/vignettes/semPLS-intro.tex:4: ==> Fatal error o
    ccurred, no output PDF file produced!
    Calls: buildVignettes -> texi2pdf -> texi2dvi
    Execution halted
Flavor: r-release-osx-x86_64-snowleopard