CRAN Package Check Results for Package semPLS

Last updated on 2015-09-02 00:47:56.

Flavor Version Tinstall Tcheck Ttotal Status Flags
r-devel-linux-x86_64-debian-clang 1.0-10 1.11 41.22 42.33 NOTE
r-devel-linux-x86_64-debian-gcc 1.0-10 1.10 38.71 39.81 NOTE
r-devel-linux-x86_64-fedora-clang 1.0-10 81.82 NOTE
r-devel-linux-x86_64-fedora-gcc 1.0-10 76.43 NOTE
r-devel-osx-x86_64-clang 1.0-10 66.37 NOTE
r-devel-windows-ix86+x86_64 1.0-10 6.00 86.00 92.00 NOTE
r-patched-linux-x86_64 1.0-10 1.28 42.04 43.32 NOTE
r-patched-solaris-sparc 1.0-10 537.00 NOTE
r-patched-solaris-x86 1.0-10 105.80 NOTE
r-release-linux-x86_64 1.0-10 1.33 40.70 42.02 NOTE
r-release-osx-x86_64-mavericks 1.0-10 NOTE
r-release-windows-ix86+x86_64 1.0-10 6.00 98.00 104.00 NOTE
r-oldrel-windows-ix86+x86_64 1.0-10 8.00 71.00 79.00 NOTE

Check Details

Version: 1.0-10
Check: dependencies in R code
Result: NOTE
    'library' or 'require' calls in package code:
     ‘XML’ ‘boot’ ‘sem’
     Please use :: or requireNamespace() instead.
     See section 'Suggested packages' in the 'Writing R Extensions' manual.
    Unexported objects imported by ':::' calls:
     ‘boot:::const’ ‘stats:::AIC.logLik’ ‘stats:::BIC.logLik’
     See the note in ?`:::` about the use of this operator.
    There are ::: calls to the package's namespace in its code. A package
     almost never needs to use ::: for its own objects:
     ‘addPath.plsm’ ‘endogenous’ ‘predecessors’ ‘qSquared’ ‘reorder’
     ‘resempls’ ‘residuals.sempls’
Flavors: r-devel-linux-x86_64-debian-clang, r-devel-linux-x86_64-debian-gcc, r-devel-linux-x86_64-fedora-clang, r-devel-linux-x86_64-fedora-gcc, r-devel-osx-x86_64-clang, r-devel-windows-ix86+x86_64, r-patched-linux-x86_64, r-patched-solaris-sparc, r-patched-solaris-x86, r-release-linux-x86_64, r-release-osx-x86_64-mavericks, r-release-windows-ix86+x86_64, r-oldrel-windows-ix86+x86_64

Version: 1.0-10
Check: R code for possible problems
Result: NOTE
    AIC.sempls : aic: no visible global function definition for ‘logLik’
    BIC.sempls : bic: no visible global function definition for ‘logLik’
    bootsempls: no visible global function definition for ‘runif’
    centroid: no visible global function definition for ‘cor’
    densityplot.bootsempls: no visible global function definition for ‘var’
    densityplot.sempls: no visible global function definition for ‘predict’
    densityplot.sempls: no visible global function definition for
     ‘residuals’
    extractAIC.semplslv: no visible global function definition for
     ‘deviance’
    factorial: no visible global function definition for ‘cor’
    ic.sempls: no visible global function definition for ‘deviance’
    mvpairs.plsm: no visible global function definition for ‘par’
    mvplot.plsm: no visible global function definition for ‘reshape’
    mvplot.plsm: no visible global function definition for ‘par’
    mvplot.plsm: no visible global function definition for ‘xtabs’
    outerApprx: no visible global function definition for ‘cor’
    outerApprx2: no visible global function definition for ‘cor’
    pairs: no visible binding for global variable ‘points’
    pairs : textPanel: no visible global function definition for ‘text’
    pairs : localAxis: no visible global function definition for ‘Axis’
    pairs : localPlot: no visible global function definition for ‘plot’
    pairs: no visible global function definition for ‘par’
    pairs: no visible global function definition for ‘box’
    pairs: no visible global function definition for ‘strwidth’
    pairs: no visible global function definition for ‘mtext’
    panel.bars: no visible global function definition for ‘par’
    panel.bars: no visible global function definition for ‘barplot’
    panel.bars: no visible global function definition for ‘rect’
    panel.cor: no visible global function definition for ‘par’
    panel.cor: no visible global function definition for ‘cor’
    panel.cor: no visible global function definition for ‘complete.cases’
    panel.cor: no visible global function definition for ‘strwidth’
    panel.cor: no visible global function definition for ‘text’
    panel.jitter: no visible global function definition for ‘par’
    panel.jitter: no visible global function definition for ‘points’
    panel.jitter: no visible global function definition for ‘lines’
    panel.jitter: no visible global function definition for ‘abline’
    pathCoeff.default: no visible global function definition for ‘cor’
    pathWeighting: no visible global function definition for ‘cor’
    plot.sempls: no visible global function definition for
     ‘trellis.par.get’
    plot.sempls: no visible global function definition for
     ‘trellis.par.set’
    plot.sempls: no visible global function definition for ‘xyplot’
    plsm: no visible global function definition for ‘edit’
    plsm: no visible global function definition for ‘read.csv’
    plsm2sem.plsm: no visible global function definition for
     ‘packageVersion’
    plsm2sem.plsm: no visible global function definition for ‘specifyModel’
    plsm2sem.plsm: no visible global function definition for
     ‘specify.model’
    plsmEdit.plsm: no visible global function definition for ‘edit’
    predict.sempls: no visible global function definition for
     ‘complete.cases’
    print.bootsempls: no visible binding for global variable ‘sd’
    qSquared.sempls : sse: no visible global function definition for
     ‘complete.cases’
    rSquared.sempls: no visible global function definition for ‘predict’
    rSquared.sempls: no visible binding for global variable ‘var’
    rSquared2.sempls: no visible global function definition for ‘predict’
    rSquared2.sempls: no visible binding for global variable ‘var’
    read.splsm: no visible global function definition for
     ‘xmlInternalTreeParse’
    read.splsm: no visible global function definition for ‘xpathApply’
    read.splsm: no visible binding for global variable ‘xmlGetAttr’
    resempls: no visible global function definition for ‘cor’
    resempls: no visible global function definition for ‘coefficients’
    residuals.sempls: no visible global function definition for ‘predict’
    sempls.plsm: no visible global function definition for ‘complete.cases’
    sempls.plsm: no visible global function definition for ‘na.omit’
    sempls.plsm: no visible binding for global variable ‘sd’
    sempls.plsm: no visible global function definition for ‘reshape’
    sempls.plsm: no visible global function definition for ‘cor’
    sempls.plsm: no visible global function definition for ‘coefficients’
    summary.bootsempls: no visible binding for global variable ‘sd’
    summary.bootsempls: no visible global function definition for ‘boot.ci’
    Undefined global functions or variables:
     Axis abline barplot boot.ci box coefficients complete.cases cor
     deviance edit lines logLik mtext na.omit packageVersion par plot
     points predict read.csv rect reshape residuals runif sd specify.model
     specifyModel strwidth text trellis.par.get trellis.par.set var
     xmlGetAttr xmlInternalTreeParse xpathApply xtabs xyplot
    Consider adding
     importFrom("graphics", "Axis", "abline", "barplot", "box", "lines",
     "mtext", "par", "plot", "points", "rect", "strwidth",
     "text")
     importFrom("stats", "coefficients", "complete.cases", "cor",
     "deviance", "logLik", "na.omit", "predict", "reshape",
     "residuals", "runif", "sd", "var", "xtabs")
     importFrom("utils", "edit", "packageVersion", "read.csv")
    to your NAMESPACE.
Flavors: r-devel-linux-x86_64-debian-clang, r-devel-linux-x86_64-debian-gcc, r-devel-linux-x86_64-fedora-clang, r-devel-linux-x86_64-fedora-gcc, r-devel-windows-ix86+x86_64

Version: 1.0-10
Check: R code for possible problems
Result: NOTE
    plot.sempls: no visible global function definition for
     ‘trellis.par.get’
    plot.sempls: no visible global function definition for
     ‘trellis.par.set’
    plot.sempls: no visible global function definition for ‘xyplot’
    plsm2sem.plsm: no visible global function definition for ‘specifyModel’
    plsm2sem.plsm: no visible global function definition for
     ‘specify.model’
    read.splsm: no visible global function definition for
     ‘xmlInternalTreeParse’
    read.splsm: no visible global function definition for ‘xpathApply’
    read.splsm: no visible binding for global variable ‘xmlGetAttr’
    summary.bootsempls: no visible global function definition for ‘boot.ci’
    Undefined global functions or variables:
     boot.ci specify.model specifyModel trellis.par.get trellis.par.set
     xmlGetAttr xmlInternalTreeParse xpathApply xyplot
Flavor: r-devel-osx-x86_64-clang

Version: 1.0-10
Check: R code for possible problems
Result: NOTE
    plot.sempls: no visible global function definition for
     ‘trellis.par.get’
    plot.sempls: no visible global function definition for
     ‘trellis.par.set’
    plot.sempls: no visible global function definition for ‘xyplot’
    plsm2sem.plsm: no visible global function definition for ‘specifyModel’
    plsm2sem.plsm: no visible global function definition for
     ‘specify.model’
    read.splsm: no visible global function definition for
     ‘xmlInternalTreeParse’
    read.splsm: no visible global function definition for ‘xpathApply’
    read.splsm: no visible binding for global variable ‘xmlGetAttr’
    summary.bootsempls: no visible global function definition for ‘boot.ci’
Flavors: r-patched-linux-x86_64, r-patched-solaris-sparc, r-patched-solaris-x86, r-release-linux-x86_64, r-release-osx-x86_64-mavericks, r-release-windows-ix86+x86_64, r-oldrel-windows-ix86+x86_64

Version: 1.0-10
Check: re-building of vignette outputs
Result: NOTE
    Error in re-building vignettes:
     ...
    
    Attaching package: 'XML'
    
    The following object is masked from 'package:tools':
    
     toHTML
    
    Error in texi2dvi(file = file, pdf = TRUE, clean = clean, quiet = quiet, :
     Running 'texi2dvi' on 'semPLS-intro.tex' failed.
    LaTeX errors:
    ! Undefined control sequence.
    l.16 ...<f4><af>i<9a>^^X<a2><94><c2><83>m<db>['<8c>^^N<e9><85><de><eb><fd>ư<b0><b0><c0>^^X<b3>,<eb><e4>ɓW<ae>\1
     M<f3><fe><fd><fb>W<af>^^^UB<98><a6><f9><f8><f1><e3><c9><c9>I<a5>T<bd>^<bf>...
    The control sequence at the end of the top line
    of your error message was never \def'ed. If you have
    ! Undefined control sequence.
    l.17 ^^E^^\^^R<c2>^^[<fe>.,,<80>^^Y<a5><d4><e5>˗<a5><94>+++<b6>m^^S\<95>
     RB<88><f9><f9><f9>~<ad><a7><cf>ҋK<c4><d2>><cd><ff><8e><d9><db>o^^ZڽA<a6>=<a9>^^...
    The control sequence at the end of the top line
    of your error message was never \def'ed. If you have
    ! Undefined control sequence.
    l.21 <82>?s<b9><94>m<bb><8d><c6><fb><9c>^^_<e5><fc>^^?^^WS<c3>0<94>R<8e><e3><cc><ce>΢^^Ec<b1>\<f2>
     E<a4><94><89>Db}}}bb<a2><d9>l&^^R<89>f<b3>)<84><a8>T
    Calls: buildVignettes -> texi2pdf -> texi2dvi
    Execution halted
Flavor: r-release-osx-x86_64-mavericks