CRAN Package Check Results for Package semPLS

Last updated on 2015-04-25 15:46:21.

Flavor Version Tinstall Tcheck Ttotal Status Flags
r-devel-linux-x86_64-debian-clang 1.0-10 1.66 35.51 37.17 NOTE
r-devel-linux-x86_64-debian-gcc 1.0-10 1.24 34.44 35.69 NOTE
r-devel-linux-x86_64-fedora-clang 1.0-10 73.27 NOTE
r-devel-linux-x86_64-fedora-gcc 1.0-10 70.31 NOTE
r-devel-osx-x86_64-clang 1.0-10 71.46 NOTE
r-devel-windows-ix86+x86_64 1.0-10 4.00 49.00 53.00 NOTE
r-patched-linux-x86_64 1.0-10 1.31 34.34 35.66 NOTE
r-patched-solaris-sparc 1.0-10 443.10 NOTE
r-patched-solaris-x86 1.0-10 85.00 NOTE
r-release-linux-x86_64 1.0-10 1.17 34.42 35.59 NOTE
r-release-osx-x86_64-mavericks 1.0-10 NOTE
r-release-osx-x86_64-snowleopard 1.0-10 ERROR
r-release-windows-ix86+x86_64 1.0-10 5.00 51.00 56.00 NOTE
r-oldrel-windows-ix86+x86_64 1.0-10 3.00 50.00 53.00 NOTE

Check Details

Version: 1.0-10
Check: dependencies in R code
Result: NOTE
    'library' or 'require' calls in package code:
     'XML' 'boot' 'sem'
     Please use :: or requireNamespace() instead.
     See section 'Suggested packages' in the 'Writing R Extensions' manual.
    Unexported objects imported by ':::' calls:
     'boot:::const' 'stats:::AIC.logLik' 'stats:::BIC.logLik'
     See the note in ?`:::` about the use of this operator.
    There are ::: calls to the package's namespace in its code. A package
     almost never needs to use ::: for its own objects:
     'addPath.plsm' 'endogenous' 'predecessors' 'qSquared' 'reorder'
     'resempls' 'residuals.sempls'
Flavors: r-devel-windows-ix86+x86_64, r-release-windows-ix86+x86_64, r-oldrel-windows-ix86+x86_64

Version: 1.0-10
Check: R code for possible problems
Result: NOTE
    plot.sempls: no visible global function definition for
     'trellis.par.get'
    plot.sempls: no visible global function definition for
     'trellis.par.set'
    plot.sempls: no visible global function definition for 'xyplot'
    plsm2sem.plsm: no visible global function definition for 'specifyModel'
    plsm2sem.plsm: no visible global function definition for
     'specify.model'
    read.splsm: no visible global function definition for
     'xmlInternalTreeParse'
    read.splsm: no visible global function definition for 'xpathApply'
    read.splsm: no visible binding for global variable 'xmlGetAttr'
    summary.bootsempls: no visible global function definition for 'boot.ci'
Flavors: r-devel-windows-ix86+x86_64, r-release-windows-ix86+x86_64, r-oldrel-windows-ix86+x86_64