CRAN Package Check Results for Package semPlot

Last updated on 2015-08-29 15:48:04.

Flavor Version Tinstall Tcheck Ttotal Status Flags
r-devel-linux-x86_64-debian-clang 1.0.1 9.58 80.52 90.10 NOTE
r-devel-linux-x86_64-debian-gcc 1.0.1 10.21 79.88 90.09 NOTE
r-devel-linux-x86_64-fedora-clang 1.0.1 177.31 NOTE
r-devel-linux-x86_64-fedora-gcc 1.0.1 170.30 NOTE
r-devel-osx-x86_64-clang 1.0.1 155.14 NOTE
r-devel-windows-ix86+x86_64 1.0.1 36.00 134.00 170.00 NOTE
r-patched-linux-x86_64 1.0.1 9.67 83.96 93.63 NOTE
r-patched-solaris-sparc 1.0.1 1109.30 NOTE
r-patched-solaris-x86 1.0.1 270.80 NOTE
r-release-linux-x86_64 1.0.1 9.92 84.19 94.11 NOTE
r-release-osx-x86_64-mavericks 1.0.1 NOTE
r-release-windows-ix86+x86_64 1.0.1 33.00 136.00 169.00 NOTE
r-oldrel-windows-ix86+x86_64 1.0.1 66.00 349.00 415.00 NOTE

Check Details

Version: 1.0.1
Check: DESCRIPTION meta-information
Result: NOTE
    Malformed Description field: should contain one or more complete sentences.
Flavors: r-devel-linux-x86_64-debian-clang, r-devel-linux-x86_64-debian-gcc, r-devel-linux-x86_64-fedora-clang, r-devel-linux-x86_64-fedora-gcc, r-devel-osx-x86_64-clang, r-devel-windows-ix86+x86_64, r-patched-linux-x86_64, r-patched-solaris-sparc, r-patched-solaris-x86, r-release-linux-x86_64, r-release-osx-x86_64-mavericks, r-release-windows-ix86+x86_64

Version: 1.0.1
Check: dependencies in R code
Result: NOTE
    'library' or 'require' call to ‘MplusAutomation’ in package code.
     Please use :: or requireNamespace() instead.
     See section 'Suggested packages' in the 'Writing R Extensions' manual.
Flavors: r-devel-linux-x86_64-debian-clang, r-devel-linux-x86_64-debian-gcc, r-devel-linux-x86_64-fedora-clang, r-devel-linux-x86_64-fedora-gcc, r-devel-osx-x86_64-clang, r-devel-windows-ix86+x86_64, r-patched-linux-x86_64, r-patched-solaris-sparc, r-patched-solaris-x86, r-release-linux-x86_64, r-release-osx-x86_64-mavericks, r-release-windows-ix86+x86_64, r-oldrel-windows-ix86+x86_64

Version: 1.0.1
Check: S3 generic/method consistency
Result: NOTE
    Found the following apparent S3 methods exported but not registered:
     semPlotModel.S4
    See section ‘Registering S3 methods’ in the ‘Writing R Extensions’
    manual.
Flavors: r-devel-linux-x86_64-debian-clang, r-devel-linux-x86_64-debian-gcc, r-devel-linux-x86_64-fedora-clang, r-devel-linux-x86_64-fedora-gcc, r-devel-osx-x86_64-clang, r-patched-linux-x86_64, r-patched-solaris-sparc, r-patched-solaris-x86, r-release-linux-x86_64

Version: 1.0.1
Check: R code for possible problems
Result: NOTE
    IntInNode: no visible global function definition for ‘lines’
    in2usrX: no visible global function definition for ‘par’
    in2usrY: no visible global function definition for ‘par’
    isColor : <anonymous>: no visible global function definition for
     ‘col2rgb’
    mixColfun: no visible global function definition for ‘col2rgb’
    mixColfun: no visible binding for global variable ‘weighted.mean’
    mixColfun: no visible global function definition for ‘rgb’
    mixInts: no visible global function definition for ‘median’
    semCors: no visible global function definition for ‘cov2cor’
    semCors: no visible global function definition for ‘text’
    semCors: no visible global function definition for ‘par’
    semPaths: no visible global function definition for ‘rainbow’
    semPaths: no visible global function definition for ‘par’
    semPaths: no visible global function definition for ‘median’
    semPaths: no visible global function definition for ‘ave’
    semPaths: no visible global function definition for
     ‘packageDescription’
    semPaths: no visible global function definition for ‘pnorm’
    semPlotModel.factanal: no visible global function definition for
     ‘loadings’
    semPlotModel.mplus.model: no visible global function definition for
     ‘readModels’
    semPlotModel.principal: no visible global function definition for
     ‘loadings’
    semPlotModel.princomp: no visible global function definition for
     ‘loadings’
    semPlotModel_MxRAMModel: no visible global function definition for
     ‘cov’
    standcoefmsem: no visible global function definition for ‘coef’
    usr2inX: no visible global function definition for ‘par’
    usr2inX2: no visible global function definition for ‘par’
    usr2inY: no visible global function definition for ‘par’
    usr2inY2: no visible global function definition for ‘par’
    Undefined global functions or variables:
     ave coef col2rgb cov cov2cor lines loadings median packageDescription
     par pnorm rainbow readModels rgb text weighted.mean
    Consider adding
     importFrom("grDevices", "col2rgb", "rainbow", "rgb")
     importFrom("graphics", "lines", "par", "text")
     importFrom("stats", "ave", "coef", "cov", "cov2cor", "loadings",
     "median", "pnorm", "weighted.mean")
     importFrom("utils", "packageDescription")
    to your NAMESPACE.
Flavors: r-devel-linux-x86_64-debian-clang, r-devel-linux-x86_64-debian-gcc, r-devel-linux-x86_64-fedora-clang, r-devel-linux-x86_64-fedora-gcc, r-devel-windows-ix86+x86_64

Version: 1.0.1
Check: R code for possible problems
Result: NOTE
    semPlotModel.mplus.model: no visible global function definition for
     ‘readModels’
    Undefined global functions or variables:
     readModels
Flavor: r-devel-osx-x86_64-clang

Version: 1.0.1
Check: R code for possible problems
Result: NOTE
    semPlotModel.mplus.model: no visible global function definition for
     ‘readModels’
Flavors: r-patched-linux-x86_64, r-patched-solaris-sparc, r-patched-solaris-x86, r-release-linux-x86_64, r-release-osx-x86_64-mavericks, r-release-windows-ix86+x86_64, r-oldrel-windows-ix86+x86_64