CRAN Package Check Results for Package semPlot

Last updated on 2014-11-23 03:48:10.

Flavor Version Tinstall Tcheck Ttotal Status Flags
r-devel-linux-x86_64-debian-clang 1.0.1 12.27 93.56 105.82 NOTE
r-devel-linux-x86_64-debian-gcc 1.0.1 10.62 90.10 100.71 NOTE
r-devel-linux-x86_64-fedora-clang 1.0.1 232.11 NOTE
r-devel-linux-x86_64-fedora-gcc 1.0.1 222.22 NOTE
r-devel-osx-x86_64-clang 1.0.1 186.95 NOTE
r-devel-windows-ix86+x86_64 1.0.1 28.00 150.00 178.00 NOTE
r-patched-linux-x86_64 1.0.1 13.46 97.24 110.70 NOTE
r-patched-solaris-sparc 1.0.1 1238.90 NOTE
r-patched-solaris-x86 1.0.1 295.80 NOTE
r-release-linux-ix86 1.0.1 13.56 109.07 122.64 NOTE
r-release-linux-x86_64 1.0.1 11.68 96.25 107.94 NOTE
r-release-osx-x86_64-mavericks 1.0.1 OK
r-release-osx-x86_64-snowleopard 1.0.1 OK
r-release-windows-ix86+x86_64 1.0.1 47.00 154.00 201.00 NOTE
r-oldrel-windows-ix86+x86_64 1.0.1 30.00 162.00 192.00 OK

Check Details

Version: 1.0.1
Check: R code for possible problems
Result: NOTE
    semPlotModel.mplus.model: no visible global function definition for
     ‘readModels’
Flavors: r-devel-linux-x86_64-debian-clang, r-devel-linux-x86_64-debian-gcc, r-devel-linux-x86_64-fedora-clang, r-devel-linux-x86_64-fedora-gcc, r-devel-osx-x86_64-clang, r-devel-windows-ix86+x86_64, r-patched-linux-x86_64, r-patched-solaris-sparc, r-patched-solaris-x86, r-release-linux-ix86, r-release-linux-x86_64, r-release-windows-ix86+x86_64