CRAN Package Check Results for Package semPlot

Last updated on 2014-08-22 13:47:03.

Flavor Version Tinstall Tcheck Ttotal Status Flags
r-devel-linux-x86_64-debian-clang 1.0.1 11.26 91.70 102.96 OK
r-devel-linux-x86_64-debian-gcc 1.0.1 10.85 90.38 101.24 OK
r-devel-linux-x86_64-fedora-clang 1.0.1 232.94 NOTE
r-devel-linux-x86_64-fedora-gcc 1.0.1 215.63 NOTE
r-devel-osx-x86_64-clang 1.0.1 172.22 NOTE
r-devel-windows-ix86+x86_64 1.0.1 27.00 134.00 161.00 OK
r-patched-linux-x86_64 1.0.1 11.45 94.46 105.91 OK
r-patched-solaris-sparc 1.0.1 1141.90 OK
r-patched-solaris-x86 1.0.1 296.60 OK
r-release-linux-ix86 1.0.1 13.40 113.36 126.76 OK
r-release-linux-x86_64 1.0.1 11.67 97.30 108.97 OK
r-release-osx-x86_64-mavericks 1.0.1 OK
r-release-osx-x86_64-snowleopard 1.0.1 OK
r-release-windows-ix86+x86_64 1.0.1 30.00 150.00 180.00 OK
r-oldrel-windows-ix86+x86_64 1.0.1 32.00 148.00 180.00 OK

Check Details

Version: 1.0.1
Check: R code for possible problems
Result: NOTE
    semPlotModel.mplus.model: no visible global function definition for
     ‘readModels’
Flavors: r-devel-linux-x86_64-fedora-clang, r-devel-linux-x86_64-fedora-gcc, r-devel-osx-x86_64-clang