CRAN Package Check Results for Package semPlot

Last updated on 2015-01-26 22:47:43.

Flavor Version Tinstall Tcheck Ttotal Status Flags
r-devel-linux-x86_64-debian-clang 1.0.1 9.12 74.42 83.54 NOTE
r-devel-linux-x86_64-debian-gcc 1.0.1 9.24 73.85 83.10 NOTE
r-devel-linux-x86_64-fedora-clang 1.0.1 238.17 NOTE
r-devel-linux-x86_64-fedora-gcc 1.0.1 223.31 NOTE
r-devel-osx-x86_64-clang 1.0.1 196.72 NOTE
r-devel-windows-ix86+x86_64 1.0.1 22.00 103.00 125.00 NOTE
r-patched-linux-x86_64 1.0.1 12.34 103.04 115.38 NOTE
r-patched-solaris-sparc 1.0.1 1307.50 NOTE
r-patched-solaris-x86 1.0.1 308.60 NOTE
r-release-linux-ix86 1.0.1 13.66 115.90 129.56 NOTE
r-release-linux-x86_64 1.0.1 12.36 102.81 115.17 NOTE
r-release-osx-x86_64-mavericks 1.0.1 NOTE
r-release-osx-x86_64-snowleopard 1.0.1 OK
r-release-windows-ix86+x86_64 1.0.1 35.00 181.00 216.00 NOTE
r-oldrel-windows-ix86+x86_64 1.0.1 50.00 240.00 290.00 OK

Check Details

Version: 1.0.1
Check: dependencies in R code
Result: NOTE
    'library' or 'require' call to ‘MplusAutomation’ in package code.
     Please use :: or requireNamespace() instead.
     See section 'Suggested packages' in the 'Writing R Extensions' manual.
Flavors: r-devel-linux-x86_64-debian-clang, r-devel-linux-x86_64-debian-gcc, r-devel-linux-x86_64-fedora-clang, r-devel-linux-x86_64-fedora-gcc, r-devel-osx-x86_64-clang, r-devel-windows-ix86+x86_64

Version: 1.0.1
Check: R code for possible problems
Result: NOTE
    semPlotModel.mplus.model: no visible global function definition for
     ‘readModels’
Flavors: r-devel-linux-x86_64-debian-clang, r-devel-linux-x86_64-debian-gcc, r-devel-linux-x86_64-fedora-clang, r-devel-linux-x86_64-fedora-gcc, r-devel-osx-x86_64-clang, r-devel-windows-ix86+x86_64, r-patched-linux-x86_64, r-patched-solaris-sparc, r-patched-solaris-x86, r-release-linux-ix86, r-release-linux-x86_64, r-release-osx-x86_64-mavericks, r-release-windows-ix86+x86_64

Version: 1.0.1
Check: S3 generic/method consistency
Result: NOTE
    Found the following apparent S3 methods exported but not registered:
     semPlotModel.S4
    See section ‘Registering S3 methods’ in the ‘Writing R Extensions’
    manual.
Flavors: r-devel-linux-x86_64-fedora-clang, r-devel-linux-x86_64-fedora-gcc, r-devel-osx-x86_64-clang