CRAN Package Check Results for Package semPlot

Last updated on 2018-02-17 21:49:41 CET.

Flavor Version Tinstall Tcheck Ttotal Status Flags
r-devel-linux-x86_64-debian-clang 1.1 14.45 134.85 149.30 OK
r-devel-linux-x86_64-debian-gcc 1.1 12.88 107.10 119.98 OK
r-devel-linux-x86_64-fedora-clang 1.1 191.58 OK
r-devel-linux-x86_64-fedora-gcc 1.1 179.53 OK
r-devel-windows-ix86+x86_64 1.1 24.00 150.00 174.00 OK
r-patched-linux-x86_64 1.1 14.69 153.20 167.89 OK
r-patched-solaris-x86 1.1 3.60 ERROR
r-release-linux-x86_64 1.1 13.07 156.83 169.90 OK
r-release-windows-ix86+x86_64 1.1 40.00 220.00 260.00 OK
r-release-osx-x86_64 1.1 OK
r-oldrel-windows-ix86+x86_64 1.1 27.00 190.00 217.00 OK
r-oldrel-osx-x86_64 1.1 OK

Check Details

Version: 1.1
Check: package dependencies
Result: ERROR
    Package required but not available: ‘OpenMx’
    
    See section ‘The DESCRIPTION file’ in the ‘Writing R Extensions’
    manual.
Flavor: r-patched-solaris-x86