CRAN Package Check Results for Package semPlot

Last updated on 2014-10-20 11:48:43.

Flavor Version Tinstall Tcheck Ttotal Status Flags
r-devel-linux-x86_64-debian-clang 1.0.1 10.92 92.23 103.14 NOTE
r-devel-linux-x86_64-debian-gcc 1.0.1 10.95 94.29 105.24 NOTE
r-devel-linux-x86_64-fedora-clang 1.0.1 236.08 NOTE
r-devel-linux-x86_64-fedora-gcc 1.0.1 222.28 NOTE
r-devel-osx-x86_64-clang 1.0.1 187.56 NOTE
r-devel-windows-ix86+x86_64 1.0.1 25.00 139.00 164.00 NOTE
r-patched-linux-x86_64 1.0.1 11.83 96.68 108.51 NOTE
r-patched-solaris-sparc 1.0.1 1238.90 NOTE
r-patched-solaris-x86 1.0.1 292.80 NOTE
r-release-linux-ix86 1.0.1 13.81 116.62 130.43 OK
r-release-linux-x86_64 1.0.1 11.88 97.18 109.06 OK
r-release-osx-x86_64-mavericks 1.0.1 OK
r-release-osx-x86_64-snowleopard 1.0.1 OK
r-release-windows-ix86+x86_64 1.0.1 34.00 158.00 192.00 OK
r-oldrel-windows-ix86+x86_64 1.0.1 28.00 159.00 187.00 OK

Check Details

Version: 1.0.1
Check: R code for possible problems
Result: NOTE
    semPlotModel.mplus.model: no visible global function definition for
     ‘readModels’
Flavors: r-devel-linux-x86_64-debian-clang, r-devel-linux-x86_64-debian-gcc, r-devel-linux-x86_64-fedora-clang, r-devel-linux-x86_64-fedora-gcc, r-devel-osx-x86_64-clang, r-devel-windows-ix86+x86_64, r-patched-linux-x86_64, r-patched-solaris-sparc, r-patched-solaris-x86