CRAN Package Check Results for Package semPlot

Last updated on 2014-12-20 01:49:27.

Flavor Version Tinstall Tcheck Ttotal Status Flags
r-devel-linux-x86_64-debian-clang 1.0.1 11.26 101.15 112.41 NOTE
r-devel-linux-x86_64-debian-gcc 1.0.1 11.10 94.86 105.95 NOTE
r-devel-linux-x86_64-fedora-clang 1.0.1 247.59 NOTE
r-devel-linux-x86_64-fedora-gcc 1.0.1 220.47 NOTE
r-devel-osx-x86_64-clang 1.0.1 199.37 NOTE
r-devel-windows-ix86+x86_64 1.0.1 32.00 155.00 187.00 NOTE
r-patched-linux-x86_64 1.0.1 12.08 102.27 114.35 NOTE
r-patched-solaris-sparc 1.0.1 1238.90 NOTE
r-patched-solaris-x86 1.0.1 301.60 NOTE
r-release-linux-ix86 1.0.1 13.51 114.96 128.47 NOTE
r-release-linux-x86_64 1.0.1 12.36 103.86 116.21 NOTE
r-release-osx-x86_64-mavericks 1.0.1 OK
r-release-osx-x86_64-snowleopard 1.0.1 OK
r-release-windows-ix86+x86_64 1.0.1 35.00 162.00 197.00 NOTE
r-oldrel-windows-ix86+x86_64 1.0.1 37.00 158.00 195.00 OK

Check Details

Version: 1.0.1
Check: R code for possible problems
Result: NOTE
    semPlotModel.mplus.model: no visible global function definition for
     ‘readModels’
Flavors: r-devel-linux-x86_64-debian-clang, r-devel-linux-x86_64-debian-gcc, r-devel-linux-x86_64-fedora-clang, r-devel-linux-x86_64-fedora-gcc, r-devel-osx-x86_64-clang, r-devel-windows-ix86+x86_64, r-patched-linux-x86_64, r-patched-solaris-sparc, r-patched-solaris-x86, r-release-linux-ix86, r-release-linux-x86_64, r-release-windows-ix86+x86_64