CRAN Package Check Results for Package semPlot

Last updated on 2015-07-02 03:47:08.

Flavor Version Tinstall Tcheck Ttotal Status Flags
r-devel-linux-x86_64-debian-clang 1.0.1 9.15 80.74 89.90 NOTE
r-devel-linux-x86_64-debian-gcc 1.0.1 8.93 78.22 87.16 NOTE
r-devel-linux-x86_64-fedora-clang 1.0.1 176.80 NOTE
r-devel-linux-x86_64-fedora-gcc 1.0.1 169.98 NOTE
r-devel-osx-x86_64-clang 1.0.1 139.83 NOTE
r-devel-windows-ix86+x86_64 1.0.1 24.00 124.00 148.00 NOTE
r-patched-linux-x86_64 1.0.1 9.14 81.30 90.44 NOTE
r-patched-solaris-sparc 1.0.1 941.90 NOTE
r-patched-solaris-x86 1.0.1 250.60 NOTE
r-release-linux-x86_64 1.0.1 8.85 79.26 88.11 NOTE
r-release-osx-x86_64-mavericks 1.0.1 NOTE
r-release-windows-ix86+x86_64 1.0.1 21.00 123.00 144.00 NOTE
r-oldrel-windows-ix86+x86_64 1.0.1 46.00 224.00 270.00 NOTE

Check Details

Version: 1.0.1
Check: DESCRIPTION meta-information
Result: NOTE
    Malformed Description field: should contain one or more complete sentences.
Flavors: r-devel-linux-x86_64-debian-clang, r-devel-linux-x86_64-debian-gcc, r-devel-linux-x86_64-fedora-clang, r-devel-linux-x86_64-fedora-gcc, r-devel-osx-x86_64-clang, r-devel-windows-ix86+x86_64, r-patched-linux-x86_64, r-patched-solaris-sparc, r-patched-solaris-x86, r-release-linux-x86_64, r-release-osx-x86_64-mavericks, r-release-windows-ix86+x86_64

Version: 1.0.1
Check: dependencies in R code
Result: NOTE
    'library' or 'require' call to ‘MplusAutomation’ in package code.
     Please use :: or requireNamespace() instead.
     See section 'Suggested packages' in the 'Writing R Extensions' manual.
Flavors: r-devel-linux-x86_64-debian-clang, r-devel-linux-x86_64-debian-gcc, r-devel-linux-x86_64-fedora-clang, r-devel-linux-x86_64-fedora-gcc, r-devel-osx-x86_64-clang, r-devel-windows-ix86+x86_64, r-patched-linux-x86_64, r-patched-solaris-sparc, r-patched-solaris-x86, r-release-linux-x86_64, r-release-osx-x86_64-mavericks, r-release-windows-ix86+x86_64, r-oldrel-windows-ix86+x86_64

Version: 1.0.1
Check: S3 generic/method consistency
Result: NOTE
    Found the following apparent S3 methods exported but not registered:
     semPlotModel.S4
    See section ‘Registering S3 methods’ in the ‘Writing R Extensions’
    manual.
Flavors: r-devel-linux-x86_64-debian-clang, r-devel-linux-x86_64-debian-gcc, r-devel-linux-x86_64-fedora-clang, r-devel-linux-x86_64-fedora-gcc, r-devel-osx-x86_64-clang, r-patched-linux-x86_64, r-patched-solaris-sparc, r-patched-solaris-x86, r-release-linux-x86_64

Version: 1.0.1
Check: R code for possible problems
Result: NOTE
    IntInNode: no visible global function definition for ‘lines’
    in2usrX: no visible global function definition for ‘par’
    in2usrY: no visible global function definition for ‘par’
    isColor : <anonymous>: no visible global function definition for
     ‘col2rgb’
    mixColfun: no visible global function definition for ‘col2rgb’
    mixColfun: no visible binding for global variable ‘weighted.mean’
    mixColfun: no visible global function definition for ‘rgb’
    mixInts: no visible global function definition for ‘median’
    semCors: no visible global function definition for ‘cov2cor’
    semCors: no visible global function definition for ‘text’
    semCors: no visible global function definition for ‘par’
    semPaths: no visible global function definition for ‘rainbow’
    semPaths: no visible global function definition for ‘par’
    semPaths: no visible global function definition for ‘median’
    semPaths: no visible global function definition for ‘ave’
    semPaths: no visible global function definition for
     ‘packageDescription’
    semPaths: no visible global function definition for ‘pnorm’
    semPlotModel.factanal: no visible global function definition for
     ‘loadings’
    semPlotModel.mplus.model: no visible global function definition for
     ‘readModels’
    semPlotModel.principal: no visible global function definition for
     ‘loadings’
    semPlotModel.princomp: no visible global function definition for
     ‘loadings’
    semPlotModel_MxRAMModel: no visible global function definition for
     ‘cov’
    standcoefmsem: no visible global function definition for ‘coef’
    usr2inX: no visible global function definition for ‘par’
    usr2inX2: no visible global function definition for ‘par’
    usr2inY: no visible global function definition for ‘par’
    usr2inY2: no visible global function definition for ‘par’
Flavors: r-devel-linux-x86_64-debian-clang, r-devel-linux-x86_64-debian-gcc, r-devel-linux-x86_64-fedora-clang, r-devel-linux-x86_64-fedora-gcc, r-devel-windows-ix86+x86_64

Version: 1.0.1
Check: R code for possible problems
Result: NOTE
    semPlotModel.mplus.model: no visible global function definition for
     ‘readModels’
Flavors: r-devel-osx-x86_64-clang, r-patched-linux-x86_64, r-patched-solaris-sparc, r-patched-solaris-x86, r-release-linux-x86_64, r-release-osx-x86_64-mavericks, r-release-windows-ix86+x86_64, r-oldrel-windows-ix86+x86_64