CRAN Package Check Results for Package semPlot

Last updated on 2014-09-30 05:47:47.

Flavor Version Tinstall Tcheck Ttotal Status Flags
r-devel-linux-x86_64-debian-clang 1.0.1 10.85 94.25 105.10 NOTE
r-devel-linux-x86_64-debian-gcc 1.0.1 11.37 89.70 101.08 NOTE
r-devel-linux-x86_64-fedora-clang 1.0.1 235.76 NOTE
r-devel-linux-x86_64-fedora-gcc 1.0.1 220.81 NOTE
r-devel-osx-x86_64-clang 1.0.1 175.04 NOTE
r-devel-windows-ix86+x86_64 1.0.1 29.00 144.00 173.00 NOTE
r-patched-linux-x86_64 1.0.1 15.25 97.45 112.70 OK
r-patched-solaris-sparc 1.0.1 1141.90 OK
r-patched-solaris-x86 1.0.1 303.60 OK
r-release-linux-ix86 1.0.1 13.81 116.45 130.26 OK
r-release-linux-x86_64 1.0.1 12.15 101.56 113.71 OK
r-release-osx-x86_64-mavericks 1.0.1 OK
r-release-osx-x86_64-snowleopard 1.0.1 OK
r-release-windows-ix86+x86_64 1.0.1 27.00 153.00 180.00 OK
r-oldrel-windows-ix86+x86_64 1.0.1 31.00 156.00 187.00 OK

Check Details

Version: 1.0.1
Check: R code for possible problems
Result: NOTE
    semPlotModel.mplus.model: no visible global function definition for
     ‘readModels’
Flavors: r-devel-linux-x86_64-debian-clang, r-devel-linux-x86_64-debian-gcc, r-devel-linux-x86_64-fedora-clang, r-devel-linux-x86_64-fedora-gcc, r-devel-osx-x86_64-clang, r-devel-windows-ix86+x86_64