CRAN Package Check Results for Package semTools

Last updated on 2015-05-27 06:46:59.

Flavor Version Tinstall Tcheck Ttotal Status Flags
r-devel-linux-x86_64-debian-clang 0.4-6 1.94 89.92 91.86 NOTE
r-devel-linux-x86_64-debian-gcc 0.4-6 1.88 90.34 92.22 NOTE
r-devel-linux-x86_64-fedora-clang 0.4-6 182.24 NOTE
r-devel-linux-x86_64-fedora-gcc 0.4-6 173.42 NOTE
r-devel-osx-x86_64-clang 0.4-6 153.85 NOTE
r-devel-windows-ix86+x86_64 0.4-6 6.00 119.00 125.00 NOTE
r-patched-linux-x86_64 0.4-6 2.11 92.46 94.56 NOTE
r-patched-solaris-sparc 0.4-6 1139.60 NOTE
r-patched-solaris-x86 0.4-6 205.50 NOTE
r-release-linux-x86_64 0.4-6 1.90 91.15 93.05 NOTE
r-release-osx-x86_64-mavericks 0.4-6 NOTE
r-release-osx-x86_64-snowleopard 0.4-6 NOTE
r-release-windows-ix86+x86_64 0.4-6 8.00 155.00 163.00 NOTE
r-oldrel-windows-ix86+x86_64 0.4-6 7.00 125.00 132.00 NOTE

Check Details

Version: 0.4-6
Check: DESCRIPTION meta-information
Result: NOTE
    Malformed Title field: should not end in a period.
    Malformed Description field: should contain one or more complete sentences.
Flavors: r-devel-linux-x86_64-debian-clang, r-devel-linux-x86_64-debian-gcc, r-devel-linux-x86_64-fedora-clang, r-devel-linux-x86_64-fedora-gcc, r-devel-osx-x86_64-clang, r-devel-windows-ix86+x86_64, r-patched-linux-x86_64, r-patched-solaris-sparc, r-patched-solaris-x86, r-release-linux-x86_64, r-release-osx-x86_64-mavericks, r-release-osx-x86_64-snowleopard, r-release-windows-ix86+x86_64

Version: 0.4-6
Check: dependencies in R code
Result: NOTE
    'library' or 'require' calls in package code:
     ‘Amelia’ ‘GPArotation’ ‘MASS’ ‘OpenMx’ ‘mice’ ‘mnormt’
     Please use :: or requireNamespace() instead.
     See section 'Suggested packages' in the 'Writing R Extensions' manual.
Flavors: r-devel-linux-x86_64-debian-clang, r-devel-linux-x86_64-debian-gcc, r-devel-linux-x86_64-fedora-clang, r-devel-linux-x86_64-fedora-gcc, r-devel-osx-x86_64-clang, r-devel-windows-ix86+x86_64, r-patched-linux-x86_64, r-patched-solaris-sparc, r-patched-solaris-x86, r-release-linux-x86_64, r-release-osx-x86_64-mavericks, r-release-osx-x86_64-snowleopard, r-release-windows-ix86+x86_64, r-oldrel-windows-ix86+x86_64

Version: 0.4-6
Check: package dependencies
Result: NOTE
    Package suggested but not available for checking: ‘OpenMx’
Flavors: r-release-osx-x86_64-mavericks, r-release-osx-x86_64-snowleopard, r-oldrel-windows-ix86+x86_64