CRAN Package Check Results for Package semTools

Last updated on 2015-01-25 09:51:39.

Flavor Version Tinstall Tcheck Ttotal Status Flags
r-devel-linux-x86_64-debian-clang 0.4-6 2.20 100.88 103.08 NOTE
r-devel-linux-x86_64-debian-gcc 0.4-6 2.07 97.64 99.71 NOTE
r-devel-linux-x86_64-fedora-clang 0.4-6 219.32 NOTE
r-devel-linux-x86_64-fedora-gcc 0.4-6 198.03 NOTE
r-devel-osx-x86_64-clang 0.4-6 173.89 NOTE
r-devel-windows-ix86+x86_64 0.4-6 7.00 132.00 139.00 NOTE
r-patched-linux-x86_64 0.4-6 2.16 108.78 110.94 NOTE
r-patched-solaris-sparc 0.4-6 1252.50 NOTE
r-patched-solaris-x86 0.4-6 242.70 NOTE
r-release-linux-ix86 0.4-6 2.88 124.16 127.04 NOTE
r-release-linux-x86_64 0.4-6 2.23 106.98 109.21 NOTE
r-release-osx-x86_64-mavericks 0.4-6 NOTE
r-release-osx-x86_64-snowleopard 0.4-6 NOTE
r-release-windows-ix86+x86_64 0.4-6 7.00 150.00 157.00 NOTE
r-oldrel-windows-ix86+x86_64 0.4-6 8.00 148.00 156.00 NOTE

Check Details

Version: 0.4-6
Check: package dependencies
Result: NOTE
    Package suggested but not available for checking: ‘OpenMx’
Flavors: r-devel-linux-x86_64-debian-clang, r-devel-linux-x86_64-debian-gcc, r-devel-linux-x86_64-fedora-clang, r-devel-linux-x86_64-fedora-gcc, r-devel-osx-x86_64-clang, r-devel-windows-ix86+x86_64, r-patched-linux-x86_64, r-patched-solaris-sparc, r-patched-solaris-x86, r-release-linux-ix86, r-release-linux-x86_64, r-release-osx-x86_64-mavericks, r-release-osx-x86_64-snowleopard, r-release-windows-ix86+x86_64, r-oldrel-windows-ix86+x86_64

Version: 0.4-6
Check: dependencies in R code
Result: NOTE
    'library' or 'require' calls in package code:
     ‘Amelia’ ‘GPArotation’ ‘MASS’ ‘OpenMx’ ‘mice’ ‘mnormt’
     Please use :: or requireNamespace() instead.
     See section 'Suggested packages' in the 'Writing R Extensions' manual.
Flavors: r-devel-linux-x86_64-debian-clang, r-devel-linux-x86_64-debian-gcc, r-devel-linux-x86_64-fedora-clang, r-devel-linux-x86_64-fedora-gcc, r-devel-osx-x86_64-clang, r-devel-windows-ix86+x86_64