CRAN Package Check Results for Package semTools

Last updated on 2015-03-30 23:47:58.

Flavor Version Tinstall Tcheck Ttotal Status Flags
r-devel-linux-x86_64-debian-clang 0.4-6 1.92 112.54 114.46 NOTE
r-devel-linux-x86_64-debian-gcc 0.4-6 2.98 97.02 100.01 NOTE
r-devel-linux-x86_64-fedora-clang 0.4-6 194.21 NOTE
r-devel-linux-x86_64-fedora-gcc 0.4-6 192.74 NOTE
r-devel-osx-x86_64-clang 0.4-6 168.22 NOTE
r-prerel-windows-ix86+x86_64 0.4-6 7.00 134.00 141.00 NOTE
r-prerel-linux-x86_64 0.4-6 3.10 94.38 97.48 NOTE
r-prerel-solaris-sparc 0.4-6 1164.50 NOTE
r-prerel-solaris-x86 0.4-6 220.20 NOTE
r-release-linux-x86_64 0.4-6 2.20 104.96 107.15 NOTE
r-release-osx-x86_64-mavericks 0.4-6 NOTE
r-release-osx-x86_64-snowleopard 0.4-6 NOTE
r-release-windows-ix86+x86_64 0.4-6 7.00 152.00 159.00 NOTE
r-oldrel-windows-ix86+x86_64 0.4-6 8.00 154.00 162.00 NOTE

Check Details

Version: 0.4-6
Check: package dependencies
Result: NOTE
    Package suggested but not available for checking: ‘OpenMx’
Flavors: r-devel-linux-x86_64-debian-clang, r-devel-linux-x86_64-debian-gcc, r-devel-linux-x86_64-fedora-clang, r-devel-linux-x86_64-fedora-gcc, r-devel-osx-x86_64-clang, r-prerel-windows-ix86+x86_64, r-prerel-linux-x86_64, r-prerel-solaris-sparc, r-prerel-solaris-x86, r-release-linux-x86_64, r-release-osx-x86_64-mavericks, r-release-osx-x86_64-snowleopard, r-release-windows-ix86+x86_64, r-oldrel-windows-ix86+x86_64

Version: 0.4-6
Check: DESCRIPTION meta-information
Result: NOTE
    Malformed Title field: should not end in a period.
    Malformed Description field: should contain one or more complete sentences.
Flavors: r-devel-linux-x86_64-debian-clang, r-devel-linux-x86_64-debian-gcc, r-devel-linux-x86_64-fedora-clang, r-devel-linux-x86_64-fedora-gcc, r-devel-osx-x86_64-clang, r-prerel-windows-ix86+x86_64, r-prerel-linux-x86_64, r-prerel-solaris-sparc, r-prerel-solaris-x86

Version: 0.4-6
Check: dependencies in R code
Result: NOTE
    'library' or 'require' calls in package code:
     ‘Amelia’ ‘GPArotation’ ‘MASS’ ‘OpenMx’ ‘mice’ ‘mnormt’
     Please use :: or requireNamespace() instead.
     See section 'Suggested packages' in the 'Writing R Extensions' manual.
Flavors: r-devel-linux-x86_64-debian-clang, r-devel-linux-x86_64-debian-gcc, r-devel-linux-x86_64-fedora-clang, r-devel-linux-x86_64-fedora-gcc, r-devel-osx-x86_64-clang, r-prerel-windows-ix86+x86_64, r-prerel-linux-x86_64, r-prerel-solaris-sparc, r-prerel-solaris-x86, r-release-linux-x86_64, r-release-windows-ix86+x86_64