CRAN Package Check Results for Package semTools

Last updated on 2015-07-06 14:48:54.

Flavor Version Tinstall Tcheck Ttotal Status Flags
r-devel-linux-x86_64-debian-clang 0.4-9 1.95 93.04 94.98 NOTE
r-devel-linux-x86_64-debian-gcc 0.4-9 2.88 93.50 96.38 NOTE
r-devel-linux-x86_64-fedora-clang 0.4-9 186.05 NOTE
r-devel-linux-x86_64-fedora-gcc 0.4-9 174.40 NOTE
r-devel-osx-x86_64-clang 0.4-9 137.97 OK
r-devel-windows-ix86+x86_64 0.4-9 10.00 138.00 148.00 NOTE
r-patched-linux-x86_64 0.4-9 2.01 90.35 92.36 OK
r-patched-solaris-sparc 0.4-9 1055.90 OK
r-patched-solaris-x86 0.4-9 210.90 OK
r-release-linux-x86_64 0.4-9 1.94 95.57 97.51 OK
r-release-osx-x86_64-mavericks 0.4-9 OK
r-release-windows-ix86+x86_64 0.4-9 11.00 138.00 149.00 OK
r-oldrel-windows-ix86+x86_64 0.4-9 13.00 167.00 180.00 OK

Check Details

Version: 0.4-9
Check: R code for possible problems
Result: NOTE
    auxiliary: no visible global function definition for ‘as’
    bsBootMiss: no visible global function definition for ‘hasArg’
    compareFit: no visible global function definition for ‘anova’
    efaUnrotate: no visible global function definition for ‘factanal’
    efaUnrotate: no visible global function definition for ‘as’
    fitMeasuresLavaanStar: no visible global function definition for
     ‘getMethod’
    fitMeasuresMx: no visible global function definition for ‘uniroot’
    imposeStart: no visible global function definition for ‘coef’
    indProd: no visible global function definition for ‘lm’
    invGeneralReliaCat: no visible global function definition for ‘pnorm’
    kurtosis: no visible global function definition for ‘pnorm’
    lisrel2lavaan : lisrel : getData: no visible global function definition
     for ‘read.table’
    lisrel2lavaan : lisrel : getData: no visible global function definition
     for ‘read.csv’
    lisrel2lavaan : lisrel: no visible global function definition for
     ‘read.table’
    lmrrPooledChi: no visible global function definition for ‘pf’
    mardiaKurtosis: no visible global function definition for ‘pnorm’
    miPoolVector: no visible binding for global variable ‘var’
    monteCarloMed: no visible global function definition for ‘coef’
    monteCarloMed: no visible global function definition for ‘vcov’
    moran: no visible global function definition for ‘pnorm’
    mrPooledChi: no visible global function definition for ‘pf’
    nullMxSingleGroup: no visible binding for global variable ‘var’
    omegaCat: no visible global function definition for ‘pnorm’
    parcelAllocation: no visible global function definition for ‘read.csv’
    partialInvariance: no visible global function definition for ‘coef’
    partialInvariance: no visible global function definition for
     ‘fitted.values’
    partialInvarianceCat: no visible global function definition for ‘coef’
    permuteMeasEq: no visible global function definition for ‘anova’
    probe2WayMC: no visible global function definition for ‘vcov’
    probe2WayMC : pvalue: no visible global function definition for ‘pnorm’
    probe2WayRC: no visible global function definition for ‘vcov’
    probe2WayRC : pvalue: no visible global function definition for ‘pnorm’
    probe3WayMC: no visible global function definition for ‘vcov’
    probe3WayMC : pvalue: no visible global function definition for ‘pnorm’
    probe3WayRC: no visible global function definition for ‘vcov’
    probe3WayRC : pvalue: no visible global function definition for ‘pnorm’
    reliability: no visible global function definition for ‘fitted.values’
    residualCovariate: no visible global function definition for ‘lm’
    runMI: no visible global function definition for ‘as’
    saturateMxSingleGroup: no visible binding for global variable ‘var’
    seStdLoadings: no visible global function definition for ‘vcov’
    sic: no visible global function definition for ‘nobs’
    skew: no visible global function definition for ‘pnorm’
    spatialCorrect: no visible global function definition for ‘residuals’
    spatialCorrect: no visible global function definition for ‘dist’
    spatialCorrect: no visible global function definition for ‘vcov’
    spatialCorrect : <anonymous>: no visible global function definition for
     ‘coef’
    spatialCorrect : <anonymous>: no visible global function definition for
     ‘pnorm’
    splitSample: no visible global function definition for ‘read.table’
    splitSample: no visible global function definition for ‘read.csv’
    stdLoad: no visible global function definition for ‘fitted.values’
    testLoadings: no visible global function definition for ‘pnorm’
    tukeySEM: no visible global function definition for ‘ptukey’
    wald: no visible global function definition for ‘coef’
    waldContrast: no visible global function definition for ‘coef’
    waldContrast: no visible global function definition for ‘vcov’
    hist,BootMiss: no visible global function definition for ‘dchisq’
    inspect,lavaanStar: no visible global function definition for
     ‘getMethod’
    summary,BootMiss: no visible global function definition for ‘var’
    summary,lavaanStar: no visible global function definition for
     ‘getMethod’
    Undefined global functions or variables:
     anova as coef dchisq dist factanal fitted.values getMethod hasArg lm
     nobs pf pnorm ptukey read.csv read.table residuals uniroot var vcov
Flavors: r-devel-linux-x86_64-debian-clang, r-devel-linux-x86_64-debian-gcc, r-devel-linux-x86_64-fedora-clang, r-devel-linux-x86_64-fedora-gcc, r-devel-windows-ix86+x86_64