CRAN Package Check Results for Package semTools

Last updated on 2015-09-03 03:48:43.

Flavor Version Tinstall Tcheck Ttotal Status Flags
r-devel-linux-x86_64-debian-clang 0.4-9 2.02 92.74 94.77 NOTE
r-devel-linux-x86_64-debian-gcc 0.4-9 1.92 88.90 90.82 NOTE
r-devel-linux-x86_64-fedora-clang 0.4-9 182.18 NOTE
r-devel-linux-x86_64-fedora-gcc 0.4-9 169.75 NOTE
r-devel-osx-x86_64-clang 0.4-9 138.15 OK
r-devel-windows-ix86+x86_64 0.4-9 9.00 151.00 160.00 NOTE
r-patched-linux-x86_64 0.4-9 2.10 93.04 95.13 OK
r-patched-solaris-sparc 0.4-9 1172.60 OK
r-patched-solaris-x86 0.4-9 213.20 OK
r-release-linux-x86_64 0.4-9 2.70 92.73 95.43 OK
r-release-osx-x86_64-mavericks 0.4-9 OK
r-release-windows-ix86+x86_64 0.4-9 9.00 206.00 215.00 OK
r-oldrel-windows-ix86+x86_64 0.4-9 13.00 228.00 241.00 OK

Check Details

Version: 0.4-9
Check: R code for possible problems
Result: NOTE
    auxiliary: no visible global function definition for ‘as’
    bsBootMiss: no visible global function definition for ‘hasArg’
    compareFit: no visible global function definition for ‘anova’
    efaUnrotate: no visible global function definition for ‘factanal’
    efaUnrotate: no visible global function definition for ‘as’
    fitMeasuresLavaanStar: no visible global function definition for
     ‘getMethod’
    fitMeasuresMx: no visible global function definition for ‘uniroot’
    imposeStart: no visible global function definition for ‘coef’
    indProd: no visible global function definition for ‘lm’
    invGeneralReliaCat: no visible global function definition for ‘pnorm’
    kurtosis: no visible global function definition for ‘pnorm’
    lisrel2lavaan : lisrel : getData: no visible global function definition
     for ‘read.table’
    lisrel2lavaan : lisrel : getData: no visible global function definition
     for ‘read.csv’
    lisrel2lavaan : lisrel: no visible global function definition for
     ‘read.table’
    lmrrPooledChi: no visible global function definition for ‘pf’
    mardiaKurtosis: no visible global function definition for ‘pnorm’
    miPoolVector: no visible binding for global variable ‘var’
    monteCarloMed: no visible global function definition for ‘coef’
    monteCarloMed: no visible global function definition for ‘vcov’
    moran: no visible global function definition for ‘pnorm’
    mrPooledChi: no visible global function definition for ‘pf’
    nullMxSingleGroup: no visible binding for global variable ‘var’
    omegaCat: no visible global function definition for ‘pnorm’
    parcelAllocation: no visible global function definition for ‘read.csv’
    partialInvariance: no visible global function definition for ‘coef’
    partialInvariance: no visible global function definition for
     ‘fitted.values’
    partialInvarianceCat: no visible global function definition for ‘coef’
    permuteMeasEq: no visible global function definition for ‘anova’
    probe2WayMC: no visible global function definition for ‘vcov’
    probe2WayMC : pvalue: no visible global function definition for ‘pnorm’
    probe2WayRC: no visible global function definition for ‘vcov’
    probe2WayRC : pvalue: no visible global function definition for ‘pnorm’
    probe3WayMC: no visible global function definition for ‘vcov’
    probe3WayMC : pvalue: no visible global function definition for ‘pnorm’
    probe3WayRC: no visible global function definition for ‘vcov’
    probe3WayRC : pvalue: no visible global function definition for ‘pnorm’
    reliability: no visible global function definition for ‘fitted.values’
    residualCovariate: no visible global function definition for ‘lm’
    runMI: no visible global function definition for ‘as’
    saturateMxSingleGroup: no visible binding for global variable ‘var’
    seStdLoadings: no visible global function definition for ‘vcov’
    sic: no visible global function definition for ‘nobs’
    skew: no visible global function definition for ‘pnorm’
    spatialCorrect: no visible global function definition for ‘residuals’
    spatialCorrect: no visible global function definition for ‘dist’
    spatialCorrect: no visible global function definition for ‘vcov’
    spatialCorrect : <anonymous>: no visible global function definition for
     ‘coef’
    spatialCorrect : <anonymous>: no visible global function definition for
     ‘pnorm’
    splitSample: no visible global function definition for ‘read.table’
    splitSample: no visible global function definition for ‘read.csv’
    stdLoad: no visible global function definition for ‘fitted.values’
    testLoadings: no visible global function definition for ‘pnorm’
    tukeySEM: no visible global function definition for ‘ptukey’
    wald: no visible global function definition for ‘coef’
    waldContrast: no visible global function definition for ‘coef’
    waldContrast: no visible global function definition for ‘vcov’
    hist,BootMiss: no visible global function definition for ‘dchisq’
    inspect,lavaanStar: no visible global function definition for
     ‘getMethod’
    summary,BootMiss: no visible global function definition for ‘var’
    summary,lavaanStar: no visible global function definition for
     ‘getMethod’
    Undefined global functions or variables:
     anova as coef dchisq dist factanal fitted.values getMethod hasArg lm
     nobs pf pnorm ptukey read.csv read.table residuals uniroot var vcov
    Consider adding
     importFrom("methods", "as", "getMethod", "hasArg")
     importFrom("stats", "anova", "coef", "dchisq", "dist", "factanal",
     "fitted.values", "lm", "nobs", "pf", "pnorm", "ptukey",
     "residuals", "uniroot", "var", "vcov")
     importFrom("utils", "read.csv", "read.table")
    to your NAMESPACE (and ensure that your DESCRIPTION Imports field
    contains 'methods').
Flavors: r-devel-linux-x86_64-debian-clang, r-devel-linux-x86_64-debian-gcc, r-devel-linux-x86_64-fedora-clang, r-devel-linux-x86_64-fedora-gcc, r-devel-windows-ix86+x86_64