CRAN Package Check Results for Package semTools

Last updated on 2018-02-20 18:46:46 CET.

Flavor Version Tinstall Tcheck Ttotal Status Flags
r-devel-linux-x86_64-debian-clang 0.4-14 21.54 155.13 176.67 OK
r-devel-linux-x86_64-debian-gcc 0.4-14 21.49 116.85 138.34 OK
r-devel-linux-x86_64-fedora-clang 0.4-14 220.35 OK
r-devel-linux-x86_64-fedora-gcc 0.4-14 207.11 OK
r-devel-windows-ix86+x86_64 0.4-14 32.00 156.00 188.00 OK
r-patched-linux-x86_64 0.4-14 2.82 185.90 188.72 OK
r-patched-solaris-x86 0.4-14 242.60 NOTE
r-release-linux-x86_64 0.4-14 2.76 181.85 184.61 OK
r-release-windows-ix86+x86_64 0.4-14 7.00 233.00 240.00 OK
r-release-osx-x86_64 0.4-14 OK
r-oldrel-windows-ix86+x86_64 0.4-14 11.00 211.00 222.00 OK
r-oldrel-osx-x86_64 0.4-14 OK

Check Details

Version: 0.4-14
Check: package dependencies
Result: NOTE
    Package suggested but not available for checking: ‘OpenMx’
Flavor: r-patched-solaris-x86