CRAN Package Check Results for Package semTools

Last updated on 2014-12-21 01:47:09.

Flavor Version Tinstall Tcheck Ttotal Status Flags
r-devel-linux-x86_64-debian-clang 0.4-6 2.32 100.81 103.12 NOTE
r-devel-linux-x86_64-debian-gcc 0.4-6 2.11 96.89 99.00 NOTE
r-devel-linux-x86_64-fedora-clang 0.4-6 217.21 NOTE
r-devel-linux-x86_64-fedora-gcc 0.4-6 200.31 NOTE
r-devel-osx-x86_64-clang 0.4-6 175.83 NOTE
r-devel-windows-ix86+x86_64 0.4-6 8.00 137.00 145.00 NOTE
r-patched-linux-x86_64 0.4-6 2.20 104.61 106.80 NOTE
r-patched-solaris-sparc 0.4-6 1164.80 NOTE
r-patched-solaris-x86 0.4-6 240.30 NOTE
r-release-linux-ix86 0.4-6 2.86 124.24 127.10 NOTE
r-release-linux-x86_64 0.4-6 2.36 107.54 109.90 NOTE
r-release-osx-x86_64-mavericks 0.4-6 NOTE
r-release-osx-x86_64-snowleopard 0.4-6 NOTE
r-release-windows-ix86+x86_64 0.4-6 7.00 154.00 161.00 NOTE
r-oldrel-windows-ix86+x86_64 0.4-6 7.00 141.00 148.00 NOTE

Check Details

Version: 0.4-6
Check: package dependencies
Result: NOTE
    Package suggested but not available for checking: ‘OpenMx’
Flavors: r-devel-linux-x86_64-debian-clang, r-devel-linux-x86_64-debian-gcc, r-devel-linux-x86_64-fedora-clang, r-devel-linux-x86_64-fedora-gcc, r-devel-osx-x86_64-clang, r-devel-windows-ix86+x86_64, r-patched-linux-x86_64, r-patched-solaris-sparc, r-patched-solaris-x86, r-release-linux-ix86, r-release-linux-x86_64, r-release-osx-x86_64-mavericks, r-release-osx-x86_64-snowleopard, r-release-windows-ix86+x86_64, r-oldrel-windows-ix86+x86_64