CRAN Package Check Results for Package semTools

Last updated on 2015-04-19 10:52:03.

Flavor Version Tinstall Tcheck Ttotal Status Flags
r-devel-linux-x86_64-debian-clang 0.4-6 1.94 95.20 97.14 NOTE
r-devel-linux-x86_64-debian-gcc 0.4-6 1.89 89.24 91.12 NOTE
r-devel-linux-x86_64-fedora-clang 0.4-6 184.47 NOTE
r-devel-linux-x86_64-fedora-gcc 0.4-6 172.93 NOTE
r-devel-osx-x86_64-clang 0.4-6 153.42 NOTE
r-devel-windows-ix86+x86_64 0.4-6 8.00 177.00 185.00 NOTE
r-patched-linux-x86_64 0.4-6 2.38 90.31 92.69 NOTE
r-patched-solaris-sparc 0.4-6 1164.50 NOTE
r-patched-solaris-x86 0.4-6 202.50 NOTE
r-release-linux-x86_64 0.4-6 3.08 86.33 89.41 NOTE
r-release-osx-x86_64-mavericks 0.4-6 NOTE
r-release-osx-x86_64-snowleopard 0.4-6 NOTE
r-release-windows-ix86+x86_64 0.4-6 5.00 129.00 134.00 NOTE
r-oldrel-windows-ix86+x86_64 0.4-6 7.00 196.00 203.00 NOTE

Check Details

Version: 0.4-6
Check: package dependencies
Result: NOTE
    Package suggested but not available for checking: ‘OpenMx’
Flavors: r-devel-linux-x86_64-debian-clang, r-devel-linux-x86_64-debian-gcc, r-devel-linux-x86_64-fedora-clang, r-devel-linux-x86_64-fedora-gcc, r-devel-osx-x86_64-clang, r-devel-windows-ix86+x86_64, r-patched-linux-x86_64, r-patched-solaris-sparc, r-patched-solaris-x86, r-release-linux-x86_64, r-release-osx-x86_64-mavericks, r-release-osx-x86_64-snowleopard, r-release-windows-ix86+x86_64, r-oldrel-windows-ix86+x86_64

Version: 0.4-6
Check: DESCRIPTION meta-information
Result: NOTE
    Malformed Title field: should not end in a period.
    Malformed Description field: should contain one or more complete sentences.
Flavors: r-devel-linux-x86_64-debian-clang, r-devel-linux-x86_64-debian-gcc, r-devel-linux-x86_64-fedora-clang, r-devel-linux-x86_64-fedora-gcc, r-devel-osx-x86_64-clang, r-devel-windows-ix86+x86_64, r-patched-linux-x86_64, r-patched-solaris-sparc, r-patched-solaris-x86, r-release-linux-x86_64, r-release-osx-x86_64-mavericks, r-release-osx-x86_64-snowleopard, r-release-windows-ix86+x86_64

Version: 0.4-6
Check: dependencies in R code
Result: NOTE
    'library' or 'require' calls in package code:
     ‘Amelia’ ‘GPArotation’ ‘MASS’ ‘OpenMx’ ‘mice’ ‘mnormt’
     Please use :: or requireNamespace() instead.
     See section 'Suggested packages' in the 'Writing R Extensions' manual.
Flavors: r-devel-linux-x86_64-debian-clang, r-devel-linux-x86_64-debian-gcc, r-devel-linux-x86_64-fedora-clang, r-devel-linux-x86_64-fedora-gcc, r-devel-osx-x86_64-clang, r-devel-windows-ix86+x86_64, r-patched-linux-x86_64, r-patched-solaris-sparc, r-patched-solaris-x86, r-release-linux-x86_64, r-release-osx-x86_64-mavericks, r-release-osx-x86_64-snowleopard, r-release-windows-ix86+x86_64, r-oldrel-windows-ix86+x86_64