Last updated on 2022-05-25 04:55:36 CEST.
Flavor | Version | Tinstall | Tcheck | Ttotal | Status | Flags |
---|---|---|---|---|---|---|
r-devel-linux-x86_64-debian-clang | 0.5-6 | 33.77 | 335.09 | 368.86 | OK | |
r-devel-linux-x86_64-debian-gcc | 0.5-6 | 30.39 | 240.27 | 270.66 | OK | |
r-devel-linux-x86_64-fedora-clang | 0.5-6 | 425.32 | OK | |||
r-devel-linux-x86_64-fedora-gcc | 0.5-6 | 413.21 | OK | |||
r-devel-windows-x86_64 | 0.5-6 | 156.00 | 368.00 | 524.00 | OK | |
r-patched-linux-x86_64 | 0.5-6 | 47.84 | 311.54 | 359.38 | NOTE | |
r-release-linux-x86_64 | 0.5-6 | NOTE | ||||
r-release-macos-arm64 | 0.5-6 | 105.00 | OK | |||
r-release-macos-x86_64 | 0.5-6 | 150.00 | OK | |||
r-release-windows-x86_64 | 0.5-6 | 119.00 | 373.00 | 492.00 | OK | |
r-oldrel-macos-arm64 | 0.5-6 | 101.00 | OK | |||
r-oldrel-macos-x86_64 | 0.5-6 | 136.00 | OK | |||
r-oldrel-windows-ix86+x86_64 | 0.5-6 | 68.00 | 345.00 | 413.00 | OK |
Version: 0.5-6
Check: package dependencies
Result: NOTE
Package suggested but not available for checking: ‘blavaan’
Flavors: r-patched-linux-x86_64, r-release-linux-x86_64