CRAN Package Check Results for Package semdiag

Last updated on 2014-09-02 20:49:01.

Flavor Version Tinstall Tcheck Ttotal Status Flags
r-devel-linux-x86_64-debian-clang 0.1.2 0.72 15.50 16.22 NOTE
r-devel-linux-x86_64-debian-gcc 0.1.2 0.73 15.50 16.22 NOTE
r-devel-linux-x86_64-fedora-clang 0.1.2 32.87 NOTE
r-devel-linux-x86_64-fedora-gcc 0.1.2 30.21 NOTE
r-devel-osx-x86_64-clang 0.1.2 31.39 NOTE
r-devel-windows-ix86+x86_64 0.1.2 3.00 25.00 28.00 NOTE
r-patched-linux-x86_64 0.1.2 1.00 15.93 16.93 NOTE
r-patched-solaris-sparc 0.1.2 199.10 NOTE
r-patched-solaris-x86 0.1.2 42.30 NOTE
r-release-linux-ix86 0.1.2 1.20 22.83 24.03 NOTE
r-release-linux-x86_64 0.1.2 0.78 16.14 16.92 NOTE
r-release-osx-x86_64-mavericks 0.1.2 NOTE
r-release-osx-x86_64-snowleopard 0.1.2 OK
r-release-windows-ix86+x86_64 0.1.2 3.00 27.00 30.00 NOTE
r-oldrel-windows-ix86+x86_64 0.1.2 4.00 25.00 29.00 NOTE

Check Details

Version: 0.1.2
Check: dependencies in R code
Result: NOTE
    Package in Depends field not imported from: ‘sem’
     These packages need to be imported from (in the NAMESPACE file)
     for when this namespace is loaded but not attached.
    See the information on DESCRIPTION files in the chapter ‘Creating R
    packages’ of the ‘Writing R Extensions’ manual.
Flavors: r-devel-linux-x86_64-debian-clang, r-devel-linux-x86_64-debian-gcc, r-devel-linux-x86_64-fedora-clang, r-devel-linux-x86_64-fedora-gcc, r-devel-osx-x86_64-clang, r-devel-windows-ix86+x86_64, r-patched-linux-x86_64, r-patched-solaris-sparc, r-patched-solaris-x86, r-release-linux-ix86, r-release-linux-x86_64, r-release-osx-x86_64-mavericks, r-release-windows-ix86+x86_64, r-oldrel-windows-ix86+x86_64

Version: 0.1.2
Check: R code for possible problems
Result: NOTE
    semdiag: no visible global function definition for ‘sem’
    semdiag.robfit.r: no visible global function definition for ‘sem’
    semdiag.robfit1.r: no visible global function definition for ‘sem’
Flavors: r-devel-linux-x86_64-debian-clang, r-devel-linux-x86_64-debian-gcc, r-devel-linux-x86_64-fedora-clang, r-devel-linux-x86_64-fedora-gcc, r-devel-osx-x86_64-clang, r-devel-windows-ix86+x86_64

Version: 0.1.2
Check: Rd line widths
Result: NOTE
    Rd file 'semdiag.Rd':
     \usage lines wider than 90 characters:
     semdiag(x, EQSmodel, varphi=0.1, EQSdata='data.txt', D='E', delete=integer(0), max_it=1000, EQSprog='C:/Progra~1/EQS61/WINEQS',serial= ... [TRUNCATED]
    
    Rd file 'semdiag.robfit.Rd':
     \usage lines wider than 90 characters:
     semdiag.robfit(lisrel0, x, q, varphi, EQSmodel, EQSdata, max_it=1000, EQSprog='C:/Progra~1/EQS61/WINEQS',serial=1234)
     semdiag.robfit1(lisrel0, x, q, varphi, EQSmodel, EQSdata, max_it=1000, EQSprog='C:/Progra~1/EQS61/WINEQS',serial=1234)
    
    These lines will be truncated in the PDF manual.
Flavors: r-devel-linux-x86_64-fedora-clang, r-devel-linux-x86_64-fedora-gcc