CRAN Package Check Results for Package semdiag

Last updated on 2014-04-24 09:49:10.

Flavor Version Tinstall Tcheck Ttotal Status Flags
r-devel-linux-x86_64-debian-clang 0.1.2 0.88 17.58 18.46 NOTE
r-devel-linux-x86_64-debian-gcc 0.1.2 0.85 17.64 18.48 NOTE
r-devel-linux-x86_64-fedora-clang 0.1.2 35.55 NOTE
r-devel-linux-x86_64-fedora-gcc 0.1.2 35.20 NOTE
r-devel-osx-x86_64-clang 0.1.2 36.15 NOTE
r-devel-osx-x86_64-gcc 0.1.2 NOTE
r-devel-windows-ix86+x86_64 0.1.2 3.00 26.00 29.00 NOTE
r-patched-linux-x86_64 0.1.2 0.89 18.00 18.89 NOTE
r-patched-solaris-sparc 0.1.2 199.20 NOTE
r-patched-solaris-x86 0.1.2 45.70 NOTE
r-release-linux-ix86 0.1.2 2.00 34.00 36.00 NOTE
r-release-linux-x86_64 0.1.2 0.95 18.19 19.14 NOTE
r-release-osx-x86_64-mavericks 0.1.2 WARN
r-release-osx-x86_64-snowleopard 0.1.2 OK
r-release-windows-ix86+x86_64 0.1.2 3.00 31.00 34.00 NOTE
r-oldrel-windows-ix86+x86_64 0.1.2 3.00 30.00 33.00 NOTE

Check Details

Version: 0.1.2
Check: dependencies in R code
Result: NOTE
    Package in Depends field not imported from: ‘sem’
     These packages need to be imported from (in the NAMESPACE file)
     for when this namespace is loaded but not attached.
    See the information on DESCRIPTION files in the chapter ‘Creating R
    packages’ of the ‘Writing R Extensions’ manual.
Flavors: r-devel-linux-x86_64-debian-clang, r-devel-linux-x86_64-debian-gcc, r-devel-linux-x86_64-fedora-clang, r-devel-linux-x86_64-fedora-gcc, r-devel-osx-x86_64-clang, r-devel-osx-x86_64-gcc, r-devel-windows-ix86+x86_64, r-patched-linux-x86_64, r-patched-solaris-sparc, r-patched-solaris-x86, r-release-linux-ix86, r-release-linux-x86_64, r-release-osx-x86_64-mavericks, r-release-windows-ix86+x86_64, r-oldrel-windows-ix86+x86_64

Version: 0.1.2
Check: Rd line widths
Result: NOTE
    Rd file 'semdiag.Rd':
     \usage lines wider than 90 characters:
     semdiag(x, EQSmodel, varphi=0.1, EQSdata='data.txt', D='E', delete=integer(0), max_it=1000, EQSprog='C:/Progra~1/EQS61/WINEQS',serial= ... [TRUNCATED]
    
    Rd file 'semdiag.robfit.Rd':
     \usage lines wider than 90 characters:
     semdiag.robfit(lisrel0, x, q, varphi, EQSmodel, EQSdata, max_it=1000, EQSprog='C:/Progra~1/EQS61/WINEQS',serial=1234)
     semdiag.robfit1(lisrel0, x, q, varphi, EQSmodel, EQSdata, max_it=1000, EQSprog='C:/Progra~1/EQS61/WINEQS',serial=1234)
    
    These lines will be truncated in the PDF manual.
Flavors: r-devel-linux-x86_64-fedora-clang, r-devel-linux-x86_64-fedora-gcc

Version: 0.1.2
Check: PDF version of manual
Result: WARNING
    LaTeX errors when creating PDF version.
    This typically indicates Rd problems.
    LaTeX errors found:
    ! LaTeX Error: File `upquote.sty' not found.
    
    Type X to quit or <RETURN> to proceed,
    or enter new name. (Default extension: sty)
    
    7423036f/Rd2.tex:8: ==> Fatal error occurred, no output PDF file produced!
Flavor: r-release-osx-x86_64-mavericks