CRAN Package Check Results for Package semdiag

Last updated on 2015-08-04 03:48:21.

Flavor Version Tinstall Tcheck Ttotal Status Flags
r-devel-linux-x86_64-debian-clang 0.1.2 4.29 42.03 46.32 NOTE
r-devel-linux-x86_64-debian-gcc 0.1.2 4.16 41.98 46.14 NOTE
r-devel-linux-x86_64-fedora-clang 0.1.2 95.92 NOTE
r-devel-linux-x86_64-fedora-gcc 0.1.2 89.87 NOTE
r-devel-osx-x86_64-clang 0.1.2 80.91 NOTE
r-devel-windows-ix86+x86_64 0.1.2 17.00 92.00 109.00 NOTE
r-patched-linux-x86_64 0.1.2 4.09 41.66 45.76 NOTE
r-patched-solaris-sparc 0.1.2 605.30 NOTE
r-patched-solaris-x86 0.1.2 131.20 NOTE
r-release-linux-x86_64 0.1.2 4.24 42.61 46.85 NOTE
r-release-osx-x86_64-mavericks 0.1.2 NOTE
r-release-windows-ix86+x86_64 0.1.2 16.00 94.00 110.00 NOTE
r-oldrel-windows-ix86+x86_64 0.1.2 22.00 149.00 171.00 NOTE

Check Details

Version: 0.1.2
Check: dependencies in R code
Result: NOTE
    Package in Depends field not imported from: ‘sem’
     These packages need to be imported from (in the NAMESPACE file)
     for when this namespace is loaded but not attached.
Flavors: r-devel-linux-x86_64-debian-clang, r-devel-linux-x86_64-debian-gcc, r-devel-linux-x86_64-fedora-clang, r-devel-linux-x86_64-fedora-gcc, r-devel-osx-x86_64-clang, r-devel-windows-ix86+x86_64, r-patched-linux-x86_64, r-patched-solaris-sparc, r-patched-solaris-x86, r-release-linux-x86_64, r-release-osx-x86_64-mavericks, r-release-windows-ix86+x86_64, r-oldrel-windows-ix86+x86_64

Version: 0.1.2
Check: R code for possible problems
Result: NOTE
    semdiag: no visible global function definition for ‘cov’
    semdiag: no visible global function definition for ‘write.table’
    semdiag: no visible global function definition for ‘sem’
    semdiag.call.eqs: no visible global function definition for
     ‘write.table’
    semdiag.cpp: no visible global function definition for ‘plot’
    semdiag.cpp: no visible global function definition for ‘abline’
    semdiag.cpp: no visible global function definition for ‘axis’
    semdiag.cpp: no visible global function definition for ‘lines’
    semdiag.cpp: no visible global function definition for ‘text’
    semdiag.musig: no visible global function definition for ‘qchisq’
    semdiag.musig: no visible global function definition for ‘pchisq’
    semdiag.musig: no visible global function definition for ‘cov’
    semdiag.plot: no visible global function definition for ‘qchisq’
    semdiag.plot: no visible global function definition for ‘par’
    semdiag.plot: no visible global function definition for ‘plot’
    semdiag.plot: no visible global function definition for ‘abline’
    semdiag.plot: no visible global function definition for ‘identify’
    semdiag.plot: no visible global function definition for ‘text’
    semdiag.read.eqs: no visible global function definition for ‘read.fwf’
    semdiag.robfit: no visible global function definition for ‘qchisq’
    semdiag.robfit: no visible global function definition for ‘pchisq’
    semdiag.robfit: no visible global function definition for ‘write.table’
    semdiag.robfit.r: no visible global function definition for ‘qchisq’
    semdiag.robfit.r: no visible global function definition for ‘pchisq’
    semdiag.robfit.r: no visible global function definition for ‘sem’
    semdiag.robfit1: no visible global function definition for ‘qchisq’
    semdiag.robfit1: no visible global function definition for ‘pchisq’
    semdiag.robfit1: no visible global function definition for
     ‘write.table’
    semdiag.robfit1.r: no visible global function definition for ‘qchisq’
    semdiag.robfit1.r: no visible global function definition for ‘pchisq’
    semdiag.robfit1.r: no visible global function definition for ‘sem’
    semdiag.summary: no visible global function definition for ‘qchisq’
    semdiag.summary: no visible global function definition for ‘pchisq’
    Undefined global functions or variables:
     abline axis cov identify lines par pchisq plot qchisq read.fwf sem
     text write.table
    Consider adding
     importFrom("graphics", "abline", "axis", "identify", "lines", "par",
     "plot", "text")
     importFrom("stats", "cov", "pchisq", "qchisq")
     importFrom("utils", "read.fwf", "write.table")
    to your NAMESPACE.
Flavors: r-devel-linux-x86_64-debian-clang, r-devel-linux-x86_64-debian-gcc, r-devel-linux-x86_64-fedora-clang, r-devel-linux-x86_64-fedora-gcc, r-devel-windows-ix86+x86_64

Version: 0.1.2
Check: Rd line widths
Result: NOTE
    Rd file 'semdiag.Rd':
     \usage lines wider than 90 characters:
     semdiag(x, EQSmodel, varphi=0.1, EQSdata='data.txt', D='E', delete=integer(0), max_it=1000, EQSprog='C:/Progra~1/EQS61/WINEQS',serial= ... [TRUNCATED]
    
    Rd file 'semdiag.robfit.Rd':
     \usage lines wider than 90 characters:
     semdiag.robfit(lisrel0, x, q, varphi, EQSmodel, EQSdata, max_it=1000, EQSprog='C:/Progra~1/EQS61/WINEQS',serial=1234)
     semdiag.robfit1(lisrel0, x, q, varphi, EQSmodel, EQSdata, max_it=1000, EQSprog='C:/Progra~1/EQS61/WINEQS',serial=1234)
    
    These lines will be truncated in the PDF manual.
Flavors: r-devel-linux-x86_64-debian-clang, r-devel-linux-x86_64-debian-gcc, r-devel-linux-x86_64-fedora-clang, r-devel-linux-x86_64-fedora-gcc, r-patched-linux-x86_64, r-release-linux-x86_64

Version: 0.1.2
Check: R code for possible problems
Result: NOTE
    semdiag: no visible global function definition for ‘sem’
    semdiag.robfit.r: no visible global function definition for ‘sem’
    semdiag.robfit1.r: no visible global function definition for ‘sem’
    Undefined global functions or variables:
     sem
Flavor: r-devel-osx-x86_64-clang

Version: 0.1.2
Check: R code for possible problems
Result: NOTE
    semdiag: no visible global function definition for ‘sem’
    semdiag.robfit.r: no visible global function definition for ‘sem’
    semdiag.robfit1.r: no visible global function definition for ‘sem’
Flavors: r-patched-linux-x86_64, r-patched-solaris-sparc, r-patched-solaris-x86, r-release-linux-x86_64, r-release-osx-x86_64-mavericks, r-release-windows-ix86+x86_64, r-oldrel-windows-ix86+x86_64