CRAN Package Check Results for Package semisupKernelPCA

Last updated on 2016-07-24 09:48:04.

Flavor Version Tinstall Tcheck Ttotal Status Flags
r-devel-linux-x86_64-debian-clang 0.1.5 3.18 32.35 35.53 NOTE
r-devel-linux-x86_64-debian-gcc 0.1.5 3.71 30.62 34.34 NOTE
r-devel-linux-x86_64-fedora-clang 0.1.5 57.26 NOTE
r-devel-linux-x86_64-fedora-gcc 0.1.5 54.26 NOTE
r-devel-osx-x86_64-clang 0.1.5 45.86 NOTE
r-devel-windows-ix86+x86_64 0.1.5 7.00 53.00 60.00 NOTE
r-patched-linux-x86_64 0.1.5 3.49 30.42 33.91 NOTE
r-patched-solaris-sparc 0.1.5 337.70 NOTE
r-patched-solaris-x86 0.1.5 75.40 NOTE
r-release-linux-x86_64 0.1.5 2.92 30.80 33.72 NOTE
r-release-osx-x86_64-mavericks 0.1.5 NOTE
r-release-windows-ix86+x86_64 0.1.5 7.00 65.00 72.00 NOTE
r-oldrel-windows-ix86+x86_64 0.1.5 11.00 51.00 62.00 NOTE

Check Details

Version: 0.1.5
Check: DESCRIPTION meta-information
Result: NOTE
    Malformed Title field: should not end in a period.
Flavors: r-devel-linux-x86_64-debian-clang, r-devel-linux-x86_64-debian-gcc, r-devel-linux-x86_64-fedora-clang, r-devel-linux-x86_64-fedora-gcc, r-devel-osx-x86_64-clang, r-devel-windows-ix86+x86_64, r-patched-linux-x86_64, r-patched-solaris-sparc, r-patched-solaris-x86, r-release-linux-x86_64, r-release-osx-x86_64-mavericks, r-release-windows-ix86+x86_64, r-oldrel-windows-ix86+x86_64

Version: 0.1.5
Check: dependencies in R code
Result: NOTE
    Packages in Depends field not imported from:
     ‘datautils’ ‘irlba’
     These packages need to be imported from (in the NAMESPACE file)
     for when this namespace is loaded but not attached.
Flavors: r-devel-linux-x86_64-debian-clang, r-devel-linux-x86_64-debian-gcc, r-devel-linux-x86_64-fedora-clang, r-devel-linux-x86_64-fedora-gcc, r-devel-osx-x86_64-clang, r-devel-windows-ix86+x86_64, r-patched-linux-x86_64, r-patched-solaris-sparc, r-patched-solaris-x86, r-release-linux-x86_64, r-release-osx-x86_64-mavericks, r-release-windows-ix86+x86_64, r-oldrel-windows-ix86+x86_64

Version: 0.1.5
Check: S3 generic/method consistency
Result: NOTE
    Found the following apparent S3 methods exported but not registered:
     add.linkinfo check.linkinfo del.linkinfo length.linkinfo
     transform.linkinfo
    See section ‘Registering S3 methods’ in the ‘Writing R Extensions’
    manual.
Flavors: r-devel-linux-x86_64-debian-clang, r-devel-linux-x86_64-debian-gcc, r-devel-linux-x86_64-fedora-clang, r-devel-linux-x86_64-fedora-gcc, r-devel-osx-x86_64-clang, r-patched-linux-x86_64, r-patched-solaris-sparc, r-patched-solaris-x86, r-release-linux-x86_64

Version: 0.1.5
Check: R code for possible problems
Result: NOTE
    computeKernel: no visible binding for global variable ‘sd’
    computeKernel: no visible global function definition for ‘dist’
    computeKernel: no visible global function definition for ‘quantile’
    computeProjectionFromKernel : <anonymous>: no visible global function
     definition for ‘irlba’
    distortions: no visible binding for global variable ‘sd’
    distortions: no visible global function definition for ‘dist’
    Undefined global functions or variables:
     dist irlba quantile sd
    Consider adding
     importFrom("stats", "dist", "quantile", "sd")
    to your NAMESPACE file.
Flavors: r-devel-linux-x86_64-debian-clang, r-devel-linux-x86_64-debian-gcc, r-devel-linux-x86_64-fedora-clang, r-devel-linux-x86_64-fedora-gcc, r-devel-osx-x86_64-clang, r-devel-windows-ix86+x86_64, r-patched-linux-x86_64, r-patched-solaris-sparc, r-patched-solaris-x86, r-release-linux-x86_64, r-release-osx-x86_64-mavericks, r-release-windows-ix86+x86_64

Version: 0.1.5
Check: R code for possible problems
Result: NOTE
    computeProjectionFromKernel : <anonymous>: no visible global function
     definition for 'irlba'
Flavor: r-oldrel-windows-ix86+x86_64