CRAN Package Check Results for Package semisupKernelPCA

Last updated on 2014-08-21 03:48:28.

Flavor Version Tinstall Tcheck Ttotal Status Flags
r-devel-linux-x86_64-debian-clang 0.1.5 3.41 35.76 39.17 NOTE
r-devel-linux-x86_64-debian-gcc 0.1.5 3.30 35.07 38.37 NOTE
r-devel-linux-x86_64-fedora-clang 0.1.5 91.04 NOTE
r-devel-linux-x86_64-fedora-gcc 0.1.5 97.82 NOTE
r-devel-osx-x86_64-clang 0.1.5 71.08 NOTE
r-devel-windows-ix86+x86_64 0.1.5 10.00 62.00 72.00 NOTE
r-patched-linux-x86_64 0.1.5 3.42 36.36 39.78 NOTE
r-patched-solaris-sparc 0.1.5 505.10 NOTE
r-patched-solaris-x86 0.1.5 120.90 NOTE
r-release-linux-ix86 0.1.5 4.20 46.12 50.31 NOTE
r-release-linux-x86_64 0.1.5 3.64 37.54 41.19 NOTE
r-release-osx-x86_64-mavericks 0.1.5 NOTE
r-release-osx-x86_64-snowleopard 0.1.5 OK
r-release-windows-ix86+x86_64 0.1.5 11.00 60.00 71.00 NOTE
r-oldrel-windows-ix86+x86_64 0.1.5 9.00 55.00 64.00 NOTE

Check Details

Version: 0.1.5
Check: dependencies in R code
Result: NOTE
    Packages in Depends field not imported from:
     ‘datautils’ ‘irlba’
     These packages need to be imported from (in the NAMESPACE file)
     for when this namespace is loaded but not attached.
    See the information on DESCRIPTION files in the chapter ‘Creating R
    packages’ of the ‘Writing R Extensions’ manual.
Flavors: r-devel-linux-x86_64-debian-clang, r-devel-linux-x86_64-debian-gcc, r-devel-linux-x86_64-fedora-clang, r-devel-linux-x86_64-fedora-gcc, r-devel-osx-x86_64-clang, r-devel-windows-ix86+x86_64, r-patched-linux-x86_64, r-patched-solaris-sparc, r-patched-solaris-x86, r-release-linux-ix86, r-release-linux-x86_64, r-release-osx-x86_64-mavericks, r-release-windows-ix86+x86_64, r-oldrel-windows-ix86+x86_64

Version: 0.1.5
Check: R code for possible problems
Result: NOTE
    computeProjectionFromKernel : <anonymous>: no visible global function
     definition for ‘irlba’
Flavors: r-devel-linux-x86_64-fedora-clang, r-devel-linux-x86_64-fedora-gcc, r-devel-osx-x86_64-clang