CRAN Package Check Results for Package semisupKernelPCA

Last updated on 2014-09-16 11:49:27.

Flavor Version Tinstall Tcheck Ttotal Status Flags
r-devel-linux-x86_64-debian-clang 0.1.5 3.42 34.32 37.73 NOTE
r-devel-linux-x86_64-debian-gcc 0.1.5 3.24 33.32 36.55 NOTE
r-devel-linux-x86_64-fedora-clang 0.1.5 90.20 NOTE
r-devel-linux-x86_64-fedora-gcc 0.1.5 84.80 NOTE
r-devel-osx-x86_64-clang 0.1.5 73.41 NOTE
r-devel-windows-ix86+x86_64 0.1.5 10.00 51.00 61.00 NOTE
r-patched-linux-x86_64 0.1.5 3.48 36.41 39.88 NOTE
r-patched-solaris-sparc 0.1.5 505.10 NOTE
r-patched-solaris-x86 0.1.5 120.60 NOTE
r-release-linux-ix86 0.1.5 4.23 46.11 50.34 NOTE
r-release-linux-x86_64 0.1.5 3.88 36.78 40.66 NOTE
r-release-osx-x86_64-mavericks 0.1.5 NOTE
r-release-osx-x86_64-snowleopard 0.1.5 OK
r-release-windows-ix86+x86_64 0.1.5 11.00 55.00 66.00 NOTE
r-oldrel-windows-ix86+x86_64 0.1.5 11.00 53.00 64.00 NOTE

Check Details

Version: 0.1.5
Check: dependencies in R code
Result: NOTE
    Packages in Depends field not imported from:
     ‘datautils’ ‘irlba’
     These packages need to be imported from (in the NAMESPACE file)
     for when this namespace is loaded but not attached.
    See the information on DESCRIPTION files in the chapter ‘Creating R
    packages’ of the ‘Writing R Extensions’ manual.
Flavors: r-devel-linux-x86_64-debian-clang, r-devel-linux-x86_64-debian-gcc, r-devel-linux-x86_64-fedora-clang, r-devel-linux-x86_64-fedora-gcc, r-devel-osx-x86_64-clang, r-devel-windows-ix86+x86_64, r-patched-linux-x86_64, r-patched-solaris-sparc, r-patched-solaris-x86, r-release-linux-ix86, r-release-linux-x86_64, r-release-osx-x86_64-mavericks, r-release-windows-ix86+x86_64, r-oldrel-windows-ix86+x86_64

Version: 0.1.5
Check: R code for possible problems
Result: NOTE
    computeProjectionFromKernel : <anonymous>: no visible global function
     definition for ‘irlba’
Flavors: r-devel-linux-x86_64-debian-clang, r-devel-linux-x86_64-debian-gcc, r-devel-linux-x86_64-fedora-clang, r-devel-linux-x86_64-fedora-gcc, r-devel-osx-x86_64-clang, r-devel-windows-ix86+x86_64