CRAN Package Check Results for Package semisupKernelPCA

Last updated on 2015-08-04 09:47:36.

Flavor Version Tinstall Tcheck Ttotal Status Flags
r-devel-linux-x86_64-debian-clang 0.1.5 2.59 26.98 29.58 NOTE
r-devel-linux-x86_64-debian-gcc 0.1.5 2.60 26.35 28.95 NOTE
r-devel-linux-x86_64-fedora-clang 0.1.5 61.74 NOTE
r-devel-linux-x86_64-fedora-gcc 0.1.5 58.55 NOTE
r-devel-osx-x86_64-clang 0.1.5 51.37 NOTE
r-devel-windows-ix86+x86_64 0.1.5 9.00 63.00 72.00 NOTE
r-patched-linux-x86_64 0.1.5 2.65 26.84 29.49 NOTE
r-patched-solaris-sparc 0.1.5 376.70 NOTE
r-patched-solaris-x86 0.1.5 83.70 NOTE
r-release-linux-x86_64 0.1.5 3.00 26.43 29.43 NOTE
r-release-osx-x86_64-mavericks 0.1.5 NOTE
r-release-windows-ix86+x86_64 0.1.5 10.00 45.00 55.00 NOTE
r-oldrel-windows-ix86+x86_64 0.1.5 13.00 65.00 78.00 NOTE

Check Details

Version: 0.1.5
Check: DESCRIPTION meta-information
Result: NOTE
    Malformed Title field: should not end in a period.
Flavors: r-devel-linux-x86_64-debian-clang, r-devel-linux-x86_64-debian-gcc, r-devel-linux-x86_64-fedora-clang, r-devel-linux-x86_64-fedora-gcc, r-devel-osx-x86_64-clang, r-devel-windows-ix86+x86_64, r-patched-linux-x86_64, r-patched-solaris-sparc, r-patched-solaris-x86, r-release-linux-x86_64, r-release-osx-x86_64-mavericks, r-release-windows-ix86+x86_64

Version: 0.1.5
Check: dependencies in R code
Result: NOTE
    Packages in Depends field not imported from:
     ‘datautils’ ‘irlba’
     These packages need to be imported from (in the NAMESPACE file)
     for when this namespace is loaded but not attached.
Flavors: r-devel-linux-x86_64-debian-clang, r-devel-linux-x86_64-debian-gcc, r-devel-linux-x86_64-fedora-clang, r-devel-linux-x86_64-fedora-gcc, r-devel-osx-x86_64-clang, r-devel-windows-ix86+x86_64, r-patched-linux-x86_64, r-patched-solaris-sparc, r-patched-solaris-x86, r-release-linux-x86_64, r-release-osx-x86_64-mavericks, r-release-windows-ix86+x86_64, r-oldrel-windows-ix86+x86_64

Version: 0.1.5
Check: S3 generic/method consistency
Result: NOTE
    Found the following apparent S3 methods exported but not registered:
     add.linkinfo check.linkinfo del.linkinfo length.linkinfo
     transform.linkinfo
    See section ‘Registering S3 methods’ in the ‘Writing R Extensions’
    manual.
Flavors: r-devel-linux-x86_64-debian-clang, r-devel-linux-x86_64-debian-gcc, r-devel-linux-x86_64-fedora-clang, r-devel-linux-x86_64-fedora-gcc, r-devel-osx-x86_64-clang, r-patched-linux-x86_64, r-patched-solaris-sparc, r-patched-solaris-x86, r-release-linux-x86_64

Version: 0.1.5
Check: R code for possible problems
Result: NOTE
    computeKernel: no visible binding for global variable ‘sd’
    computeKernel: no visible global function definition for ‘dist’
    computeKernel: no visible global function definition for ‘quantile’
    computeProjectionFromKernel : <anonymous>: no visible global function
     definition for ‘irlba’
    distortions: no visible binding for global variable ‘sd’
    distortions: no visible global function definition for ‘dist’
    Undefined global functions or variables:
     dist irlba quantile sd
    Consider adding
     importFrom("stats", "dist", "quantile", "sd")
    to your NAMESPACE.
Flavors: r-devel-linux-x86_64-debian-clang, r-devel-linux-x86_64-debian-gcc, r-devel-linux-x86_64-fedora-clang, r-devel-linux-x86_64-fedora-gcc, r-devel-windows-ix86+x86_64

Version: 0.1.5
Check: R code for possible problems
Result: NOTE
    computeProjectionFromKernel : <anonymous>: no visible global function
     definition for ‘irlba’
    Undefined global functions or variables:
     irlba
Flavor: r-devel-osx-x86_64-clang

Version: 0.1.5
Check: R code for possible problems
Result: NOTE
    computeProjectionFromKernel : <anonymous>: no visible global function
     definition for ‘irlba’
Flavors: r-patched-linux-x86_64, r-patched-solaris-sparc, r-patched-solaris-x86, r-release-linux-x86_64, r-release-osx-x86_64-mavericks, r-release-windows-ix86+x86_64, r-oldrel-windows-ix86+x86_64