CRAN Package Check Results for Package semisupKernelPCA

Last updated on 2014-11-22 01:48:22.

Flavor Version Tinstall Tcheck Ttotal Status Flags
r-devel-linux-x86_64-debian-clang 0.1.5 3.33 35.26 38.59 NOTE
r-devel-linux-x86_64-debian-gcc 0.1.5 3.26 34.88 38.14 NOTE
r-devel-linux-x86_64-fedora-clang 0.1.5 93.99 NOTE
r-devel-linux-x86_64-fedora-gcc 0.1.5 89.82 NOTE
r-devel-osx-x86_64-clang 0.1.5 77.34 NOTE
r-devel-windows-ix86+x86_64 0.1.5 10.00 58.00 68.00 NOTE
r-patched-linux-x86_64 0.1.5 3.50 36.02 39.53 NOTE
r-patched-solaris-sparc 0.1.5 482.00 NOTE
r-patched-solaris-x86 0.1.5 118.90 NOTE
r-release-linux-ix86 0.1.5 4.06 42.91 46.97 NOTE
r-release-linux-x86_64 0.1.5 3.66 35.29 38.95 NOTE
r-release-osx-x86_64-mavericks 0.1.5 NOTE
r-release-osx-x86_64-snowleopard 0.1.5 OK
r-release-windows-ix86+x86_64 0.1.5 13.00 53.00 66.00 NOTE
r-oldrel-windows-ix86+x86_64 0.1.5 10.00 53.00 63.00 NOTE

Check Details

Version: 0.1.5
Check: dependencies in R code
Result: NOTE
    Packages in Depends field not imported from:
     ‘datautils’ ‘irlba’
     These packages need to be imported from (in the NAMESPACE file)
     for when this namespace is loaded but not attached.
    See the information on DESCRIPTION files in the chapter ‘Creating R
    packages’ of the ‘Writing R Extensions’ manual.
Flavors: r-devel-linux-x86_64-debian-clang, r-devel-linux-x86_64-debian-gcc, r-devel-linux-x86_64-fedora-clang, r-devel-linux-x86_64-fedora-gcc, r-devel-osx-x86_64-clang, r-devel-windows-ix86+x86_64, r-patched-linux-x86_64, r-patched-solaris-sparc, r-patched-solaris-x86, r-release-linux-ix86, r-release-linux-x86_64, r-release-osx-x86_64-mavericks, r-release-windows-ix86+x86_64, r-oldrel-windows-ix86+x86_64

Version: 0.1.5
Check: R code for possible problems
Result: NOTE
    computeProjectionFromKernel : <anonymous>: no visible global function
     definition for ‘irlba’
Flavors: r-devel-linux-x86_64-debian-clang, r-devel-linux-x86_64-debian-gcc, r-devel-linux-x86_64-fedora-clang, r-devel-linux-x86_64-fedora-gcc, r-devel-osx-x86_64-clang, r-devel-windows-ix86+x86_64, r-patched-linux-x86_64, r-patched-solaris-sparc, r-patched-solaris-x86, r-release-linux-ix86, r-release-linux-x86_64, r-release-windows-ix86+x86_64