CRAN Package Check Results for Package semisupKernelPCA

Last updated on 2014-10-22 05:47:29.

Flavor Version Tinstall Tcheck Ttotal Status Flags
r-devel-linux-x86_64-debian-clang 0.1.5 3.38 34.54 37.93 NOTE
r-devel-linux-x86_64-debian-gcc 0.1.5 3.29 35.22 38.50 NOTE
r-devel-linux-x86_64-fedora-clang 0.1.5 92.28 NOTE
r-devel-linux-x86_64-fedora-gcc 0.1.5 86.16 NOTE
r-devel-osx-x86_64-clang 0.1.5 77.79 NOTE
r-devel-windows-ix86+x86_64 0.1.5 9.00 55.00 64.00 NOTE
r-patched-linux-x86_64 0.1.5 3.46 34.91 38.37 NOTE
r-patched-solaris-sparc 0.1.5 482.00 NOTE
r-patched-solaris-x86 0.1.5 117.10 NOTE
r-release-linux-ix86 0.1.5 4.29 46.32 50.61 NOTE
r-release-linux-x86_64 0.1.5 3.54 37.26 40.80 NOTE
r-release-osx-x86_64-mavericks 0.1.5 NOTE
r-release-osx-x86_64-snowleopard 0.1.5 OK
r-release-windows-ix86+x86_64 0.1.5 11.00 65.00 76.00 NOTE
r-oldrel-windows-ix86+x86_64 0.1.5 10.00 59.00 69.00 NOTE

Check Details

Version: 0.1.5
Check: dependencies in R code
Result: NOTE
    Packages in Depends field not imported from:
     ‘datautils’ ‘irlba’
     These packages need to be imported from (in the NAMESPACE file)
     for when this namespace is loaded but not attached.
    See the information on DESCRIPTION files in the chapter ‘Creating R
    packages’ of the ‘Writing R Extensions’ manual.
Flavors: r-devel-linux-x86_64-debian-clang, r-devel-linux-x86_64-debian-gcc, r-devel-linux-x86_64-fedora-clang, r-devel-linux-x86_64-fedora-gcc, r-devel-osx-x86_64-clang, r-devel-windows-ix86+x86_64, r-patched-linux-x86_64, r-patched-solaris-sparc, r-patched-solaris-x86, r-release-linux-ix86, r-release-linux-x86_64, r-release-osx-x86_64-mavericks, r-release-windows-ix86+x86_64, r-oldrel-windows-ix86+x86_64

Version: 0.1.5
Check: R code for possible problems
Result: NOTE
    computeProjectionFromKernel : <anonymous>: no visible global function
     definition for ‘irlba’
Flavors: r-devel-linux-x86_64-debian-clang, r-devel-linux-x86_64-debian-gcc, r-devel-linux-x86_64-fedora-clang, r-devel-linux-x86_64-fedora-gcc, r-devel-osx-x86_64-clang, r-devel-windows-ix86+x86_64, r-patched-linux-x86_64, r-patched-solaris-sparc, r-patched-solaris-x86