CRAN Package Check Results for Package semisupKernelPCA

Last updated on 2016-09-26 17:48:32.

Flavor Version Tinstall Tcheck Ttotal Status Flags
r-devel-linux-x86_64-debian-clang 0.1.5 2.05 23.76 25.81 NOTE
r-devel-linux-x86_64-debian-gcc 0.1.5 2.06 23.00 25.07 NOTE
r-devel-linux-x86_64-fedora-clang 0.1.5 55.25 NOTE
r-devel-linux-x86_64-fedora-gcc 0.1.5 52.24 NOTE
r-devel-macos-x86_64-clang 0.1.5 43.37 NOTE
r-devel-windows-ix86+x86_64 0.1.5 8.00 58.00 66.00 NOTE
r-patched-linux-x86_64 0.1.5 2.32 23.20 25.53 NOTE
r-patched-solaris-sparc 0.1.5 337.70 NOTE
r-patched-solaris-x86 0.1.5 74.70 NOTE
r-release-linux-x86_64 0.1.5 2.19 23.50 25.69 NOTE
r-release-osx-x86_64-mavericks 0.1.5 NOTE
r-release-windows-ix86+x86_64 0.1.5 14.00 104.00 118.00 NOTE
r-oldrel-windows-ix86+x86_64 0.1.5 11.00 63.00 74.00 NOTE

Check Details

Version: 0.1.5
Check: DESCRIPTION meta-information
Result: NOTE
    Malformed Title field: should not end in a period.
Flavors: r-devel-linux-x86_64-debian-clang, r-devel-linux-x86_64-debian-gcc, r-devel-linux-x86_64-fedora-clang, r-devel-linux-x86_64-fedora-gcc, r-devel-macos-x86_64-clang, r-devel-windows-ix86+x86_64, r-patched-linux-x86_64, r-patched-solaris-sparc, r-patched-solaris-x86, r-release-linux-x86_64, r-release-osx-x86_64-mavericks, r-release-windows-ix86+x86_64, r-oldrel-windows-ix86+x86_64

Version: 0.1.5
Check: dependencies in R code
Result: NOTE
    Packages in Depends field not imported from:
     ‘datautils’ ‘irlba’
     These packages need to be imported from (in the NAMESPACE file)
     for when this namespace is loaded but not attached.
Flavors: r-devel-linux-x86_64-debian-clang, r-devel-linux-x86_64-debian-gcc, r-devel-linux-x86_64-fedora-clang, r-devel-linux-x86_64-fedora-gcc, r-devel-macos-x86_64-clang, r-devel-windows-ix86+x86_64, r-patched-linux-x86_64, r-patched-solaris-sparc, r-patched-solaris-x86, r-release-linux-x86_64, r-release-osx-x86_64-mavericks, r-release-windows-ix86+x86_64, r-oldrel-windows-ix86+x86_64

Version: 0.1.5
Check: S3 generic/method consistency
Result: NOTE
    Found the following apparent S3 methods exported but not registered:
     add.linkinfo check.linkinfo del.linkinfo length.linkinfo
     transform.linkinfo
    See section ‘Registering S3 methods’ in the ‘Writing R Extensions’
    manual.
Flavors: r-devel-linux-x86_64-debian-clang, r-devel-linux-x86_64-debian-gcc, r-devel-linux-x86_64-fedora-clang, r-devel-linux-x86_64-fedora-gcc, r-devel-macos-x86_64-clang, r-patched-linux-x86_64, r-patched-solaris-sparc, r-patched-solaris-x86, r-release-linux-x86_64

Version: 0.1.5
Check: R code for possible problems
Result: NOTE
    computeKernel: no visible binding for global variable ‘sd’
    computeKernel: no visible global function definition for ‘dist’
    computeKernel: no visible global function definition for ‘quantile’
    computeProjectionFromKernel : <anonymous>: no visible global function
     definition for ‘irlba’
    distortions: no visible binding for global variable ‘sd’
    distortions: no visible global function definition for ‘dist’
    Undefined global functions or variables:
     dist irlba quantile sd
    Consider adding
     importFrom("stats", "dist", "quantile", "sd")
    to your NAMESPACE file.
Flavors: r-devel-linux-x86_64-debian-clang, r-devel-linux-x86_64-debian-gcc, r-devel-linux-x86_64-fedora-clang, r-devel-linux-x86_64-fedora-gcc, r-devel-macos-x86_64-clang, r-devel-windows-ix86+x86_64, r-patched-linux-x86_64, r-patched-solaris-sparc, r-patched-solaris-x86, r-release-linux-x86_64, r-release-osx-x86_64-mavericks, r-release-windows-ix86+x86_64

Version: 0.1.5
Check: R code for possible problems
Result: NOTE
    computeProjectionFromKernel : <anonymous>: no visible global function
     definition for 'irlba'
Flavor: r-oldrel-windows-ix86+x86_64