CRAN Package Check Results for Package semisupKernelPCA

Last updated on 2014-07-25 01:48:52.

Flavor Version Tinstall Tcheck Ttotal Status Flags
r-devel-linux-x86_64-debian-clang 0.1.5 3.53 36.46 39.99 NOTE
r-devel-linux-x86_64-debian-gcc 0.1.5 3.39 35.60 38.98 NOTE
r-devel-linux-x86_64-fedora-clang 0.1.5 97.32 NOTE
r-devel-linux-x86_64-fedora-gcc 0.1.5 91.45 NOTE
r-devel-osx-x86_64-clang 0.1.5 76.71 NOTE
r-devel-windows-ix86+x86_64 0.1.5 10.00 55.00 65.00 NOTE
r-patched-linux-x86_64 0.1.5 3.61 36.18 39.80 NOTE
r-patched-solaris-sparc 0.1.5 501.40 NOTE
r-patched-solaris-x86 0.1.5 119.60 NOTE
r-release-linux-ix86 0.1.5 4.20 45.94 50.14 NOTE
r-release-linux-x86_64 0.1.5 3.66 36.81 40.47 NOTE
r-release-osx-x86_64-mavericks 0.1.5 NOTE
r-release-osx-x86_64-snowleopard 0.1.5 OK
r-release-windows-ix86+x86_64 0.1.5 9.00 60.00 69.00 NOTE
r-oldrel-windows-ix86+x86_64 0.1.5 10.00 57.00 67.00 NOTE

Check Details

Version: 0.1.5
Check: dependencies in R code
Result: NOTE
    Packages in Depends field not imported from:
     ‘datautils’ ‘irlba’
     These packages need to be imported from (in the NAMESPACE file)
     for when this namespace is loaded but not attached.
    See the information on DESCRIPTION files in the chapter ‘Creating R
    packages’ of the ‘Writing R Extensions’ manual.
Flavors: r-devel-linux-x86_64-debian-clang, r-devel-linux-x86_64-debian-gcc, r-devel-linux-x86_64-fedora-clang, r-devel-linux-x86_64-fedora-gcc, r-devel-osx-x86_64-clang, r-devel-windows-ix86+x86_64, r-patched-linux-x86_64, r-patched-solaris-sparc, r-patched-solaris-x86, r-release-linux-ix86, r-release-linux-x86_64, r-release-osx-x86_64-mavericks, r-release-windows-ix86+x86_64, r-oldrel-windows-ix86+x86_64