CRAN Package Check Results for Package semisupKernelPCA

Last updated on 2014-04-23 12:48:27.

Flavor Version Tinstall Tcheck Ttotal Status Flags
r-devel-linux-x86_64-debian-clang 0.1.5 3.74 38.96 42.69 NOTE
r-devel-linux-x86_64-debian-gcc 0.1.5 3.66 38.41 42.07 NOTE
r-devel-linux-x86_64-fedora-clang 0.1.5 96.65 NOTE
r-devel-linux-x86_64-fedora-gcc 0.1.5 94.60 NOTE
r-devel-osx-x86_64-clang 0.1.5 84.24 NOTE
r-devel-osx-x86_64-gcc 0.1.5 NOTE
r-devel-windows-ix86+x86_64 0.1.5 10.00 55.00 65.00 NOTE
r-patched-linux-x86_64 0.1.5 3.64 39.20 42.84 NOTE
r-patched-solaris-sparc 0.1.5 501.40 NOTE
r-patched-solaris-x86 0.1.5 122.90 NOTE
r-release-linux-ix86 0.1.5 5.00 63.00 68.00 NOTE
r-release-linux-x86_64 0.1.5 3.61 39.26 42.87 NOTE
r-release-osx-x86_64-mavericks 0.1.5 WARN
r-release-osx-x86_64-snowleopard 0.1.5 OK
r-release-windows-ix86+x86_64 0.1.5 10.00 55.00 65.00 NOTE
r-oldrel-windows-ix86+x86_64 0.1.5 12.00 55.00 67.00 NOTE

Check Details

Version: 0.1.5
Check: dependencies in R code
Result: NOTE
    Packages in Depends field not imported from:
     ‘datautils’ ‘irlba’
     These packages need to be imported from (in the NAMESPACE file)
     for when this namespace is loaded but not attached.
    See the information on DESCRIPTION files in the chapter ‘Creating R
    packages’ of the ‘Writing R Extensions’ manual.
Flavors: r-devel-linux-x86_64-debian-clang, r-devel-linux-x86_64-debian-gcc, r-devel-linux-x86_64-fedora-clang, r-devel-linux-x86_64-fedora-gcc, r-devel-osx-x86_64-clang, r-devel-osx-x86_64-gcc, r-devel-windows-ix86+x86_64, r-patched-linux-x86_64, r-patched-solaris-sparc, r-patched-solaris-x86, r-release-linux-ix86, r-release-linux-x86_64, r-release-osx-x86_64-mavericks, r-release-windows-ix86+x86_64, r-oldrel-windows-ix86+x86_64

Version: 0.1.5
Check: PDF version of manual
Result: WARNING
    LaTeX errors when creating PDF version.
    This typically indicates Rd problems.
    LaTeX errors found:
    ! LaTeX Error: File `upquote.sty' not found.
    
    Type X to quit or <RETURN> to proceed,
    or enter new name. (Default extension: sty)
    
    7d115a0/Rd2.tex:8: ==> Fatal error occurred, no output PDF file produced!
Flavor: r-release-osx-x86_64-mavericks