CRAN Package Check Results for Package sendmailR

Last updated on 2015-07-27 23:48:15.

Flavor Version Tinstall Tcheck Ttotal Status Flags
r-devel-linux-x86_64-debian-clang 1.2-1 0.52 8.91 9.43 NOTE
r-devel-linux-x86_64-debian-gcc 1.2-1 0.52 9.37 9.89 NOTE
r-devel-linux-x86_64-fedora-clang 1.2-1 18.22 NOTE
r-devel-linux-x86_64-fedora-gcc 1.2-1 17.05 NOTE
r-devel-osx-x86_64-clang 1.2-1 16.95 OK
r-devel-windows-ix86+x86_64 1.2-1 3.00 16.00 19.00 NOTE
r-patched-linux-x86_64 1.2-1 0.70 9.32 10.02 OK
r-patched-solaris-sparc 1.2-1 121.60 OK
r-patched-solaris-x86 1.2-1 27.30 OK
r-release-linux-x86_64 1.2-1 0.56 9.32 9.88 OK
r-release-osx-x86_64-mavericks 1.2-1 OK
r-release-windows-ix86+x86_64 1.2-1 2.00 18.00 20.00 OK
r-oldrel-windows-ix86+x86_64 1.2-1 5.00 17.00 22.00 OK

Check Details

Version: 1.2-1
Check: R code for possible problems
Result: NOTE
    .plot_attachment: no visible global function definition for ‘dev.off’
    .update_list: no visible global function definition for ‘modifyList’
    mime_part.data.frame: no visible global function definition for
     ‘write.table’
    mime_part.ggplot: no visible binding for global variable ‘pdf’
    mime_part.matrix: no visible global function definition for
     ‘write.table’
    mime_part.trellis: no visible binding for global variable ‘pdf’
    Undefined global functions or variables:
     dev.off modifyList pdf write.table
    Consider adding
     importFrom("grDevices", "dev.off", "pdf")
     importFrom("utils", "modifyList", "write.table")
    to your NAMESPACE.
Flavors: r-devel-linux-x86_64-debian-clang, r-devel-linux-x86_64-debian-gcc, r-devel-linux-x86_64-fedora-clang, r-devel-linux-x86_64-fedora-gcc, r-devel-windows-ix86+x86_64