CRAN Package Check Results for Package sendmailR

Last updated on 2018-01-21 14:47:47 CET.

Flavor Version Tinstall Tcheck Ttotal Status Flags
r-devel-linux-x86_64-debian-clang 1.2-1 0.72 17.91 18.63 NOTE
r-devel-linux-x86_64-debian-gcc 1.2-1 0.62 14.19 14.81 NOTE
r-devel-linux-x86_64-fedora-clang 1.2-1 21.60 NOTE
r-devel-linux-x86_64-fedora-gcc 1.2-1 20.41 NOTE
r-devel-windows-ix86+x86_64 1.2-1 5.00 30.00 35.00 NOTE
r-patched-linux-x86_64 1.2-1 0.69 16.29 16.98 NOTE
r-patched-solaris-x86 1.2-1 32.30 NOTE
r-release-linux-x86_64 1.2-1 0.72 16.19 16.91 NOTE
r-release-windows-ix86+x86_64 1.2-1 3.00 28.00 31.00 NOTE
r-release-osx-x86_64 1.2-1 NOTE
r-oldrel-windows-ix86+x86_64 1.2-1 2.00 28.00 30.00 NOTE
r-oldrel-osx-x86_64 1.2-1 NOTE

Check Details

Version: 1.2-1
Check: R code for possible problems
Result: NOTE
    .plot_attachment: no visible global function definition for ‘dev.off’
    .update_list: no visible global function definition for ‘modifyList’
    mime_part.data.frame: no visible global function definition for
     ‘write.table’
    mime_part.ggplot: no visible binding for global variable ‘pdf’
    mime_part.matrix: no visible global function definition for
     ‘write.table’
    mime_part.trellis: no visible binding for global variable ‘pdf’
    Undefined global functions or variables:
     dev.off modifyList pdf write.table
    Consider adding
     importFrom("grDevices", "dev.off", "pdf")
     importFrom("utils", "modifyList", "write.table")
    to your NAMESPACE file.
Flavors: r-devel-linux-x86_64-debian-clang, r-devel-linux-x86_64-debian-gcc, r-devel-linux-x86_64-fedora-clang, r-devel-linux-x86_64-fedora-gcc, r-devel-windows-ix86+x86_64, r-patched-linux-x86_64, r-patched-solaris-x86, r-release-linux-x86_64, r-release-windows-ix86+x86_64, r-release-osx-x86_64, r-oldrel-windows-ix86+x86_64, r-oldrel-osx-x86_64