CRAN Package Check Results for Package sendmailR

Last updated on 2014-04-17 05:47:18.

Flavor Version Tinstall Tcheck Ttotal Status Flags
r-devel-linux-x86_64-debian-clang 1.1-2 0.58 9.37 9.95 NOTE
r-devel-linux-x86_64-debian-gcc 1.1-2 0.61 9.38 10.00 NOTE
r-devel-linux-x86_64-fedora-clang 1.1-2 19.76 NOTE
r-devel-linux-x86_64-fedora-gcc 1.1-2 18.07 NOTE
r-devel-macosx-x86_64-clang 1.1-2 23.03 NOTE
r-devel-macosx-x86_64-gcc 1.1-2 NOTE
r-devel-windows-ix86+x86_64 1.1-2 3.00 15.00 18.00 NOTE
r-patched-linux-x86_64 1.1-2 0.61 9.45 10.06 NOTE
r-patched-solaris-sparc 1.1-2 110.10 NOTE
r-patched-solaris-x86 1.1-2 28.00 NOTE
r-release-linux-ix86 1.1-2 1.00 22.00 23.00 NOTE
r-release-linux-x86_64 1.1-2 0.58 9.35 9.92 NOTE
r-release-windows-ix86+x86_64 1.1-2 5.00 22.00 27.00 NOTE
r-oldrel-windows-ix86+x86_64 1.1-2 3.00 18.00 21.00 NOTE

Check Details

Version: 1.1-2
Check: dependencies in R code
Result: NOTE
    Package in Depends field not imported from: ‘base64enc’
     These packages need to be imported from (in the NAMESPACE file)
     for when this namespace is loaded but not attached.
    See the information on DESCRIPTION files in the chapter ‘Creating R
    packages’ of the ‘Writing R Extensions’ manual.
Flavors: r-devel-linux-x86_64-debian-clang, r-devel-linux-x86_64-debian-gcc, r-devel-linux-x86_64-fedora-clang, r-devel-linux-x86_64-fedora-gcc, r-devel-macosx-x86_64-clang, r-devel-macosx-x86_64-gcc, r-devel-windows-ix86+x86_64, r-patched-linux-x86_64, r-patched-solaris-sparc, r-patched-solaris-x86, r-release-linux-ix86, r-release-linux-x86_64, r-release-windows-ix86+x86_64, r-oldrel-windows-ix86+x86_64