CRAN Package Check Results for Package sendmailR

Last updated on 2014-08-30 04:48:24.

Flavor Version Tinstall Tcheck Ttotal Status Flags
r-devel-linux-x86_64-debian-clang 1.1-2 0.52 8.62 9.14 NOTE
r-devel-linux-x86_64-debian-gcc 1.1-2 0.54 8.49 9.02 NOTE
r-devel-linux-x86_64-fedora-clang 1.1-2 19.24 NOTE
r-devel-linux-x86_64-fedora-gcc 1.1-2 18.13 NOTE
r-devel-osx-x86_64-clang 1.1-2 21.34 NOTE
r-devel-windows-ix86+x86_64 1.1-2 2.00 16.00 18.00 NOTE
r-patched-linux-x86_64 1.1-2 0.54 8.94 9.48 NOTE
r-patched-solaris-sparc 1.1-2 114.80 NOTE
r-patched-solaris-x86 1.1-2 28.40 NOTE
r-release-linux-ix86 1.1-2 0.83 15.77 16.60 NOTE
r-release-linux-x86_64 1.1-2 0.68 9.14 9.81 NOTE
r-release-osx-x86_64-mavericks 1.1-2 NOTE
r-release-windows-ix86+x86_64 1.1-2 3.00 21.00 24.00 NOTE
r-oldrel-windows-ix86+x86_64 1.1-2 3.00 17.00 20.00 NOTE

Check Details

Version: 1.1-2
Check: dependencies in R code
Result: NOTE
    Package in Depends field not imported from: ‘base64enc’
     These packages need to be imported from (in the NAMESPACE file)
     for when this namespace is loaded but not attached.
    See the information on DESCRIPTION files in the chapter ‘Creating R
    packages’ of the ‘Writing R Extensions’ manual.
Flavors: r-devel-linux-x86_64-debian-clang, r-devel-linux-x86_64-debian-gcc, r-devel-linux-x86_64-fedora-clang, r-devel-linux-x86_64-fedora-gcc, r-devel-osx-x86_64-clang, r-devel-windows-ix86+x86_64, r-patched-linux-x86_64, r-patched-solaris-sparc, r-patched-solaris-x86, r-release-linux-ix86, r-release-linux-x86_64, r-release-osx-x86_64-mavericks, r-release-windows-ix86+x86_64, r-oldrel-windows-ix86+x86_64

Version: 1.1-2
Check: R code for possible problems
Result: NOTE
    .file_attachment: no visible global function definition for
     ‘base64encode’
Flavors: r-devel-linux-x86_64-debian-clang, r-devel-linux-x86_64-debian-gcc, r-devel-linux-x86_64-fedora-clang, r-devel-linux-x86_64-fedora-gcc, r-devel-osx-x86_64-clang, r-devel-windows-ix86+x86_64