CRAN Package Check Results for Package sendmailR

Last updated on 2016-08-23 22:47:52.

Flavor Version Tinstall Tcheck Ttotal Status Flags
r-devel-linux-x86_64-debian-clang 1.2-1 0.53 9.48 10.01 NOTE
r-devel-linux-x86_64-debian-gcc 1.2-1 0.52 9.25 9.77 NOTE
r-devel-linux-x86_64-fedora-clang 1.2-1 16.48 NOTE
r-devel-linux-x86_64-fedora-gcc 1.2-1 15.59 NOTE
r-devel-osx-x86_64-clang 1.2-1 15.24 NOTE
r-devel-windows-ix86+x86_64 1.2-1 3.00 35.00 38.00 NOTE
r-patched-linux-x86_64 1.2-1 0.64 9.10 9.74 NOTE
r-patched-solaris-sparc 1.2-1 104.10 NOTE
r-patched-solaris-x86 1.2-1 23.80 NOTE
r-release-linux-x86_64 1.2-1 0.57 9.24 9.81 NOTE
r-release-osx-x86_64-mavericks 1.2-1 NOTE
r-release-windows-ix86+x86_64 1.2-1 3.00 36.00 39.00 NOTE
r-oldrel-windows-ix86+x86_64 1.2-1 2.00 28.00 30.00 OK

Check Details

Version: 1.2-1
Check: R code for possible problems
Result: NOTE
    .plot_attachment: no visible global function definition for ‘dev.off’
    .update_list: no visible global function definition for ‘modifyList’
    mime_part.data.frame: no visible global function definition for
     ‘write.table’
    mime_part.ggplot: no visible binding for global variable ‘pdf’
    mime_part.matrix: no visible global function definition for
     ‘write.table’
    mime_part.trellis: no visible binding for global variable ‘pdf’
    Undefined global functions or variables:
     dev.off modifyList pdf write.table
    Consider adding
     importFrom("grDevices", "dev.off", "pdf")
     importFrom("utils", "modifyList", "write.table")
    to your NAMESPACE file.
Flavors: r-devel-linux-x86_64-debian-clang, r-devel-linux-x86_64-debian-gcc, r-devel-linux-x86_64-fedora-clang, r-devel-linux-x86_64-fedora-gcc, r-devel-osx-x86_64-clang, r-devel-windows-ix86+x86_64, r-patched-linux-x86_64, r-patched-solaris-sparc, r-patched-solaris-x86, r-release-linux-x86_64, r-release-osx-x86_64-mavericks, r-release-windows-ix86+x86_64