CRAN Package Check Results for Package sendmailR

Last updated on 2016-09-29 21:47:33.

Flavor Version Tinstall Tcheck Ttotal Status Flags
r-devel-linux-x86_64-debian-clang 1.2-1 0.56 9.43 9.99 NOTE
r-devel-linux-x86_64-debian-gcc 1.2-1 0.60 10.11 10.71 NOTE
r-devel-linux-x86_64-fedora-clang 1.2-1 18.01 NOTE
r-devel-linux-x86_64-fedora-gcc 1.2-1 15.45 NOTE
r-devel-macos-x86_64-clang 1.2-1 15.16 NOTE
r-devel-windows-ix86+x86_64 1.2-1 3.00 58.00 61.00 NOTE
r-patched-linux-x86_64 1.2-1 0.54 9.19 9.73 NOTE
r-patched-solaris-sparc 1.2-1 104.10 NOTE
r-patched-solaris-x86 1.2-1 23.80 NOTE
r-release-linux-x86_64 1.2-1 0.62 9.29 9.91 NOTE
r-release-osx-x86_64-mavericks 1.2-1 NOTE
r-release-windows-ix86+x86_64 1.2-1 2.00 29.00 31.00 NOTE
r-oldrel-windows-ix86+x86_64 1.2-1 2.00 28.00 30.00 OK

Check Details

Version: 1.2-1
Check: R code for possible problems
Result: NOTE
    .plot_attachment: no visible global function definition for ‘dev.off’
    .update_list: no visible global function definition for ‘modifyList’
    mime_part.data.frame: no visible global function definition for
     ‘write.table’
    mime_part.ggplot: no visible binding for global variable ‘pdf’
    mime_part.matrix: no visible global function definition for
     ‘write.table’
    mime_part.trellis: no visible binding for global variable ‘pdf’
    Undefined global functions or variables:
     dev.off modifyList pdf write.table
    Consider adding
     importFrom("grDevices", "dev.off", "pdf")
     importFrom("utils", "modifyList", "write.table")
    to your NAMESPACE file.
Flavors: r-devel-linux-x86_64-debian-clang, r-devel-linux-x86_64-debian-gcc, r-devel-linux-x86_64-fedora-clang, r-devel-linux-x86_64-fedora-gcc, r-devel-macos-x86_64-clang, r-devel-windows-ix86+x86_64, r-patched-linux-x86_64, r-patched-solaris-sparc, r-patched-solaris-x86, r-release-linux-x86_64, r-release-osx-x86_64-mavericks, r-release-windows-ix86+x86_64