CRAN Package Check Results for Package sendmailR

Last updated on 2016-12-06 13:48:53.

Flavor Version Tinstall Tcheck Ttotal Status Flags
r-devel-linux-x86_64-debian-clang 1.2-1 0.70 11.03 11.73 NOTE
r-devel-linux-x86_64-debian-gcc 1.2-1 1.06 10.95 12.01 NOTE
r-devel-linux-x86_64-fedora-clang 1.2-1 20.45 NOTE --no-stop-on-test-error
r-devel-linux-x86_64-fedora-gcc 1.2-1 18.93 NOTE --no-stop-on-test-error
r-devel-macos-x86_64-clang 1.2-1 17.65 NOTE --no-stop-on-test-error
r-devel-windows-ix86+x86_64 1.2-1 5.00 26.00 31.00 NOTE
r-patched-linux-x86_64 1.2-1 0.54 9.46 10.00 NOTE
r-patched-solaris-sparc 1.2-1 104.10 NOTE
r-patched-solaris-x86 1.2-1 24.40 NOTE
r-release-linux-x86_64 1.2-1 0.62 9.48 10.10 NOTE
r-release-osx-x86_64-mavericks 1.2-1 NOTE
r-release-windows-ix86+x86_64 1.2-1 2.00 28.00 30.00 NOTE
r-oldrel-windows-ix86+x86_64 1.2-1 2.00 30.00 32.00 OK

Check Details

Version: 1.2-1
Check: R code for possible problems
Result: NOTE
    .plot_attachment: no visible global function definition for ‘dev.off’
    .update_list: no visible global function definition for ‘modifyList’
    mime_part.data.frame: no visible global function definition for
     ‘write.table’
    mime_part.ggplot: no visible binding for global variable ‘pdf’
    mime_part.matrix: no visible global function definition for
     ‘write.table’
    mime_part.trellis: no visible binding for global variable ‘pdf’
    Undefined global functions or variables:
     dev.off modifyList pdf write.table
    Consider adding
     importFrom("grDevices", "dev.off", "pdf")
     importFrom("utils", "modifyList", "write.table")
    to your NAMESPACE file.
Flavors: r-devel-linux-x86_64-debian-clang, r-devel-linux-x86_64-debian-gcc, r-devel-windows-ix86+x86_64, r-patched-linux-x86_64, r-patched-solaris-sparc, r-patched-solaris-x86, r-release-linux-x86_64, r-release-osx-x86_64-mavericks, r-release-windows-ix86+x86_64

Version: 1.2-1
Flags: --no-stop-on-test-error
Check: R code for possible problems
Result: NOTE
    .plot_attachment: no visible global function definition for ‘dev.off’
    .update_list: no visible global function definition for ‘modifyList’
    mime_part.data.frame: no visible global function definition for
     ‘write.table’
    mime_part.ggplot: no visible binding for global variable ‘pdf’
    mime_part.matrix: no visible global function definition for
     ‘write.table’
    mime_part.trellis: no visible binding for global variable ‘pdf’
    Undefined global functions or variables:
     dev.off modifyList pdf write.table
    Consider adding
     importFrom("grDevices", "dev.off", "pdf")
     importFrom("utils", "modifyList", "write.table")
    to your NAMESPACE file.
Flavors: r-devel-linux-x86_64-fedora-clang, r-devel-linux-x86_64-fedora-gcc, r-devel-macos-x86_64-clang