CRAN Package Check Results for Package sendmailR

Last updated on 2014-09-19 15:48:36.

Flavor Version Tinstall Tcheck Ttotal Status Flags
r-devel-linux-x86_64-debian-clang 1.1-2 0.52 9.17 9.69 NOTE
r-devel-linux-x86_64-debian-gcc 1.1-2 0.50 8.90 9.40 NOTE
r-devel-linux-x86_64-fedora-clang 1.1-2 18.74 NOTE
r-devel-linux-x86_64-fedora-gcc 1.1-2 18.14 NOTE
r-devel-osx-x86_64-clang 1.1-2 23.47 NOTE
r-devel-windows-ix86+x86_64 1.1-2 2.00 15.00 17.00 NOTE
r-patched-linux-x86_64 1.1-2 0.54 9.10 9.64 NOTE
r-patched-solaris-sparc 1.1-2 114.80 NOTE
r-patched-solaris-x86 1.1-2 27.50 NOTE
r-release-linux-ix86 1.1-2 0.83 14.98 15.81 NOTE
r-release-linux-x86_64 1.1-2 0.55 9.26 9.80 NOTE
r-release-osx-x86_64-mavericks 1.1-2 NOTE
r-release-windows-ix86+x86_64 1.1-2 3.00 21.00 24.00 NOTE
r-oldrel-windows-ix86+x86_64 1.1-2 3.00 17.00 20.00 NOTE

Check Details

Version: 1.1-2
Check: dependencies in R code
Result: NOTE
    Package in Depends field not imported from: ‘base64enc’
     These packages need to be imported from (in the NAMESPACE file)
     for when this namespace is loaded but not attached.
    See the information on DESCRIPTION files in the chapter ‘Creating R
    packages’ of the ‘Writing R Extensions’ manual.
Flavors: r-devel-linux-x86_64-debian-clang, r-devel-linux-x86_64-debian-gcc, r-devel-linux-x86_64-fedora-clang, r-devel-linux-x86_64-fedora-gcc, r-devel-osx-x86_64-clang, r-devel-windows-ix86+x86_64, r-patched-linux-x86_64, r-patched-solaris-sparc, r-patched-solaris-x86, r-release-linux-ix86, r-release-linux-x86_64, r-release-osx-x86_64-mavericks, r-release-windows-ix86+x86_64, r-oldrel-windows-ix86+x86_64

Version: 1.1-2
Check: R code for possible problems
Result: NOTE
    .file_attachment: no visible global function definition for
     ‘base64encode’
Flavors: r-devel-linux-x86_64-debian-clang, r-devel-linux-x86_64-debian-gcc, r-devel-linux-x86_64-fedora-clang, r-devel-linux-x86_64-fedora-gcc, r-devel-osx-x86_64-clang, r-devel-windows-ix86+x86_64