CRAN Package Check Results for Package sendmailR

Last updated on 2017-03-30 19:48:10.

Flavor Version Tinstall Tcheck Ttotal Status Flags
r-devel-linux-x86_64-debian-clang 1.2-1 0.61 11.65 12.26 NOTE
r-devel-linux-x86_64-debian-gcc 1.2-1 0.67 11.46 12.13 NOTE
r-devel-linux-x86_64-fedora-clang 1.2-1 20.17 NOTE --no-stop-on-test-error
r-devel-linux-x86_64-fedora-gcc 1.2-1 18.34 NOTE --no-stop-on-test-error
r-devel-macos-x86_64-clang 1.2-1 17.46 NOTE --no-stop-on-test-error
r-devel-windows-ix86+x86_64 1.2-1 2.00 40.00 42.00 NOTE
r-patched-linux-x86_64 1.2-1 0.61 11.24 11.85 NOTE
r-patched-solaris-sparc 1.2-1 116.90 NOTE
r-release-linux-x86_64 1.2-1 0.57 9.17 9.73 NOTE
r-release-osx-x86_64-mavericks 1.2-1 NOTE
r-release-windows-ix86+x86_64 1.2-1 2.00 28.00 30.00 NOTE
r-oldrel-windows-ix86+x86_64 1.2-1 2.00 30.00 32.00 OK

Check Details

Version: 1.2-1
Check: R code for possible problems
Result: NOTE
    .plot_attachment: no visible global function definition for ‘dev.off’
    .update_list: no visible global function definition for ‘modifyList’
    mime_part.data.frame: no visible global function definition for
     ‘write.table’
    mime_part.ggplot: no visible binding for global variable ‘pdf’
    mime_part.matrix: no visible global function definition for
     ‘write.table’
    mime_part.trellis: no visible binding for global variable ‘pdf’
    Undefined global functions or variables:
     dev.off modifyList pdf write.table
    Consider adding
     importFrom("grDevices", "dev.off", "pdf")
     importFrom("utils", "modifyList", "write.table")
    to your NAMESPACE file.
Flavors: r-devel-linux-x86_64-debian-clang, r-devel-linux-x86_64-debian-gcc, r-devel-windows-ix86+x86_64, r-patched-linux-x86_64, r-patched-solaris-sparc, r-release-linux-x86_64, r-release-osx-x86_64-mavericks, r-release-windows-ix86+x86_64

Version: 1.2-1
Flags: --no-stop-on-test-error
Check: R code for possible problems
Result: NOTE
    .plot_attachment: no visible global function definition for ‘dev.off’
    .update_list: no visible global function definition for ‘modifyList’
    mime_part.data.frame: no visible global function definition for
     ‘write.table’
    mime_part.ggplot: no visible binding for global variable ‘pdf’
    mime_part.matrix: no visible global function definition for
     ‘write.table’
    mime_part.trellis: no visible binding for global variable ‘pdf’
    Undefined global functions or variables:
     dev.off modifyList pdf write.table
    Consider adding
     importFrom("grDevices", "dev.off", "pdf")
     importFrom("utils", "modifyList", "write.table")
    to your NAMESPACE file.
Flavors: r-devel-linux-x86_64-fedora-clang, r-devel-linux-x86_64-fedora-gcc, r-devel-macos-x86_64-clang