CRAN Package Check Results for Package sendplot

Last updated on 2014-09-01 11:49:06.

Flavor Version Tinstall Tcheck Ttotal Status Flags
r-devel-linux-x86_64-debian-clang 4.0.0 1.57 59.37 60.94 NOTE
r-devel-linux-x86_64-debian-gcc 4.0.0 1.41 57.08 58.48 NOTE
r-devel-linux-x86_64-fedora-clang 4.0.0 133.63 NOTE
r-devel-linux-x86_64-fedora-gcc 4.0.0 126.83 NOTE
r-devel-osx-x86_64-clang 4.0.0 119.84 NOTE
r-devel-windows-ix86+x86_64 4.0.0 5.00 80.00 85.00 NOTE
r-patched-linux-x86_64 4.0.0 1.63 60.95 62.58 NOTE
r-patched-solaris-sparc 4.0.0 837.20 NOTE
r-patched-solaris-x86 4.0.0 179.80 NOTE
r-release-linux-ix86 4.0.0 2.09 94.04 96.13 NOTE
r-release-linux-x86_64 4.0.0 1.77 59.04 60.80 NOTE
r-release-osx-x86_64-mavericks 4.0.0 ERROR
r-release-osx-x86_64-snowleopard 4.0.0 NOTE
r-release-windows-ix86+x86_64 4.0.0 6.00 113.00 119.00 NOTE
r-oldrel-windows-ix86+x86_64 4.0.0 5.00 82.00 87.00 NOTE

Check Details

Version: 4.0.0
Check: dependencies in R code
Result: NOTE
    'library' or 'require' call to ‘rtiff’ which was already attached by Depends.
     Please remove these calls from your code.
    See the information on DESCRIPTION files in the chapter ‘Creating R
    packages’ of the ‘Writing R Extensions’ manual.
Flavors: r-devel-linux-x86_64-debian-clang, r-devel-linux-x86_64-debian-gcc, r-devel-linux-x86_64-fedora-clang, r-devel-linux-x86_64-fedora-gcc, r-devel-osx-x86_64-clang, r-devel-windows-ix86+x86_64, r-patched-linux-x86_64, r-patched-solaris-sparc, r-patched-solaris-x86, r-release-linux-ix86, r-release-linux-x86_64, r-release-osx-x86_64-snowleopard, r-release-windows-ix86+x86_64, r-oldrel-windows-ix86+x86_64

Version: 4.0.0
Check: Rd line widths
Result: NOTE
    Rd file 'addDefault.Rd':
     \examples lines wider than 100 characters:
     plot.calls = c("boxplot(count ~ spray, data = InsectSprays, col = 'lightgray')", "plot(1:3,1:3, col='blue', xlab='', ylab=''); points(1 ... [TRUNCATED]
     plt.extras=list(figure1= "rect(xleft=c(3,1), ytop=c(25,5),xright=c(4,2), ybottom=c(20,0));title(main='A', cex=3)", figure2="polygon(x= ... [TRUNCATED]
     Splot = addDefault(Splot, data=c("This is default", "data2"), data.labels=c("label", "d2"), links=c("http://www.buffalo.edu, http://www ... [TRUNCATED]
    
    Rd file 'sendplot.Rd':
     \examples lines wider than 100 characters:
     plot.calls = c("plot(x,y,col='green', pch=3)","plot(0,0, col='purple',pch=22,bg='purple')","plot(1:3,1:3, type='b',pch=21,bg='red',col= ... [TRUNCATED]
     "plot(0,0, col='purple',pch=22,bg='purple')","plot(1:3,1:3, type='b',pch=21,bg='red',col='red')","curve(x^3-3*x,-2,2, col='blue')")
    
    These lines will be truncated in the PDF manual.
Flavors: r-devel-linux-x86_64-fedora-clang, r-devel-linux-x86_64-fedora-gcc

Version: 4.0.0
Check: package dependencies
Result: ERROR
    Package required but not available: ‘rtiff’
    
    See the information on DESCRIPTION files in the chapter ‘Creating R
    packages’ of the ‘Writing R Extensions’ manual.
Flavor: r-release-osx-x86_64-mavericks