CRAN Package Check Results for Package sendplot

Last updated on 2015-07-31 06:47:13.

Flavor Version Tinstall Tcheck Ttotal Status Flags
r-devel-linux-x86_64-debian-clang 4.0.0 1.37 56.26 57.63 NOTE
r-devel-linux-x86_64-debian-gcc 4.0.0 2.06 54.98 57.03 NOTE
r-devel-linux-x86_64-fedora-clang 4.0.0 110.95 NOTE
r-devel-linux-x86_64-fedora-gcc 4.0.0 106.08 NOTE
r-devel-osx-x86_64-clang 4.0.0 100.58 NOTE
r-devel-windows-ix86+x86_64 4.0.0 5.00 84.00 89.00 NOTE
r-patched-linux-x86_64 4.0.0 1.52 58.87 60.39 NOTE
r-patched-solaris-sparc 4.0.0 803.20 NOTE
r-patched-solaris-x86 4.0.0 157.00 NOTE
r-release-linux-x86_64 4.0.0 1.41 58.98 60.39 NOTE
r-release-osx-x86_64-mavericks 4.0.0 NOTE
r-release-windows-ix86+x86_64 4.0.0 7.00 83.00 90.00 NOTE
r-oldrel-windows-ix86+x86_64 4.0.0 5.00 86.00 91.00 NOTE

Check Details

Version: 4.0.0
Check: DESCRIPTION meta-information
Result: NOTE
    Malformed Title field: should not end in a period.
    Malformed Description field: should contain one or more complete sentences.
Flavors: r-devel-linux-x86_64-debian-clang, r-devel-linux-x86_64-debian-gcc, r-devel-linux-x86_64-fedora-clang, r-devel-linux-x86_64-fedora-gcc, r-devel-osx-x86_64-clang, r-devel-windows-ix86+x86_64, r-patched-linux-x86_64, r-patched-solaris-sparc, r-patched-solaris-x86, r-release-linux-x86_64, r-release-osx-x86_64-mavericks, r-release-windows-ix86+x86_64

Version: 4.0.0
Check: dependencies in R code
Result: NOTE
    'library' or 'require' call to ‘rtiff’ which was already attached by Depends.
     Please remove these calls from your code.
Flavors: r-devel-linux-x86_64-debian-clang, r-devel-linux-x86_64-debian-gcc, r-devel-linux-x86_64-fedora-clang, r-devel-linux-x86_64-fedora-gcc, r-devel-osx-x86_64-clang, r-devel-windows-ix86+x86_64, r-patched-linux-x86_64, r-patched-solaris-sparc, r-patched-solaris-x86, r-release-linux-x86_64, r-release-osx-x86_64-mavericks, r-release-windows-ix86+x86_64, r-oldrel-windows-ix86+x86_64

Version: 4.0.0
Check: R code for possible problems
Result: NOTE
    heatmap.send: no visible binding for global variable ‘dist’
    heatmap.send: no visible binding for global variable ‘hclust’
    heatmap.send : <anonymous>: no visible global function definition for
     ‘reorder’
    heatmap.send: no visible global function definition for ‘heat.colors’
    heatmap.send: no visible global function definition for ‘as.dendrogram’
    heatmap.send: no visible global function definition for
     ‘order.dendrogram’
    heatmap.send: no visible binding for global variable ‘sd’
    heatmap.send.legacy: no visible binding for global variable ‘dist’
    heatmap.send.legacy: no visible binding for global variable ‘hclust’
    heatmap.send.legacy : <anonymous>: no visible global function
     definition for ‘reorder’
    heatmap.send.legacy: no visible global function definition for
     ‘as.dendrogram’
    heatmap.send.legacy: no visible global function definition for
     ‘order.dendrogram’
    heatmap.send.legacy: no visible binding for global variable ‘sd’
    makeImap: no visible global function definition for ‘colors’
    makeSplot: no visible global function definition for ‘png’
    makeSplot: no visible global function definition for ‘dev.control’
    makeSplot: no visible global function definition for ‘layout’
    makeSplot: no visible global function definition for ‘par’
    makeSplot: no visible global function definition for ‘dev.copy’
    makeSplot: no visible binding for global variable ‘jpeg’
    makeSplot: no visible global function definition for ‘dev.off’
    makeSplot: no visible binding for global variable ‘tiff’
    makeSplot: no visible binding for global variable ‘postscript’
    makeSplot: no visible global function definition for ‘dev.copy2pdf’
    makeSplot: no visible global function definition for ‘jpeg’
    mapMethod: no visible global function definition for ‘median’
    sendplot: no visible global function definition for ‘png’
    sendplot: no visible global function definition for ‘postscript’
    sendplot: no visible global function definition for ‘layout’
    sendplot: no visible global function definition for ‘par’
    sendplot: no visible global function definition for ‘points’
    sendplot: no visible global function definition for ‘dev.off’
    sendplot: no visible global function definition for ‘median’
    Undefined global functions or variables:
     as.dendrogram colors dev.control dev.copy dev.copy2pdf dev.off dist
     hclust heat.colors jpeg layout median order.dendrogram par png points
     postscript reorder sd tiff
    Consider adding
     importFrom("grDevices", "colors", "dev.control", "dev.copy",
     "dev.copy2pdf", "dev.off", "heat.colors", "jpeg", "png",
     "postscript", "tiff")
     importFrom("graphics", "layout", "par", "points")
     importFrom("stats", "as.dendrogram", "dist", "hclust", "median",
     "order.dendrogram", "reorder", "sd")
    to your NAMESPACE.
Flavors: r-devel-linux-x86_64-debian-clang, r-devel-linux-x86_64-debian-gcc, r-devel-linux-x86_64-fedora-clang, r-devel-linux-x86_64-fedora-gcc, r-devel-windows-ix86+x86_64

Version: 4.0.0
Check: Rd line widths
Result: NOTE
    Rd file 'addDefault.Rd':
     \examples lines wider than 100 characters:
     plot.calls = c("boxplot(count ~ spray, data = InsectSprays, col = 'lightgray')", "plot(1:3,1:3, col='blue', xlab='', ylab=''); points(1 ... [TRUNCATED]
     plt.extras=list(figure1= "rect(xleft=c(3,1), ytop=c(25,5),xright=c(4,2), ybottom=c(20,0));title(main='A', cex=3)", figure2="polygon(x= ... [TRUNCATED]
     Splot = addDefault(Splot, data=c("This is default", "data2"), data.labels=c("label", "d2"), links=c("http://www.buffalo.edu, http://www ... [TRUNCATED]
    
    Rd file 'sendplot.Rd':
     \examples lines wider than 100 characters:
     plot.calls = c("plot(x,y,col='green', pch=3)","plot(0,0, col='purple',pch=22,bg='purple')","plot(1:3,1:3, type='b',pch=21,bg='red',col= ... [TRUNCATED]
     "plot(0,0, col='purple',pch=22,bg='purple')","plot(1:3,1:3, type='b',pch=21,bg='red',col='red')","curve(x^3-3*x,-2,2, col='blue')")
    
    These lines will be truncated in the PDF manual.
Flavors: r-devel-linux-x86_64-debian-clang, r-devel-linux-x86_64-debian-gcc, r-devel-linux-x86_64-fedora-clang, r-devel-linux-x86_64-fedora-gcc, r-patched-linux-x86_64, r-release-linux-x86_64