CRAN Package Check Results for Package sendplot

Last updated on 2014-04-17 06:46:58.

Flavor Version Tinstall Tcheck Ttotal Status Flags
r-devel-linux-x86_64-debian-clang 4.0.0 1.58 62.98 64.57 NOTE
r-devel-linux-x86_64-debian-gcc 4.0.0 1.73 61.84 63.56 NOTE
r-devel-linux-x86_64-fedora-clang 4.0.0 131.08 NOTE
r-devel-linux-x86_64-fedora-gcc 4.0.0 134.10 NOTE
r-devel-macosx-x86_64-clang 4.0.0 81.26 NOTE
r-devel-macosx-x86_64-gcc 4.0.0 NOTE
r-devel-windows-ix86+x86_64 4.0.0 4.00 84.00 88.00 NOTE
r-patched-linux-x86_64 4.0.0 1.64 61.81 63.45 NOTE
r-patched-solaris-sparc 4.0.0 813.20 NOTE
r-patched-solaris-x86 4.0.0 183.80 NOTE
r-release-linux-ix86 4.0.0 4.00 134.00 138.00 NOTE
r-release-linux-x86_64 4.0.0 1.66 62.28 63.94 NOTE
r-release-macosx-x86_64 4.0.0 NOTE
r-release-windows-ix86+x86_64 4.0.0 8.00 104.00 112.00 NOTE
r-oldrel-windows-ix86+x86_64 4.0.0 5.00 94.00 99.00 NOTE

Check Details

Version: 4.0.0
Check: dependencies in R code
Result: NOTE
    'library' or 'require' call to ‘rtiff’ which was already attached by Depends.
     Please remove these calls from your code.
    See the information on DESCRIPTION files in the chapter ‘Creating R
    packages’ of the ‘Writing R Extensions’ manual.
Flavors: r-devel-linux-x86_64-debian-clang, r-devel-linux-x86_64-debian-gcc, r-devel-linux-x86_64-fedora-clang, r-devel-linux-x86_64-fedora-gcc, r-devel-macosx-x86_64-clang, r-devel-macosx-x86_64-gcc, r-devel-windows-ix86+x86_64, r-patched-linux-x86_64, r-patched-solaris-sparc, r-patched-solaris-x86, r-release-linux-ix86, r-release-linux-x86_64, r-release-macosx-x86_64, r-release-windows-ix86+x86_64, r-oldrel-windows-ix86+x86_64

Version: 4.0.0
Check: Rd line widths
Result: NOTE
    Rd file 'addDefault.Rd':
     \examples lines wider than 100 characters:
     plot.calls = c("boxplot(count ~ spray, data = InsectSprays, col = 'lightgray')", "plot(1:3,1:3, col='blue', xlab='', ylab=''); points(1 ... [TRUNCATED]
     plt.extras=list(figure1= "rect(xleft=c(3,1), ytop=c(25,5),xright=c(4,2), ybottom=c(20,0));title(main='A', cex=3)", figure2="polygon(x= ... [TRUNCATED]
     Splot = addDefault(Splot, data=c("This is default", "data2"), data.labels=c("label", "d2"), links=c("http://www.buffalo.edu, http://www ... [TRUNCATED]
    
    Rd file 'sendplot.Rd':
     \examples lines wider than 100 characters:
     plot.calls = c("plot(x,y,col='green', pch=3)","plot(0,0, col='purple',pch=22,bg='purple')","plot(1:3,1:3, type='b',pch=21,bg='red',col= ... [TRUNCATED]
     "plot(0,0, col='purple',pch=22,bg='purple')","plot(1:3,1:3, type='b',pch=21,bg='red',col='red')","curve(x^3-3*x,-2,2, col='blue')")
    
    These lines will be truncated in the PDF manual.
Flavors: r-devel-linux-x86_64-fedora-clang, r-devel-linux-x86_64-fedora-gcc