CRAN Package Check Results for Package sensR

Last updated on 2017-06-29 06:53:22.

Flavor Version Tinstall Tcheck Ttotal Status Flags
r-devel-linux-x86_64-debian-clang 1.4-7 6.69 75.12 81.80 OK
r-devel-linux-x86_64-debian-gcc 1.4-7 6.26 72.12 78.38 OK
r-devel-linux-x86_64-fedora-clang 1.4-7 180.70 OK
r-devel-linux-x86_64-fedora-gcc 1.4-7 164.56 OK
r-devel-windows-ix86+x86_64 1.4-7 18.00 122.00 140.00 OK
r-patched-linux-x86_64 1.4-7 6.38 69.70 76.08 OK
r-patched-solaris-sparc 1.4-7 962.00 OK
r-patched-solaris-x86 1.4-7 200.50 OK
r-release-linux-x86_64 1.4-7 6.47 71.36 77.83 OK
r-release-windows-ix86+x86_64 1.4-7 12.00 120.00 132.00 OK
r-release-osx-x86_64 1.4-7 NOTE
r-oldrel-windows-ix86+x86_64 1.4-7 19.00 160.00 179.00 OK
r-oldrel-osx-x86_64 1.4-7 OK

Check Details

Version: 1.4-7
Check: re-building of vignette outputs
Result: NOTE
    Error in re-building vignettes:
     ...
    Error in texi2dvi(file = file, pdf = TRUE, clean = clean, quiet = quiet, :
     Running 'texi2dvi' on 'methodology.tex' failed.
    BibTeX errors:
    The top-level auxiliary file: methodology.aux
    I couldn't open style file chicago.bst
    ---line 2 of file methodology.aux
     : \bibstyle{chicago
     : }
    I'm skipping whatever remains of this command
    I found no style file---while reading file methodology.aux
    Calls: buildVignettes -> texi2pdf -> texi2dvi
    Execution halted
Flavor: r-release-osx-x86_64