CRAN Package Check Results for Package sensR

Last updated on 2014-10-25 03:49:38.

Flavor Version Tinstall Tcheck Ttotal Status Flags
r-devel-linux-x86_64-debian-clang 1.4-0 5.15 70.23 75.38 OK
r-devel-linux-x86_64-debian-gcc 1.4-0 4.70 71.36 76.06 OK
r-devel-linux-x86_64-fedora-clang 1.4-0 159.49 OK
r-devel-linux-x86_64-fedora-gcc 1.4-0 147.34 OK
r-devel-osx-x86_64-clang 1.4-0 139.83 OK
r-devel-windows-ix86+x86_64 1.4-0 12.00 93.00 105.00 OK
r-patched-linux-x86_64 1.4-0 5.35 73.45 78.80 OK
r-patched-solaris-sparc 1.4-0 984.60 OK
r-patched-solaris-x86 1.4-0 185.50 OK
r-release-linux-ix86 1.4-0 6.35 95.49 101.84 OK
r-release-linux-x86_64 1.4-0 5.30 75.18 80.48 OK
r-release-osx-x86_64-mavericks 1.4-0 NOTE
r-release-osx-x86_64-snowleopard 1.4-0 OK
r-release-windows-ix86+x86_64 1.4-0 11.00 114.00 125.00 OK
r-oldrel-windows-ix86+x86_64 1.4-0 10.00 112.00 122.00 OK

Check Details

Version: 1.4-0
Check: re-building of vignette outputs
Result: NOTE
    Error in re-building vignettes:
     ...
    Error in texi2dvi(file = file, pdf = TRUE, clean = clean, quiet = quiet, :
     Running 'texi2dvi' on 'methodology.tex' failed.
    BibTeX errors:
    The top-level auxiliary file: methodology.aux
    I couldn't open style file chicago.bst
    ---line 2 of file methodology.aux
     : \bibstyle{chicago
     : }
    I'm skipping whatever remains of this command
    I found no style file---while reading file methodology.aux
    Calls: buildVignettes -> texi2pdf -> texi2dvi
    Execution halted
Flavor: r-release-osx-x86_64-mavericks