CRAN Package Check Results for Package sensR

Last updated on 2014-04-24 23:48:13.

Flavor Version Tinstall Tcheck Ttotal Status Flags
r-devel-linux-x86_64-debian-clang 1.3-1 5.18 52.86 58.04 OK
r-devel-linux-x86_64-debian-gcc 1.3-1 4.99 54.41 59.40 OK
r-devel-linux-x86_64-fedora-clang 1.3-1 119.05 OK
r-devel-linux-x86_64-fedora-gcc 1.3-1 117.92 OK
r-devel-osx-x86_64-clang 1.3-1 114.69 OK
r-devel-osx-x86_64-gcc 1.3-1 ERROR
r-devel-windows-ix86+x86_64 1.3-1 12.00 81.00 93.00 OK
r-patched-linux-x86_64 1.3-1 4.93 53.16 58.09 OK
r-patched-solaris-sparc 1.3-1 661.40 OK
r-patched-solaris-x86 1.3-1 144.40 OK
r-release-linux-ix86 1.3-1 7.00 89.00 96.00 OK
r-release-linux-x86_64 1.3-1 4.78 53.99 58.77 OK
r-release-osx-x86_64-mavericks 1.3-1 NOTE
r-release-osx-x86_64-snowleopard 1.3-1 OK
r-release-windows-ix86+x86_64 1.3-1 9.00 78.00 87.00 OK
r-oldrel-windows-ix86+x86_64 1.3-1 10.00 77.00 87.00 OK

Check Details

Version: 1.3-1
Check: package dependencies
Result: ERROR
    Package required but not available: ‘multcomp’
    
    See the information on DESCRIPTION files in the chapter ‘Creating R
    packages’ of the ‘Writing R Extensions’ manual.
Flavor: r-devel-osx-x86_64-gcc

Version: 1.3-1
Check: re-building of vignette outputs
Result: NOTE
    Error in re-building vignettes:
     ...
    Error in texi2dvi(file = file, pdf = TRUE, clean = clean, quiet = quiet, :
     Running 'texi2dvi' on 'methodology.tex' failed.
    LaTeX errors:
    ! LaTeX Error: File `algorithmic.sty' not found.
    
    Type X to quit or <RETURN> to proceed,
    or enter new name. (Default extension: sty)
    
    est/sensR/vignettes/methodology.tex:10: ==> Fatal error occurred, no output PD
    F file produced!
    Calls: buildVignettes -> texi2pdf -> texi2dvi
    Execution halted
Flavor: r-release-osx-x86_64-mavericks