CRAN Package Check Results for Package sensR

Last updated on 2014-11-22 03:49:40.

Flavor Version Tinstall Tcheck Ttotal Status Flags
r-devel-linux-x86_64-debian-clang 1.4-0 6.97 70.92 77.89 OK
r-devel-linux-x86_64-debian-gcc 1.4-0 4.74 69.63 74.36 OK
r-devel-linux-x86_64-fedora-clang 1.4-0 158.58 OK
r-devel-linux-x86_64-fedora-gcc 1.4-0 147.83 OK
r-devel-osx-x86_64-clang 1.4-0 141.76 OK
r-devel-windows-ix86+x86_64 1.4-0 12.00 92.00 104.00 OK
r-patched-linux-x86_64 1.4-0 5.56 74.97 80.53 OK
r-patched-solaris-sparc 1.4-0 984.60 OK
r-patched-solaris-x86 1.4-0 188.80 OK
r-release-linux-ix86 1.4-0 6.21 89.54 95.75 OK
r-release-linux-x86_64 1.4-0 5.41 73.90 79.31 OK
r-release-osx-x86_64-mavericks 1.4-0 NOTE
r-release-osx-x86_64-snowleopard 1.4-0 OK
r-release-windows-ix86+x86_64 1.4-0 16.00 112.00 128.00 OK
r-oldrel-windows-ix86+x86_64 1.4-0 12.00 112.00 124.00 OK

Check Details

Version: 1.4-0
Check: re-building of vignette outputs
Result: NOTE
    Error in re-building vignettes:
     ...
    Error in texi2dvi(file = file, pdf = TRUE, clean = clean, quiet = quiet, :
     Running 'texi2dvi' on 'methodology.tex' failed.
    BibTeX errors:
    The top-level auxiliary file: methodology.aux
    I couldn't open style file chicago.bst
    ---line 2 of file methodology.aux
     : \bibstyle{chicago
     : }
    I'm skipping whatever remains of this command
    I found no style file---while reading file methodology.aux
    Calls: buildVignettes -> texi2pdf -> texi2dvi
    Execution halted
Flavor: r-release-osx-x86_64-mavericks