CRAN Package Check Results for Package sensR

Last updated on 2015-07-28 15:48:23.

Flavor Version Tinstall Tcheck Ttotal Status Flags
r-devel-linux-x86_64-debian-clang 1.4-5 4.36 55.17 59.53 NOTE
r-devel-linux-x86_64-debian-gcc 1.4-5 4.30 52.79 57.09 NOTE
r-devel-linux-x86_64-fedora-clang 1.4-5 116.20 NOTE
r-devel-linux-x86_64-fedora-gcc 1.4-5 108.35 NOTE
r-devel-osx-x86_64-clang 1.4-5 89.19 OK
r-devel-windows-ix86+x86_64 1.4-5 9.00 82.00 91.00 NOTE
r-patched-linux-x86_64 1.4-5 4.33 53.11 57.44 OK
r-patched-solaris-sparc 1.4-5 713.60 OK
r-patched-solaris-x86 1.4-5 136.40 OK
r-release-linux-x86_64 1.4-5 4.71 51.88 56.59 OK
r-release-osx-x86_64-mavericks 1.4-5 OK
r-release-windows-ix86+x86_64 1.4-5 15.00 83.00 98.00 OK
r-oldrel-windows-ix86+x86_64 1.4-5 16.00 98.00 114.00 OK

Check Details

Version: 1.4-5
Check: R code for possible problems
Result: NOTE
    AUC.default: no visible global function definition for ‘pnorm’
    AUC.default: no visible global function definition for ‘qnorm’
    AnotA: no visible global function definition for ‘glm’
    AnotA: no visible global function definition for ‘binomial’
    AnotA: no visible binding for global variable ‘probit’
    AnotA: no visible global function definition for ‘fisher.test’
    CI.vcov: no visible global function definition for ‘qnorm’
    Delta: no visible global function definition for ‘pnorm’
    I11: no visible global function definition for ‘dnorm’
    I11.tau: no visible global function definition for ‘dnorm’
    I12: no visible global function definition for ‘dnorm’
    I22: no visible global function definition for ‘dnorm’
    LRtest.2AC : <anonymous>: no visible global function definition for
     ‘optimize’
    LRtest.2AC : <anonymous>: no visible global function definition for
     ‘qnorm’
    LRtest.2AC: no visible global function definition for ‘pnorm’
    Pears: no visible global function definition for ‘pchisq’
    Potter: no visible global function definition for ‘pnorm’
    ROC.default: no visible global function definition for ‘qnorm’
    ROC.default: no visible global function definition for ‘pnorm’
    ROC.default: no visible global function definition for ‘plot.default’
    ROC.default: no visible global function definition for ‘lines’
    SDT : tmp: no visible global function definition for ‘qnorm’
    Tau: no visible global function definition for ‘qnorm’
    anova.clls : <anonymous>: no visible global function definition for
     ‘deviance’
    anova.clls: no visible global function definition for ‘pchisq’
    betabin: no visible global function definition for ‘optim’
    betabin: no visible global function definition for ‘dbinom’
    binExact: no visible global function definition for ‘binom.test’
    binPwr: no visible global function definition for ‘pnorm’
    binPwr : <anonymous>: no visible global function definition for
     ‘dmultinom’
    binomPwr: no visible global function definition for ‘dbinom’
    clls: no visible binding for global variable ‘plogis’
    clls: no visible binding for global variable ‘pnorm’
    clls: no visible binding for global variable ‘pcauchy’
    clls: no visible binding for global variable ‘dlogis’
    clls: no visible binding for global variable ‘dnorm’
    clls: no visible binding for global variable ‘dcauchy’
    clls: no visible global function definition for ‘model.matrix’
    clls: no visible global function definition for ‘model.weights’
    clls: no visible global function definition for ‘model.offset’
    clls: no visible global function definition for ‘model.response’
    clls: no visible global function definition for ‘glm.fit’
    clls: no visible global function definition for ‘binomial’
    clls: no visible global function definition for ‘optim’
    clls: no visible global function definition for ‘.getXlevels’
    clm2twoAC: no visible global function definition for ‘pnorm’
    confint.dod_fit: no visible global function definition for ‘qnorm’
    confint.dod_fit: no visible global function definition for ‘setNames’
    confint.profBinom: no visible global function definition for ‘qnorm’
    confint.profBinom: no visible global function definition for ‘approx’
    confint.profBinom: no visible global function definition for ‘qlogis’
    confint.profile.twoAC: no visible global function definition for
     ‘qnorm’
    confint.profile.twoAC: no visible global function definition for
     ‘spline’
    confint.profile.twoAC: no visible global function definition for
     ‘approx’
    confint.samediff: no visible global function definition for ‘qchisq’
    confint.samediff: no visible global function definition for ‘uniroot’
    confint.twoAC: no visible global function definition for ‘qnorm’
    discrim: no visible global function definition for ‘pbinom’
    discrim: no visible global function definition for ‘binom.test’
    discrim: no visible global function definition for ‘dbinom’
    discrim: no visible global function definition for ‘pnorm’
    discrim: no visible global function definition for ‘qnorm’
    discrim: no visible global function definition for ‘prop.test’
    discrimOld: no visible global function definition for ‘pbinom’
    discrimOld: no visible global function definition for ‘glm’
    discrimOld: no visible global function definition for ‘glm.control’
    discrimR : fminNM : func1: no visible global function definition for
     ‘dnorm’
    discrimR : fminNM : func1: no visible global function definition for
     ‘pnorm’
    discrimR : fminNM: no visible global function definition for
     ‘integrate’
    discrimR: no visible global function definition for ‘model.matrix’
    discrimR: no visible global function definition for ‘model.weights’
    discrimR: no visible global function definition for ‘model.offset’
    discrimR: no visible global function definition for ‘model.response’
    discrimR: no visible binding for global variable ‘pnorm’
    discrimR: no visible global function definition for ‘glm.fit’
    discrimR: no visible global function definition for ‘binomial’
    discrimR: no visible binding for global variable ‘probit’
    discrimR: no visible global function definition for ‘optim’
    discrimR: no visible global function definition for ‘pnorm’
    discrimR : func2: no visible global function definition for ‘dnorm’
    discrimR: no visible global function definition for ‘integrate’
    discrimSim: no visible global function definition for ‘rnorm’
    discrimSim: no visible global function definition for ‘rbinom’
    dod: no visible global function definition for ‘wilcox.test’
    dodPwr_internal : <anonymous>: no visible global function definition
     for ‘wilcox.test’
    dodSim: no visible global function definition for ‘rmultinom’
    dod_fit: no visible global function definition for ‘setNames’
    dod_fit: no visible global function definition for ‘nlminb’
    dod_null_tau_internal : <anonymous>: no visible global function
     definition for ‘qnorm’
    dprime_compareStat: no visible global function definition for ‘pchisq’
    dprime_estim: no visible global function definition for ‘nlminb’
    dprime_nll : <anonymous>: no visible global function definition for
     ‘dbinom’
    dprime_testStat: no visible global function definition for ‘qnorm’
    duotrio: no visible global function definition for ‘binomial’
    duotrio : <anonymous>: no visible global function definition for
     ‘pnorm’
    duotrio : <anonymous>: no visible global function definition for
     ‘dnorm’
    duotrio : <anonymous> : <anonymous>: no visible global function
     definition for ‘uniroot’
    estimate.2AC : nll: no visible global function definition for ‘pnorm’
    estimate.2AC: no visible global function definition for ‘qnorm’
    exact.2AC: no visible global function definition for ‘optimize’
    exact.2AC: no visible global function definition for ‘pnorm’
    exact.2AC : <anonymous>: no visible global function definition for
     ‘dmultinom’
    extractAIC.clls: no visible global function definition for ‘deviance’
    findcr : crdiff: no visible global function definition for ‘pbinom’
    findcr: no visible global function definition for ‘uniroot’
    findcr: no visible global function definition for ‘pbinom’
    getPosthoc: no visible global function definition for ‘setNames’
    getPosthoc : <anonymous>: no visible global function definition for
     ‘nlminb’
    getPosthoc: no visible global function definition for ‘nlminb’
    get_ci: no visible global function definition for ‘qnorm’
    get_ci: no visible global function definition for ‘uniroot’
    llDeltaInf: no visible global function definition for ‘pnorm’
    llSameDiff: no visible global function definition for ‘pnorm’
    llds0: no visible global function definition for ‘pnorm’
    lrp_binom: no visible global function definition for ‘dbinom’
    nll.2AC: no visible global function definition for ‘pnorm’
    normPval: no visible global function definition for ‘pnorm’
    normalPvalue: no visible global function definition for ‘pnorm’
    normalPwr: no visible global function definition for ‘qnorm’
    normalPwr: no visible global function definition for ‘pnorm’
    normalSS: no visible global function definition for ‘qnorm’
    optimal_tau: no visible global function definition for ‘nlminb’
    par2prob_dod_internal: no visible global function definition for
     ‘pnorm’
    pdPwr: no visible global function definition for ‘pbinom’
    pearsonPwr: no visible global function definition for ‘pnorm’
    pearsonPwr : <anonymous>: no visible global function definition for
     ‘dmultinom’
    pll.delta: no visible global function definition for ‘optimize’
    pll.tau: no visible global function definition for ‘optimize’
    plot.anota: no visible global function definition for ‘dnorm’
    plot.anota: no visible global function definition for ‘coefficients’
    plot.anota: no visible global function definition for ‘lines’
    plot.discrim: no visible global function definition for ‘dnorm’
    plot.discrim: no visible global function definition for ‘lines’
    plot.profile.discrim : <anonymous>: no visible global function
     definition for ‘qchisq’
    plot.profile.discrim: no visible global function definition for
     ‘spline’
    plot.profile.discrim: no visible global function definition for
     ‘abline’
    plot.profile.samediff: no visible global function definition for ‘par’
    plot.profile.samediff : <anonymous>: no visible global function
     definition for ‘qchisq’
    plot.profile.samediff: no visible global function definition for
     ‘abline’
    plot.profile.twoAC : <anonymous>: no visible global function definition
     for ‘qchisq’
    plot.profile.twoAC: no visible global function definition for ‘spline’
    plot.profile.twoAC: no visible global function definition for ‘abline’
    plot.samediff: no visible global function definition for ‘dnorm’
    plot.samediff: no visible global function definition for ‘lines’
    plotProf: no visible global function definition for ‘spline’
    plotProf: no visible global function definition for ‘abline’
    posthoc.dprime_compare: no visible binding for global variable
     ‘p.adjust.methods’
    posthoc.dprime_compare: no visible global function definition for
     ‘p.adjust’
    posthoc.dprime_compare: no visible global function definition for
     ‘setNames’
    posthoc.dprime_test: no visible binding for global variable
     ‘p.adjust.methods’
    posthoc.dprime_test: no visible global function definition for
     ‘p.adjust’
    posthoc.dprime_test: no visible global function definition for
     ‘setNames’
    print.anota: no visible global function definition for ‘qnorm’
    print.clls: no visible global function definition for ‘naprint’
    print.summary.betabin: no visible global function definition for
     ‘printCoefmat’
    print.summary.clls: no visible global function definition for ‘naprint’
    print.summary.samediff: no visible global function definition for
     ‘printCoefmat’
    profBinom: no visible global function definition for ‘dbinom’
    profile.twoAC : <anonymous>: no visible global function definition for
     ‘optimize’
    pval.prof: no visible global function definition for ‘pnorm’
    pval.vcov: no visible global function definition for ‘pnorm’
    samediff: no visible global function definition for ‘uniroot’
    samediff: no visible global function definition for ‘optim’
    samediffPwr : fun: no visible global function definition for ‘pnorm’
    samediffSim: no visible global function definition for ‘pnorm’
    samediffSim: no visible global function definition for ‘rbinom’
    sddvn: no visible global function definition for ‘qnorm’
    sddvn : del: no visible global function definition for ‘pnorm’
    sddvn: no visible global function definition for ‘uniroot’
    sddvn: no visible global function definition for ‘dnorm’
    summary.betabin: no visible global function definition for ‘qnorm’
    summary.betabin: no visible global function definition for ‘pchisq’
    summary.samediff: no visible global function definition for ‘AIC’
    test.crit: no visible global function definition for ‘pbinom’
    tetrad: no visible global function definition for ‘binomial’
    tetrad : <anonymous> : tetrads.fun: no visible global function
     definition for ‘dnorm’
    tetrad : <anonymous> : tetrads.fun: no visible global function
     definition for ‘pnorm’
    tetrad : <anonymous> : <anonymous>: no visible global function
     definition for ‘integrate’
    tetrad : <anonymous> : Linkinv : tetrads.fun: no visible global
     function definition for ‘dnorm’
    tetrad : <anonymous> : Linkinv : tetrads.fun: no visible global
     function definition for ‘pnorm’
    tetrad : <anonymous> : Linkinv : <anonymous>: no visible global
     function definition for ‘integrate’
    tetrad : <anonymous> : <anonymous>: no visible global function
     definition for ‘uniroot’
    threeAFC: no visible global function definition for ‘binomial’
    threeAFC : <anonymous> : threeAFCg: no visible global function
     definition for ‘dnorm’
    threeAFC : <anonymous> : threeAFCg: no visible global function
     definition for ‘pnorm’
    threeAFC : <anonymous> : <anonymous>: no visible global function
     definition for ‘integrate’
    threeAFC : <anonymous> : threeAFCgd: no visible global function
     definition for ‘dnorm’
    threeAFC : <anonymous> : threeAFCgd: no visible global function
     definition for ‘pnorm’
    threeAFC : <anonymous> : <anonymous>: no visible global function
     definition for ‘uniroot’
    triangle: no visible global function definition for ‘binomial’
    triangle : <anonymous>: no visible global function definition for ‘pf’
    triangle : <anonymous>: no visible global function definition for
     ‘dnorm’
    triangle : <anonymous>: no visible global function definition for
     ‘pnorm’
    triangle : <anonymous> : <anonymous>: no visible global function
     definition for ‘uniroot’
    twoACpwr: no visible global function definition for ‘pnorm’
    twoACpwr : <anonymous>: no visible global function definition for
     ‘dmultinom’
    twoAFC: no visible global function definition for ‘binomial’
    twoAFC : <anonymous>: no visible global function definition for ‘pnorm’
    twoAFC : <anonymous>: no visible global function definition for ‘dnorm’
    twoAFC : <anonymous>: no visible global function definition for ‘qnorm’
    Undefined global functions or variables:
     .getXlevels AIC abline approx binom.test binomial coefficients dbinom
     dcauchy deviance dlogis dmultinom dnorm fisher.test glm glm.control
     glm.fit integrate lines model.matrix model.offset model.response
     model.weights naprint nlminb optim optimize p.adjust p.adjust.methods
     par pbinom pcauchy pchisq pf plogis plot.default pnorm printCoefmat
     probit prop.test qchisq qlogis qnorm rbinom rmultinom rnorm setNames
     spline uniroot wilcox.test
    Consider adding
     importFrom("graphics", "abline", "lines", "par", "plot.default")
     importFrom("stats", ".getXlevels", "AIC", "approx", "binom.test",
     "binomial", "coefficients", "dbinom", "dcauchy", "deviance",
     "dlogis", "dmultinom", "dnorm", "fisher.test", "glm",
     "glm.control", "glm.fit", "integrate", "model.matrix",
     "model.offset", "model.response", "model.weights",
     "naprint", "nlminb", "optim", "optimize", "p.adjust",
     "p.adjust.methods", "pbinom", "pcauchy", "pchisq", "pf",
     "plogis", "pnorm", "printCoefmat", "prop.test", "qchisq",
     "qlogis", "qnorm", "rbinom", "rmultinom", "rnorm",
     "setNames", "spline", "uniroot", "wilcox.test")
    to your NAMESPACE.
Flavors: r-devel-linux-x86_64-debian-clang, r-devel-linux-x86_64-debian-gcc, r-devel-linux-x86_64-fedora-clang, r-devel-linux-x86_64-fedora-gcc, r-devel-windows-ix86+x86_64