CRAN Package Check Results for Package sensR

Last updated on 2014-07-24 11:53:30.

Flavor Version Tinstall Tcheck Ttotal Status Flags
r-devel-linux-x86_64-debian-clang 1.4-0 5.33 71.84 77.17 OK
r-devel-linux-x86_64-debian-gcc 1.4-0 5.18 70.44 75.62 OK
r-devel-linux-x86_64-fedora-clang 1.4-0 167.96 OK
r-devel-linux-x86_64-fedora-gcc 1.4-0 158.92 OK
r-devel-osx-x86_64-clang 1.4-0 137.84 OK
r-devel-windows-ix86+x86_64 1.4-0 11.00 103.00 114.00 OK
r-patched-linux-x86_64 1.4-0 5.40 72.46 77.86 OK
r-patched-solaris-sparc 1.4-0 959.50 OK
r-patched-solaris-x86 1.4-0 189.90 OK
r-release-linux-ix86 1.4-0 6.38 99.77 106.15 OK
r-release-linux-x86_64 1.4-0 5.75 72.47 78.22 OK
r-release-osx-x86_64-mavericks 1.4-0 NOTE
r-release-osx-x86_64-snowleopard 1.4-0 OK
r-release-windows-ix86+x86_64 1.4-0 11.00 109.00 120.00 OK
r-oldrel-windows-ix86+x86_64 1.4-0 11.00 118.00 129.00 OK

Check Details

Version: 1.4-0
Check: re-building of vignette outputs
Result: NOTE
    Error in re-building vignettes:
     ...
    Error in texi2dvi(file = file, pdf = TRUE, clean = clean, quiet = quiet, :
     Running 'texi2dvi' on 'methodology.tex' failed.
    BibTeX errors:
    The top-level auxiliary file: methodology.aux
    I couldn't open style file chicago.bst
    ---line 2 of file methodology.aux
     : \bibstyle{chicago
     : }
    I'm skipping whatever remains of this command
    I found no style file---while reading file methodology.aux
    Calls: buildVignettes -> texi2pdf -> texi2dvi
    Execution halted
Flavor: r-release-osx-x86_64-mavericks