CRAN Package Check Results for Package sensR

Last updated on 2017-10-19 11:47:51.

Flavor Version Tinstall Tcheck Ttotal Status Flags
r-devel-linux-x86_64-debian-clang 1.5-0 7.10 75.07 82.18 OK
r-devel-linux-x86_64-debian-gcc 1.5-0 7.55 81.38 88.93 OK
r-devel-linux-x86_64-fedora-clang 1.5-0 177.68 OK
r-devel-linux-x86_64-fedora-gcc 1.5-0 179.82 OK
r-devel-windows-ix86+x86_64 1.5-0 16.00 126.00 142.00 OK
r-patched-linux-x86_64 1.5-0 7.98 74.61 82.59 OK
r-patched-solaris-x86 1.5-0 226.30 OK
r-release-linux-x86_64 1.5-0 7.33 74.08 81.40 OK
r-release-windows-ix86+x86_64 1.5-0 19.00 165.00 184.00 OK
r-release-osx-x86_64 1.5-0 NOTE
r-oldrel-windows-ix86+x86_64 1.5-0 19.00 121.00 140.00 OK
r-oldrel-osx-x86_64 1.5-0 OK

Check Details

Version: 1.5-0
Check: re-building of vignette outputs
Result: NOTE
    Error in re-building vignettes:
     ...
    Error in texi2dvi(file = file, pdf = TRUE, clean = clean, quiet = quiet, :
     Running 'texi2dvi' on 'methodology.tex' failed.
    LaTeX errors:
    ! LaTeX Error: File `algorithmic.sty' not found.
    
    Type X to quit or <RETURN> to proceed,
    or enter new name. (Default extension: sty)
    
    ! Emergency stop.
    <read *>
    
    l.10 ^^M
    
    ! ==> Fatal error occurred, no output PDF file produced!
    Calls: buildVignettes -> texi2pdf -> texi2dvi
    Execution halted
Flavor: r-release-osx-x86_64