CRAN Package Check Results for Package sensR

Last updated on 2017-04-27 15:50:41.

Flavor Version Tinstall Tcheck Ttotal Status Flags
r-devel-linux-x86_64-debian-clang 1.4-7 6.75 71.67 78.41 OK
r-devel-linux-x86_64-debian-gcc 1.4-7 6.20 69.73 75.93 OK
r-devel-linux-x86_64-fedora-clang 1.4-7 181.51 OK --no-stop-on-test-error
r-devel-linux-x86_64-fedora-gcc 1.4-7 161.31 OK --no-stop-on-test-error
r-devel-windows-ix86+x86_64 1.4-7 14.00 176.00 190.00 OK
r-patched-linux-x86_64 1.4-7 6.21 71.25 77.46 OK
r-patched-solaris-sparc 1.4-7 962.00 OK
r-patched-solaris-x86 1.4-7 197.60 OK
r-release-linux-x86_64 1.4-7 6.60 69.32 75.92 OK
r-release-windows-ix86+x86_64 1.4-7 13.00 127.00 140.00 OK
r-release-osx-x86_64 1.4-7 NOTE
r-oldrel-windows-ix86+x86_64 1.4-7 20.00 107.00 127.00 OK
r-oldrel-osx-x86_64 1.4-7 OK

Check Details

Version: 1.4-7
Check: re-building of vignette outputs
Result: NOTE
    Error in re-building vignettes:
     ...
    Error in texi2dvi(file = file, pdf = TRUE, clean = clean, quiet = quiet, :
     Running 'texi2dvi' on 'methodology.tex' failed.
    BibTeX errors:
    The top-level auxiliary file: methodology.aux
    I couldn't open style file chicago.bst
    ---line 2 of file methodology.aux
     : \bibstyle{chicago
     : }
    I'm skipping whatever remains of this command
    I found no style file---while reading file methodology.aux
    Calls: buildVignettes -> texi2pdf -> texi2dvi
    Execution halted
Flavor: r-release-osx-x86_64