CRAN Package Check Results for Package sensR

Last updated on 2018-02-25 10:47:29 CET.

Flavor Version Tinstall Tcheck Ttotal Status Flags
r-devel-linux-x86_64-debian-clang 1.5-0 10.75 121.16 131.91 OK
r-devel-linux-x86_64-debian-gcc 1.5-0 9.41 89.10 98.51 ERROR
r-devel-linux-x86_64-fedora-clang 1.5-0 162.67 OK
r-devel-linux-x86_64-fedora-gcc 1.5-0 157.66 OK
r-devel-windows-ix86+x86_64 1.5-0 19.00 169.00 188.00 OK
r-patched-linux-x86_64 1.5-0 9.97 120.65 130.62 OK
r-patched-solaris-x86 1.5-0 224.80 OK
r-release-linux-x86_64 1.5-0 9.70 119.92 129.62 OK
r-release-windows-ix86+x86_64 1.5-0 23.00 168.00 191.00 OK
r-release-osx-x86_64 1.5-0 NOTE
r-oldrel-windows-ix86+x86_64 1.5-0 14.00 130.00 144.00 OK
r-oldrel-osx-x86_64 1.5-0 OK

Check Details

Version: 1.5-0
Check: tests
Result: ERROR
     Running ‘betabin.R’ [2s/3s]
     Comparing ‘betabin.Rout’ to ‘betabin.Rout.save’ ... OK
     Running ‘discrim.R’ [2s/2s]
     Comparing ‘discrim.Rout’ to ‘discrim.Rout.save’ ... OK
     Running ‘test-all.R’ [6s/8s]
    Running the tests in ‘tests/test-all.R’ failed.
    Complete output:
     >
     > if(require(testthat) && require(sensR)) {
     + test_check("sensR")
     + }
     Loading required package: testthat
     Loading required package: sensR
     ── 1. Failure: dod estimates are stable (@test-dod.R#39) ──────────────────────
     coef(fm) not equal to `coefExpect`.
     2/4 mismatches (average diff: 6.2e-07)
     [1] 0.952 - 0.952 == -9.67e-07
     [2] 0.309 - 0.309 == 2.72e-07
    
     ── 2. Failure: dod works for extreme data settings (@test-dod.R#47) ───────────
     `dod(data[1, ], data[2, ])` produced unexpected warnings.
     Expected match: Cannot assess convergence: non-finite gradient
     Actual values:
     * Cannot determine upper confidence bound
    
     ── 3. Failure: dod works for extreme data settings (@test-dod.R#49) ───────────
     `dod_fit(data[1, ], data[2, ])` did not produce any warnings.
    
     ── 4. Failure: dod works for extreme data settings (@test-dod.R#61) ───────────
     `dod(data[1, ], data[2, ])` did not produce any warnings.
    
     ══ testthat results ═══════════════════════════════════════════════════════════
     OK: 234 SKIPPED: 1 FAILED: 4
     1. Failure: dod estimates are stable (@test-dod.R#39)
     2. Failure: dod works for extreme data settings (@test-dod.R#47)
     3. Failure: dod works for extreme data settings (@test-dod.R#49)
     4. Failure: dod works for extreme data settings (@test-dod.R#61)
    
     Error: testthat unit tests failed
     Execution halted
Flavor: r-devel-linux-x86_64-debian-gcc

Version: 1.5-0
Check: re-building of vignette outputs
Result: NOTE
    Error in re-building vignettes:
     ...
    Error in texi2dvi(file = file, pdf = TRUE, clean = clean, quiet = quiet, :
     Running 'texi2dvi' on 'methodology.tex' failed.
    LaTeX errors:
    ! LaTeX Error: File `algorithmic.sty' not found.
    
    Type X to quit or <RETURN> to proceed,
    or enter new name. (Default extension: sty)
    
    ! Emergency stop.
    <read *>
    
    l.10 ^^M
    
    ! ==> Fatal error occurred, no output PDF file produced!
    Calls: buildVignettes -> texi2pdf -> texi2dvi
    Execution halted
Flavor: r-release-osx-x86_64