CRAN Package Check Results for Package sensR

Last updated on 2017-12-12 22:47:33 CET.

Flavor Version Tinstall Tcheck Ttotal Status Flags
r-devel-linux-x86_64-debian-clang 1.5-0 9.41 119.21 128.62 OK
r-devel-linux-x86_64-debian-gcc 1.5-0 7.78 92.46 100.24 OK
r-devel-linux-x86_64-fedora-clang 1.5-0 157.99 OK
r-devel-windows-ix86+x86_64 1.5-0 20.00 136.00 156.00 OK
r-patched-linux-x86_64 1.5-0 10.93 124.87 135.80 OK
r-patched-solaris-x86 1.5-0 213.90 OK
r-release-linux-x86_64 1.5-0 9.56 123.54 133.10 OK
r-release-windows-ix86+x86_64 1.5-0 15.00 135.00 150.00 OK
r-release-osx-x86_64 1.5-0 NOTE
r-oldrel-windows-ix86+x86_64 1.5-0 13.00 164.00 177.00 OK
r-oldrel-osx-x86_64 1.5-0 OK

Check Details

Version: 1.5-0
Check: re-building of vignette outputs
Result: NOTE
    Error in re-building vignettes:
     ...
    Error in texi2dvi(file = file, pdf = TRUE, clean = clean, quiet = quiet, :
     Running 'texi2dvi' on 'methodology.tex' failed.
    LaTeX errors:
    ! LaTeX Error: File `algorithmic.sty' not found.
    
    Type X to quit or <RETURN> to proceed,
    or enter new name. (Default extension: sty)
    
    ! Emergency stop.
    <read *>
    
    l.10 ^^M
    
    ! ==> Fatal error occurred, no output PDF file produced!
    Calls: buildVignettes -> texi2pdf -> texi2dvi
    Execution halted
Flavor: r-release-osx-x86_64