CRAN Package Check Results for Package sensR

Last updated on 2016-09-29 23:47:49.

Flavor Version Tinstall Tcheck Ttotal Status Flags
r-devel-linux-x86_64-debian-clang 1.4-7 6.16 69.94 76.09 WARN
r-devel-linux-x86_64-debian-gcc 1.4-7 6.97 67.56 74.53 OK
r-devel-linux-x86_64-fedora-clang 1.4-7 160.98 OK
r-devel-linux-x86_64-fedora-gcc 1.4-7 146.61 OK
r-devel-macos-x86_64-clang 1.4-7 112.11 OK
r-devel-windows-ix86+x86_64 1.4-7 18.00 145.00 163.00 WARN
r-patched-linux-x86_64 1.4-7 5.74 66.48 72.22 OK
r-patched-solaris-sparc 1.4-7 881.00 OK
r-patched-solaris-x86 1.4-7 172.10 OK
r-release-linux-x86_64 1.4-7 7.37 66.94 74.31 OK
r-release-osx-x86_64-mavericks 1.4-7 OK
r-release-windows-ix86+x86_64 1.4-7 14.00 106.00 120.00 OK
r-oldrel-windows-ix86+x86_64 1.4-7 21.00 172.00 193.00 OK

Check Details

Version: 1.4-7
Check: files in ‘vignettes’
Result: WARN
    Files in the 'vignettes' directory newer than same file in 'inst/doc':
     ‘methodology.Rnw’, ‘twoACexamples.Rnw’
Flavors: r-devel-linux-x86_64-debian-clang, r-devel-windows-ix86+x86_64