CRAN Package Check Results for Package sensR

Last updated on 2015-05-22 13:47:03.

Flavor Version Tinstall Tcheck Ttotal Status Flags
r-devel-linux-x86_64-debian-clang 1.4-5 4.50 54.26 58.76 OK
r-devel-linux-x86_64-debian-gcc 1.4-5 4.31 52.18 56.48 OK
r-devel-linux-x86_64-fedora-gcc 1.4-5 108.02 OK
r-devel-osx-x86_64-clang 1.4-5 108.67 OK
r-devel-windows-ix86+x86_64 1.4-5 14.00 78.00 92.00 OK
r-patched-linux-x86_64 1.4-5 4.30 51.82 56.13 OK
r-patched-solaris-sparc 1.4-5 700.90 OK
r-patched-solaris-x86 1.4-5 133.80 OK
r-release-linux-x86_64 1.4-5 4.24 52.37 56.61 OK
r-release-osx-x86_64-mavericks 1.4-5 OK
r-release-osx-x86_64-snowleopard 1.4-5 ERROR
r-release-windows-ix86+x86_64 1.4-5 11.00 76.00 87.00 OK
r-oldrel-windows-ix86+x86_64 1.4-5 12.00 94.00 106.00 OK

Check Details

Version: 1.4-5
Check: package dependencies
Result: ERROR
    Package required but not available: ‘multcomp’
    
    See section ‘The DESCRIPTION file’ in the ‘Writing R Extensions’
    manual.
Flavor: r-release-osx-x86_64-snowleopard