CRAN Package Check Results for Package sensR

Last updated on 2014-09-22 23:49:26.

Flavor Version Tinstall Tcheck Ttotal Status Flags
r-devel-linux-x86_64-debian-clang 1.4-0 4.84 70.41 75.25 OK
r-devel-linux-x86_64-debian-gcc 1.4-0 4.58 69.23 73.82 OK
r-devel-linux-x86_64-fedora-clang 1.4-0 158.46 OK
r-devel-linux-x86_64-fedora-gcc 1.4-0 146.84 OK
r-devel-osx-x86_64-clang 1.4-0 132.78 OK
r-devel-windows-ix86+x86_64 1.4-0 10.00 99.00 109.00 OK
r-patched-linux-x86_64 1.4-0 5.28 74.94 80.22 OK
r-patched-solaris-sparc 1.4-0 984.60 OK
r-patched-solaris-x86 1.4-0 189.40 OK
r-release-linux-ix86 1.4-0 6.46 95.99 102.45 OK
r-release-linux-x86_64 1.4-0 5.60 75.37 80.98 OK
r-release-osx-x86_64-mavericks 1.4-0 NOTE
r-release-osx-x86_64-snowleopard 1.4-0 OK
r-release-windows-ix86+x86_64 1.4-0 10.00 104.00 114.00 OK
r-oldrel-windows-ix86+x86_64 1.4-0 11.00 111.00 122.00 OK

Check Details

Version: 1.4-0
Check: re-building of vignette outputs
Result: NOTE
    Error in re-building vignettes:
     ...
    Error in texi2dvi(file = file, pdf = TRUE, clean = clean, quiet = quiet, :
     Running 'texi2dvi' on 'methodology.tex' failed.
    BibTeX errors:
    The top-level auxiliary file: methodology.aux
    I couldn't open style file chicago.bst
    ---line 2 of file methodology.aux
     : \bibstyle{chicago
     : }
    I'm skipping whatever remains of this command
    I found no style file---while reading file methodology.aux
    Calls: buildVignettes -> texi2pdf -> texi2dvi
    Execution halted
Flavor: r-release-osx-x86_64-mavericks