CRAN Package Check Results for Package sensR

Last updated on 2014-12-21 11:46:44.

Flavor Version Tinstall Tcheck Ttotal Status Flags
r-devel-linux-x86_64-debian-clang 1.4-0 4.93 71.49 76.42 OK
r-devel-linux-x86_64-debian-gcc 1.4-0 4.58 68.60 73.19 OK
r-devel-linux-x86_64-fedora-clang 1.4-0 161.62 OK
r-devel-linux-x86_64-fedora-gcc 1.4-0 137.52 OK
r-devel-osx-x86_64-clang 1.4-0 144.49 OK
r-devel-windows-ix86+x86_64 1.4-0 12.00 109.00 121.00 OK
r-patched-linux-x86_64 1.4-0 5.53 75.29 80.82 OK
r-patched-solaris-sparc 1.4-0 984.60 OK
r-patched-solaris-x86 1.4-0 184.70 OK
r-release-linux-ix86 1.4-0 6.24 90.05 96.29 OK
r-release-linux-x86_64 1.4-0 5.39 76.69 82.08 OK
r-release-osx-x86_64-mavericks 1.4-0 NOTE
r-release-osx-x86_64-snowleopard 1.4-0 OK
r-release-windows-ix86+x86_64 1.4-0 12.00 120.00 132.00 OK
r-oldrel-windows-ix86+x86_64 1.4-0 12.00 111.00 123.00 OK

Check Details

Version: 1.4-0
Check: re-building of vignette outputs
Result: NOTE
    Error in re-building vignettes:
     ...
    Error in texi2dvi(file = file, pdf = TRUE, clean = clean, quiet = quiet, :
     Running 'texi2dvi' on 'methodology.tex' failed.
    BibTeX errors:
    The top-level auxiliary file: methodology.aux
    I couldn't open style file chicago.bst
    ---line 2 of file methodology.aux
     : \bibstyle{chicago
     : }
    I'm skipping whatever remains of this command
    I found no style file---while reading file methodology.aux
    Calls: buildVignettes -> texi2pdf -> texi2dvi
    Execution halted
Flavor: r-release-osx-x86_64-mavericks