CRAN Package Check Results for Package sensitivity

Last updated on 2015-04-19 17:48:49.

Flavor Version Tinstall Tcheck Ttotal Status Flags
r-devel-linux-x86_64-debian-clang 1.11 3.08 30.65 33.73 OK
r-devel-linux-x86_64-debian-gcc 1.11 3.12 31.17 34.28 OK
r-devel-linux-x86_64-fedora-clang 1.11 67.83 OK
r-devel-linux-x86_64-fedora-gcc 1.11 61.57 OK
r-devel-osx-x86_64-clang 1.11 59.93 OK
r-devel-windows-ix86+x86_64 1.11 21.00 69.00 90.00 OK
r-patched-linux-x86_64 1.11 3.18 30.63 33.81 OK
r-patched-solaris-sparc 1.11 406.40 OK
r-patched-solaris-x86 1.11 79.10 OK
r-release-linux-x86_64 1.11 3.29 27.75 31.04 OK
r-release-osx-x86_64-mavericks 1.11 NOTE
r-release-osx-x86_64-snowleopard 1.11 NOTE
r-release-windows-ix86+x86_64 1.11 11.00 65.00 76.00 OK
r-oldrel-windows-ix86+x86_64 1.11 14.00 88.00 102.00 OK

Check Details

Version: 1.11
Check: package dependencies
Result: NOTE
    Package suggested but not available for checking: ‘ks’
Flavor: r-release-osx-x86_64-mavericks

Version: 1.11
Check: Rd cross-references
Result: NOTE
    Package unavailable to check Rd xrefs: ‘ks’
Flavor: r-release-osx-x86_64-mavericks

Version: 1.11
Check: package dependencies
Result: NOTE
    Packages suggested but not available for checking:
     ‘fanovaGraph’ ‘igraph’ ‘ggplot2’
Flavor: r-release-osx-x86_64-snowleopard