CRAN Package Check Results for Package sensitivity

Last updated on 2015-08-04 19:50:48.

Flavor Version Tinstall Tcheck Ttotal Status Flags
r-devel-linux-x86_64-debian-clang 1.11.1 2.93 30.57 33.50 NOTE
r-devel-linux-x86_64-debian-gcc 1.11.1 3.16 28.90 32.06 NOTE
r-devel-linux-x86_64-fedora-clang 1.11.1 63.70 NOTE
r-devel-linux-x86_64-fedora-gcc 1.11.1 58.85 NOTE
r-devel-osx-x86_64-clang 1.11.1 55.24 OK
r-devel-windows-ix86+x86_64 1.11.1 21.00 66.00 87.00 NOTE
r-patched-linux-x86_64 1.11.1 3.42 28.19 31.61 OK
r-patched-solaris-sparc 1.11.1 401.20 OK
r-patched-solaris-x86 1.11.1 79.80 OK
r-release-linux-x86_64 1.11.1 3.20 31.90 35.10 OK
r-release-osx-x86_64-mavericks 1.11.1 OK
r-release-windows-ix86+x86_64 1.11.1 17.00 72.00 89.00 OK
r-oldrel-windows-ix86+x86_64 1.11.1 22.00 78.00 100.00 OK

Check Details

Version: 1.11.1
Check: R code for possible problems
Result: NOTE
    PLI: no visible global function definition for ‘nlm’
    PLI : phi: no visible global function definition for ‘pnorm’
    PLI : phi1 : fctaint: no visible global function definition for ‘dunif’
    PLI : hess : fctaint: no visible global function definition for ‘dunif’
    PLI : gr : fctaint: no visible global function definition for ‘dunif’
    PoincareConstant: no visible binding for global variable ‘dnorm’
    PoincareConstant: no visible binding for global variable ‘qnorm’
    PoincareConstant: no visible global function definition for ‘optimize’
    bootstats: no visible global function definition for ‘sd’
    dcov_hsic: no visible global function definition for ‘dist’
    estim.pcc: no visible global function definition for ‘lm’
    estim.pcc: no visible global function definition for ‘formula’
    estim.pcc: no visible global function definition for ‘cor’
    estim.pcc: no visible global function definition for ‘fitted’
    estim.sobol: no visible global function definition for ‘var’
    estim.sobol2002: no visible global function definition for ‘var’
    estim.sobol2007: no visible global function definition for ‘var’
    estim.sobolEff: no visible binding for global variable ‘var’
    estim.sobolEff: no visible global function definition for ‘var’
    estim.sobolEff: no visible global function definition for ‘qnorm’
    estim.sobolEff2: no visible global function definition for ‘qnorm’
    estim.sobolEff2: no visible global function definition for ‘var’
    estim.sobolTIIlo: no visible global function definition for ‘var’
    estim.sobolTIIpf: no visible global function definition for ‘var’
    estim.soboljansen: no visible global function definition for ‘var’
    estim.sobolmara: no visible global function definition for ‘var’
    estim.sobolmartinez: no visible global function definition for ‘var’
    estim.sobolmartinez: no visible global function definition for ‘cor’
    estim.sobolmartinez: no visible global function definition for
     ‘cor.test’
    estim.sobolowen: no visible global function definition for ‘var’
    estim.sobolroalhs: no visible global function definition for ‘qnorm’
    estim.src: no visible global function definition for ‘lm’
    estim.src: no visible global function definition for ‘formula’
    estim.src: no visible global function definition for ‘coefficients’
    estim.src: no visible binding for global variable ‘sd’
    invmultiquad_hsic: no visible global function definition for ‘dist’
    laplace_hsic: no visible global function definition for ‘dist’
    matern3_hsic: no visible global function definition for ‘dist’
    matern5_hsic: no visible global function definition for ‘dist’
    nodeplot: no visible global function definition for ‘par’
    nodeplot: no visible global function definition for ‘plot’
    nodeplot: no visible global function definition for ‘axis’
    nodeplot: no visible global function definition for ‘box’
    nodeplot: no visible global function definition for ‘lines’
    nodeplot: no visible global function definition for ‘points’
    plot.delsa: no visible global function definition for ‘dev.interactive’
    plot.delsa: no visible global function definition for ‘devAskNewPage’
    plot.fast99: no visible global function definition for ‘barplot’
    plot.fast99: no visible global function definition for ‘legend’
    plot.morris: no visible binding for global variable ‘sd’
    plot.morris: no visible global function definition for ‘plot’
    plot.morris: no visible global function definition for ‘text’
    plot.sb: no visible global function definition for ‘plot’
    plot.sb: no visible global function definition for ‘axis’
    plot.sb: no visible global function definition for ‘box’
    plot.sb: no visible global function definition for ‘lines’
    plot.sensiFdiv: no visible global function definition for ‘legend’
    plot.sensiHSIC: no visible global function definition for ‘legend’
    plot.sobol2002: no visible global function definition for ‘legend’
    plot.sobol2007: no visible global function definition for ‘legend’
    plot.sobolEff: no visible global function definition for ‘legend’
    plot.sobolGP: no visible global function definition for ‘dev.new’
    plot.sobolGP: no visible global function definition for ‘par’
    plot.sobolGP: no visible global function definition for ‘plot’
    plot.sobolGP: no visible global function definition for ‘axis’
    plot.sobolGP: no visible global function definition for ‘segments’
    plot.sobolGP: no visible global function definition for ‘box’
    plot.sobolGP: no visible global function definition for ‘points’
    plot.sobolGP: no visible global function definition for ‘legend’
    plot.sobolGP: no visible global function definition for ‘abline’
    plot.sobolGP: no visible global function definition for ‘barplot’
    plot.sobolGP: no visible global function definition for ‘title’
    plot.sobolMultOut: no visible global function definition for ‘legend’
    plot.soboljansen: no visible global function definition for ‘legend’
    plot.sobolmartinez: no visible global function definition for ‘legend’
    plot.sobolowen: no visible global function definition for ‘legend’
    plot.sobolroalhs: no visible global function definition for ‘legend’
    plot3d.morris: no visible binding for global variable ‘sd’
    plotFG.sobolTIIlo: no visible global function definition for ‘combn’
    plotFG.sobolTIIpf: no visible global function definition for ‘combn’
    predictGP.sobol: no visible global function definition for
     ‘model.matrix’
    print.morris: no visible binding for global variable ‘sd’
    random.simplexes: no visible global function definition for ‘combn’
    random.simplexes: no visible global function definition for ‘runif’
    raquad_hsic: no visible global function definition for ‘dist’
    rbf_hsic: no visible global function definition for ‘dist’
    response: no visible global function definition for ‘methods’
    response: no visible binding for global variable ‘predict’
    response: no visible global function definition for ‘predict’
    simulateGP.sobol: no visible global function definition for
     ‘model.matrix’
    simulateGP.sobol: no visible global function definition for ‘var’
    sobol2007pickfreeze: no visible binding for global variable ‘var’
    sobolEffpickfreeze: no visible binding for global variable ‘var’
    sobolGP: no visible global function definition for ‘var’
    sobolGP: no visible global function definition for ‘quantile’
    sobolGP: no visible binding for global variable ‘var’
    sobolMultOut: no visible global function definition for ‘par’
    sobolMultOut: no visible global function definition for ‘plot’
    sobolMultOut: no visible global function definition for ‘lines’
    sobolMultOut: no visible global function definition for ‘legend’
    sobolT2002pickfreeze: no visible binding for global variable ‘var’
    sobolT2007pickfreeze: no visible binding for global variable ‘var’
    sobolTjansenpickfreeze: no visible binding for global variable ‘var’
    soboljansenpickfreeze: no visible binding for global variable ‘var’
    sobolpickfreeze: no visible binding for global variable ‘var’
    sobolroalhs: no visible global function definition for ‘runif’
    ssanova1_hsic: no visible global function definition for ‘dist’
    ssanova2_hsic: no visible global function definition for ‘dist’
    std: no visible global function definition for ‘sd’
    tell.fast99: no visible global function definition for ‘fft’
    tell.sensiHSIC: no visible global function definition for ‘sd’
    tell.sobolEff: no visible global function definition for ‘var’
    tell.sobolGP: no visible global function definition for ‘update’
    tell.sobolTIIlo: no visible global function definition for ‘qnorm’
    Undefined global functions or variables:
     abline axis barplot box coefficients combn cor cor.test
     dev.interactive dev.new devAskNewPage dist dnorm dunif fft fitted
     formula legend lines lm methods model.matrix nlm optimize par plot
     pnorm points predict qnorm quantile runif sd segments text title
     update var
    Consider adding
     importFrom("grDevices", "dev.interactive", "dev.new", "devAskNewPage")
     importFrom("graphics", "abline", "axis", "barplot", "box", "legend",
     "lines", "par", "plot", "points", "segments", "text",
     "title")
     importFrom("stats", "coefficients", "cor", "cor.test", "dist", "dnorm",
     "dunif", "fft", "fitted", "formula", "lm", "model.matrix",
     "nlm", "optimize", "pnorm", "predict", "qnorm", "quantile",
     "runif", "sd", "update", "var")
     importFrom("utils", "combn", "methods")
    to your NAMESPACE.
Flavors: r-devel-linux-x86_64-debian-clang, r-devel-linux-x86_64-debian-gcc, r-devel-linux-x86_64-fedora-clang, r-devel-linux-x86_64-fedora-gcc, r-devel-windows-ix86+x86_64