CRAN Package Check Results for Package sensitivity

Last updated on 2017-05-26 12:49:08.

Flavor Version Tinstall Tcheck Ttotal Status Flags
r-devel-linux-x86_64-debian-clang 1.14.0 5.04 45.73 50.77 NOTE
r-devel-linux-x86_64-debian-gcc 1.14.0 4.86 46.10 50.96 NOTE
r-devel-linux-x86_64-fedora-clang 1.14.0 94.69 NOTE
r-devel-linux-x86_64-fedora-gcc 1.14.0 87.40 NOTE
r-devel-windows-ix86+x86_64 1.14.0 22.00 95.00 117.00 OK
r-patched-linux-x86_64 1.14.0 4.44 45.43 49.87 NOTE
r-patched-solaris-sparc 1.14.0 619.10 OK
r-patched-solaris-x86 1.14.0 119.60 OK
r-release-linux-x86_64 1.14.0 9.59 44.88 54.47 NOTE
r-release-windows-ix86+x86_64 1.14.0 33.00 143.00 176.00 OK
r-release-osx-x86_64 1.14.0 OK
r-oldrel-windows-ix86+x86_64 1.14.0 33.00 85.00 118.00 OK
r-oldrel-osx-x86_64 1.14.0 OK

Check Details

Version: 1.14.0
Check: compiled code
Result: NOTE
    File ‘sensitivity/libs/sensitivity.so’:
     Found no calls to: ‘R_registerRoutines’, ‘R_useDynamicSymbols’
    
    It is good practice to register native routines and to disable symbol
    search.
    
    See ‘Writing portable packages’ in the ‘Writing R Extensions’ manual.
Flavors: r-devel-linux-x86_64-debian-clang, r-devel-linux-x86_64-debian-gcc, r-devel-linux-x86_64-fedora-clang, r-devel-linux-x86_64-fedora-gcc, r-patched-linux-x86_64, r-release-linux-x86_64