CRAN Package Check Results for Package sensitivity

Last updated on 2017-09-23 05:48:40.

Flavor Version Tinstall Tcheck Ttotal Status Flags
r-devel-linux-x86_64-debian-clang 1.14.0 4.55 45.89 50.44 WARN
r-devel-linux-x86_64-debian-gcc 1.14.0 4.32 44.21 48.53 WARN
r-devel-linux-x86_64-fedora-clang 1.14.0 93.11 WARN
r-devel-linux-x86_64-fedora-gcc 1.14.0 88.49 WARN
r-devel-windows-ix86+x86_64 1.14.0 21.00 97.00 118.00 OK
r-patched-linux-x86_64 1.14.0 6.08 45.09 51.17 NOTE
r-patched-solaris-x86 1.14.0 129.50 OK
r-release-linux-x86_64 1.14.0 4.34 44.97 49.31 NOTE
r-release-windows-ix86+x86_64 1.14.0 21.00 85.00 106.00 OK
r-release-osx-x86_64 1.14.0 OK
r-oldrel-windows-ix86+x86_64 1.14.0 18.00 84.00 102.00 OK
r-oldrel-osx-x86_64 1.14.0 OK

Check Details

Version: 1.14.0
Check: whether package can be installed
Result: WARN
    Found the following significant warnings:
     Warning: ‘tarray[0]’ is used uninitialized in this function [-Wuninitialized]
Flavors: r-devel-linux-x86_64-debian-clang, r-devel-linux-x86_64-debian-gcc, r-devel-linux-x86_64-fedora-clang, r-devel-linux-x86_64-fedora-gcc

Version: 1.14.0
Check: compiled code
Result: NOTE
    File ‘sensitivity/libs/sensitivity.so’:
     Found no calls to: ‘R_registerRoutines’, ‘R_useDynamicSymbols’
    
    It is good practice to register native routines and to disable symbol
    search.
    
    See ‘Writing portable packages’ in the ‘Writing R Extensions’ manual.
Flavors: r-devel-linux-x86_64-debian-clang, r-devel-linux-x86_64-debian-gcc, r-devel-linux-x86_64-fedora-clang, r-devel-linux-x86_64-fedora-gcc, r-patched-linux-x86_64, r-release-linux-x86_64