CRAN Package Check Results for Package sensitivity

Last updated on 2017-04-24 18:47:43.

Flavor Version Tinstall Tcheck Ttotal Status Flags
r-devel-linux-x86_64-debian-clang 1.14.0 5.07 45.80 50.87 NOTE
r-devel-linux-x86_64-debian-gcc 1.14.0 4.47 44.37 48.85 NOTE
r-devel-linux-x86_64-fedora-clang 1.14.0 98.71 NOTE --no-stop-on-test-error
r-devel-linux-x86_64-fedora-gcc 1.14.0 86.44 NOTE --no-stop-on-test-error
r-devel-windows-ix86+x86_64 1.14.0 OK
r-patched-linux-x86_64 1.14.0 4.26 44.31 48.57 NOTE
r-patched-solaris-sparc 1.14.0 619.10 OK
r-patched-solaris-x86 1.14.0 118.30 OK
r-release-linux-x86_64 1.14.0 4.28 44.22 48.50 NOTE
r-release-windows-ix86+x86_64 1.14.0 24.00 89.00 113.00 OK
r-release-osx-x86_64 1.14.0 OK
r-oldrel-windows-ix86+x86_64 1.14.0 19.00 88.00 107.00 OK
r-oldrel-osx-x86_64 1.14.0 OK

Check Details

Version: 1.14.0
Check: compiled code
Result: NOTE
    File ‘sensitivity/libs/sensitivity.so’:
     Found no calls to: ‘R_registerRoutines’, ‘R_useDynamicSymbols’
    
    It is good practice to register native routines and to disable symbol
    search.
    
    See ‘Writing portable packages’ in the ‘Writing R Extensions’ manual.
Flavors: r-devel-linux-x86_64-debian-clang, r-devel-linux-x86_64-debian-gcc, r-patched-linux-x86_64, r-release-linux-x86_64

Version: 1.14.0
Flags: --no-stop-on-test-error
Check: compiled code
Result: NOTE
    File ‘sensitivity/libs/sensitivity.so’:
     Found no calls to: ‘R_registerRoutines’, ‘R_useDynamicSymbols’
    
    It is good practice to register native routines and to disable symbol
    search.
    
    See ‘Writing portable packages’ in the ‘Writing R Extensions’ manual.
Flavors: r-devel-linux-x86_64-fedora-clang, r-devel-linux-x86_64-fedora-gcc