CRAN Package Check Results for Package sensitivity

Last updated on 2015-05-24 15:47:03.

Flavor Version Tinstall Tcheck Ttotal Status Flags
r-devel-linux-x86_64-debian-clang 1.11 3.02 31.15 34.17 OK
r-devel-linux-x86_64-debian-gcc 1.11 3.11 30.86 33.96 OK
r-devel-linux-x86_64-fedora-clang 1.11 66.38 OK
r-devel-linux-x86_64-fedora-gcc 1.11 60.18 OK
r-devel-osx-x86_64-clang 1.11 60.21 OK
r-devel-windows-ix86+x86_64 1.11 17.00 66.00 83.00 OK
r-patched-linux-x86_64 1.11 3.04 31.45 34.48 OK
r-patched-solaris-sparc 1.11 426.10 OK
r-patched-solaris-x86 1.11 78.90 OK
r-release-linux-x86_64 1.11 3.12 29.68 32.80 OK
r-release-osx-x86_64-mavericks 1.11 OK
r-release-osx-x86_64-snowleopard 1.11 NOTE
r-release-windows-ix86+x86_64 1.11 14.00 63.00 77.00 OK
r-oldrel-windows-ix86+x86_64 1.11 14.00 73.00 87.00 OK

Check Details

Version: 1.11
Check: package dependencies
Result: NOTE
    Packages suggested but not available for checking:
     ‘fanovaGraph’ ‘igraph’ ‘ggplot2’
Flavor: r-release-osx-x86_64-snowleopard