CRAN Package Check Results for Package sensitivity

Last updated on 2016-12-10 18:49:53.

Flavor Version Tinstall Tcheck Ttotal Status Flags
r-devel-linux-x86_64-debian-clang 1.12.2 4.25 38.10 42.35 OK
r-devel-linux-x86_64-debian-gcc 1.12.2 3.85 36.27 40.12 OK
r-devel-linux-x86_64-fedora-clang 1.12.2 73.53 OK --no-stop-on-test-error
r-devel-linux-x86_64-fedora-gcc 1.12.2 67.72 OK --no-stop-on-test-error
r-devel-macos-x86_64-clang 1.12.2 57.32 OK --no-stop-on-test-error
r-devel-windows-ix86+x86_64 1.12.2 17.00 71.00 88.00 OK
r-patched-linux-x86_64 1.12.2 3.50 32.04 35.54 OK
r-patched-solaris-sparc 1.12.2 389.60 OK
r-patched-solaris-x86 1.12.2 77.20 OK
r-release-linux-x86_64 1.12.2 3.48 32.15 35.63 OK
r-release-osx-x86_64-mavericks 1.12.2 NOTE
r-release-windows-ix86+x86_64 1.12.2 23.00 64.00 87.00 OK
r-oldrel-windows-ix86+x86_64 1.12.2 20.00 71.00 91.00 OK

Check Details

Version: 1.12.2
Check: dependencies in R code
Result: NOTE
    Invalid MIT-MAGIC-COOKIE-1 key
Flavor: r-release-osx-x86_64-mavericks