CRAN Package Check Results for Package sensitivity

Last updated on 2016-07-26 13:49:13.

Flavor Version Tinstall Tcheck Ttotal Status Flags
r-devel-linux-x86_64-debian-clang 1.12.2 5.05 38.45 43.50 OK
r-devel-linux-x86_64-debian-gcc 1.12.2 4.93 35.85 40.78 OK
r-devel-linux-x86_64-fedora-clang 1.12.2 66.22 OK
r-devel-linux-x86_64-fedora-gcc 1.12.2 63.94 OK
r-devel-osx-x86_64-clang 1.12.2 50.02 OK
r-devel-windows-ix86+x86_64 1.12.2 21.00 66.00 87.00 OK
r-patched-linux-x86_64 1.12.2 4.44 36.67 41.10 OK
r-patched-solaris-sparc 1.12.2 389.60 OK
r-patched-solaris-x86 1.12.2 75.20 OK
r-release-linux-x86_64 1.12.2 4.21 39.87 44.08 OK
r-release-osx-x86_64-mavericks 1.12.2 NOTE
r-release-windows-ix86+x86_64 1.12.2 24.00 60.00 84.00 OK
r-oldrel-windows-ix86+x86_64 1.12.2 20.00 75.00 95.00 OK

Check Details

Version: 1.12.2
Check: dependencies in R code
Result: NOTE
    Invalid MIT-MAGIC-COOKIE-1 key
Flavor: r-release-osx-x86_64-mavericks