CRAN Package Check Results for Package sensitivity

Last updated on 2015-03-05 06:46:49.

Flavor Version Tinstall Tcheck Ttotal Status Flags
r-devel-linux-x86_64-debian-clang 1.10.1 3.38 28.81 32.18 WARN
r-devel-linux-x86_64-debian-gcc 1.10.1 3.60 28.46 32.06 WARN
r-devel-linux-x86_64-fedora-clang 1.10.1 62.83 WARN
r-devel-linux-x86_64-fedora-gcc 1.10.1 57.86 WARN
r-devel-osx-x86_64-clang 1.10.1 62.12 WARN
r-devel-windows-ix86+x86_64 1.10.1 16.00 60.00 76.00 WARN
r-patched-linux-x86_64 1.10.1 3.58 31.07 34.65 WARN
r-patched-solaris-sparc 1.10.1 423.40 WARN
r-patched-solaris-x86 1.10.1 87.40 WARN
r-release-linux-ix86 1.10.1 4.94 40.29 45.22 OK
r-release-linux-x86_64 1.10.1 3.48 31.36 34.84 OK
r-release-osx-x86_64-mavericks 1.10.1 WARN
r-release-osx-x86_64-snowleopard 1.10.1 OK
r-release-windows-ix86+x86_64 1.10.1 15.00 71.00 86.00 OK
r-oldrel-windows-ix86+x86_64 1.10.1 15.00 76.00 91.00 OK

Check Details

Version: 1.10.1
Check: for GNU extensions in Makefiles
Result: WARN
    Found the following file(s) containing GNU extensions:
     src/Makevars
    Portable Makefiles do not use GNU extensions such as +=, :=, $(shell),
    $(wildcard), ifeq ... endif. See section ‘Writing portable packages’ in
    the ‘Writing R Extensions’ manual.
Flavors: r-devel-linux-x86_64-debian-clang, r-devel-linux-x86_64-debian-gcc, r-devel-linux-x86_64-fedora-clang, r-devel-linux-x86_64-fedora-gcc, r-devel-osx-x86_64-clang, r-devel-windows-ix86+x86_64, r-patched-linux-x86_64, r-patched-solaris-sparc, r-patched-solaris-x86, r-release-osx-x86_64-mavericks