CRAN Package Check Results for Package sensitivity

Last updated on 2017-02-24 23:52:53.

Flavor Version Tinstall Tcheck Ttotal Status Flags
r-devel-linux-x86_64-debian-clang 1.14.0 4.80 46.97 51.76 NOTE
r-devel-linux-x86_64-debian-gcc 1.14.0 4.57 44.31 48.88 NOTE
r-devel-linux-x86_64-fedora-clang 1.14.0 92.68 NOTE --no-stop-on-test-error
r-devel-linux-x86_64-fedora-gcc 1.14.0 88.08 NOTE --no-stop-on-test-error
r-devel-macos-x86_64-clang 1.14.0 72.48 NOTE --no-stop-on-test-error
r-devel-windows-ix86+x86_64 1.14.0 44.00 89.00 133.00 OK
r-patched-linux-x86_64 1.14.0 4.23 41.49 45.71 OK
r-patched-solaris-sparc 1.14.0 547.80 OK
r-patched-solaris-x86 1.14.0 110.20 OK
r-release-linux-x86_64 1.14.0 4.18 41.77 45.95 OK
r-release-osx-x86_64-mavericks 1.14.0 OK
r-release-windows-ix86+x86_64 1.14.0 28.00 101.00 129.00 OK
r-oldrel-windows-ix86+x86_64 1.14.0 38.00 162.00 200.00 OK

Check Details

Version: 1.14.0
Check: compiled code
Result: NOTE
    File ‘sensitivity/libs/sensitivity.so’:
     Found no calls to: ‘R_registerRoutines’, ‘R_useDynamicSymbols’
    
    It is good practice to register native routines and to disable symbol
    search.
    
    See ‘Writing portable packages’ in the ‘Writing R Extensions’ manual.
Flavors: r-devel-linux-x86_64-debian-clang, r-devel-linux-x86_64-debian-gcc

Version: 1.14.0
Flags: --no-stop-on-test-error
Check: compiled code
Result: NOTE
    File ‘sensitivity/libs/sensitivity.so’:
     Found no calls to: ‘R_registerRoutines’, ‘R_useDynamicSymbols’
    
    It is good practice to register native routines and to disable symbol
    search.
    
    See ‘Writing portable packages’ in the ‘Writing R Extensions’ manual.
Flavors: r-devel-linux-x86_64-fedora-clang, r-devel-linux-x86_64-fedora-gcc, r-devel-macos-x86_64-clang