CRAN Package Check Results for Package sensitivity

Last updated on 2016-06-25 09:47:32.

Flavor Version Tinstall Tcheck Ttotal Status Flags
r-devel-linux-x86_64-debian-gcc 1.12.1 3.67 32.48 36.15 WARN
r-devel-linux-x86_64-fedora-clang 1.12.1 66.88 WARN
r-devel-linux-x86_64-fedora-gcc 1.12.1 58.34 WARN
r-devel-osx-x86_64-clang 1.12.1 55.11 WARN
r-devel-windows-ix86+x86_64 1.12.1 24.00 93.00 117.00 OK
r-patched-linux-x86_64 1.12.1 3.26 31.05 34.31 OK
r-patched-solaris-sparc 1.12.1 370.20 WARN
r-patched-solaris-x86 1.12.1 69.80 WARN
r-release-linux-x86_64 1.12.1 3.12 32.15 35.27 OK
r-release-osx-x86_64-mavericks 1.12.1 NOTE
r-release-windows-ix86+x86_64 1.12.1 24.00 67.00 91.00 OK
r-oldrel-windows-ix86+x86_64 1.12.1 21.00 104.00 125.00 OK

Check Details

Version: 1.12.1
Check: compilation flags in Makevars
Result: WARN
    Non-portable flags in variable 'PKG_FFLAGS':
     -fno-bounds-check
    Non-portable flags in variable 'PKG_FCFLAGS':
     -fno-bounds-check
Flavors: r-devel-linux-x86_64-debian-gcc, r-devel-linux-x86_64-fedora-clang, r-devel-linux-x86_64-fedora-gcc, r-devel-osx-x86_64-clang, r-patched-solaris-sparc, r-patched-solaris-x86

Version: 1.12.1
Check: dependencies in R code
Result: NOTE
    Invalid MIT-MAGIC-COOKIE-1 key
Flavor: r-release-osx-x86_64-mavericks