CRAN Package Check Results for Package sensitivity

Last updated on 2014-08-21 10:13:33.

Flavor Version Tinstall Tcheck Ttotal Status Flags
r-devel-linux-x86_64-debian-clang 1.8-2 3.10 25.82 28.92 OK
r-devel-linux-x86_64-debian-gcc 1.8-2 3.34 25.71 29.05 OK
r-devel-linux-x86_64-fedora-clang 1.8-2 57.81 NOTE
r-devel-linux-x86_64-fedora-gcc 1.8-2 57.55 NOTE
r-devel-osx-x86_64-clang 1.8-2 48.73 NOTE
r-devel-windows-ix86+x86_64 1.8-2 14.00 56.00 70.00 OK
r-patched-linux-x86_64 1.8-2 3.31 26.25 29.56 OK
r-patched-solaris-sparc 1.8-2 349.00 OK
r-patched-solaris-x86 1.8-2 76.10 OK
r-release-linux-ix86 1.8-2 4.96 36.59 41.56 OK
r-release-linux-x86_64 1.8-2 3.51 27.04 30.55 OK
r-release-osx-x86_64-mavericks 1.8-2 OK
r-release-osx-x86_64-snowleopard 1.8-2 OK
r-release-windows-ix86+x86_64 1.8-2 14.00 56.00 70.00 OK
r-oldrel-windows-ix86+x86_64 1.8-2 15.00 62.00 77.00 OK

Check Details

Version: 1.8-2
Check: R code for possible problems
Result: NOTE
    plot3d.morris: no visible global function definition for ‘open3d’
    plot3d.morris: no visible global function definition for ‘triangles3d’
    plot3d.morris: no visible global function definition for ‘quads3d’
    plot3d.morris: no visible global function definition for ‘plot3d’
    plot3d.morris: no visible global function definition for ‘axes3d’
    plot3d.morris: no visible global function definition for ‘title3d’
    predictGP.sobol: no visible global function definition for
     ‘covMat1Mat2’
    simulateGP.sobol: no visible global function definition for
     ‘covMat1Mat2’
    simulateGP.sobol: no visible global function definition for ‘covMatrix’
    sobolroalhs: no visible global function definition for ‘isPrime’
    sobolroalhs: no visible global function definition for ‘nextPrime’
Flavors: r-devel-linux-x86_64-fedora-clang, r-devel-linux-x86_64-fedora-gcc, r-devel-osx-x86_64-clang