CRAN Package Check Results for Package sensitivity

Last updated on 2016-08-25 09:48:28.

Flavor Version Tinstall Tcheck Ttotal Status Flags
r-devel-linux-x86_64-debian-clang 1.12.2 4.18 32.72 36.90 OK
r-devel-linux-x86_64-debian-gcc 1.12.2 3.78 33.04 36.81 OK
r-devel-linux-x86_64-fedora-clang 1.12.2 64.42 OK
r-devel-linux-x86_64-fedora-gcc 1.12.2 59.37 OK
r-devel-osx-x86_64-clang 1.12.2 51.71 OK
r-devel-windows-ix86+x86_64 1.12.2 17.00 102.00 119.00 OK
r-patched-linux-x86_64 1.12.2 3.58 31.28 34.86 OK
r-patched-solaris-sparc 1.12.2 389.60 OK
r-patched-solaris-x86 1.12.2 77.30 OK
r-release-linux-x86_64 1.12.2 3.73 32.08 35.81 OK
r-release-osx-x86_64-mavericks 1.12.2 NOTE
r-release-windows-ix86+x86_64 1.12.2 19.00 62.00 81.00 OK
r-oldrel-windows-ix86+x86_64 1.12.2 14.00 66.00 80.00 OK

Check Details

Version: 1.12.2
Check: dependencies in R code
Result: NOTE
    Invalid MIT-MAGIC-COOKIE-1 key
Flavor: r-release-osx-x86_64-mavericks