CRAN Package Check Results for Package sensitivity

Last updated on 2016-09-30 09:48:22.

Flavor Version Tinstall Tcheck Ttotal Status Flags
r-devel-linux-x86_64-debian-clang 1.12.2 4.18 34.70 38.88 OK
r-devel-linux-x86_64-debian-gcc 1.12.2 3.84 33.60 37.44 OK
r-devel-linux-x86_64-fedora-clang 1.12.2 67.92 OK
r-devel-linux-x86_64-fedora-gcc 1.12.2 59.92 OK
r-devel-macos-x86_64-clang 1.12.2 50.89 OK
r-devel-windows-ix86+x86_64 1.12.2 15.00 83.00 98.00 OK
r-patched-linux-x86_64 1.12.2 3.70 32.08 35.78 OK
r-patched-solaris-sparc 1.12.2 389.60 OK
r-patched-solaris-x86 1.12.2 75.30 OK
r-release-linux-x86_64 1.12.2 3.66 32.54 36.21 OK
r-release-osx-x86_64-mavericks 1.12.2 NOTE
r-release-windows-ix86+x86_64 1.12.2 14.00 60.00 74.00 OK
r-oldrel-windows-ix86+x86_64 1.12.2 24.00 92.00 116.00 OK

Check Details

Version: 1.12.2
Check: dependencies in R code
Result: NOTE
    Invalid MIT-MAGIC-COOKIE-1 key
Flavor: r-release-osx-x86_64-mavericks