CRAN Package Check Results for Package sensitivity

Last updated on 2017-03-25 03:48:14.

Flavor Version Tinstall Tcheck Ttotal Status Flags
r-devel-linux-x86_64-debian-clang 1.14.0 5.16 45.71 50.86 NOTE
r-devel-linux-x86_64-debian-gcc 1.14.0 4.56 43.77 48.33 NOTE
r-devel-linux-x86_64-fedora-clang 1.14.0 96.02 NOTE --no-stop-on-test-error
r-devel-linux-x86_64-fedora-gcc 1.14.0 85.62 NOTE --no-stop-on-test-error
r-devel-macos-x86_64-clang 1.14.0 71.36 NOTE --no-stop-on-test-error
r-patched-linux-x86_64 1.14.0 4.26 42.29 46.55 OK
r-patched-solaris-sparc 1.14.0 619.10 OK
r-patched-solaris-x86 1.14.0 121.90 OK
r-release-linux-x86_64 1.14.0 4.09 41.61 45.70 OK
r-release-osx-x86_64-mavericks 1.14.0 OK
r-release-windows-ix86+x86_64 1.14.0 31.00 89.00 120.00 OK
r-oldrel-windows-ix86+x86_64 1.14.0 18.00 125.00 143.00 OK

Check Details

Version: 1.14.0
Check: compiled code
Result: NOTE
    File ‘sensitivity/libs/sensitivity.so’:
     Found no calls to: ‘R_registerRoutines’, ‘R_useDynamicSymbols’
    
    It is good practice to register native routines and to disable symbol
    search.
    
    See ‘Writing portable packages’ in the ‘Writing R Extensions’ manual.
Flavors: r-devel-linux-x86_64-debian-clang, r-devel-linux-x86_64-debian-gcc

Version: 1.14.0
Flags: --no-stop-on-test-error
Check: compiled code
Result: NOTE
    File ‘sensitivity/libs/sensitivity.so’:
     Found no calls to: ‘R_registerRoutines’, ‘R_useDynamicSymbols’
    
    It is good practice to register native routines and to disable symbol
    search.
    
    See ‘Writing portable packages’ in the ‘Writing R Extensions’ manual.
Flavors: r-devel-linux-x86_64-fedora-clang, r-devel-linux-x86_64-fedora-gcc, r-devel-macos-x86_64-clang