CRAN Package Check Results for Package sensitivity

Last updated on 2016-05-24 23:48:23.

Flavor Version Tinstall Tcheck Ttotal Status Flags
r-devel-linux-x86_64-debian-gcc 1.12.1 3.60 31.45 35.05 OK
r-devel-linux-x86_64-fedora-clang 1.12.1 65.07 OK
r-devel-linux-x86_64-fedora-gcc 1.12.1 58.41 OK
r-devel-osx-x86_64-clang 1.12.1 71.13 OK
r-devel-windows-ix86+x86_64 1.12.1 15.00 66.00 81.00 OK
r-patched-linux-x86_64 1.12.1 3.14 31.16 34.30 OK
r-patched-solaris-sparc 1.12.1 371.20 OK
r-patched-solaris-x86 1.12.1 77.90 OK
r-release-linux-x86_64 1.12.1 3.08 31.22 34.29 OK
r-release-osx-x86_64-mavericks 1.12.1 NOTE
r-release-windows-ix86+x86_64 1.12.1 15.00 66.00 81.00 OK
r-oldrel-windows-ix86+x86_64 1.12.1 20.00 76.00 96.00 OK

Check Details

Version: 1.12.1
Check: dependencies in R code
Result: NOTE
    Invalid MIT-MAGIC-COOKIE-1 key
Flavor: r-release-osx-x86_64-mavericks