CRAN Package Check Results for Package sensitivityCalibration

Last updated on 2020-02-21 08:53:34 CET.

Flavor Version Tinstall Tcheck Ttotal Status Flags
r-devel-linux-x86_64-debian-clang 0.0.1 11.49 91.91 103.40 OK
r-devel-linux-x86_64-debian-gcc 0.0.1 10.01 69.23 79.24 OK
r-devel-linux-x86_64-fedora-clang 0.0.1 128.79 OK
r-devel-linux-x86_64-fedora-gcc 0.0.1 123.92 OK
r-devel-windows-ix86+x86_64 0.0.1 27.00 96.00 123.00 OK
r-devel-windows-ix86+x86_64-gcc8 0.0.1 45.00 102.00 147.00 OK
r-patched-linux-x86_64 0.0.1 10.65 77.95 88.60 OK
r-patched-solaris-x86 0.0.1 185.60 OK
r-release-linux-x86_64 0.0.1 10.07 78.21 88.28 OK
r-release-windows-ix86+x86_64 0.0.1 20.00 100.00 120.00 OK
r-release-osx-x86_64 0.0.1 OK
r-oldrel-windows-ix86+x86_64 0.0.1 4.00 4.00 8.00 ERROR
r-oldrel-osx-x86_64 0.0.1 OK

Check Details

Version: 0.0.1
Check: whether package can be installed
Result: ERROR
    Installation failed.
Flavor: r-oldrel-windows-ix86+x86_64