CRAN Package Check Results for Package sensitivityPStrat

Last updated on 2015-07-07 06:46:51.

Flavor Version Tinstall Tcheck Ttotal Status Flags
r-devel-linux-x86_64-debian-clang 1.0-6 1.09 44.09 45.18 NOTE
r-devel-linux-x86_64-debian-gcc 1.0-6 1.08 42.49 43.56 NOTE
r-devel-linux-x86_64-fedora-clang 1.0-6 85.78 NOTE
r-devel-linux-x86_64-fedora-gcc 1.0-6 81.39 NOTE
r-devel-osx-x86_64-clang 1.0-6 63.90 OK
r-devel-windows-ix86+x86_64 1.0-6 7.00 124.00 131.00 NOTE
r-patched-linux-x86_64 1.0-6 1.06 43.65 44.71 OK
r-patched-solaris-sparc 1.0-6 533.00 OK
r-patched-solaris-x86 1.0-6 103.80 OK
r-release-linux-x86_64 1.0-6 1.22 43.34 44.55 OK
r-release-osx-x86_64-mavericks 1.0-6 OK
r-release-windows-ix86+x86_64 1.0-6 8.00 117.00 125.00 OK
r-oldrel-windows-ix86+x86_64 1.0-6 7.00 126.00 133.00 OK

Check Details

Version: 1.0-6
Check: R code for possible problems
Result: NOTE
    plot.sensitivity.2.0d: no visible global function definition for ‘gray’
    sensitivitySGD: no visible global function definition for ‘tail’
    sensitivitySGL: no visible global function definition for ‘tail’
    Undefined global functions or variables:
     gray tail
Flavors: r-devel-linux-x86_64-debian-clang, r-devel-linux-x86_64-debian-gcc, r-devel-linux-x86_64-fedora-clang, r-devel-linux-x86_64-fedora-gcc, r-devel-windows-ix86+x86_64