CRAN Package Check Results for Package sensitivityPStrat

Last updated on 2017-01-20 17:52:27.

Flavor Version Tinstall Tcheck Ttotal Status Flags
r-devel-linux-x86_64-debian-clang 1.0-6 3.08 73.23 76.31 NOTE
r-devel-linux-x86_64-debian-gcc 1.0-6 3.06 71.15 74.21 NOTE
r-devel-linux-x86_64-fedora-clang 1.0-6 156.30 NOTE --no-stop-on-test-error
r-devel-linux-x86_64-fedora-gcc 1.0-6 164.94 NOTE --no-stop-on-test-error
r-devel-macos-x86_64-clang 1.0-6 112.18 NOTE --no-stop-on-test-error
r-devel-windows-ix86+x86_64 1.0-6 14.00 299.00 313.00 NOTE
r-patched-linux-x86_64 1.0-6 2.71 63.15 65.86 NOTE
r-patched-solaris-sparc 1.0-6 790.80 NOTE
r-patched-solaris-x86 1.0-6 164.80 NOTE
r-release-linux-x86_64 1.0-6 2.56 63.95 66.51 NOTE
r-release-osx-x86_64-mavericks 1.0-6 NOTE
r-release-windows-ix86+x86_64 1.0-6 9.00 211.00 220.00 NOTE
r-oldrel-windows-ix86+x86_64 1.0-6 13.00 286.00 299.00 OK

Check Details

Version: 1.0-6
Check: R code for possible problems
Result: NOTE
    plot.sensitivity.2.0d: no visible global function definition for ‘gray’
    sensitivitySGD: no visible global function definition for ‘tail’
    sensitivitySGL: no visible global function definition for ‘tail’
    Undefined global functions or variables:
     gray tail
    Consider adding
     importFrom("grDevices", "gray")
     importFrom("utils", "tail")
    to your NAMESPACE file.
Flavors: r-devel-linux-x86_64-debian-clang, r-devel-linux-x86_64-debian-gcc, r-devel-windows-ix86+x86_64, r-patched-linux-x86_64, r-patched-solaris-sparc, r-patched-solaris-x86, r-release-linux-x86_64, r-release-osx-x86_64-mavericks, r-release-windows-ix86+x86_64

Version: 1.0-6
Flags: --no-stop-on-test-error
Check: R code for possible problems
Result: NOTE
    plot.sensitivity.2.0d: no visible global function definition for ‘gray’
    sensitivitySGD: no visible global function definition for ‘tail’
    sensitivitySGL: no visible global function definition for ‘tail’
    Undefined global functions or variables:
     gray tail
    Consider adding
     importFrom("grDevices", "gray")
     importFrom("utils", "tail")
    to your NAMESPACE file.
Flavors: r-devel-linux-x86_64-fedora-clang, r-devel-linux-x86_64-fedora-gcc, r-devel-macos-x86_64-clang