CRAN Package Check Results for Package sensitivityPStrat

Last updated on 2017-02-27 19:51:01.

Flavor Version Tinstall Tcheck Ttotal Status Flags
r-devel-linux-x86_64-debian-clang 1.0-6 2.81 71.05 73.86 NOTE
r-devel-linux-x86_64-debian-gcc 1.0-6 2.90 69.05 71.95 NOTE
r-devel-linux-x86_64-fedora-clang 1.0-6 167.00 NOTE --no-stop-on-test-error
r-devel-linux-x86_64-fedora-gcc 1.0-6 155.89 NOTE --no-stop-on-test-error
r-devel-macos-x86_64-clang 1.0-6 116.50 NOTE --no-stop-on-test-error
r-devel-windows-ix86+x86_64 1.0-6 9.00 308.00 317.00 NOTE
r-patched-linux-x86_64 1.0-6 2.69 61.52 64.21 NOTE
r-patched-solaris-sparc 1.0-6 790.80 NOTE
r-patched-solaris-x86 1.0-6 148.90 NOTE
r-release-linux-x86_64 1.0-6 2.67 61.70 64.37 NOTE
r-release-osx-x86_64-mavericks 1.0-6 NOTE
r-release-windows-ix86+x86_64 1.0-6 23.00 170.00 193.00 NOTE
r-oldrel-windows-ix86+x86_64 1.0-6 9.00 228.00 237.00 OK

Check Details

Version: 1.0-6
Check: R code for possible problems
Result: NOTE
    plot.sensitivity.2.0d: no visible global function definition for ‘gray’
    sensitivitySGD: no visible global function definition for ‘tail’
    sensitivitySGL: no visible global function definition for ‘tail’
    Undefined global functions or variables:
     gray tail
    Consider adding
     importFrom("grDevices", "gray")
     importFrom("utils", "tail")
    to your NAMESPACE file.
Flavors: r-devel-linux-x86_64-debian-clang, r-devel-linux-x86_64-debian-gcc, r-devel-windows-ix86+x86_64, r-patched-linux-x86_64, r-patched-solaris-sparc, r-patched-solaris-x86, r-release-linux-x86_64, r-release-osx-x86_64-mavericks, r-release-windows-ix86+x86_64

Version: 1.0-6
Check: compiled code
Result: NOTE
    File ‘sensitivityPStrat/libs/sensitivityPStrat.so’:
     Found no calls to: ‘R_registerRoutines’, ‘R_useDynamicSymbols’
    
    It is good practice to register native routines and to disable symbol
    search.
    
    See ‘Writing portable packages’ in the ‘Writing R Extensions’ manual.
Flavors: r-devel-linux-x86_64-debian-clang, r-devel-linux-x86_64-debian-gcc

Version: 1.0-6
Flags: --no-stop-on-test-error
Check: R code for possible problems
Result: NOTE
    plot.sensitivity.2.0d: no visible global function definition for ‘gray’
    sensitivitySGD: no visible global function definition for ‘tail’
    sensitivitySGL: no visible global function definition for ‘tail’
    Undefined global functions or variables:
     gray tail
    Consider adding
     importFrom("grDevices", "gray")
     importFrom("utils", "tail")
    to your NAMESPACE file.
Flavors: r-devel-linux-x86_64-fedora-clang, r-devel-linux-x86_64-fedora-gcc, r-devel-macos-x86_64-clang

Version: 1.0-6
Flags: --no-stop-on-test-error
Check: compiled code
Result: NOTE
    File ‘sensitivityPStrat/libs/sensitivityPStrat.so’:
     Found no calls to: ‘R_registerRoutines’, ‘R_useDynamicSymbols’
    
    It is good practice to register native routines and to disable symbol
    search.
    
    See ‘Writing portable packages’ in the ‘Writing R Extensions’ manual.
Flavors: r-devel-linux-x86_64-fedora-clang, r-devel-linux-x86_64-fedora-gcc, r-devel-macos-x86_64-clang