CRAN Package Check Results for Package sensitivityPStrat

Last updated on 2016-07-26 16:49:13.

Flavor Version Tinstall Tcheck Ttotal Status Flags
r-devel-linux-x86_64-debian-clang 1.0-6 5.03 76.37 81.40 NOTE
r-devel-linux-x86_64-debian-gcc 1.0-6 3.36 75.51 78.87 NOTE
r-devel-linux-x86_64-fedora-clang 1.0-6 142.90 NOTE
r-devel-linux-x86_64-fedora-gcc 1.0-6 137.97 NOTE
r-devel-osx-x86_64-clang 1.0-6 102.72 NOTE
r-devel-windows-ix86+x86_64 1.0-6 13.00 224.00 237.00 NOTE
r-patched-linux-x86_64 1.0-6 4.15 75.21 79.36 NOTE
r-patched-solaris-sparc 1.0-6 787.90 NOTE
r-patched-solaris-x86 1.0-6 162.70 NOTE
r-release-linux-x86_64 1.0-6 3.54 75.81 79.35 NOTE
r-release-osx-x86_64-mavericks 1.0-6 NOTE
r-release-windows-ix86+x86_64 1.0-6 14.00 220.00 234.00 NOTE
r-oldrel-windows-ix86+x86_64 1.0-6 13.00 231.00 244.00 OK

Check Details

Version: 1.0-6
Check: R code for possible problems
Result: NOTE
    plot.sensitivity.2.0d: no visible global function definition for ‘gray’
    sensitivitySGD: no visible global function definition for ‘tail’
    sensitivitySGL: no visible global function definition for ‘tail’
    Undefined global functions or variables:
     gray tail
    Consider adding
     importFrom("grDevices", "gray")
     importFrom("utils", "tail")
    to your NAMESPACE file.
Flavors: r-devel-linux-x86_64-debian-clang, r-devel-linux-x86_64-debian-gcc, r-devel-linux-x86_64-fedora-clang, r-devel-linux-x86_64-fedora-gcc, r-devel-osx-x86_64-clang, r-devel-windows-ix86+x86_64, r-patched-linux-x86_64, r-patched-solaris-sparc, r-patched-solaris-x86, r-release-linux-x86_64, r-release-osx-x86_64-mavericks, r-release-windows-ix86+x86_64