CRAN Package Check Results for Package sensitivityPStrat

Last updated on 2016-08-24 02:48:41.

Flavor Version Tinstall Tcheck Ttotal Status Flags
r-devel-linux-x86_64-debian-clang 1.0-6 3.07 70.23 73.29 NOTE
r-devel-linux-x86_64-debian-gcc 1.0-6 3.06 67.88 70.94 NOTE
r-devel-linux-x86_64-fedora-clang 1.0-6 139.61 NOTE
r-devel-linux-x86_64-fedora-gcc 1.0-6 132.31 NOTE
r-devel-osx-x86_64-clang 1.0-6 103.29 NOTE
r-devel-windows-ix86+x86_64 1.0-6 12.00 220.00 232.00 NOTE
r-patched-linux-x86_64 1.0-6 3.10 66.17 69.28 NOTE
r-patched-solaris-sparc 1.0-6 787.90 NOTE
r-patched-solaris-x86 1.0-6 163.90 NOTE
r-release-linux-x86_64 1.0-6 3.13 66.86 69.99 NOTE
r-release-osx-x86_64-mavericks 1.0-6 NOTE
r-release-windows-ix86+x86_64 1.0-6 14.00 217.00 231.00 NOTE
r-oldrel-windows-ix86+x86_64 1.0-6 14.00 169.00 183.00 OK

Check Details

Version: 1.0-6
Check: R code for possible problems
Result: NOTE
    plot.sensitivity.2.0d: no visible global function definition for ‘gray’
    sensitivitySGD: no visible global function definition for ‘tail’
    sensitivitySGL: no visible global function definition for ‘tail’
    Undefined global functions or variables:
     gray tail
    Consider adding
     importFrom("grDevices", "gray")
     importFrom("utils", "tail")
    to your NAMESPACE file.
Flavors: r-devel-linux-x86_64-debian-clang, r-devel-linux-x86_64-debian-gcc, r-devel-linux-x86_64-fedora-clang, r-devel-linux-x86_64-fedora-gcc, r-devel-osx-x86_64-clang, r-devel-windows-ix86+x86_64, r-patched-linux-x86_64, r-patched-solaris-sparc, r-patched-solaris-x86, r-release-linux-x86_64, r-release-osx-x86_64-mavericks, r-release-windows-ix86+x86_64