CRAN Package Check Results for Package sensitivityPStrat

Last updated on 2015-08-30 21:47:00.

Flavor Version Tinstall Tcheck Ttotal Status Flags
r-devel-linux-x86_64-debian-clang 1.0-6 1.12 42.03 43.15 NOTE
r-devel-linux-x86_64-debian-gcc 1.0-6 0.98 40.85 41.83 NOTE
r-devel-linux-x86_64-fedora-clang 1.0-6 83.41 NOTE
r-devel-linux-x86_64-fedora-gcc 1.0-6 77.23 NOTE
r-devel-osx-x86_64-clang 1.0-6 63.15 OK
r-devel-windows-ix86+x86_64 1.0-6 11.00 137.00 148.00 NOTE
r-patched-linux-x86_64 1.0-6 1.24 40.88 42.12 OK
r-patched-solaris-sparc 1.0-6 517.20 OK
r-patched-solaris-x86 1.0-6 104.00 OK
r-release-linux-x86_64 1.0-6 1.08 44.20 45.28 OK
r-release-osx-x86_64-mavericks 1.0-6 OK
r-release-windows-ix86+x86_64 1.0-6 13.00 131.00 144.00 OK
r-oldrel-windows-ix86+x86_64 1.0-6 7.00 126.00 133.00 OK

Check Details

Version: 1.0-6
Check: R code for possible problems
Result: NOTE
    plot.sensitivity.2.0d: no visible global function definition for ‘gray’
    sensitivitySGD: no visible global function definition for ‘tail’
    sensitivitySGL: no visible global function definition for ‘tail’
    Undefined global functions or variables:
     gray tail
    Consider adding
     importFrom("grDevices", "gray")
     importFrom("utils", "tail")
    to your NAMESPACE.
Flavors: r-devel-linux-x86_64-debian-clang, r-devel-linux-x86_64-debian-gcc, r-devel-linux-x86_64-fedora-clang, r-devel-linux-x86_64-fedora-gcc, r-devel-windows-ix86+x86_64