CRAN Package Check Results for Package sensitivityPStrat

Last updated on 2018-04-21 05:49:23 CEST.

Flavor Version Tinstall Tcheck Ttotal Status Flags
r-devel-linux-x86_64-debian-clang 1.0-6 6.83 107.28 114.11 NOTE
r-devel-linux-x86_64-debian-gcc 1.0-6 6.84 82.35 89.19 NOTE
r-devel-linux-x86_64-fedora-clang 1.0-6 141.64 NOTE
r-devel-linux-x86_64-fedora-gcc 1.0-6 139.68 NOTE
r-devel-windows-ix86+x86_64 1.0-6 21.00 230.00 251.00 NOTE
r-devel-osx-x86_64 1.0-6 NOTE
r-patched-linux-x86_64 1.0-6 7.95 105.17 113.12 NOTE
r-patched-solaris-x86 1.0-6 194.00 NOTE
r-release-linux-x86_64 1.0-6 4.21 112.89 117.10 NOTE
r-release-windows-ix86+x86_64 1.0-6 17.00 254.00 271.00 NOTE
r-release-osx-x86_64 1.0-6 NOTE
r-oldrel-windows-ix86+x86_64 1.0-6 13.00 227.00 240.00 NOTE

Check Details

Version: 1.0-6
Check: R code for possible problems
Result: NOTE
    plot.sensitivity.2.0d: no visible global function definition for ‘gray’
    sensitivitySGD: no visible global function definition for ‘tail’
    sensitivitySGL: no visible global function definition for ‘tail’
    Undefined global functions or variables:
     gray tail
    Consider adding
     importFrom("grDevices", "gray")
     importFrom("utils", "tail")
    to your NAMESPACE file.
Flavors: r-devel-linux-x86_64-debian-clang, r-devel-linux-x86_64-debian-gcc, r-devel-linux-x86_64-fedora-clang, r-devel-linux-x86_64-fedora-gcc, r-devel-windows-ix86+x86_64, r-devel-osx-x86_64, r-patched-linux-x86_64, r-patched-solaris-x86, r-release-linux-x86_64, r-release-windows-ix86+x86_64, r-release-osx-x86_64, r-oldrel-windows-ix86+x86_64

Version: 1.0-6
Check: compiled code
Result: NOTE
    File ‘sensitivityPStrat/libs/sensitivityPStrat.so’:
     Found no calls to: ‘R_registerRoutines’, ‘R_useDynamicSymbols’
    
    It is good practice to register native routines and to disable symbol
    search.
    
    See ‘Writing portable packages’ in the ‘Writing R Extensions’ manual.
Flavors: r-devel-linux-x86_64-debian-clang, r-devel-linux-x86_64-debian-gcc, r-devel-linux-x86_64-fedora-clang, r-devel-linux-x86_64-fedora-gcc, r-patched-linux-x86_64, r-release-linux-x86_64