CRAN Package Check Results for Package sensitivityPStrat

Last updated on 2016-04-29 03:53:32.

Flavor Version Tinstall Tcheck Ttotal Status Flags
r-devel-linux-x86_64-debian-gcc 1.0-6 3.10 63.38 66.48 NOTE
r-devel-linux-x86_64-fedora-clang 1.0-6 133.01 NOTE
r-devel-linux-x86_64-fedora-gcc 1.0-6 126.68 NOTE
r-devel-osx-x86_64-clang 1.0-6 134.08 NOTE
r-devel-windows-ix86+x86_64 1.0-6 9.00 194.00 203.00 NOTE
r-patched-linux-x86_64 1.0-6 2.90 63.26 66.16 NOTE
r-patched-solaris-sparc 1.0-6 485.70 NOTE
r-patched-solaris-x86 1.0-6 165.30 NOTE
r-release-linux-x86_64 1.0-6 3.10 68.44 71.54 OK
r-release-osx-x86_64-mavericks 1.0-6 OK
r-release-windows-ix86+x86_64 1.0-6 10.00 189.00 199.00 OK
r-oldrel-windows-ix86+x86_64 1.0-6 18.00 191.00 209.00 OK

Check Details

Version: 1.0-6
Check: R code for possible problems
Result: NOTE
    plot.sensitivity.2.0d: no visible global function definition for ‘gray’
    sensitivitySGD: no visible global function definition for ‘tail’
    sensitivitySGL: no visible global function definition for ‘tail’
    Undefined global functions or variables:
     gray tail
    Consider adding
     importFrom("grDevices", "gray")
     importFrom("utils", "tail")
    to your NAMESPACE file.
Flavors: r-devel-linux-x86_64-debian-gcc, r-devel-linux-x86_64-fedora-clang, r-devel-linux-x86_64-fedora-gcc, r-devel-osx-x86_64-clang, r-devel-windows-ix86+x86_64, r-patched-linux-x86_64, r-patched-solaris-sparc, r-patched-solaris-x86