CRAN Package Check Results for Package sensitivityPStrat

Last updated on 2016-05-29 03:48:34.

Flavor Version Tinstall Tcheck Ttotal Status Flags
r-devel-linux-x86_64-debian-gcc 1.0-6 2.94 64.79 67.73 NOTE
r-devel-linux-x86_64-fedora-clang 1.0-6 133.17 NOTE
r-devel-linux-x86_64-fedora-gcc 1.0-6 126.04 NOTE
r-devel-osx-x86_64-clang 1.0-6 135.85 NOTE
r-devel-windows-ix86+x86_64 1.0-6 9.00 185.00 194.00 NOTE
r-patched-linux-x86_64 1.0-6 2.92 63.21 66.13 NOTE
r-patched-solaris-sparc 1.0-6 785.50 NOTE
r-patched-solaris-x86 1.0-6 161.50 NOTE
r-release-linux-x86_64 1.0-6 2.89 63.87 66.76 NOTE
r-release-osx-x86_64-mavericks 1.0-6 NOTE
r-release-windows-ix86+x86_64 1.0-6 13.00 179.00 192.00 NOTE
r-oldrel-windows-ix86+x86_64 1.0-6 10.00 223.00 233.00 OK

Check Details

Version: 1.0-6
Check: R code for possible problems
Result: NOTE
    plot.sensitivity.2.0d: no visible global function definition for ‘gray’
    sensitivitySGD: no visible global function definition for ‘tail’
    sensitivitySGL: no visible global function definition for ‘tail’
    Undefined global functions or variables:
     gray tail
    Consider adding
     importFrom("grDevices", "gray")
     importFrom("utils", "tail")
    to your NAMESPACE file.
Flavors: r-devel-linux-x86_64-debian-gcc, r-devel-linux-x86_64-fedora-clang, r-devel-linux-x86_64-fedora-gcc, r-devel-osx-x86_64-clang, r-devel-windows-ix86+x86_64, r-patched-linux-x86_64, r-patched-solaris-sparc, r-patched-solaris-x86, r-release-linux-x86_64, r-release-osx-x86_64-mavericks, r-release-windows-ix86+x86_64