CRAN Package Check Results for Package sensitivityPStrat

Last updated on 2017-10-20 02:48:38.

Flavor Version Tinstall Tcheck Ttotal Status Flags
r-devel-linux-x86_64-debian-clang 1.0-6 2.76 70.68 73.45 NOTE
r-devel-linux-x86_64-debian-gcc 1.0-6 3.08 73.05 76.13 NOTE
r-devel-linux-x86_64-fedora-clang 1.0-6 163.41 NOTE
r-devel-linux-x86_64-fedora-gcc 1.0-6 162.45 NOTE
r-devel-windows-ix86+x86_64 1.0-6 13.00 193.00 206.00 NOTE
r-patched-linux-x86_64 1.0-6 2.79 70.76 73.55 NOTE
r-patched-solaris-x86 1.0-6 210.00 NOTE
r-release-linux-x86_64 1.0-6 2.92 69.87 72.80 NOTE
r-release-windows-ix86+x86_64 1.0-6 14.00 188.00 202.00 NOTE
r-release-osx-x86_64 1.0-6 NOTE
r-oldrel-windows-ix86+x86_64 1.0-6 10.00 209.00 219.00 NOTE
r-oldrel-osx-x86_64 1.0-6 NOTE

Check Details

Version: 1.0-6
Check: R code for possible problems
Result: NOTE
    plot.sensitivity.2.0d: no visible global function definition for ‘gray’
    sensitivitySGD: no visible global function definition for ‘tail’
    sensitivitySGL: no visible global function definition for ‘tail’
    Undefined global functions or variables:
     gray tail
    Consider adding
     importFrom("grDevices", "gray")
     importFrom("utils", "tail")
    to your NAMESPACE file.
Flavors: r-devel-linux-x86_64-debian-clang, r-devel-linux-x86_64-debian-gcc, r-devel-linux-x86_64-fedora-clang, r-devel-linux-x86_64-fedora-gcc, r-devel-windows-ix86+x86_64, r-patched-linux-x86_64, r-patched-solaris-x86, r-release-linux-x86_64, r-release-windows-ix86+x86_64, r-release-osx-x86_64, r-oldrel-windows-ix86+x86_64, r-oldrel-osx-x86_64

Version: 1.0-6
Check: compiled code
Result: NOTE
    File ‘sensitivityPStrat/libs/sensitivityPStrat.so’:
     Found no calls to: ‘R_registerRoutines’, ‘R_useDynamicSymbols’
    
    It is good practice to register native routines and to disable symbol
    search.
    
    See ‘Writing portable packages’ in the ‘Writing R Extensions’ manual.
Flavors: r-devel-linux-x86_64-debian-clang, r-devel-linux-x86_64-debian-gcc, r-devel-linux-x86_64-fedora-clang, r-devel-linux-x86_64-fedora-gcc, r-patched-linux-x86_64, r-release-linux-x86_64