CRAN Package Check Results for Package sensitivityPStrat

Last updated on 2016-06-30 19:46:55.

Flavor Version Tinstall Tcheck Ttotal Status Flags
r-devel-linux-x86_64-debian-gcc 1.0-6 3.35 67.17 70.51 NOTE
r-devel-linux-x86_64-fedora-clang 1.0-6 129.09 NOTE
r-devel-linux-x86_64-fedora-gcc 1.0-6 125.75 NOTE
r-devel-osx-x86_64-clang 1.0-6 100.74 NOTE
r-devel-windows-ix86+x86_64 1.0-6 9.00 217.00 226.00 NOTE
r-patched-linux-x86_64 1.0-6 4.32 71.66 75.98 NOTE
r-patched-solaris-sparc 1.0-6 787.90 NOTE
r-patched-solaris-x86 1.0-6 163.80 NOTE
r-release-linux-x86_64 1.0-6 3.48 66.83 70.30 NOTE
r-release-osx-x86_64-mavericks 1.0-6 NOTE
r-release-windows-ix86+x86_64 1.0-6 15.00 180.00 195.00 NOTE
r-oldrel-windows-ix86+x86_64 1.0-6 17.00 234.00 251.00 OK

Check Details

Version: 1.0-6
Check: R code for possible problems
Result: NOTE
    plot.sensitivity.2.0d: no visible global function definition for ‘gray’
    sensitivitySGD: no visible global function definition for ‘tail’
    sensitivitySGL: no visible global function definition for ‘tail’
    Undefined global functions or variables:
     gray tail
    Consider adding
     importFrom("grDevices", "gray")
     importFrom("utils", "tail")
    to your NAMESPACE file.
Flavors: r-devel-linux-x86_64-debian-gcc, r-devel-linux-x86_64-fedora-clang, r-devel-linux-x86_64-fedora-gcc, r-devel-osx-x86_64-clang, r-devel-windows-ix86+x86_64, r-patched-linux-x86_64, r-patched-solaris-sparc, r-patched-solaris-x86, r-release-linux-x86_64, r-release-osx-x86_64-mavericks, r-release-windows-ix86+x86_64