CRAN Package Check Results for Package sensitivityPStrat

Last updated on 2016-10-01 12:48:04.

Flavor Version Tinstall Tcheck Ttotal Status Flags
r-devel-linux-x86_64-debian-clang 1.0-6 2.76 68.10 70.87 NOTE
r-devel-linux-x86_64-debian-gcc 1.0-6 2.81 64.69 67.50 NOTE
r-devel-linux-x86_64-fedora-clang 1.0-6 147.42 NOTE
r-devel-linux-x86_64-fedora-gcc 1.0-6 130.00 NOTE
r-devel-macos-x86_64-clang 1.0-6 96.94 NOTE
r-devel-windows-ix86+x86_64 1.0-6 14.00 207.00 221.00 NOTE
r-patched-linux-x86_64 1.0-6 2.76 63.13 65.89 NOTE
r-patched-solaris-sparc 1.0-6 787.90 NOTE
r-patched-solaris-x86 1.0-6 163.00 NOTE
r-release-linux-x86_64 1.0-6 2.74 63.00 65.74 NOTE
r-release-osx-x86_64-mavericks 1.0-6 NOTE
r-release-windows-ix86+x86_64 1.0-6 9.00 209.00 218.00 NOTE
r-oldrel-windows-ix86+x86_64 1.0-6 16.00 171.00 187.00 OK

Check Details

Version: 1.0-6
Check: R code for possible problems
Result: NOTE
    plot.sensitivity.2.0d: no visible global function definition for ‘gray’
    sensitivitySGD: no visible global function definition for ‘tail’
    sensitivitySGL: no visible global function definition for ‘tail’
    Undefined global functions or variables:
     gray tail
    Consider adding
     importFrom("grDevices", "gray")
     importFrom("utils", "tail")
    to your NAMESPACE file.
Flavors: r-devel-linux-x86_64-debian-clang, r-devel-linux-x86_64-debian-gcc, r-devel-linux-x86_64-fedora-clang, r-devel-linux-x86_64-fedora-gcc, r-devel-macos-x86_64-clang, r-devel-windows-ix86+x86_64, r-patched-linux-x86_64, r-patched-solaris-sparc, r-patched-solaris-x86, r-release-linux-x86_64, r-release-osx-x86_64-mavericks, r-release-windows-ix86+x86_64