Last updated on 2021-02-28 12:50:18 CET.
Flavor | Version | Tinstall | Tcheck | Ttotal | Status | Flags |
---|---|---|---|---|---|---|
r-devel-linux-x86_64-debian-clang | 1.1 | 2.34 | 35.60 | 37.94 | NOTE | |
r-devel-linux-x86_64-debian-gcc | 1.1 | 1.87 | 27.05 | 28.92 | NOTE | |
r-devel-linux-x86_64-fedora-clang | 1.1 | 55.08 | NOTE | |||
r-devel-linux-x86_64-fedora-gcc | 1.1 | 44.68 | NOTE | |||
r-devel-windows-ix86+x86_64 | 1.1 | 5.00 | 41.00 | 46.00 | NOTE | |
r-patched-linux-x86_64 | 1.1 | 2.26 | 34.99 | 37.25 | NOTE | |
r-patched-solaris-x86 | 1.1 | 63.70 | NOTE | |||
r-release-linux-x86_64 | 1.1 | 2.35 | 33.22 | 35.57 | NOTE | |
r-release-macos-x86_64 | 1.1 | NOTE | ||||
r-release-windows-ix86+x86_64 | 1.1 | 4.00 | 38.00 | 42.00 | NOTE | |
r-oldrel-macos-x86_64 | 1.1 | NOTE | ||||
r-oldrel-windows-ix86+x86_64 | 1.1 | 4.00 | 54.00 | 58.00 | NOTE |
Version: 1.1
Check: R code for possible problems
Result: NOTE
mscorev: no visible global function definition for 'quantile'
senmwCI : funcCI: no visible global function definition for 'qnorm'
senmwCI : funcCI2: no visible global function definition for 'qnorm'
separable1k: no visible global function definition for 'pnorm'
Undefined global functions or variables:
pnorm qnorm quantile
Consider adding
importFrom("stats", "pnorm", "qnorm", "quantile")
to your NAMESPACE file.
Flavors: r-devel-linux-x86_64-debian-clang, r-devel-linux-x86_64-debian-gcc, r-devel-linux-x86_64-fedora-clang, r-devel-linux-x86_64-fedora-gcc, r-devel-windows-ix86+x86_64, r-patched-linux-x86_64, r-patched-solaris-x86, r-release-linux-x86_64, r-release-macos-x86_64, r-release-windows-ix86+x86_64, r-oldrel-macos-x86_64, r-oldrel-windows-ix86+x86_64