CRAN Package Check Results for Package separationplot

Last updated on 2015-08-29 10:47:04.

Flavor Version Tinstall Tcheck Ttotal Status Flags
r-devel-linux-x86_64-debian-clang 1.1 0.50 8.69 9.19 NOTE
r-devel-linux-x86_64-debian-gcc 1.1 0.44 7.70 8.14 NOTE
r-devel-linux-x86_64-fedora-clang 1.1 15.93 NOTE
r-devel-linux-x86_64-fedora-gcc 1.1 14.75 NOTE
r-devel-osx-x86_64-clang 1.1 16.78 OK
r-devel-windows-ix86+x86_64 1.1 3.00 18.00 21.00 NOTE
r-patched-linux-x86_64 1.1 0.50 8.61 9.12 NOTE
r-patched-solaris-sparc 1.1 113.90 OK
r-patched-solaris-x86 1.1 26.30 OK
r-release-linux-x86_64 1.1 0.52 8.49 9.02 NOTE
r-release-osx-x86_64-mavericks 1.1 OK
r-release-windows-ix86+x86_64 1.1 4.00 15.00 19.00 OK
r-oldrel-windows-ix86+x86_64 1.1 4.00 17.00 21.00 OK

Check Details

Version: 1.1
Check: R code for possible problems
Result: NOTE
    separationplot: no visible global function definition for ‘dev.new’
    separationplot: no visible global function definition for ‘pdf’
    separationplot: no visible global function definition for ‘par’
    separationplot: no visible global function definition for ‘plot’
    separationplot: no visible global function definition for ‘title’
    separationplot: no visible global function definition for ‘segments’
    separationplot: no visible global function definition for ‘rect’
    separationplot: no visible global function definition for ‘points’
    separationplot: no visible global function definition for ‘lines’
    separationplot: no visible global function definition for
     ‘colorRampPalette’
    separationplot: no visible global function definition for ‘layout’
    separationplot: no visible global function definition for ‘plot.new’
    separationplot: no visible global function definition for ‘legend’
    separationplot: no visible global function definition for ‘dev.off’
    separationplot: no visible global function definition for ‘locator’
    sp.categorical: no visible global function definition for ‘dev.new’
    sp.categorical: no visible global function definition for ‘pdf’
    sp.categorical: no visible global function definition for ‘par’
    sp.categorical: no visible global function definition for ‘layout’
    sp.categorical: no visible global function definition for ‘plot’
    sp.categorical: no visible global function definition for ‘text’
    sp.categorical: no visible global function definition for ‘dev.off’
    Undefined global functions or variables:
     colorRampPalette dev.new dev.off layout legend lines locator par pdf
     plot plot.new points rect segments text title
    Consider adding
     importFrom("grDevices", "colorRampPalette", "dev.new", "dev.off",
     "pdf")
     importFrom("graphics", "layout", "legend", "lines", "locator", "par",
     "plot", "plot.new", "points", "rect", "segments", "text",
     "title")
    to your NAMESPACE.
Flavors: r-devel-linux-x86_64-debian-clang, r-devel-linux-x86_64-debian-gcc, r-devel-linux-x86_64-fedora-clang, r-devel-linux-x86_64-fedora-gcc, r-devel-windows-ix86+x86_64

Version: 1.1
Check: Rd line widths
Result: NOTE
    Rd file 'sp.categorical.Rd':
     \examples lines wider than 100 characters:
     read.dta("http://www2.lse.ac.uk/dataFiles/geographyAndEnvironment/Replication/Article%20for%20JCR%20(Human%20Rights).dta")
    
    These lines will be truncated in the PDF manual.
Flavors: r-devel-linux-x86_64-debian-clang, r-devel-linux-x86_64-debian-gcc, r-devel-linux-x86_64-fedora-clang, r-devel-linux-x86_64-fedora-gcc, r-patched-linux-x86_64, r-release-linux-x86_64