CRAN Package Check Results for Package separationplot

Last updated on 2015-05-30 06:47:02.

Flavor Version Tinstall Tcheck Ttotal Status Flags
r-devel-linux-x86_64-debian-clang 1.1 0.62 8.71 9.32 NOTE
r-devel-linux-x86_64-debian-gcc 1.1 0.61 8.10 8.72 NOTE
r-devel-linux-x86_64-fedora-clang 1.1 17.41 NOTE
r-devel-linux-x86_64-fedora-gcc 1.1 15.75 NOTE
r-devel-osx-x86_64-clang 1.1 20.61 OK
r-devel-windows-ix86+x86_64 1.1 2.00 15.00 17.00 OK
r-patched-linux-x86_64 1.1 0.58 8.57 9.15 NOTE
r-patched-solaris-sparc 1.1 130.00 OK
r-patched-solaris-x86 1.1 25.30 OK
r-release-linux-x86_64 1.1 0.56 8.97 9.54 NOTE
r-release-osx-x86_64-mavericks 1.1 OK
r-release-osx-x86_64-snowleopard 1.1 NOTE
r-release-windows-ix86+x86_64 1.1 2.00 16.00 18.00 OK
r-oldrel-windows-ix86+x86_64 1.1 3.00 16.00 19.00 OK

Check Details

Version: 1.1
Check: Rd line widths
Result: NOTE
    Rd file 'sp.categorical.Rd':
     \examples lines wider than 100 characters:
     read.dta("http://www2.lse.ac.uk/dataFiles/geographyAndEnvironment/Replication/Article%20for%20JCR%20(Human%20Rights).dta")
    
    These lines will be truncated in the PDF manual.
Flavors: r-devel-linux-x86_64-debian-clang, r-devel-linux-x86_64-debian-gcc, r-devel-linux-x86_64-fedora-clang, r-devel-linux-x86_64-fedora-gcc, r-patched-linux-x86_64, r-release-linux-x86_64

Version: 1.1
Check: package dependencies
Result: NOTE
    Package suggested but not available for checking: ‘Hmisc’
Flavor: r-release-osx-x86_64-snowleopard