CRAN Package Check Results for Package separationplot

Last updated on 2014-10-26 03:47:43.

Flavor Version Tinstall Tcheck Ttotal Status Flags
r-devel-linux-x86_64-debian-clang 1.0 0.66 10.68 11.34 NOTE
r-devel-linux-x86_64-debian-gcc 1.0 0.60 10.55 11.15 NOTE
r-devel-linux-x86_64-fedora-clang 1.0 21.62 NOTE
r-devel-linux-x86_64-fedora-gcc 1.0 20.96 NOTE
r-devel-osx-x86_64-clang 1.0 24.33 NOTE
r-devel-windows-ix86+x86_64 1.0 2.00 17.00 19.00 NOTE
r-patched-linux-x86_64 1.0 0.65 10.39 11.04 NOTE
r-patched-solaris-sparc 1.0 124.70 NOTE
r-patched-solaris-x86 1.0 31.20 NOTE
r-release-linux-ix86 1.0 0.90 16.82 17.73 NOTE
r-release-linux-x86_64 1.0 0.57 11.22 11.79 NOTE
r-release-osx-x86_64-mavericks 1.0 NOTE
r-release-windows-ix86+x86_64 1.0 3.00 18.00 21.00 NOTE
r-oldrel-windows-ix86+x86_64 1.0 3.00 21.00 24.00 NOTE

Check Details

Version: 1.0
Check: dependencies in R code
Result: NOTE
    'library' or 'require' call to ‘RColorBrewer’ which was already attached by Depends.
     Please remove these calls from your code.
    See the information on DESCRIPTION files in the chapter ‘Creating R
    packages’ of the ‘Writing R Extensions’ manual.
Flavors: r-devel-linux-x86_64-debian-clang, r-devel-linux-x86_64-debian-gcc, r-devel-linux-x86_64-fedora-clang, r-devel-linux-x86_64-fedora-gcc, r-devel-osx-x86_64-clang, r-devel-windows-ix86+x86_64, r-patched-linux-x86_64, r-patched-solaris-sparc, r-patched-solaris-x86, r-release-linux-ix86, r-release-linux-x86_64, r-release-osx-x86_64-mavericks, r-release-windows-ix86+x86_64, r-oldrel-windows-ix86+x86_64

Version: 1.0
Check: R code for possible problems
Result: NOTE
    Found an obsolete/platform-specific call in the following functions:
     ‘separationplot’ ‘sp.categorical’
    Found the platform-specific device:
     ‘windows’
    dev.new() is the preferred way to open a new device, in the unlikely
    event one is needed.
Flavors: r-devel-linux-x86_64-debian-clang, r-devel-linux-x86_64-debian-gcc, r-devel-linux-x86_64-fedora-clang, r-devel-linux-x86_64-fedora-gcc, r-devel-osx-x86_64-clang, r-patched-linux-x86_64, r-patched-solaris-sparc, r-patched-solaris-x86, r-release-linux-ix86, r-release-linux-x86_64

Version: 1.0
Check: Rd line widths
Result: NOTE
    Rd file 'separationplot-package.Rd':
     \examples lines wider than 100 characters:
     separationplot(pred=c(0.774, 0.364, 0.997, 0.728, 0.961, 0.422), actual=c(0,0,1,0,1,1), shuffle=FALSE, line=FALSE, type="rect", rectbor ... [TRUNCATED]
    
    Rd file 'separationplot.Rd':
     \usage lines wider than 90 characters:
     separationplot(pred, actual, type = "line", line = T, lwd1 = 0.5, lwd2 = 0.5, heading = "", xlab = "", shuffle = T, width = 9, height ... [TRUNCATED]
     \examples lines wider than 100 characters:
     separationplot(pred=model1$fitted.values, actual=model1$y, type="rect", line=TRUE, show.expected=TRUE, heading="Example 1")
    
    Rd file 'sp.categorical.Rd':
     \examples lines wider than 100 characters:
     neumayer<-read.dta("http://www2.lse.ac.uk/dataFiles/geographyAndEnvironment/Replication/Article%20for%20JCR%20(Human%20Rights).dta")
     # create a new dataframe called "data4" that just contains the variables we're interested in (and with simpler names).
     data6<-na.omit(data.frame(DV=neumayer$aipts, laggedDV=neumayer$laipts, rat=neumayer$iccprmainrat, ingo.pc=neumayer$wiikngointerpc, dem= ... [TRUNCATED]
     model6<-polr(as.ordered(DV)~laggedDV +rat + rat:ingo.pc + rat:dem +ingo.pc +dem +extwar +civwar+gdp +pop, data=data6, Hess=T, method=" ... [TRUNCATED]
    
    These lines will be truncated in the PDF manual.
Flavors: r-devel-linux-x86_64-debian-clang, r-devel-linux-x86_64-debian-gcc, r-devel-linux-x86_64-fedora-clang, r-devel-linux-x86_64-fedora-gcc, r-patched-linux-x86_64, r-release-linux-x86_64