CRAN Package Check Results for Package separationplot

Last updated on 2015-03-28 16:47:22.

Flavor Version Tinstall Tcheck Ttotal Status Flags
r-devel-linux-x86_64-debian-clang 1.1 0.51 8.59 9.10 NOTE
r-devel-linux-x86_64-debian-gcc 1.1 0.56 8.32 8.88 NOTE
r-devel-linux-x86_64-fedora-clang 1.1 17.19 NOTE
r-devel-linux-x86_64-fedora-gcc 1.1 16.41 NOTE
r-devel-osx-x86_64-clang 1.1 22.56 OK
r-prerel-windows-ix86+x86_64 1.1 3.00 19.00 22.00 OK
r-prerel-linux-x86_64 1.1 0.50 8.43 8.93 NOTE
r-prerel-solaris-sparc 1.1 86.40 OK
r-prerel-solaris-x86 1.1 25.20 OK
r-release-linux-x86_64 1.1 0.54 9.26 9.80 NOTE
r-release-osx-x86_64-mavericks 1.1 OK
r-release-osx-x86_64-snowleopard 1.1 OK
r-release-windows-ix86+x86_64 1.1 2.00 16.00 18.00 OK
r-oldrel-windows-ix86+x86_64 1.1 2.00 26.00 28.00 OK

Check Details

Version: 1.1
Check: Rd line widths
Result: NOTE
    Rd file 'sp.categorical.Rd':
     \examples lines wider than 100 characters:
     read.dta("http://www2.lse.ac.uk/dataFiles/geographyAndEnvironment/Replication/Article%20for%20JCR%20(Human%20Rights).dta")
    
    These lines will be truncated in the PDF manual.
Flavors: r-devel-linux-x86_64-debian-clang, r-devel-linux-x86_64-debian-gcc, r-devel-linux-x86_64-fedora-clang, r-devel-linux-x86_64-fedora-gcc, r-prerel-linux-x86_64, r-release-linux-x86_64