Last updated on 2023-03-28 00:52:02 CEST.
Flavor | Version | Tinstall | Tcheck | Ttotal | Status | Flags |
---|---|---|---|---|---|---|
r-devel-linux-x86_64-debian-clang | 0.0.1 | 2.68 | 25.08 | 27.76 | OK | |
r-devel-linux-x86_64-debian-gcc | 0.0.1 | 2.89 | 19.74 | 22.63 | OK | |
r-devel-linux-x86_64-fedora-clang | 0.0.1 | 36.43 | NOTE | |||
r-devel-linux-x86_64-fedora-gcc | 0.0.1 | 34.57 | NOTE | |||
r-patched-linux-x86_64 | 0.0.1 | 2.61 | 24.20 | 26.81 | OK | |
r-release-linux-x86_64 | 0.0.1 | 3.43 | 25.75 | 29.18 | OK | |
r-release-macos-arm64 | 0.0.1 | 16.00 | NOTE | |||
r-release-macos-x86_64 | 0.0.1 | 24.00 | NOTE | |||
r-release-windows-x86_64 | 0.0.1 | 27.00 | 56.00 | 83.00 | OK | |
r-oldrel-macos-arm64 | 0.0.1 | 18.00 | NOTE | |||
r-oldrel-macos-x86_64 | 0.0.1 | 28.00 | NOTE | |||
r-oldrel-windows-ix86+x86_64 | 0.0.1 | 8.00 | 53.00 | 61.00 | OK |
Version: 0.0.1
Check: data for non-ASCII characters
Result: NOTE
Note: found 52 marked UTF-8 strings
Flavors: r-devel-linux-x86_64-fedora-clang, r-devel-linux-x86_64-fedora-gcc, r-release-macos-arm64, r-release-macos-x86_64, r-oldrel-macos-arm64, r-oldrel-macos-x86_64