Last updated on 2023-10-04 14:04:00 CEST.
Flavor | Version | Tinstall | Tcheck | Ttotal | Status | Flags |
---|---|---|---|---|---|---|
r-devel-linux-x86_64-debian-clang | 1.2.1 | 5.59 | 40.99 | 46.58 | NOTE | |
r-devel-linux-x86_64-debian-gcc | 1.2.1 | 4.65 | 31.25 | 35.90 | NOTE | |
r-devel-linux-x86_64-fedora-clang | 1.2.1 | 58.33 | NOTE | |||
r-devel-linux-x86_64-fedora-gcc | 1.2.1 | 56.91 | NOTE | |||
r-devel-windows-x86_64 | 1.2.1 | 10.00 | 57.00 | 67.00 | NOTE | |
r-patched-linux-x86_64 | 1.2.1 | 6.66 | 39.52 | 46.18 | OK | |
r-release-linux-x86_64 | 1.2.1 | 5.97 | 39.10 | 45.07 | OK | |
r-release-macos-arm64 | 1.2.1 | 21.00 | OK | |||
r-release-macos-x86_64 | 1.2.1 | 32.00 | OK | |||
r-release-windows-x86_64 | 1.2.1 | 9.00 | 60.00 | 69.00 | OK | |
r-oldrel-macos-arm64 | 1.2.1 | 22.00 | OK | |||
r-oldrel-macos-x86_64 | 1.2.1 | 30.00 | OK | |||
r-oldrel-windows-x86_64 | 1.2.1 | 10.00 | 64.00 | 74.00 | OK |
Version: 1.2.1
Check: Rd contents
Result: NOTE
Auto-generated content requiring editing in Rd object 'seqCBS-package':
\details: ‘...the package, including the most important ~~ ~~ functions ~~’
Flavors: r-devel-linux-x86_64-debian-clang, r-devel-linux-x86_64-debian-gcc, r-devel-linux-x86_64-fedora-clang, r-devel-linux-x86_64-fedora-gcc, r-devel-windows-x86_64