CRAN Package Check Results for Package seqMeta

Last updated on 2017-02-25 23:48:07.

Flavor Version Tinstall Tcheck Ttotal Status Flags
r-devel-linux-x86_64-debian-clang 1.6.7 4.36 140.16 144.53 NOTE
r-devel-linux-x86_64-debian-gcc 1.6.7 4.42 132.29 136.71 NOTE
r-devel-linux-x86_64-fedora-clang 1.6.7 303.65 NOTE --no-stop-on-test-error
r-devel-linux-x86_64-fedora-gcc 1.6.7 307.15 NOTE --no-stop-on-test-error
r-devel-macos-x86_64-clang 1.6.7 202.79 NOTE --no-stop-on-test-error
r-devel-windows-ix86+x86_64 1.6.7 20.00 406.00 426.00 OK
r-patched-linux-x86_64 1.6.7 4.29 128.99 133.28 OK
r-patched-solaris-sparc 1.6.7 1645.50 OK
r-patched-solaris-x86 1.6.7 283.60 OK
r-release-linux-x86_64 1.6.7 3.95 127.68 131.63 OK
r-release-osx-x86_64-mavericks 1.6.7 OK
r-release-windows-ix86+x86_64 1.6.7 19.00 379.00 398.00 OK
r-oldrel-windows-ix86+x86_64 1.6.7 20.00 383.00 403.00 OK

Check Details

Version: 1.6.7
Check: compiled code
Result: NOTE
    File ‘seqMeta/libs/seqMeta.so’:
     Found no calls to: ‘R_registerRoutines’, ‘R_useDynamicSymbols’
    
    It is good practice to register native routines and to disable symbol
    search.
    
    See ‘Writing portable packages’ in the ‘Writing R Extensions’ manual.
Flavors: r-devel-linux-x86_64-debian-clang, r-devel-linux-x86_64-debian-gcc

Version: 1.6.7
Flags: --no-stop-on-test-error
Check: compiled code
Result: NOTE
    File ‘seqMeta/libs/seqMeta.so’:
     Found no calls to: ‘R_registerRoutines’, ‘R_useDynamicSymbols’
    
    It is good practice to register native routines and to disable symbol
    search.
    
    See ‘Writing portable packages’ in the ‘Writing R Extensions’ manual.
Flavors: r-devel-linux-x86_64-fedora-clang, r-devel-linux-x86_64-fedora-gcc, r-devel-macos-x86_64-clang