CRAN Package Check Results for Package seqMeta

Last updated on 2017-12-13 03:48:15 CET.

Flavor Version Tinstall Tcheck Ttotal Status Flags
r-devel-linux-x86_64-debian-clang 1.6.7 5.62 222.90 228.52 NOTE
r-devel-linux-x86_64-debian-gcc 1.6.7 4.60 164.97 169.57 NOTE
r-devel-linux-x86_64-fedora-clang 1.6.7 255.01 NOTE
r-devel-windows-ix86+x86_64 1.6.7 19.00 309.00 328.00 OK
r-patched-linux-x86_64 1.6.7 5.61 233.63 239.24 NOTE
r-patched-solaris-x86 1.6.7 355.50 OK
r-release-linux-x86_64 1.6.7 5.09 234.49 239.58 NOTE
r-release-windows-ix86+x86_64 1.6.7 16.00 414.00 430.00 OK
r-release-osx-x86_64 1.6.7 OK
r-oldrel-windows-ix86+x86_64 1.6.7 14.00 381.00 395.00 OK
r-oldrel-osx-x86_64 1.6.7 OK

Check Details

Version: 1.6.7
Check: compiled code
Result: NOTE
    File ‘seqMeta/libs/seqMeta.so’:
     Found no calls to: ‘R_registerRoutines’, ‘R_useDynamicSymbols’
    
    It is good practice to register native routines and to disable symbol
    search.
    
    See ‘Writing portable packages’ in the ‘Writing R Extensions’ manual.
Flavors: r-devel-linux-x86_64-debian-clang, r-devel-linux-x86_64-debian-gcc, r-devel-linux-x86_64-fedora-clang, r-patched-linux-x86_64, r-release-linux-x86_64