CRAN Package Check Results for Package seqMeta

Last updated on 2017-03-22 23:53:40.

Flavor Version Tinstall Tcheck Ttotal Status Flags
r-devel-linux-x86_64-debian-clang 1.6.7 4.41 140.30 144.71 NOTE
r-devel-linux-x86_64-debian-gcc 1.6.7 4.79 132.55 137.34 NOTE
r-devel-linux-x86_64-fedora-clang 1.6.7 315.42 NOTE --no-stop-on-test-error
r-devel-linux-x86_64-fedora-gcc 1.6.7 300.72 NOTE --no-stop-on-test-error
r-devel-macos-x86_64-clang 1.6.7 203.54 NOTE --no-stop-on-test-error
r-devel-windows-ix86+x86_64 1.6.7 15.00 300.00 315.00 OK
r-patched-linux-x86_64 1.6.7 3.86 126.97 130.83 OK
r-patched-solaris-sparc 1.6.7 1759.30 OK
r-patched-solaris-x86 1.6.7 349.50 OK
r-release-linux-x86_64 1.6.7 3.99 134.35 138.34 OK
r-release-osx-x86_64-mavericks 1.6.7 OK
r-release-windows-ix86+x86_64 1.6.7 18.00 308.00 326.00 OK
r-oldrel-windows-ix86+x86_64 1.6.7 23.00 492.00 515.00 OK

Check Details

Version: 1.6.7
Check: compiled code
Result: NOTE
    File ‘seqMeta/libs/seqMeta.so’:
     Found no calls to: ‘R_registerRoutines’, ‘R_useDynamicSymbols’
    
    It is good practice to register native routines and to disable symbol
    search.
    
    See ‘Writing portable packages’ in the ‘Writing R Extensions’ manual.
Flavors: r-devel-linux-x86_64-debian-clang, r-devel-linux-x86_64-debian-gcc

Version: 1.6.7
Flags: --no-stop-on-test-error
Check: compiled code
Result: NOTE
    File ‘seqMeta/libs/seqMeta.so’:
     Found no calls to: ‘R_registerRoutines’, ‘R_useDynamicSymbols’
    
    It is good practice to register native routines and to disable symbol
    search.
    
    See ‘Writing portable packages’ in the ‘Writing R Extensions’ manual.
Flavors: r-devel-linux-x86_64-fedora-clang, r-devel-linux-x86_64-fedora-gcc, r-devel-macos-x86_64-clang