CRAN Package Check Results for Package seqMeta

Last updated on 2018-02-24 23:49:18 CET.

Flavor Version Tinstall Tcheck Ttotal Status Flags
r-devel-linux-x86_64-debian-clang 1.6.7 8.96 209.44 218.40 NOTE
r-devel-linux-x86_64-debian-gcc 1.6.7 7.22 156.64 163.86 NOTE
r-devel-linux-x86_64-fedora-clang 1.6.7 255.23 NOTE
r-devel-linux-x86_64-fedora-gcc 1.6.7 249.48 NOTE
r-devel-windows-ix86+x86_64 1.6.7 28.00 385.00 413.00 OK
r-patched-linux-x86_64 1.6.7 6.25 225.82 232.07 NOTE
r-patched-solaris-x86 1.6.7 371.70 OK
r-release-linux-x86_64 1.6.7 5.75 222.20 227.95 NOTE
r-release-windows-ix86+x86_64 1.6.7 20.00 399.00 419.00 OK
r-release-osx-x86_64 1.6.7 OK
r-oldrel-windows-ix86+x86_64 1.6.7 15.00 316.00 331.00 OK
r-oldrel-osx-x86_64 1.6.7 OK

Check Details

Version: 1.6.7
Check: compiled code
Result: NOTE
    File ‘seqMeta/libs/seqMeta.so’:
     Found no calls to: ‘R_registerRoutines’, ‘R_useDynamicSymbols’
    
    It is good practice to register native routines and to disable symbol
    search.
    
    See ‘Writing portable packages’ in the ‘Writing R Extensions’ manual.
Flavors: r-devel-linux-x86_64-debian-clang, r-devel-linux-x86_64-debian-gcc, r-devel-linux-x86_64-fedora-clang, r-devel-linux-x86_64-fedora-gcc, r-patched-linux-x86_64, r-release-linux-x86_64