CRAN Package Check Results for Package seqMeta

Last updated on 2017-06-25 16:52:31.

Flavor Version Tinstall Tcheck Ttotal Status Flags
r-devel-linux-x86_64-debian-clang 1.6.7 4.30 145.16 149.47 NOTE
r-devel-linux-x86_64-debian-gcc 1.6.7 4.45 135.48 139.93 NOTE
r-devel-linux-x86_64-fedora-clang 1.6.7 310.98 NOTE
r-devel-linux-x86_64-fedora-gcc 1.6.7 299.84 NOTE
r-devel-windows-ix86+x86_64 1.6.7 22.00 305.00 327.00 OK
r-patched-linux-x86_64 1.6.7 4.20 136.04 140.24 NOTE
r-patched-solaris-sparc 1.6.7 1675.70 NOTE
r-patched-solaris-x86 1.6.7 346.50 NOTE
r-release-linux-x86_64 1.6.7 4.08 147.19 151.27 NOTE
r-release-windows-ix86+x86_64 1.6.7 20.00 400.00 420.00 OK
r-release-osx-x86_64 1.6.7 OK
r-oldrel-windows-ix86+x86_64 1.6.7 17.00 383.00 400.00 OK
r-oldrel-osx-x86_64 1.6.7 OK

Check Details

Version: 1.6.7
Check: compiled code
Result: NOTE
    File ‘seqMeta/libs/seqMeta.so’:
     Found no calls to: ‘R_registerRoutines’, ‘R_useDynamicSymbols’
    
    It is good practice to register native routines and to disable symbol
    search.
    
    See ‘Writing portable packages’ in the ‘Writing R Extensions’ manual.
Flavors: r-devel-linux-x86_64-debian-clang, r-devel-linux-x86_64-debian-gcc, r-devel-linux-x86_64-fedora-clang, r-devel-linux-x86_64-fedora-gcc, r-patched-linux-x86_64, r-release-linux-x86_64

Version: 1.6.7
Check: package dependencies
Result: NOTE
    Package suggested but not available for checking: ‘SKAT’
Flavors: r-patched-solaris-sparc, r-patched-solaris-x86