CRAN Package Check Results for Package seqMeta

Last updated on 2019-07-16 07:51:04 CEST.

Flavor Version Tinstall Tcheck Ttotal Status Flags
r-devel-linux-x86_64-debian-clang 1.6.7 11.95 204.65 216.60 OK
r-devel-linux-x86_64-debian-gcc 1.6.7 10.45 156.67 167.12 OK
r-devel-linux-x86_64-fedora-clang 1.6.7 252.50 NOTE
r-devel-linux-x86_64-fedora-gcc 1.6.7 247.79 NOTE
r-devel-windows-ix86+x86_64 1.6.7 34.00 292.00 326.00 OK
r-patched-linux-x86_64 1.6.7 10.67 202.15 212.82 OK
r-patched-solaris-x86 1.6.7 384.70 OK
r-release-linux-x86_64 1.6.7 10.78 201.55 212.33 OK
r-release-windows-ix86+x86_64 1.6.7 22.00 381.00 403.00 OK
r-release-osx-x86_64 1.6.7 OK
r-oldrel-windows-ix86+x86_64 1.6.7 26.00 382.00 408.00 OK
r-oldrel-osx-x86_64 1.6.7 WARN

Check Details

Version: 1.6.7
Check: compiled code
Result: NOTE
    File ‘seqMeta/libs/seqMeta.so’:
     Found no calls to: ‘R_registerRoutines’, ‘R_useDynamicSymbols’
    
    It is good practice to register native routines and to disable symbol
    search.
    
    See ‘Writing portable packages’ in the ‘Writing R Extensions’ manual.
Flavors: r-devel-linux-x86_64-fedora-clang, r-devel-linux-x86_64-fedora-gcc

Version: 1.6.7
Check: examples
Result: WARN
    Found the following significant warnings:
    
     Warning: 'rBind' is deprecated.
    Deprecated functions may be defunct as soon as of the next release of
    R.
    See ?Deprecated.
Flavor: r-oldrel-osx-x86_64