CRAN Package Check Results for Package seqMeta

Last updated on 2019-04-23 06:49:05 CEST.

Flavor Version Tinstall Tcheck Ttotal Status Flags
r-devel-linux-x86_64-debian-clang 1.6.7 11.11 208.08 219.19 OK
r-devel-linux-x86_64-debian-gcc 1.6.7 9.10 158.03 167.13 OK
r-devel-linux-x86_64-fedora-clang 1.6.7 255.57 NOTE
r-devel-linux-x86_64-fedora-gcc 1.6.7 252.16 NOTE
r-devel-windows-ix86+x86_64 1.6.7 29.00 292.00 321.00 OK
r-patched-linux-x86_64 1.6.7 10.49 205.65 216.14 OK
r-patched-solaris-x86 1.6.7 376.60 OK
r-release-linux-x86_64 1.6.7 8.43 205.76 214.19 OK
r-release-windows-ix86+x86_64 1.6.7 17.00 398.00 415.00 OK
r-release-osx-x86_64 1.6.7 WARN
r-oldrel-windows-ix86+x86_64 1.6.7 27.00 425.00 452.00 OK
r-oldrel-osx-x86_64 1.6.7 OK

Check Details

Version: 1.6.7
Check: compiled code
Result: NOTE
    File ‘seqMeta/libs/seqMeta.so’:
     Found no calls to: ‘R_registerRoutines’, ‘R_useDynamicSymbols’
    
    It is good practice to register native routines and to disable symbol
    search.
    
    See ‘Writing portable packages’ in the ‘Writing R Extensions’ manual.
Flavors: r-devel-linux-x86_64-fedora-clang, r-devel-linux-x86_64-fedora-gcc

Version: 1.6.7
Check: examples
Result: WARN
    Found the following significant warnings:
    
     Warning: 'rBind' is deprecated.
    Deprecated functions may be defunct as soon as of the next release of
    R.
    See ?Deprecated.
Flavor: r-release-osx-x86_64