CRAN Package Check Results for Package seqMeta

Last updated on 2017-04-28 23:52:44.

Flavor Version Tinstall Tcheck Ttotal Status Flags
r-devel-linux-x86_64-debian-clang 1.6.7 4.54 138.50 143.04 NOTE
r-devel-linux-x86_64-debian-gcc 1.6.7 4.12 135.34 139.46 NOTE
r-devel-linux-x86_64-fedora-clang 1.6.7 322.50 NOTE --no-stop-on-test-error
r-devel-linux-x86_64-fedora-gcc 1.6.7 298.05 NOTE --no-stop-on-test-error
r-devel-windows-ix86+x86_64 1.6.7 16.00 405.00 421.00 OK
r-patched-linux-x86_64 1.6.7 3.99 131.75 135.73 NOTE
r-patched-solaris-sparc 1.6.7 1759.30 OK
r-patched-solaris-x86 1.6.7 343.20 OK
r-release-linux-x86_64 1.6.7 4.20 132.91 137.10 NOTE
r-release-windows-ix86+x86_64 1.6.7 32.00 414.00 446.00 OK
r-release-osx-x86_64 1.6.7 OK
r-oldrel-windows-ix86+x86_64 1.6.7 20.00 300.00 320.00 OK
r-oldrel-osx-x86_64 1.6.7 OK

Check Details

Version: 1.6.7
Check: compiled code
Result: NOTE
    File ‘seqMeta/libs/seqMeta.so’:
     Found no calls to: ‘R_registerRoutines’, ‘R_useDynamicSymbols’
    
    It is good practice to register native routines and to disable symbol
    search.
    
    See ‘Writing portable packages’ in the ‘Writing R Extensions’ manual.
Flavors: r-devel-linux-x86_64-debian-clang, r-devel-linux-x86_64-debian-gcc, r-patched-linux-x86_64, r-release-linux-x86_64

Version: 1.6.7
Flags: --no-stop-on-test-error
Check: compiled code
Result: NOTE
    File ‘seqMeta/libs/seqMeta.so’:
     Found no calls to: ‘R_registerRoutines’, ‘R_useDynamicSymbols’
    
    It is good practice to register native routines and to disable symbol
    search.
    
    See ‘Writing portable packages’ in the ‘Writing R Extensions’ manual.
Flavors: r-devel-linux-x86_64-fedora-clang, r-devel-linux-x86_64-fedora-gcc