CRAN Package Check Results for Package seqMeta

Last updated on 2018-04-25 09:50:24 CEST.

Flavor Version Tinstall Tcheck Ttotal Status Flags
r-devel-linux-x86_64-debian-clang 1.6.7 7.62 216.30 223.92 WARN
r-devel-linux-x86_64-debian-gcc 1.6.7 7.72 156.71 164.43 WARN
r-devel-linux-x86_64-fedora-clang 1.6.7 257.84 WARN
r-devel-linux-x86_64-fedora-gcc 1.6.7 249.18 WARN
r-devel-windows-ix86+x86_64 1.6.7 26.00 281.00 307.00 WARN
r-patched-linux-x86_64 1.6.7 8.33 203.37 211.70 WARN
r-patched-solaris-x86 1.6.7 367.60 WARN
r-release-linux-x86_64 1.6.7 7.33 203.19 210.52 WARN
r-release-windows-ix86+x86_64 1.6.7 26.00 281.00 307.00 WARN
r-release-osx-x86_64 1.6.7 OK
r-oldrel-windows-ix86+x86_64 1.6.7 16.00 425.00 441.00 WARN
r-oldrel-osx-x86_64 1.6.7 OK

Check Details

Version: 1.6.7
Check: compiled code
Result: NOTE
    File ‘seqMeta/libs/seqMeta.so’:
     Found no calls to: ‘R_registerRoutines’, ‘R_useDynamicSymbols’
    
    It is good practice to register native routines and to disable symbol
    search.
    
    See ‘Writing portable packages’ in the ‘Writing R Extensions’ manual.
Flavors: r-devel-linux-x86_64-debian-clang, r-devel-linux-x86_64-debian-gcc, r-devel-linux-x86_64-fedora-clang, r-devel-linux-x86_64-fedora-gcc, r-patched-linux-x86_64, r-release-linux-x86_64

Version: 1.6.7
Check: examples
Result: WARN
    Found the following significant warnings:
    
     Warning: 'rBind' is deprecated.
    Deprecated functions may be defunct as soon as of the next release of
    R.
    See ?Deprecated.
    Examples with CPU or elapsed time > 5s
     user system elapsed
    prepScores 7.038 0.032 8.544
    prepScores2 6.110 0.027 8.401
    skatMeta 4.346 0.016 5.136
Flavor: r-devel-linux-x86_64-debian-clang

Version: 1.6.7
Check: examples
Result: WARN
    Found the following significant warnings:
    
     Warning: 'rBind' is deprecated.
    Deprecated functions may be defunct as soon as of the next release of
    R.
    See ?Deprecated.
    Examples with CPU or elapsed time > 5s
     user system elapsed
    prepScores 4.157 0.039 6.035
    prepScores2 3.944 0.020 6.860
Flavor: r-devel-linux-x86_64-debian-gcc

Version: 1.6.7
Check: examples
Result: WARN
    Found the following significant warnings:
    
     Warning: 'rBind' is deprecated.
    Deprecated functions may be defunct as soon as of the next release of
    R.
    See ?Deprecated.
Flavors: r-devel-linux-x86_64-fedora-clang, r-devel-linux-x86_64-fedora-gcc, r-patched-solaris-x86

Version: 1.6.7
Check: running examples for arch ‘i386’
Result: WARN
    Found the following significant warnings:
    
     Warning: 'rBind' is deprecated.
    Deprecated functions may be defunct as soon as of the next release of
    R.
    See ?Deprecated.
Flavors: r-devel-windows-ix86+x86_64, r-release-windows-ix86+x86_64, r-oldrel-windows-ix86+x86_64

Version: 1.6.7
Check: running examples for arch ‘x64’
Result: WARN
    Found the following significant warnings:
    
     Warning: 'rBind' is deprecated.
    Deprecated functions may be defunct as soon as of the next release of
    R.
    See ?Deprecated.
Flavors: r-devel-windows-ix86+x86_64, r-release-windows-ix86+x86_64, r-oldrel-windows-ix86+x86_64

Version: 1.6.7
Check: examples
Result: WARN
    Found the following significant warnings:
    
     Warning: 'rBind' is deprecated.
    Deprecated functions may be defunct as soon as of the next release of
    R.
    See ?Deprecated.
    Examples with CPU or elapsed time > 5s
     user system elapsed
    prepScores 5.757 0.047 7.158
    prepScores2 5.570 0.021 6.575
    skatMeta 3.985 0.047 5.012
Flavor: r-patched-linux-x86_64

Version: 1.6.7
Check: examples
Result: WARN
    Found the following significant warnings:
    
     Warning: 'rBind' is deprecated.
    Deprecated functions may be defunct as soon as of the next release of
    R.
    See ?Deprecated.
    Examples with CPU or elapsed time > 5s
     user system elapsed
    prepScores 5.515 0.031 6.731
    prepScores2 5.388 0.008 6.637
Flavor: r-release-linux-x86_64