CRAN Package Check Results for Package seqPERM

Last updated on 2015-08-29 17:48:23.

Flavor Version Tinstall Tcheck Ttotal Status Flags
r-devel-linux-x86_64-debian-clang 1.0 0.44 7.35 7.78 NOTE
r-devel-linux-x86_64-debian-gcc 1.0 0.42 7.04 7.46 NOTE
r-devel-linux-x86_64-fedora-clang 1.0 14.89 NOTE
r-devel-linux-x86_64-fedora-gcc 1.0 13.68 NOTE
r-devel-osx-x86_64-clang 1.0 15.70 NOTE
r-devel-windows-ix86+x86_64 1.0 3.00 16.00 19.00 NOTE
r-patched-linux-x86_64 1.0 0.49 7.55 8.04 NOTE
r-patched-solaris-sparc 1.0 105.90 NOTE
r-patched-solaris-x86 1.0 25.20 NOTE
r-release-linux-x86_64 1.0 0.55 8.01 8.56 NOTE
r-release-osx-x86_64-mavericks 1.0 NOTE
r-release-windows-ix86+x86_64 1.0 4.00 15.00 19.00 NOTE
r-oldrel-windows-ix86+x86_64 1.0 3.00 15.00 18.00 OK

Check Details

Version: 1.0
Check: DESCRIPTION meta-information
Result: NOTE
    Malformed Title field: should not end in a period.
Flavors: r-devel-linux-x86_64-debian-clang, r-devel-linux-x86_64-debian-gcc, r-devel-linux-x86_64-fedora-clang, r-devel-linux-x86_64-fedora-gcc, r-devel-osx-x86_64-clang, r-devel-windows-ix86+x86_64, r-patched-linux-x86_64, r-patched-solaris-sparc, r-patched-solaris-x86, r-release-linux-x86_64, r-release-osx-x86_64-mavericks, r-release-windows-ix86+x86_64