CRAN Package Check Results for Package seqPERM

Last updated on 2017-01-22 22:48:41.

Flavor Version Tinstall Tcheck Ttotal Status Flags
r-devel-linux-x86_64-debian-clang 1.0 0.62 9.74 10.35 NOTE
r-devel-linux-x86_64-debian-gcc 1.0 0.56 9.33 9.89 NOTE
r-devel-linux-x86_64-fedora-clang 1.0 15.91 NOTE --no-stop-on-test-error
r-devel-linux-x86_64-fedora-gcc 1.0 15.06 NOTE --no-stop-on-test-error
r-devel-macos-x86_64-clang 1.0 14.75 NOTE --no-stop-on-test-error
r-devel-windows-ix86+x86_64 1.0 2.00 22.00 24.00 NOTE
r-patched-linux-x86_64 1.0 0.61 8.01 8.62 NOTE
r-patched-solaris-sparc 1.0 80.30 NOTE
r-patched-solaris-x86 1.0 20.80 NOTE
r-release-linux-x86_64 1.0 0.49 8.12 8.61 NOTE
r-release-osx-x86_64-mavericks 1.0 NOTE
r-release-windows-ix86+x86_64 1.0 2.00 23.00 25.00 NOTE
r-oldrel-windows-ix86+x86_64 1.0 3.00 22.00 25.00 NOTE

Check Details

Version: 1.0
Check: DESCRIPTION meta-information
Result: NOTE
    Malformed Title field: should not end in a period.
Flavors: r-devel-linux-x86_64-debian-clang, r-devel-linux-x86_64-debian-gcc, r-devel-windows-ix86+x86_64, r-patched-linux-x86_64, r-patched-solaris-sparc, r-patched-solaris-x86, r-release-linux-x86_64, r-release-osx-x86_64-mavericks, r-release-windows-ix86+x86_64, r-oldrel-windows-ix86+x86_64

Version: 1.0
Flags: --no-stop-on-test-error
Check: DESCRIPTION meta-information
Result: NOTE
    Malformed Title field: should not end in a period.
Flavors: r-devel-linux-x86_64-fedora-clang, r-devel-linux-x86_64-fedora-gcc, r-devel-macos-x86_64-clang