CRAN Package Check Results for Package seqPERM

Last updated on 2016-12-10 10:47:27.

Flavor Version Tinstall Tcheck Ttotal Status Flags
r-devel-linux-x86_64-debian-clang 1.0 0.62 9.58 10.20 NOTE
r-devel-linux-x86_64-debian-gcc 1.0 0.61 9.35 9.96 NOTE
r-devel-linux-x86_64-fedora-clang 1.0 16.83 NOTE --no-stop-on-test-error
r-devel-linux-x86_64-fedora-gcc 1.0 15.31 NOTE --no-stop-on-test-error
r-devel-macos-x86_64-clang 1.0 15.19 NOTE --no-stop-on-test-error
r-devel-windows-ix86+x86_64 1.0 3.00 23.00 26.00 NOTE
r-patched-linux-x86_64 1.0 0.49 8.05 8.53 NOTE
r-patched-solaris-sparc 1.0 80.80 NOTE
r-patched-solaris-x86 1.0 18.80 NOTE
r-release-linux-x86_64 1.0 0.52 8.28 8.80 NOTE
r-release-osx-x86_64-mavericks 1.0 NOTE
r-release-windows-ix86+x86_64 1.0 2.00 23.00 25.00 NOTE
r-oldrel-windows-ix86+x86_64 1.0 3.00 22.00 25.00 NOTE

Check Details

Version: 1.0
Check: DESCRIPTION meta-information
Result: NOTE
    Malformed Title field: should not end in a period.
Flavors: r-devel-linux-x86_64-debian-clang, r-devel-linux-x86_64-debian-gcc, r-devel-windows-ix86+x86_64, r-patched-linux-x86_64, r-patched-solaris-sparc, r-patched-solaris-x86, r-release-linux-x86_64, r-release-osx-x86_64-mavericks, r-release-windows-ix86+x86_64, r-oldrel-windows-ix86+x86_64

Version: 1.0
Flags: --no-stop-on-test-error
Check: DESCRIPTION meta-information
Result: NOTE
    Malformed Title field: should not end in a period.
Flavors: r-devel-linux-x86_64-fedora-clang, r-devel-linux-x86_64-fedora-gcc, r-devel-macos-x86_64-clang