CRAN Package Check Results for Package seqPERM

Last updated on 2016-05-29 23:47:52.

Flavor Version Tinstall Tcheck Ttotal Status Flags
r-devel-linux-x86_64-debian-gcc 1.0 0.48 8.01 8.48 NOTE
r-devel-linux-x86_64-fedora-clang 1.0 13.43 NOTE
r-devel-linux-x86_64-fedora-gcc 1.0 12.29 NOTE
r-devel-osx-x86_64-clang 1.0 16.62 NOTE
r-devel-windows-ix86+x86_64 1.0 2.00 21.00 23.00 NOTE
r-patched-linux-x86_64 1.0 0.66 7.93 8.58 NOTE
r-patched-solaris-sparc 1.0 80.10 NOTE
r-patched-solaris-x86 1.0 19.40 NOTE
r-release-linux-x86_64 1.0 0.56 7.93 8.49 NOTE
r-release-osx-x86_64-mavericks 1.0 NOTE
r-release-windows-ix86+x86_64 1.0 2.00 30.00 32.00 NOTE
r-oldrel-windows-ix86+x86_64 1.0 2.00 24.00 26.00 NOTE

Check Details

Version: 1.0
Check: DESCRIPTION meta-information
Result: NOTE
    Malformed Title field: should not end in a period.
Flavors: r-devel-linux-x86_64-debian-gcc, r-devel-linux-x86_64-fedora-clang, r-devel-linux-x86_64-fedora-gcc, r-devel-osx-x86_64-clang, r-devel-windows-ix86+x86_64, r-patched-linux-x86_64, r-patched-solaris-sparc, r-patched-solaris-x86, r-release-linux-x86_64, r-release-osx-x86_64-mavericks, r-release-windows-ix86+x86_64, r-oldrel-windows-ix86+x86_64