CRAN Package Check Results for Package seqPERM

Last updated on 2016-07-29 23:47:07.

Flavor Version Tinstall Tcheck Ttotal Status Flags
r-devel-linux-x86_64-debian-clang 1.0 0.48 8.05 8.54 NOTE
r-devel-linux-x86_64-debian-gcc 1.0 0.47 7.91 8.38 NOTE
r-devel-linux-x86_64-fedora-clang 1.0 14.11 NOTE
r-devel-linux-x86_64-fedora-gcc 1.0 13.97 NOTE
r-devel-osx-x86_64-clang 1.0 12.91 NOTE
r-devel-windows-ix86+x86_64 1.0 2.00 22.00 24.00 NOTE
r-patched-linux-x86_64 1.0 0.66 9.43 10.10 NOTE
r-patched-solaris-sparc 1.0 80.80 NOTE
r-patched-solaris-x86 1.0 18.50 NOTE
r-release-linux-x86_64 1.0 0.77 10.06 10.83 NOTE
r-release-osx-x86_64-mavericks 1.0 NOTE
r-release-windows-ix86+x86_64 1.0 2.00 30.00 32.00 NOTE
r-oldrel-windows-ix86+x86_64 1.0 2.00 24.00 26.00 NOTE

Check Details

Version: 1.0
Check: DESCRIPTION meta-information
Result: NOTE
    Malformed Title field: should not end in a period.
Flavors: r-devel-linux-x86_64-debian-clang, r-devel-linux-x86_64-debian-gcc, r-devel-linux-x86_64-fedora-clang, r-devel-linux-x86_64-fedora-gcc, r-devel-osx-x86_64-clang, r-devel-windows-ix86+x86_64, r-patched-linux-x86_64, r-patched-solaris-sparc, r-patched-solaris-x86, r-release-linux-x86_64, r-release-osx-x86_64-mavericks, r-release-windows-ix86+x86_64, r-oldrel-windows-ix86+x86_64