CRAN Package Check Results for Package seqPERM

Last updated on 2015-03-05 10:50:12.

Flavor Version Tinstall Tcheck Ttotal Status Flags
r-devel-linux-x86_64-debian-clang 1.0 0.48 7.97 8.45 NOTE
r-devel-linux-x86_64-debian-gcc 1.0 0.46 7.90 8.36 NOTE
r-devel-linux-x86_64-fedora-clang 1.0 16.14 NOTE
r-devel-linux-x86_64-fedora-gcc 1.0 14.66 NOTE
r-devel-osx-x86_64-clang 1.0 20.25 NOTE
r-devel-windows-ix86+x86_64 1.0 3.00 14.00 17.00 NOTE
r-patched-linux-x86_64 1.0 0.54 8.85 9.39 OK
r-patched-solaris-sparc 1.0 124.10 OK
r-patched-solaris-x86 1.0 27.40 OK
r-release-linux-ix86 1.0 0.98 13.96 14.94 OK
r-release-linux-x86_64 1.0 0.64 8.16 8.80 OK
r-release-osx-x86_64-mavericks 1.0 OK
r-release-windows-ix86+x86_64 1.0 2.00 19.00 21.00 OK
r-oldrel-windows-ix86+x86_64 1.0 2.00 15.00 17.00 OK

Check Details

Version: 1.0
Check: DESCRIPTION meta-information
Result: NOTE
    Malformed Title field: should not end in a period.
Flavors: r-devel-linux-x86_64-debian-clang, r-devel-linux-x86_64-debian-gcc, r-devel-linux-x86_64-fedora-clang, r-devel-linux-x86_64-fedora-gcc, r-devel-osx-x86_64-clang, r-devel-windows-ix86+x86_64