CRAN Package Check Results for Package seqPERM

Last updated on 2018-02-24 10:49:09 CET.

Flavor Version Tinstall Tcheck Ttotal Status Flags
r-release-osx-x86_64 1.0 NOTE

Check Details

Version: 1.0
Check: DESCRIPTION meta-information
Result: NOTE
    Malformed Title field: should not end in a period.
Flavor: r-release-osx-x86_64