CRAN Package Check Results for Package seqPERM

Last updated on 2015-04-01 21:47:50.

Flavor Version Tinstall Tcheck Ttotal Status Flags
r-devel-linux-x86_64-debian-clang 1.0 0.51 7.81 8.32 NOTE
r-devel-linux-x86_64-debian-gcc 1.0 0.49 7.90 8.39 NOTE
r-devel-linux-x86_64-fedora-clang 1.0 16.53 NOTE
r-devel-linux-x86_64-fedora-gcc 1.0 15.44 NOTE
r-devel-osx-x86_64-clang 1.0 22.19 NOTE
r-prerel-windows-ix86+x86_64 1.0 3.00 14.00 17.00 NOTE
r-prerel-linux-x86_64 1.0 0.52 7.73 8.26 NOTE
r-prerel-solaris-sparc 1.0 106.70 NOTE
r-prerel-solaris-x86 1.0 23.20 NOTE
r-release-linux-x86_64 1.0 0.57 8.75 9.32 OK
r-release-osx-x86_64-mavericks 1.0 OK
r-release-windows-ix86+x86_64 1.0 3.00 15.00 18.00 OK
r-oldrel-windows-ix86+x86_64 1.0 2.00 15.00 17.00 OK

Check Details

Version: 1.0
Check: DESCRIPTION meta-information
Result: NOTE
    Malformed Title field: should not end in a period.
Flavors: r-devel-linux-x86_64-debian-clang, r-devel-linux-x86_64-debian-gcc, r-devel-linux-x86_64-fedora-clang, r-devel-linux-x86_64-fedora-gcc, r-devel-osx-x86_64-clang, r-prerel-windows-ix86+x86_64, r-prerel-linux-x86_64, r-prerel-solaris-sparc, r-prerel-solaris-x86