CRAN Package Check Results for Package seqPERM

Last updated on 2017-07-21 18:47:16.

Flavor Version Tinstall Tcheck Ttotal Status Flags
r-devel-linux-x86_64-debian-clang 1.0 0.55 15.87 16.41 NOTE
r-devel-linux-x86_64-debian-gcc 1.0 0.62 15.38 15.99 NOTE
r-devel-linux-x86_64-fedora-clang 1.0 17.25 NOTE
r-devel-linux-x86_64-fedora-gcc 1.0 15.83 NOTE
r-devel-windows-ix86+x86_64 1.0 2.00 22.00 24.00 NOTE
r-patched-linux-x86_64 1.0 0.55 16.01 16.56 NOTE
r-patched-solaris-x86 1.0 24.00 NOTE
r-release-linux-x86_64 1.0 0.56 15.58 16.13 NOTE
r-release-windows-ix86+x86_64 1.0 2.00 20.00 22.00 NOTE
r-release-osx-x86_64 1.0 NOTE
r-oldrel-windows-ix86+x86_64 1.0 2.00 23.00 25.00 NOTE
r-oldrel-osx-x86_64 1.0 NOTE

Check Details

Version: 1.0
Check: DESCRIPTION meta-information
Result: NOTE
    Malformed Title field: should not end in a period.
Flavors: r-devel-linux-x86_64-debian-clang, r-devel-linux-x86_64-debian-gcc, r-devel-linux-x86_64-fedora-clang, r-devel-linux-x86_64-fedora-gcc, r-devel-windows-ix86+x86_64, r-patched-linux-x86_64, r-patched-solaris-x86, r-release-linux-x86_64, r-release-windows-ix86+x86_64, r-release-osx-x86_64, r-oldrel-windows-ix86+x86_64, r-oldrel-osx-x86_64