CRAN Package Check Results for Package seqPERM

Last updated on 2016-06-29 05:48:50.

Flavor Version Tinstall Tcheck Ttotal Status Flags
r-devel-linux-x86_64-debian-gcc 1.0 0.71 9.41 10.11 NOTE
r-devel-linux-x86_64-fedora-clang 1.0 13.37 NOTE
r-devel-linux-x86_64-fedora-gcc 1.0 12.23 NOTE
r-devel-osx-x86_64-clang 1.0 12.81 NOTE
r-devel-windows-ix86+x86_64 1.0 2.00 21.00 23.00 NOTE
r-patched-linux-x86_64 1.0 0.53 8.49 9.03 NOTE
r-patched-solaris-sparc 1.0 80.80 NOTE
r-patched-solaris-x86 1.0 19.20 NOTE
r-release-linux-x86_64 1.0 0.53 7.84 8.37 NOTE
r-release-osx-x86_64-mavericks 1.0 NOTE
r-release-windows-ix86+x86_64 1.0 2.00 30.00 32.00 NOTE
r-oldrel-windows-ix86+x86_64 1.0 2.00 24.00 26.00 NOTE

Check Details

Version: 1.0
Check: DESCRIPTION meta-information
Result: NOTE
    Malformed Title field: should not end in a period.
Flavors: r-devel-linux-x86_64-debian-gcc, r-devel-linux-x86_64-fedora-clang, r-devel-linux-x86_64-fedora-gcc, r-devel-osx-x86_64-clang, r-devel-windows-ix86+x86_64, r-patched-linux-x86_64, r-patched-solaris-sparc, r-patched-solaris-x86, r-release-linux-x86_64, r-release-osx-x86_64-mavericks, r-release-windows-ix86+x86_64, r-oldrel-windows-ix86+x86_64