CRAN Package Check Results for Package seqPERM

Last updated on 2015-05-04 09:17:34.

Flavor Version Tinstall Tcheck Ttotal Status Flags
r-devel-linux-x86_64-debian-clang 1.0 0.56 7.95 8.51 NOTE
r-devel-linux-x86_64-debian-gcc 1.0 0.47 7.77 8.24 NOTE
r-devel-linux-x86_64-fedora-clang 1.0 16.38 NOTE
r-devel-linux-x86_64-fedora-gcc 1.0 14.64 NOTE
r-devel-osx-x86_64-clang 1.0 19.87 NOTE
r-devel-windows-ix86+x86_64 1.0 2.00 13.00 15.00 NOTE
r-patched-linux-x86_64 1.0 0.48 7.83 8.31 NOTE
r-patched-solaris-sparc 1.0 106.70 NOTE
r-patched-solaris-x86 1.0 23.90 NOTE
r-release-linux-x86_64 1.0 0.53 7.93 8.46 NOTE
r-release-osx-x86_64-mavericks 1.0 NOTE
r-release-osx-x86_64-snowleopard 1.0 NOTE
r-release-windows-ix86+x86_64 1.0 2.00 14.00 16.00 NOTE
r-oldrel-windows-ix86+x86_64 1.0 3.00 15.00 18.00 OK

Check Details

Version: 1.0
Check: DESCRIPTION meta-information
Result: NOTE
    Malformed Title field: should not end in a period.
Flavors: r-devel-linux-x86_64-debian-clang, r-devel-linux-x86_64-debian-gcc, r-devel-linux-x86_64-fedora-clang, r-devel-linux-x86_64-fedora-gcc, r-devel-osx-x86_64-clang, r-devel-windows-ix86+x86_64, r-patched-linux-x86_64, r-patched-solaris-sparc, r-patched-solaris-x86, r-release-linux-x86_64, r-release-osx-x86_64-mavericks, r-release-osx-x86_64-snowleopard, r-release-windows-ix86+x86_64