CRAN Package Check Results for Package seqPERM

Last updated on 2016-02-14 06:47:16.

Flavor Version Tinstall Tcheck Ttotal Status Flags
r-devel-linux-x86_64-debian-gcc 1.0 0.49 7.04 7.53 NOTE
r-devel-linux-x86_64-fedora-clang 1.0 13.20 NOTE
r-devel-linux-x86_64-fedora-gcc 1.0 12.58 NOTE
r-devel-osx-x86_64-clang 1.0 16.18 NOTE
r-devel-windows-ix86+x86_64 1.0 3.00 19.00 22.00 NOTE
r-patched-linux-x86_64 1.0 0.67 7.83 8.50 NOTE
r-patched-solaris-sparc 1.0 87.80 NOTE
r-patched-solaris-x86 1.0 21.10 NOTE
r-release-linux-x86_64 1.0 0.51 7.66 8.17 NOTE
r-release-osx-x86_64-mavericks 1.0 NOTE
r-release-windows-ix86+x86_64 1.0 2.00 24.00 26.00 NOTE
r-oldrel-windows-ix86+x86_64 1.0 3.00 15.00 18.00 OK

Check Details

Version: 1.0
Check: DESCRIPTION meta-information
Result: NOTE
    Malformed Title field: should not end in a period.
Flavors: r-devel-linux-x86_64-debian-gcc, r-devel-linux-x86_64-fedora-clang, r-devel-linux-x86_64-fedora-gcc, r-devel-osx-x86_64-clang, r-devel-windows-ix86+x86_64, r-patched-linux-x86_64, r-patched-solaris-sparc, r-patched-solaris-x86, r-release-linux-x86_64, r-release-osx-x86_64-mavericks, r-release-windows-ix86+x86_64