CRAN Package Check Results for Package seqPERM

Last updated on 2017-05-27 22:46:34.

Flavor Version Tinstall Tcheck Ttotal Status Flags
r-devel-linux-x86_64-debian-clang 1.0 0.58 9.93 10.51 NOTE
r-devel-linux-x86_64-debian-gcc 1.0 0.66 9.94 10.60 NOTE
r-devel-linux-x86_64-fedora-clang 1.0 16.52 NOTE
r-devel-linux-x86_64-fedora-gcc 1.0 15.59 NOTE
r-devel-windows-ix86+x86_64 1.0 2.00 21.00 23.00 NOTE
r-patched-linux-x86_64 1.0 0.60 9.67 10.27 NOTE
r-patched-solaris-sparc 1.0 97.40 NOTE
r-patched-solaris-x86 1.0 24.80 NOTE
r-release-linux-x86_64 1.0 0.56 10.71 11.27 NOTE
r-release-windows-ix86+x86_64 1.0 2.00 20.00 22.00 NOTE
r-release-osx-x86_64 1.0 NOTE
r-oldrel-windows-ix86+x86_64 1.0 2.00 23.00 25.00 NOTE
r-oldrel-osx-x86_64 1.0 NOTE

Check Details

Version: 1.0
Check: DESCRIPTION meta-information
Result: NOTE
    Malformed Title field: should not end in a period.
Flavors: r-devel-linux-x86_64-debian-clang, r-devel-linux-x86_64-debian-gcc, r-devel-linux-x86_64-fedora-clang, r-devel-linux-x86_64-fedora-gcc, r-devel-windows-ix86+x86_64, r-patched-linux-x86_64, r-patched-solaris-sparc, r-patched-solaris-x86, r-release-linux-x86_64, r-release-windows-ix86+x86_64, r-release-osx-x86_64, r-oldrel-windows-ix86+x86_64, r-oldrel-osx-x86_64